This is the mail archive of the
gcc-testresults@gcc.gnu.org
mailing list for the GCC project.
Results for 4.8.020120424(experimental)[trunkrevision186770](GCC) testsuite on ia64-unknown-linux-gnu
- From: "Kirill Yukhin [IA64 Montecito]" <kirill dot yukhin dot tester dot ia64 at gmail dot com>
- To: gcc-testresults at gcc dot gnu dot org
- Date: Wed, 25 Apr 2012 01:22:13 +0400 (MSK)
- Subject: Results for 4.8.020120424(experimental)[trunkrevision186770](GCC) testsuite on ia64-unknown-linux-gnu
LAST_UPDATED: Tue Apr 24 15:26:55 UTC 2012 (revision 186770)
Native configuration is ia64-unknown-linux-gnu
=== gcc tests ===
Running target unix
FAIL: gcc.c-torture/execute/20040811-1.c execution, -O0
FAIL: gcc.c-torture/execute/pr43220.c execution, -O0
FAIL: gcc.c-torture/execute/vla-dealloc-1.c execution, -O0
WARNING: program timed out.
WARNING: program timed out.
WARNING: program timed out.
XPASS: gcc.dg/Wstrict-overflow-18.c (test for bogus messages, line 20)
FAIL: gcc.dg/cleanup-10.c execution test
FAIL: gcc.dg/cleanup-11.c execution test
FAIL: gcc.dg/cproj-fails-with-broken-glibc.c execution test
FAIL: gcc.dg/pr52283.c (test for excess errors)
UNRESOLVED: gcc.dg/superblock.c scan-rtl-dump-times sched2 "ADVANCING TO" 2
WARNING: program timed out.
FAIL: gcc.dg/graphite/id-1.c (test for excess errors)
WARNING: program timed out.
FAIL: gcc.dg/graphite/id-10.c (test for excess errors)
FAIL: gcc.dg/graphite/id-11.c (test for excess errors)
WARNING: program timed out.
FAIL: gcc.dg/graphite/id-13.c (test for excess errors)
WARNING: program timed out.
FAIL: gcc.dg/graphite/id-14.c (test for excess errors)
WARNING: program timed out.
FAIL: gcc.dg/graphite/id-16.c (test for excess errors)
WARNING: program timed out.
FAIL: gcc.dg/graphite/id-22.c (test for excess errors)
WARNING: program timed out.
FAIL: gcc.dg/graphite/id-23.c (test for excess errors)
WARNING: program timed out.
FAIL: gcc.dg/graphite/id-24.c (test for excess errors)
WARNING: program timed out.
FAIL: gcc.dg/graphite/id-25.c (test for excess errors)
WARNING: program timed out.
FAIL: gcc.dg/graphite/id-27.c (test for excess errors)
FAIL: gcc.dg/graphite/id-4.c (test for excess errors)
WARNING: program timed out.
FAIL: gcc.dg/graphite/id-pr44676.c (test for excess errors)
WARNING: program timed out.
FAIL: gcc.dg/graphite/id-pr46845.c (test for excess errors)
FAIL: gcc.dg/graphite/id-pr47046.c (test for excess errors)
FAIL: gcc.dg/graphite/id-pr48805.c (test for excess errors)
WARNING: program timed out.
FAIL: gcc.dg/graphite/run-id-1.c (test for excess errors)
UNRESOLVED: gcc.dg/graphite/run-id-1.c compilation failed to produce executable
FAIL: gcc.dg/graphite/run-id-2.c (test for excess errors)
WARNING: program timed out.
FAIL: gcc.dg/graphite/run-id-3.c (test for excess errors)
UNRESOLVED: gcc.dg/graphite/run-id-3.c compilation failed to produce executable
WARNING: program timed out.
FAIL: gcc.dg/graphite/run-id-4.c (test for excess errors)
UNRESOLVED: gcc.dg/graphite/run-id-4.c compilation failed to produce executable
FAIL: gcc.dg/graphite/run-id-5.c (test for excess errors)
FAIL: gcc.dg/graphite/run-id-6.c (test for excess errors)
FAIL: gcc.dg/graphite/run-id-pr42644.c (test for excess errors)
WARNING: program timed out.
FAIL: gcc.dg/graphite/run-id-pr46758.c (test for excess errors)
UNRESOLVED: gcc.dg/graphite/run-id-pr46758.c compilation failed to produce executable
WARNING: program timed out.
FAIL: gcc.dg/graphite/interchange-0.c (test for excess errors)
UNRESOLVED: gcc.dg/graphite/interchange-0.c compilation failed to produce executable
FAIL: gcc.dg/graphite/interchange-0.c scan-tree-dump-times graphite "will be interchanged" 1
WARNING: program timed out.
FAIL: gcc.dg/graphite/interchange-1.c (test for excess errors)
UNRESOLVED: gcc.dg/graphite/interchange-1.c compilation failed to produce executable
FAIL: gcc.dg/graphite/interchange-1.c scan-tree-dump-times graphite "will be interchanged" 1
FAIL: gcc.dg/graphite/interchange-10.c (internal compiler error)
FAIL: gcc.dg/graphite/interchange-10.c (test for excess errors)
UNRESOLVED: gcc.dg/graphite/interchange-10.c compilation failed to produce executable
FAIL: gcc.dg/graphite/interchange-10.c scan-tree-dump-times graphite "will be interchanged" 2
FAIL: gcc.dg/graphite/interchange-11.c (internal compiler error)
FAIL: gcc.dg/graphite/interchange-11.c (test for excess errors)
UNRESOLVED: gcc.dg/graphite/interchange-11.c compilation failed to produce executable
FAIL: gcc.dg/graphite/interchange-11.c scan-tree-dump-times graphite "will be interchanged" 1
FAIL: gcc.dg/graphite/interchange-12.c (internal compiler error)
FAIL: gcc.dg/graphite/interchange-12.c (test for excess errors)
UNRESOLVED: gcc.dg/graphite/interchange-12.c compilation failed to produce executable
FAIL: gcc.dg/graphite/interchange-12.c scan-tree-dump-times graphite "will be interchanged" 1
FAIL: gcc.dg/graphite/interchange-13.c (test for excess errors)
FAIL: gcc.dg/graphite/interchange-14.c (internal compiler error)
FAIL: gcc.dg/graphite/interchange-14.c (test for excess errors)
UNRESOLVED: gcc.dg/graphite/interchange-14.c compilation failed to produce executable
FAIL: gcc.dg/graphite/interchange-14.c scan-tree-dump-times graphite "will be interchanged" 1
WARNING: program timed out.
FAIL: gcc.dg/graphite/interchange-15.c (test for excess errors)
UNRESOLVED: gcc.dg/graphite/interchange-15.c compilation failed to produce executable
FAIL: gcc.dg/graphite/interchange-15.c scan-tree-dump-times graphite "will be interchanged" 1
WARNING: program timed out.
FAIL: gcc.dg/graphite/interchange-3.c (test for excess errors)
UNRESOLVED: gcc.dg/graphite/interchange-3.c compilation failed to produce executable
FAIL: gcc.dg/graphite/interchange-3.c scan-tree-dump-times graphite "will be interchanged" 1
WARNING: program timed out.
FAIL: gcc.dg/graphite/interchange-4.c (test for excess errors)
UNRESOLVED: gcc.dg/graphite/interchange-4.c compilation failed to produce executable
FAIL: gcc.dg/graphite/interchange-4.c scan-tree-dump-times graphite "will be interchanged" 1
WARNING: program timed out.
FAIL: gcc.dg/graphite/interchange-5.c (test for excess errors)
UNRESOLVED: gcc.dg/graphite/interchange-5.c compilation failed to produce executable
WARNING: program timed out.
FAIL: gcc.dg/graphite/interchange-6.c (test for excess errors)
UNRESOLVED: gcc.dg/graphite/interchange-6.c compilation failed to produce executable
WARNING: program timed out.
FAIL: gcc.dg/graphite/interchange-7.c (test for excess errors)
UNRESOLVED: gcc.dg/graphite/interchange-7.c compilation failed to produce executable
FAIL: gcc.dg/graphite/interchange-8.c (test for excess errors)
WARNING: program timed out.
FAIL: gcc.dg/graphite/interchange-9.c (test for excess errors)
UNRESOLVED: gcc.dg/graphite/interchange-9.c compilation failed to produce executable
WARNING: program timed out.
FAIL: gcc.dg/graphite/interchange-mvt.c (test for excess errors)
UNRESOLVED: gcc.dg/graphite/interchange-mvt.c compilation failed to produce executable
FAIL: gcc.dg/graphite/interchange-mvt.c scan-tree-dump-times graphite "will be interchanged" 1
WARNING: program timed out.
FAIL: gcc.dg/graphite/block-1.c (test for excess errors)
UNRESOLVED: gcc.dg/graphite/block-1.c compilation failed to produce executable
FAIL: gcc.dg/graphite/block-1.c scan-tree-dump-times graphite "will be loop blocked" 3
WARNING: program timed out.
FAIL: gcc.dg/graphite/block-5.c (test for excess errors)
UNRESOLVED: gcc.dg/graphite/block-5.c compilation failed to produce executable
FAIL: gcc.dg/graphite/vect-pr43423.c (test for excess errors)
FAIL: gcc.dg/graphite/vect-pr43423.c scan-tree-dump-times vect "vectorized 2 loops" 1
FAIL: gcc.dg/graphite/pr29581-1.c (test for excess errors)
FAIL: gcc.dg/graphite/pr29581-2.c (test for excess errors)
FAIL: gcc.dg/graphite/pr29581-3.c (test for excess errors)
FAIL: gcc.dg/graphite/pr29581-4.c (test for excess errors)
FAIL: gcc.dg/graphite/pr34016.c (test for excess errors)
FAIL: gcc.dg/graphite/pr35356-1.c (test for excess errors)
WARNING: program timed out.
FAIL: gcc.dg/graphite/pr35356-2.c (test for excess errors)
FAIL: gcc.dg/graphite/pr35356-2.c scan-tree-dump-times graphite "MIN_EXPR" 4
FAIL: gcc.dg/graphite/pr35356-2.c scan-tree-dump-times graphite "MAX_EXPR" 4
WARNING: program timed out.
FAIL: gcc.dg/graphite/pr38073.c (test for excess errors)
WARNING: program timed out.
FAIL: gcc.dg/graphite/pr38125.c (test for excess errors)
WARNING: program timed out.
FAIL: gcc.dg/graphite/pr38510.c (test for excess errors)
FAIL: gcc.dg/graphite/pr38786.c (test for excess errors)
FAIL: gcc.dg/graphite/pr41888.c (test for excess errors)
FAIL: gcc.dg/graphite/pr42284.c (test for excess errors)
WARNING: program timed out.
FAIL: gcc.dg/graphite/pr42521.c (test for excess errors)
WARNING: program timed out.
FAIL: gcc.dg/graphite/pr42771.c (test for excess errors)
FAIL: gcc.dg/graphite/pr42914.c (test for excess errors)
WARNING: program timed out.
FAIL: gcc.dg/graphite/pr46185.c (test for excess errors)
UNRESOLVED: gcc.dg/graphite/pr46185.c compilation failed to produce executable
FAIL: gcc.dg/graphite/pr50561.c (test for excess errors)
FAIL: gcc.dg/torture/pr51106-2.c -O0 (internal compiler error)
FAIL: gcc.dg/torture/pr51106-2.c -O0 (test for excess errors)
FAIL: gcc.dg/torture/pr51106-2.c -O1 (internal compiler error)
FAIL: gcc.dg/torture/pr51106-2.c -O1 (test for excess errors)
FAIL: gcc.dg/torture/pr51106-2.c -O2 (internal compiler error)
FAIL: gcc.dg/torture/pr51106-2.c -O2 (test for excess errors)
FAIL: gcc.dg/torture/pr51106-2.c -O3 -fomit-frame-pointer (internal compiler error)
FAIL: gcc.dg/torture/pr51106-2.c -O3 -fomit-frame-pointer (test for excess errors)
FAIL: gcc.dg/torture/pr51106-2.c -O3 -g (internal compiler error)
FAIL: gcc.dg/torture/pr51106-2.c -O3 -g (test for excess errors)
FAIL: gcc.dg/torture/pr51106-2.c -Os (internal compiler error)
FAIL: gcc.dg/torture/pr51106-2.c -Os (test for excess errors)
FAIL: gcc.dg/torture/pr51106-2.c -O2 -flto -flto-partition=none (internal compiler error)
FAIL: gcc.dg/torture/pr51106-2.c -O2 -flto -flto-partition=none (test for excess errors)
FAIL: gcc.dg/torture/pr51106-2.c -O2 -flto (internal compiler error)
FAIL: gcc.dg/torture/pr51106-2.c -O2 -flto (test for excess errors)
XPASS: gcc.dg/tree-ssa/20040204-1.c scan-tree-dump-times optimized "link_error" 0
XPASS: gcc.dg/tree-ssa/loop-1.c scan-assembler-times foo 5
FAIL: gcc.dg/vect/vec-scal-opt.c scan-tree-dump-times veclower2 ">> k.[0-9_]*" 1
FAIL: gcc.dg/vect/vec-scal-opt1.c scan-tree-dump-times veclower2 ">> 2" 1
FAIL: gcc.dg/vect/vec-scal-opt2.c scan-tree-dump-times veclower2 ">> 2" 1
XPASS: gcc.dg/vect/pr33804.c scan-tree-dump-times vect "vectorized 1 loops" 1
XPASS: gcc.dg/vect/pr33804.c scan-tree-dump-times vect "vectorizing stmts using SLP" 1
XPASS: gcc.dg/vect/pr33953.c scan-tree-dump-times vect "vectorized 1 loops" 1
XPASS: gcc.dg/vect/pr33953.c scan-tree-dump-times vect "vectorizing stmts using SLP" 1
XPASS: gcc.dg/vect/vect-35-big-array.c scan-tree-dump-times vect "vectorized 2 loops" 1
XPASS: gcc.dg/vect/vect-35.c scan-tree-dump-times vect "vectorized 2 loops" 1
XPASS: gcc.dg/vect/vect-outer-5.c scan-tree-dump vect "zero step in outer loop."
FAIL: gcc.dg/vect/vect-sdivmod-1.c scan-tree-dump-times vect "vectorized 1 loops" 4
FAIL: gcc.dg/vect/slp-perm-9.c scan-tree-dump-times vect "vectorized 1 loops" 1
FAIL: gcc.dg/vect/slp-perm-9.c scan-tree-dump-times vect "vectorizing stmts using SLP" 0
XPASS: gcc.dg/vect/pr33804.c -flto scan-tree-dump-times vect "vectorized 1 loops" 1
XPASS: gcc.dg/vect/pr33804.c -flto scan-tree-dump-times vect "vectorizing stmts using SLP" 1
XPASS: gcc.dg/vect/pr33953.c -flto scan-tree-dump-times vect "vectorized 1 loops" 1
XPASS: gcc.dg/vect/pr33953.c -flto scan-tree-dump-times vect "vectorizing stmts using SLP" 1
XPASS: gcc.dg/vect/vect-35-big-array.c -flto scan-tree-dump-times vect "vectorized 2 loops" 1
XPASS: gcc.dg/vect/vect-35.c -flto scan-tree-dump-times vect "vectorized 2 loops" 1
XPASS: gcc.dg/vect/vect-outer-5.c -flto scan-tree-dump vect "zero step in outer loop."
FAIL: gcc.dg/vect/vect-sdivmod-1.c -flto scan-tree-dump-times vect "vectorized 1 loops" 4
FAIL: gcc.dg/vect/slp-perm-9.c -flto scan-tree-dump-times vect "vectorized 1 loops" 1
FAIL: gcc.dg/vect/slp-perm-9.c -flto scan-tree-dump-times vect "vectorizing stmts using SLP" 0
XPASS: gcc.dg/vect/no-scevccp-outer-21.c scan-tree-dump-times vect "OUTER LOOP VECTORIZED." 1
XPASS: gcc.dg/vect/if-cvt-stores-vect-ifcvt-18.c scan-tree-dump-times vect "vectorized 1 loops" 1
=== gcc Summary ===
# of expected passes 76196
# of unexpected failures 111
# of unexpected successes 19
# of expected failures 344
# of unresolved testcases 22
# of unsupported tests 1148
/tester/bld/gcc/xgcc version 4.8.0 20120424 (experimental) [trunk revision 186770] (GCC)
=== gfortran tests ===
Running target unix
FAIL: gfortran.dg/coarray/atomic_1.f90 -fcoarray=lib -O2 -lcaf_single execution test
FAIL: gfortran.dg/coarray/registering_1.f90 -fcoarray=lib -O2 -lcaf_single execution test
FAIL: gfortran.dg/loc_2.f90 -O2 (internal compiler error)
FAIL: gfortran.dg/loc_2.f90 -O2 (test for excess errors)
UNRESOLVED: gfortran.dg/loc_2.f90 -O2 compilation failed to produce executable
FAIL: gfortran.dg/graphite/id-11.f -O (test for excess errors)
WARNING: program timed out.
FAIL: gfortran.dg/graphite/id-12.f -O (test for excess errors)
WARNING: program timed out.
FAIL: gfortran.dg/graphite/id-13.f -O (test for excess errors)
WARNING: program timed out.
FAIL: gfortran.dg/graphite/id-14.f -O (test for excess errors)
WARNING: program timed out.
FAIL: gfortran.dg/graphite/id-15.f -O (test for excess errors)
WARNING: program timed out.
FAIL: gfortran.dg/graphite/id-16.f -O (test for excess errors)
WARNING: program timed out.
FAIL: gfortran.dg/graphite/id-17.f -O (test for excess errors)
WARNING: program timed out.
FAIL: gfortran.dg/graphite/id-18.f90 -O (test for excess errors)
WARNING: program timed out.
FAIL: gfortran.dg/graphite/id-24.f -O (test for excess errors)
WARNING: program timed out.
FAIL: gfortran.dg/graphite/id-25.f -O (test for excess errors)
WARNING: program timed out.
FAIL: gfortran.dg/graphite/id-7.f -O (test for excess errors)
WARNING: program timed out.
FAIL: gfortran.dg/graphite/id-8.f -O (test for excess errors)
WARNING: program timed out.
FAIL: gfortran.dg/graphite/id-9.f -O (test for excess errors)
WARNING: program timed out.
FAIL: gfortran.dg/graphite/id-pr43354.f -O (test for excess errors)
FAIL: gfortran.dg/graphite/id-pr45370.f90 -O (test for excess errors)
WARNING: program timed out.
FAIL: gfortran.dg/graphite/interchange-3.f90 -O (test for excess errors)
FAIL: gfortran.dg/graphite/interchange-3.f90 -O scan-tree-dump-times graphite "will be interchanged" 1
FAIL: gfortran.dg/graphite/run-id-1.f -O (test for excess errors)
FAIL: gfortran.dg/graphite/run-id-2.f90 -O (test for excess errors)
WARNING: program timed out.
FAIL: gfortran.dg/graphite/pr38953.f90 -O (test for excess errors)
WARNING: program timed out.
FAIL: gfortran.dg/graphite/pr40982.f90 -O (test for excess errors)
FAIL: gfortran.dg/graphite/pr41924.f90 -O (test for excess errors)
WARNING: program timed out.
FAIL: gfortran.dg/graphite/pr42050.f90 -O (test for excess errors)
FAIL: gfortran.dg/graphite/pr42186.f90 -O (test for excess errors)
WARNING: program timed out.
FAIL: gfortran.dg/graphite/pr42393-1.f90 -O (test for excess errors)
WARNING: program timed out.
FAIL: gfortran.dg/graphite/pr42393.f90 -O (test for excess errors)
WARNING: program timed out.
FAIL: gfortran.dg/graphite/pr42732.f -O (test for excess errors)
FAIL: gfortran.dg/lto/pr45586-2 f_lto_pr45586-2_0.o-f_lto_pr45586-2_0.o link, -O0 -flto -flto-partition=none (internal compiler error)
UNRESOLVED: gfortran.dg/lto/pr45586-2 f_lto_pr45586-2_0.o-f_lto_pr45586-2_0.o execute -O0 -flto -flto-partition=none
FAIL: gfortran.dg/lto/pr45586-2 f_lto_pr45586-2_0.o-f_lto_pr45586-2_0.o link, -O0 -flto -flto-partition=1to1 (internal compiler error)
UNRESOLVED: gfortran.dg/lto/pr45586-2 f_lto_pr45586-2_0.o-f_lto_pr45586-2_0.o execute -O0 -flto -flto-partition=1to1
FAIL: gfortran.dg/lto/pr45586-2 f_lto_pr45586-2_0.o-f_lto_pr45586-2_0.o link, -O0 -flto (internal compiler error)
UNRESOLVED: gfortran.dg/lto/pr45586-2 f_lto_pr45586-2_0.o-f_lto_pr45586-2_0.o execute -O0 -flto
FAIL: gfortran.dg/lto/pr45586 f_lto_pr45586_0.o-f_lto_pr45586_0.o link, -O0 -flto -flto-partition=none (internal compiler error)
UNRESOLVED: gfortran.dg/lto/pr45586 f_lto_pr45586_0.o-f_lto_pr45586_0.o execute -O0 -flto -flto-partition=none
FAIL: gfortran.dg/lto/pr45586 f_lto_pr45586_0.o-f_lto_pr45586_0.o link, -O0 -flto -flto-partition=1to1 (internal compiler error)
UNRESOLVED: gfortran.dg/lto/pr45586 f_lto_pr45586_0.o-f_lto_pr45586_0.o execute -O0 -flto -flto-partition=1to1
FAIL: gfortran.dg/lto/pr45586 f_lto_pr45586_0.o-f_lto_pr45586_0.o link, -O0 -flto (internal compiler error)
UNRESOLVED: gfortran.dg/lto/pr45586 f_lto_pr45586_0.o-f_lto_pr45586_0.o execute -O0 -flto
=== gfortran Summary ===
# of expected passes 41203
# of unexpected failures 37
# of expected failures 65
# of unresolved testcases 7
# of unsupported tests 77
/tester/bld/gcc/testsuite/gfortran/../../gfortran version 4.8.0 20120424 (experimental) [trunk revision 186770] (GCC)
=== g++ tests ===
Running target unix
FAIL: g++.dg/ext/cleanup-10.C -std=gnu++98 execution test
FAIL: g++.dg/ext/cleanup-10.C -std=gnu++11 execution test
FAIL: g++.dg/ext/cleanup-11.C -std=gnu++98 execution test
FAIL: g++.dg/ext/cleanup-11.C -std=gnu++11 execution test
FAIL: g++.dg/inherit/covariant7.C -std=gnu++98 scan-tree-dump class "48 .*c6::_ZTcv0_n32_v0_n24_NV2c62f2Ev"
FAIL: g++.dg/inherit/covariant7.C -std=gnu++98 scan-tree-dump class "56 .*c6::f2"
FAIL: g++.dg/inherit/covariant7.C -std=gnu++98 scan-tree-dump class "168 .*c6::_ZTv0_n32_NV2c62f2Ev"
FAIL: g++.dg/inherit/covariant7.C -std=gnu++11 scan-tree-dump class "48 .*c6::_ZTcv0_n32_v0_n24_NV2c62f2Ev"
FAIL: g++.dg/inherit/covariant7.C -std=gnu++11 scan-tree-dump class "56 .*c6::f2"
FAIL: g++.dg/inherit/covariant7.C -std=gnu++11 scan-tree-dump class "168 .*c6::_ZTv0_n32_NV2c62f2Ev"
FAIL: g++.dg/ipa/iinline-2.C -std=gnu++98 scan-ipa-dump inline "String::funcOne[^\\n]*inline copy in int main"
FAIL: g++.dg/ipa/iinline-2.C -std=gnu++11 scan-ipa-dump inline "String::funcOne[^\\n]*inline copy in int main"
FAIL: g++.dg/tree-ssa/pr45605.C -std=gnu++98 scan-tree-dump-times fre1 "D::Run \\(" 1
FAIL: g++.dg/tree-ssa/pr45605.C -std=gnu++11 scan-tree-dump-times fre1 "D::Run \\(" 1
=== g++ Summary ===
# of expected passes 46915
# of unexpected failures 14
# of expected failures 282
# of unsupported tests 646
/tester/bld/gcc/testsuite/g++/../../g++ version 4.8.0 20120424 (experimental) [trunk revision 186770] (GCC)
=== objc tests ===
Running target unix
=== objc Summary ===
# of expected passes 2992
# of unsupported tests 75
/tester/bld/gcc/xgcc version 4.8.0 20120424 (experimental) [trunk revision 186770] (GCC)
=== boehm-gc tests ===
Running target unix
=== boehm-gc Summary ===
# of expected passes 12
# of unsupported tests 1
=== libffi tests ===
Running target unix
=== libffi Summary ===
# of expected passes 1659
# of unsupported tests 55
=== libgomp tests ===
Running target unix
FAIL: libgomp.fortran/vla4.f90 -O3 -fomit-frame-pointer execution test
FAIL: libgomp.fortran/vla4.f90 -O3 -fomit-frame-pointer -funroll-loops execution test
FAIL: libgomp.fortran/vla4.f90 -O3 -fomit-frame-pointer -funroll-all-loops -finline-functions execution test
FAIL: libgomp.fortran/vla4.f90 -O3 -g execution test
FAIL: libgomp.fortran/vla5.f90 -O3 -fomit-frame-pointer execution test
FAIL: libgomp.fortran/vla5.f90 -O3 -fomit-frame-pointer -funroll-loops execution test
FAIL: libgomp.fortran/vla5.f90 -O3 -fomit-frame-pointer -funroll-all-loops -finline-functions execution test
FAIL: libgomp.fortran/vla5.f90 -O3 -g execution test
WARNING: program timed out.
FAIL: libgomp.graphite/bounds.c (test for excess errors)
FAIL: libgomp.graphite/bounds.c scan-tree-dump-times graphite "0 loops carried no dependency" 1
WARNING: program timed out.
FAIL: libgomp.graphite/force-parallel-1.c (test for excess errors)
UNRESOLVED: libgomp.graphite/force-parallel-1.c compilation failed to produce executable
FAIL: libgomp.graphite/force-parallel-1.c scan-tree-dump-times graphite "1 loops carried no dependency" 2
UNRESOLVED: libgomp.graphite/force-parallel-1.c scan-tree-dump-times optimized "loopfn" 5
WARNING: program timed out.
FAIL: libgomp.graphite/force-parallel-2.c (test for excess errors)
UNRESOLVED: libgomp.graphite/force-parallel-2.c compilation failed to produce executable
FAIL: libgomp.graphite/force-parallel-2.c scan-tree-dump-times graphite "2 loops carried no dependency" 2
UNRESOLVED: libgomp.graphite/force-parallel-2.c scan-tree-dump-times optimized "loopfn" 5
WARNING: program timed out.
FAIL: libgomp.graphite/force-parallel-3.c (test for excess errors)
UNRESOLVED: libgomp.graphite/force-parallel-3.c compilation failed to produce executable
FAIL: libgomp.graphite/force-parallel-3.c scan-tree-dump-times graphite "4 loops carried no dependency" 1
UNRESOLVED: libgomp.graphite/force-parallel-3.c scan-tree-dump-times optimized "loopfn.0" 5
UNRESOLVED: libgomp.graphite/force-parallel-3.c scan-tree-dump-times optimized "loopfn.1" 5
WARNING: program timed out.
FAIL: libgomp.graphite/force-parallel-4.c (test for excess errors)
UNRESOLVED: libgomp.graphite/force-parallel-4.c compilation failed to produce executable
FAIL: libgomp.graphite/force-parallel-4.c scan-tree-dump-times graphite "2 loops carried no dependency" 1
UNRESOLVED: libgomp.graphite/force-parallel-4.c scan-tree-dump-times optimized "loopfn.0" 5
UNRESOLVED: libgomp.graphite/force-parallel-4.c scan-tree-dump-times optimized "loopfn.1" 5
WARNING: program timed out.
FAIL: libgomp.graphite/force-parallel-5.c (test for excess errors)
UNRESOLVED: libgomp.graphite/force-parallel-5.c compilation failed to produce executable
FAIL: libgomp.graphite/force-parallel-5.c scan-tree-dump-times graphite "2 loops carried no dependency" 1
UNRESOLVED: libgomp.graphite/force-parallel-5.c scan-tree-dump-times optimized "loopfn.0" 5
UNRESOLVED: libgomp.graphite/force-parallel-5.c scan-tree-dump-times optimized "loopfn.1" 5
WARNING: program timed out.
FAIL: libgomp.graphite/force-parallel-6.c (test for excess errors)
UNRESOLVED: libgomp.graphite/force-parallel-6.c compilation failed to produce executable
FAIL: libgomp.graphite/force-parallel-6.c scan-tree-dump-times graphite "1 loops carried no dependency" 1
UNRESOLVED: libgomp.graphite/force-parallel-6.c scan-tree-dump-times optimized "loopfn.0" 5
WARNING: program timed out.
FAIL: libgomp.graphite/force-parallel-7.c (test for excess errors)
UNRESOLVED: libgomp.graphite/force-parallel-7.c compilation failed to produce executable
FAIL: libgomp.graphite/force-parallel-7.c scan-tree-dump-times graphite "3 loops carried no dependency" 1
UNRESOLVED: libgomp.graphite/force-parallel-7.c scan-tree-dump-times optimized "loopfn.0" 5
WARNING: program timed out.
FAIL: libgomp.graphite/force-parallel-8.c (test for excess errors)
UNRESOLVED: libgomp.graphite/force-parallel-8.c compilation failed to produce executable
FAIL: libgomp.graphite/force-parallel-8.c scan-tree-dump-times graphite "2 loops carried no dependency" 1
UNRESOLVED: libgomp.graphite/force-parallel-8.c scan-tree-dump-times optimized "loopfn.0" 5
UNRESOLVED: libgomp.graphite/force-parallel-8.c scan-tree-dump-times optimized "loopfn.1" 5
WARNING: program timed out.
FAIL: libgomp.graphite/force-parallel-9.c (test for excess errors)
UNRESOLVED: libgomp.graphite/force-parallel-9.c compilation failed to produce executable
FAIL: libgomp.graphite/force-parallel-9.c scan-tree-dump-times graphite "4 loops carried no dependency" 1
UNRESOLVED: libgomp.graphite/force-parallel-9.c scan-tree-dump-times optimized "loopfn.0" 5
UNRESOLVED: libgomp.graphite/force-parallel-9.c scan-tree-dump-times optimized "loopfn.1" 5
FAIL: libgomp.graphite/pr41118.c (test for excess errors)
=== libgomp Summary ===
# of expected passes 2946
# of unexpected failures 29
# of unresolved testcases 23
=== libjava tests ===
Running target unix
FAIL: getlocalvartable output
FAIL: Throw_3 -O3 output - source compiled test
FAIL: Throw_3 -O3 -findirect-dispatch output - source compiled test
=== libjava Summary ===
# of expected passes 2571
# of unexpected failures 3
=== libmudflap tests ===
Running target unix
FAIL: libmudflap.c++/pass55-frag.cxx execution test
FAIL: libmudflap.c++/pass55-frag.cxx (-static) execution test
FAIL: libmudflap.c++/pass55-frag.cxx ( -O) execution test
FAIL: libmudflap.c++/pass55-frag.cxx (-O2) execution test
FAIL: libmudflap.c++/pass55-frag.cxx (-O3) execution test
WARNING: program timed out.
FAIL: libmudflap.cth/pass40-frag.c execution test
WARNING: program timed out.
FAIL: libmudflap.cth/pass40-frag.c (-static -DSTATIC) execution test
FAIL: libmudflap.cth/pass40-frag.c (-static -DSTATIC) output pattern test
WARNING: program timed out.
FAIL: libmudflap.cth/pass40-frag.c (-O2) execution test
FAIL: libmudflap.cth/pass40-frag.c (-O2) output pattern test
WARNING: program timed out.
FAIL: libmudflap.cth/pass40-frag.c (-O3) execution test
FAIL: libmudflap.cth/pass40-frag.c (-O3) output pattern test
=== libmudflap Summary ===
# of expected passes 1894
# of unexpected failures 12
=== libstdc++ tests ===
Running target unix
FAIL: libstdc++-abi/abi_check
=== libstdc++ Summary ===
# of expected passes 8039
# of unexpected failures 1
# of expected failures 43
# of unsupported tests 498
Compiler version: 4.8.020120424(experimental)[trunkrevision186770](GCC)
Platform: ia64-unknown-linux-gnu
configure flags: --with-mpfr=/opt/gnu --with-mpc=/opt/gnu --with-gmp=/opt/gnu --prefix=/usr/local --enable-clocale=gnu --enable-shared --with-demangler-in-ld --enable-cloog-backend=isl --with-ppl=/opt/gnu --with-cloog=/opt/gnu --enable-languages=c,c++,fortran,java,lto,objc