This is the mail archive of the
gcc-testresults@gcc.gnu.org
mailing list for the GCC project.
Results for 4.8.0 20120416 (experimental) (GCC) testsuite on arm-none-eabi
- From: CodeSourcery Automatic Testing System <gcc at codesourcery dot com>
- To: <gcc-testresults at gcc dot gnu dot org>
- Date: Mon, 16 Apr 2012 04:48:10 -0700
- Subject: Results for 4.8.0 20120416 (experimental) (GCC) testsuite on arm-none-eabi
LAST_UPDATED: Mon Apr 16 07:13:04 UTC 2012 (/trunk revision 186483)
Target is arm-none-eabi
Host is i686-pc-linux-gnu
=== g++ tests ===
Running target arm-sim-fsf
FAIL: g++.dg/lookup/builtin5.C scan-assembler _ZSt5atanhd
FAIL: g++.dg/simulate-thread/atomics-1.C -O0 -g (test for excess errors)
FAIL: g++.dg/simulate-thread/atomics-1.C -O1 -g (test for excess errors)
FAIL: g++.dg/simulate-thread/atomics-1.C -O2 -g -std=c++98 (test for excess errors)
FAIL: g++.dg/simulate-thread/atomics-1.C -O3 -g -std=c++11 (test for excess errors)
FAIL: g++.dg/simulate-thread/atomics-1.C -Os -g (test for excess errors)
FAIL: g++.dg/simulate-thread/atomics-2.C -O0 -g (test for excess errors)
FAIL: g++.dg/simulate-thread/atomics-2.C -O1 -g (test for excess errors)
FAIL: g++.dg/simulate-thread/atomics-2.C -O2 -g -std=c++98 (test for excess errors)
FAIL: g++.dg/simulate-thread/atomics-2.C -O3 -g -std=c++11 (test for excess errors)
FAIL: g++.dg/simulate-thread/atomics-2.C -Os -g (test for excess errors)
=== g++ Summary ===
# of expected passes 44812
# of unexpected failures 11
# of expected failures 279
# of unsupported tests 754
/scratch/gcc/nightly-2012-04-16-mainline/arm-none-eabi/obj/test-mainline-0-arm-none-eabi/host-i686-pc-linux-gnu/fsf-mainline/bin/arm-none-eabi-g++ version 4.8.0 20120416 (experimental) (GCC)
=== Summary adjusted for local xfails ===
# of unexpected failures 11
# of expected passes 44812
# of expected failures 279
# of unsupported tests 754
Host is i686-pc-linux-gnu
=== g++ tests ===
Running target arm-sim-fsf
FAIL: g++.dg/compat/abi/bitfield1 cp_compat_x_alt.o compile
FAIL: g++.dg/compat/abi/bitfield1 cp_compat_y_alt.o compile
UNRESOLVED: g++.dg/compat/abi/bitfield1 cp_compat_x_tst.o-cp_compat_y_alt.o link
UNRESOLVED: g++.dg/compat/abi/bitfield1 cp_compat_x_tst.o-cp_compat_y_alt.o execute
UNRESOLVED: g++.dg/compat/abi/bitfield1 cp_compat_x_alt.o-cp_compat_y_tst.o link
UNRESOLVED: g++.dg/compat/abi/bitfield1 cp_compat_x_alt.o-cp_compat_y_tst.o execute
UNRESOLVED: g++.dg/compat/abi/bitfield1 cp_compat_x_alt.o-cp_compat_y_alt.o link
UNRESOLVED: g++.dg/compat/abi/bitfield1 cp_compat_x_alt.o-cp_compat_y_alt.o execute
FAIL: g++.dg/compat/abi/bitfield2 cp_compat_x_alt.o compile
FAIL: g++.dg/compat/abi/bitfield2 cp_compat_y_alt.o compile
UNRESOLVED: g++.dg/compat/abi/bitfield2 cp_compat_x_tst.o-cp_compat_y_alt.o link
UNRESOLVED: g++.dg/compat/abi/bitfield2 cp_compat_x_tst.o-cp_compat_y_alt.o execute
UNRESOLVED: g++.dg/compat/abi/bitfield2 cp_compat_x_alt.o-cp_compat_y_tst.o link
UNRESOLVED: g++.dg/compat/abi/bitfield2 cp_compat_x_alt.o-cp_compat_y_tst.o execute
UNRESOLVED: g++.dg/compat/abi/bitfield2 cp_compat_x_alt.o-cp_compat_y_alt.o link
UNRESOLVED: g++.dg/compat/abi/bitfield2 cp_compat_x_alt.o-cp_compat_y_alt.o execute
FAIL: g++.dg/compat/abi/vbase8-10 cp_compat_x_alt.o compile
FAIL: g++.dg/compat/abi/vbase8-10 cp_compat_y_alt.o compile
UNRESOLVED: g++.dg/compat/abi/vbase8-10 cp_compat_x_tst.o-cp_compat_y_alt.o link
UNRESOLVED: g++.dg/compat/abi/vbase8-10 cp_compat_x_tst.o-cp_compat_y_alt.o execute
UNRESOLVED: g++.dg/compat/abi/vbase8-10 cp_compat_x_alt.o-cp_compat_y_tst.o link
UNRESOLVED: g++.dg/compat/abi/vbase8-10 cp_compat_x_alt.o-cp_compat_y_tst.o execute
UNRESOLVED: g++.dg/compat/abi/vbase8-10 cp_compat_x_alt.o-cp_compat_y_alt.o link
UNRESOLVED: g++.dg/compat/abi/vbase8-10 cp_compat_x_alt.o-cp_compat_y_alt.o execute
FAIL: g++.dg/compat/abi/vbase8-21 cp_compat_x_alt.o compile
FAIL: g++.dg/compat/abi/vbase8-21 cp_compat_y_alt.o compile
UNRESOLVED: g++.dg/compat/abi/vbase8-21 cp_compat_x_tst.o-cp_compat_y_alt.o link
UNRESOLVED: g++.dg/compat/abi/vbase8-21 cp_compat_x_tst.o-cp_compat_y_alt.o execute
UNRESOLVED: g++.dg/compat/abi/vbase8-21 cp_compat_x_alt.o-cp_compat_y_tst.o link
UNRESOLVED: g++.dg/compat/abi/vbase8-21 cp_compat_x_alt.o-cp_compat_y_tst.o execute
UNRESOLVED: g++.dg/compat/abi/vbase8-21 cp_compat_x_alt.o-cp_compat_y_alt.o link
UNRESOLVED: g++.dg/compat/abi/vbase8-21 cp_compat_x_alt.o-cp_compat_y_alt.o execute
FAIL: g++.dg/compat/abi/vbase8-22 cp_compat_x_alt.o compile
FAIL: g++.dg/compat/abi/vbase8-22 cp_compat_y_alt.o compile
UNRESOLVED: g++.dg/compat/abi/vbase8-22 cp_compat_x_tst.o-cp_compat_y_alt.o link
UNRESOLVED: g++.dg/compat/abi/vbase8-22 cp_compat_x_tst.o-cp_compat_y_alt.o execute
UNRESOLVED: g++.dg/compat/abi/vbase8-22 cp_compat_x_alt.o-cp_compat_y_tst.o link
UNRESOLVED: g++.dg/compat/abi/vbase8-22 cp_compat_x_alt.o-cp_compat_y_tst.o execute
UNRESOLVED: g++.dg/compat/abi/vbase8-22 cp_compat_x_alt.o-cp_compat_y_alt.o link
UNRESOLVED: g++.dg/compat/abi/vbase8-22 cp_compat_x_alt.o-cp_compat_y_alt.o execute
FAIL: g++.dg/compat/abi/vbase8-4 cp_compat_x_alt.o compile
FAIL: g++.dg/compat/abi/vbase8-4 cp_compat_y_alt.o compile
UNRESOLVED: g++.dg/compat/abi/vbase8-4 cp_compat_x_tst.o-cp_compat_y_alt.o link
UNRESOLVED: g++.dg/compat/abi/vbase8-4 cp_compat_x_tst.o-cp_compat_y_alt.o execute
UNRESOLVED: g++.dg/compat/abi/vbase8-4 cp_compat_x_alt.o-cp_compat_y_tst.o link
UNRESOLVED: g++.dg/compat/abi/vbase8-4 cp_compat_x_alt.o-cp_compat_y_tst.o execute
UNRESOLVED: g++.dg/compat/abi/vbase8-4 cp_compat_x_alt.o-cp_compat_y_alt.o link
UNRESOLVED: g++.dg/compat/abi/vbase8-4 cp_compat_x_alt.o-cp_compat_y_alt.o execute
FAIL: g++.dg/compat/break/bitfield5 cp_compat_x_alt.o compile
FAIL: g++.dg/compat/break/bitfield5 cp_compat_y_alt.o compile
UNRESOLVED: g++.dg/compat/break/bitfield5 cp_compat_x_tst.o-cp_compat_y_alt.o link
UNRESOLVED: g++.dg/compat/break/bitfield5 cp_compat_x_tst.o-cp_compat_y_alt.o execute
UNRESOLVED: g++.dg/compat/break/bitfield5 cp_compat_x_alt.o-cp_compat_y_tst.o link
UNRESOLVED: g++.dg/compat/break/bitfield5 cp_compat_x_alt.o-cp_compat_y_tst.o execute
UNRESOLVED: g++.dg/compat/break/bitfield5 cp_compat_x_alt.o-cp_compat_y_alt.o link
UNRESOLVED: g++.dg/compat/break/bitfield5 cp_compat_x_alt.o-cp_compat_y_alt.o execute
FAIL: g++.dg/compat/break/bitfield7 cp_compat_x_alt.o compile
FAIL: g++.dg/compat/break/bitfield7 cp_compat_y_alt.o compile
UNRESOLVED: g++.dg/compat/break/bitfield7 cp_compat_x_tst.o-cp_compat_y_alt.o link
UNRESOLVED: g++.dg/compat/break/bitfield7 cp_compat_x_tst.o-cp_compat_y_alt.o execute
UNRESOLVED: g++.dg/compat/break/bitfield7 cp_compat_x_alt.o-cp_compat_y_tst.o link
UNRESOLVED: g++.dg/compat/break/bitfield7 cp_compat_x_alt.o-cp_compat_y_tst.o execute
UNRESOLVED: g++.dg/compat/break/bitfield7 cp_compat_x_alt.o-cp_compat_y_alt.o link
UNRESOLVED: g++.dg/compat/break/bitfield7 cp_compat_x_alt.o-cp_compat_y_alt.o execute
FAIL: g++.dg/compat/break/empty6 cp_compat_x_alt.o compile
FAIL: g++.dg/compat/break/empty6 cp_compat_y_alt.o compile
UNRESOLVED: g++.dg/compat/break/empty6 cp_compat_x_tst.o-cp_compat_y_alt.o link
UNRESOLVED: g++.dg/compat/break/empty6 cp_compat_x_tst.o-cp_compat_y_alt.o execute
UNRESOLVED: g++.dg/compat/break/empty6 cp_compat_x_alt.o-cp_compat_y_tst.o link
UNRESOLVED: g++.dg/compat/break/empty6 cp_compat_x_alt.o-cp_compat_y_tst.o execute
UNRESOLVED: g++.dg/compat/break/empty6 cp_compat_x_alt.o-cp_compat_y_alt.o link
UNRESOLVED: g++.dg/compat/break/empty6 cp_compat_x_alt.o-cp_compat_y_alt.o execute
FAIL: g++.dg/compat/break/vbase10 cp_compat_x_alt.o compile
FAIL: g++.dg/compat/break/vbase10 cp_compat_y_alt.o compile
UNRESOLVED: g++.dg/compat/break/vbase10 cp_compat_x_tst.o-cp_compat_y_alt.o link
UNRESOLVED: g++.dg/compat/break/vbase10 cp_compat_x_tst.o-cp_compat_y_alt.o execute
UNRESOLVED: g++.dg/compat/break/vbase10 cp_compat_x_alt.o-cp_compat_y_tst.o link
UNRESOLVED: g++.dg/compat/break/vbase10 cp_compat_x_alt.o-cp_compat_y_tst.o execute
UNRESOLVED: g++.dg/compat/break/vbase10 cp_compat_x_alt.o-cp_compat_y_alt.o link
UNRESOLVED: g++.dg/compat/break/vbase10 cp_compat_x_alt.o-cp_compat_y_alt.o execute
FAIL: g++.dg/compat/break/vbase11 cp_compat_x_alt.o compile
FAIL: g++.dg/compat/break/vbase11 cp_compat_y_alt.o compile
UNRESOLVED: g++.dg/compat/break/vbase11 cp_compat_x_tst.o-cp_compat_y_alt.o link
UNRESOLVED: g++.dg/compat/break/vbase11 cp_compat_x_tst.o-cp_compat_y_alt.o execute
UNRESOLVED: g++.dg/compat/break/vbase11 cp_compat_x_alt.o-cp_compat_y_tst.o link
UNRESOLVED: g++.dg/compat/break/vbase11 cp_compat_x_alt.o-cp_compat_y_tst.o execute
UNRESOLVED: g++.dg/compat/break/vbase11 cp_compat_x_alt.o-cp_compat_y_alt.o link
UNRESOLVED: g++.dg/compat/break/vbase11 cp_compat_x_alt.o-cp_compat_y_alt.o execute
FAIL: g++.dg/compat/eh/ctor1 cp_compat_x_alt.o compile
FAIL: g++.dg/compat/eh/ctor1 cp_compat_y_alt.o compile
UNRESOLVED: g++.dg/compat/eh/ctor1 cp_compat_x_tst.o-cp_compat_y_alt.o link
UNRESOLVED: g++.dg/compat/eh/ctor1 cp_compat_x_tst.o-cp_compat_y_alt.o execute
UNRESOLVED: g++.dg/compat/eh/ctor1 cp_compat_x_alt.o-cp_compat_y_tst.o link
UNRESOLVED: g++.dg/compat/eh/ctor1 cp_compat_x_alt.o-cp_compat_y_tst.o execute
UNRESOLVED: g++.dg/compat/eh/ctor1 cp_compat_x_alt.o-cp_compat_y_alt.o link
UNRESOLVED: g++.dg/compat/eh/ctor1 cp_compat_x_alt.o-cp_compat_y_alt.o execute
FAIL: g++.dg/compat/eh/ctor2 cp_compat_x_alt.o compile
FAIL: g++.dg/compat/eh/ctor2 cp_compat_y_alt.o compile
UNRESOLVED: g++.dg/compat/eh/ctor2 cp_compat_x_tst.o-cp_compat_y_alt.o link
UNRESOLVED: g++.dg/compat/eh/ctor2 cp_compat_x_tst.o-cp_compat_y_alt.o execute
UNRESOLVED: g++.dg/compat/eh/ctor2 cp_compat_x_alt.o-cp_compat_y_tst.o link
UNRESOLVED: g++.dg/compat/eh/ctor2 cp_compat_x_alt.o-cp_compat_y_tst.o execute
UNRESOLVED: g++.dg/compat/eh/ctor2 cp_compat_x_alt.o-cp_compat_y_alt.o link
UNRESOLVED: g++.dg/compat/eh/ctor2 cp_compat_x_alt.o-cp_compat_y_alt.o execute
FAIL: g++.dg/compat/eh/dtor1 cp_compat_x_alt.o compile
FAIL: g++.dg/compat/eh/dtor1 cp_compat_y_alt.o compile
UNRESOLVED: g++.dg/compat/eh/dtor1 cp_compat_x_tst.o-cp_compat_y_alt.o link
UNRESOLVED: g++.dg/compat/eh/dtor1 cp_compat_x_tst.o-cp_compat_y_alt.o execute
UNRESOLVED: g++.dg/compat/eh/dtor1 cp_compat_x_alt.o-cp_compat_y_tst.o link
UNRESOLVED: g++.dg/compat/eh/dtor1 cp_compat_x_alt.o-cp_compat_y_tst.o execute
UNRESOLVED: g++.dg/compat/eh/dtor1 cp_compat_x_alt.o-cp_compat_y_alt.o link
UNRESOLVED: g++.dg/compat/eh/dtor1 cp_compat_x_alt.o-cp_compat_y_alt.o execute
FAIL: g++.dg/compat/eh/filter1 cp_compat_x_alt.o compile
FAIL: g++.dg/compat/eh/filter1 cp_compat_y_alt.o compile
UNRESOLVED: g++.dg/compat/eh/filter1 cp_compat_x_tst.o-cp_compat_y_alt.o link
UNRESOLVED: g++.dg/compat/eh/filter1 cp_compat_x_tst.o-cp_compat_y_alt.o execute
UNRESOLVED: g++.dg/compat/eh/filter1 cp_compat_x_alt.o-cp_compat_y_tst.o link
UNRESOLVED: g++.dg/compat/eh/filter1 cp_compat_x_alt.o-cp_compat_y_tst.o execute
UNRESOLVED: g++.dg/compat/eh/filter1 cp_compat_x_alt.o-cp_compat_y_alt.o link
UNRESOLVED: g++.dg/compat/eh/filter1 cp_compat_x_alt.o-cp_compat_y_alt.o execute
FAIL: g++.dg/compat/eh/filter2 cp_compat_x_alt.o compile
FAIL: g++.dg/compat/eh/filter2 cp_compat_y_alt.o compile
UNRESOLVED: g++.dg/compat/eh/filter2 cp_compat_x_tst.o-cp_compat_y_alt.o link
UNRESOLVED: g++.dg/compat/eh/filter2 cp_compat_x_tst.o-cp_compat_y_alt.o execute
UNRESOLVED: g++.dg/compat/eh/filter2 cp_compat_x_alt.o-cp_compat_y_tst.o link
UNRESOLVED: g++.dg/compat/eh/filter2 cp_compat_x_alt.o-cp_compat_y_tst.o execute
UNRESOLVED: g++.dg/compat/eh/filter2 cp_compat_x_alt.o-cp_compat_y_alt.o link
UNRESOLVED: g++.dg/compat/eh/filter2 cp_compat_x_alt.o-cp_compat_y_alt.o execute
FAIL: g++.dg/compat/eh/new1 cp_compat_x_alt.o compile
FAIL: g++.dg/compat/eh/new1 cp_compat_y_alt.o compile
UNRESOLVED: g++.dg/compat/eh/new1 cp_compat_x_tst.o-cp_compat_y_alt.o link
UNRESOLVED: g++.dg/compat/eh/new1 cp_compat_x_tst.o-cp_compat_y_alt.o execute
UNRESOLVED: g++.dg/compat/eh/new1 cp_compat_x_alt.o-cp_compat_y_tst.o link
UNRESOLVED: g++.dg/compat/eh/new1 cp_compat_x_alt.o-cp_compat_y_tst.o execute
UNRESOLVED: g++.dg/compat/eh/new1 cp_compat_x_alt.o-cp_compat_y_alt.o link
UNRESOLVED: g++.dg/compat/eh/new1 cp_compat_x_alt.o-cp_compat_y_alt.o execute
FAIL: g++.dg/compat/eh/nrv1 cp_compat_x_alt.o compile
FAIL: g++.dg/compat/eh/nrv1 cp_compat_y_alt.o compile
UNRESOLVED: g++.dg/compat/eh/nrv1 cp_compat_x_tst.o-cp_compat_y_alt.o link
UNRESOLVED: g++.dg/compat/eh/nrv1 cp_compat_x_tst.o-cp_compat_y_alt.o execute
UNRESOLVED: g++.dg/compat/eh/nrv1 cp_compat_x_alt.o-cp_compat_y_tst.o link
UNRESOLVED: g++.dg/compat/eh/nrv1 cp_compat_x_alt.o-cp_compat_y_tst.o execute
UNRESOLVED: g++.dg/compat/eh/nrv1 cp_compat_x_alt.o-cp_compat_y_alt.o link
UNRESOLVED: g++.dg/compat/eh/nrv1 cp_compat_x_alt.o-cp_compat_y_alt.o execute
FAIL: g++.dg/compat/eh/spec3 cp_compat_x_alt.o compile
FAIL: g++.dg/compat/eh/spec3 cp_compat_y_alt.o compile
UNRESOLVED: g++.dg/compat/eh/spec3 cp_compat_x_tst.o-cp_compat_y_alt.o link
UNRESOLVED: g++.dg/compat/eh/spec3 cp_compat_x_tst.o-cp_compat_y_alt.o execute
UNRESOLVED: g++.dg/compat/eh/spec3 cp_compat_x_alt.o-cp_compat_y_tst.o link
UNRESOLVED: g++.dg/compat/eh/spec3 cp_compat_x_alt.o-cp_compat_y_tst.o execute
UNRESOLVED: g++.dg/compat/eh/spec3 cp_compat_x_alt.o-cp_compat_y_alt.o link
UNRESOLVED: g++.dg/compat/eh/spec3 cp_compat_x_alt.o-cp_compat_y_alt.o execute
FAIL: g++.dg/compat/eh/template1 cp_compat_x_alt.o compile
FAIL: g++.dg/compat/eh/template1 cp_compat_y_alt.o compile
UNRESOLVED: g++.dg/compat/eh/template1 cp_compat_x_tst.o-cp_compat_y_alt.o link
UNRESOLVED: g++.dg/compat/eh/template1 cp_compat_x_tst.o-cp_compat_y_alt.o execute
UNRESOLVED: g++.dg/compat/eh/template1 cp_compat_x_alt.o-cp_compat_y_tst.o link
UNRESOLVED: g++.dg/compat/eh/template1 cp_compat_x_alt.o-cp_compat_y_tst.o execute
UNRESOLVED: g++.dg/compat/eh/template1 cp_compat_x_alt.o-cp_compat_y_alt.o link
UNRESOLVED: g++.dg/compat/eh/template1 cp_compat_x_alt.o-cp_compat_y_alt.o execute
FAIL: g++.dg/compat/eh/unexpected1 cp_compat_x_alt.o compile
FAIL: g++.dg/compat/eh/unexpected1 cp_compat_y_alt.o compile
UNRESOLVED: g++.dg/compat/eh/unexpected1 cp_compat_x_tst.o-cp_compat_y_alt.o link
UNRESOLVED: g++.dg/compat/eh/unexpected1 cp_compat_x_tst.o-cp_compat_y_alt.o execute
UNRESOLVED: g++.dg/compat/eh/unexpected1 cp_compat_x_alt.o-cp_compat_y_tst.o link
UNRESOLVED: g++.dg/compat/eh/unexpected1 cp_compat_x_alt.o-cp_compat_y_tst.o execute
UNRESOLVED: g++.dg/compat/eh/unexpected1 cp_compat_x_alt.o-cp_compat_y_alt.o link
UNRESOLVED: g++.dg/compat/eh/unexpected1 cp_compat_x_alt.o-cp_compat_y_alt.o execute
FAIL: g++.dg/compat/init/array5 cp_compat_x_alt.o compile
FAIL: g++.dg/compat/init/array5 cp_compat_y_alt.o compile
UNRESOLVED: g++.dg/compat/init/array5 cp_compat_x_tst.o-cp_compat_y_alt.o link
UNRESOLVED: g++.dg/compat/init/array5 cp_compat_x_tst.o-cp_compat_y_alt.o execute
UNRESOLVED: g++.dg/compat/init/array5 cp_compat_x_alt.o-cp_compat_y_tst.o link
UNRESOLVED: g++.dg/compat/init/array5 cp_compat_x_alt.o-cp_compat_y_tst.o execute
UNRESOLVED: g++.dg/compat/init/array5 cp_compat_x_alt.o-cp_compat_y_alt.o link
UNRESOLVED: g++.dg/compat/init/array5 cp_compat_x_alt.o-cp_compat_y_alt.o execute
FAIL: g++.dg/compat/init/byval1 cp_compat_x_alt.o compile
FAIL: g++.dg/compat/init/byval1 cp_compat_y_alt.o compile
UNRESOLVED: g++.dg/compat/init/byval1 cp_compat_x_tst.o-cp_compat_y_alt.o link
UNRESOLVED: g++.dg/compat/init/byval1 cp_compat_x_tst.o-cp_compat_y_alt.o execute
UNRESOLVED: g++.dg/compat/init/byval1 cp_compat_x_alt.o-cp_compat_y_tst.o link
UNRESOLVED: g++.dg/compat/init/byval1 cp_compat_x_alt.o-cp_compat_y_tst.o execute
UNRESOLVED: g++.dg/compat/init/byval1 cp_compat_x_alt.o-cp_compat_y_alt.o link
UNRESOLVED: g++.dg/compat/init/byval1 cp_compat_x_alt.o-cp_compat_y_alt.o execute
FAIL: g++.dg/compat/init/dtor1 cp_compat_x_alt.o compile
FAIL: g++.dg/compat/init/dtor1 cp_compat_y_alt.o compile
UNRESOLVED: g++.dg/compat/init/dtor1 cp_compat_x_tst.o-cp_compat_y_alt.o link
UNRESOLVED: g++.dg/compat/init/dtor1 cp_compat_x_tst.o-cp_compat_y_alt.o execute
UNRESOLVED: g++.dg/compat/init/dtor1 cp_compat_x_alt.o-cp_compat_y_tst.o link
UNRESOLVED: g++.dg/compat/init/dtor1 cp_compat_x_alt.o-cp_compat_y_tst.o execute
UNRESOLVED: g++.dg/compat/init/dtor1 cp_compat_x_alt.o-cp_compat_y_alt.o link
UNRESOLVED: g++.dg/compat/init/dtor1 cp_compat_x_alt.o-cp_compat_y_alt.o execute
FAIL: g++.dg/compat/init/elide1 cp_compat_x_alt.o compile
FAIL: g++.dg/compat/init/elide1 cp_compat_y_alt.o compile
UNRESOLVED: g++.dg/compat/init/elide1 cp_compat_x_tst.o-cp_compat_y_alt.o link
UNRESOLVED: g++.dg/compat/init/elide1 cp_compat_x_tst.o-cp_compat_y_alt.o execute
UNRESOLVED: g++.dg/compat/init/elide1 cp_compat_x_alt.o-cp_compat_y_tst.o link
UNRESOLVED: g++.dg/compat/init/elide1 cp_compat_x_alt.o-cp_compat_y_tst.o execute
UNRESOLVED: g++.dg/compat/init/elide1 cp_compat_x_alt.o-cp_compat_y_alt.o link
UNRESOLVED: g++.dg/compat/init/elide1 cp_compat_x_alt.o-cp_compat_y_alt.o execute
FAIL: g++.dg/compat/init/init-ref2 cp_compat_x_alt.o compile
FAIL: g++.dg/compat/init/init-ref2 cp_compat_y_alt.o compile
UNRESOLVED: g++.dg/compat/init/init-ref2 cp_compat_x_tst.o-cp_compat_y_alt.o link
UNRESOLVED: g++.dg/compat/init/init-ref2 cp_compat_x_tst.o-cp_compat_y_alt.o execute
UNRESOLVED: g++.dg/compat/init/init-ref2 cp_compat_x_alt.o-cp_compat_y_tst.o link
UNRESOLVED: g++.dg/compat/init/init-ref2 cp_compat_x_alt.o-cp_compat_y_tst.o execute
UNRESOLVED: g++.dg/compat/init/init-ref2 cp_compat_x_alt.o-cp_compat_y_alt.o link
UNRESOLVED: g++.dg/compat/init/init-ref2 cp_compat_x_alt.o-cp_compat_y_alt.o execute
=== g++ Summary ===
# of expected passes 130
# of unexpected failures 52
# of unresolved testcases 156
# of unsupported tests 13
/scratch/gcc/nightly-2012-04-16-mainline/arm-none-eabi/obj/test-mainline-0-arm-none-eabi/host-i686-pc-linux-gnu/fsf-mainline/bin/arm-none-eabi-g++ version 4.8.0 20120416 (experimental) (GCC)
=== Summary adjusted for local xfails ===
# of unexpected failures 52
# of expected passes 130
# of unresolved testcases 156
# of unsupported tests 13
Host is i686-pc-linux-gnu
=== gcc tests ===
Running target arm-sim-fsf
FAIL: gcc.c-torture/execute/builtins/memcpy-chk.c compilation, -O2 -flto -fuse-linker-plugin -fno-fat-lto-objects
UNRESOLVED: gcc.c-torture/execute/builtins/memcpy-chk.c execution, -O2 -flto -fuse-linker-plugin -fno-fat-lto-objects
FAIL: gcc.c-torture/execute/builtins/memmove-chk.c compilation, -O2 -flto -fuse-linker-plugin -fno-fat-lto-objects
UNRESOLVED: gcc.c-torture/execute/builtins/memmove-chk.c execution, -O2 -flto -fuse-linker-plugin -fno-fat-lto-objects
FAIL: gcc.c-torture/execute/builtins/memops-asm.c compilation, -O2 -flto -fuse-linker-plugin -fno-fat-lto-objects
UNRESOLVED: gcc.c-torture/execute/builtins/memops-asm.c execution, -O2 -flto -fuse-linker-plugin -fno-fat-lto-objects
FAIL: gcc.c-torture/execute/builtins/mempcpy-chk.c compilation, -O2 -flto -fuse-linker-plugin -fno-fat-lto-objects
UNRESOLVED: gcc.c-torture/execute/builtins/mempcpy-chk.c execution, -O2 -flto -fuse-linker-plugin -fno-fat-lto-objects
FAIL: gcc.c-torture/execute/builtins/memset-chk.c compilation, -O2 -flto -fuse-linker-plugin -fno-fat-lto-objects
UNRESOLVED: gcc.c-torture/execute/builtins/memset-chk.c execution, -O2 -flto -fuse-linker-plugin -fno-fat-lto-objects
FAIL: gcc.c-torture/execute/builtins/memset.c compilation, -O2 -flto -fuse-linker-plugin -fno-fat-lto-objects
UNRESOLVED: gcc.c-torture/execute/builtins/memset.c execution, -O2 -flto -fuse-linker-plugin -fno-fat-lto-objects
FAIL: gcc.c-torture/execute/builtins/pr23484-chk.c compilation, -O2 -flto -fuse-linker-plugin -fno-fat-lto-objects
UNRESOLVED: gcc.c-torture/execute/builtins/pr23484-chk.c execution, -O2 -flto -fuse-linker-plugin -fno-fat-lto-objects
FAIL: gcc.c-torture/execute/builtins/snprintf-chk.c compilation, -O2 -flto -fuse-linker-plugin -fno-fat-lto-objects
UNRESOLVED: gcc.c-torture/execute/builtins/snprintf-chk.c execution, -O2 -flto -fuse-linker-plugin -fno-fat-lto-objects
FAIL: gcc.c-torture/execute/builtins/sprintf-chk.c compilation, -O2 -flto -fuse-linker-plugin -fno-fat-lto-objects
UNRESOLVED: gcc.c-torture/execute/builtins/sprintf-chk.c execution, -O2 -flto -fuse-linker-plugin -fno-fat-lto-objects
FAIL: gcc.c-torture/execute/builtins/stpcpy-chk.c compilation, -O2 -flto -fuse-linker-plugin -fno-fat-lto-objects
UNRESOLVED: gcc.c-torture/execute/builtins/stpcpy-chk.c execution, -O2 -flto -fuse-linker-plugin -fno-fat-lto-objects
FAIL: gcc.c-torture/execute/builtins/stpncpy-chk.c compilation, -O2 -flto -fuse-linker-plugin -fno-fat-lto-objects
UNRESOLVED: gcc.c-torture/execute/builtins/stpncpy-chk.c execution, -O2 -flto -fuse-linker-plugin -fno-fat-lto-objects
FAIL: gcc.c-torture/execute/builtins/strcat-chk.c compilation, -O2 -flto -fuse-linker-plugin -fno-fat-lto-objects
UNRESOLVED: gcc.c-torture/execute/builtins/strcat-chk.c execution, -O2 -flto -fuse-linker-plugin -fno-fat-lto-objects
FAIL: gcc.c-torture/execute/builtins/strcpy-chk.c compilation, -O2 -flto -fuse-linker-plugin -fno-fat-lto-objects
UNRESOLVED: gcc.c-torture/execute/builtins/strcpy-chk.c execution, -O2 -flto -fuse-linker-plugin -fno-fat-lto-objects
FAIL: gcc.c-torture/execute/builtins/strlen-2.c compilation, -O2 -flto -fuse-linker-plugin -fno-fat-lto-objects
UNRESOLVED: gcc.c-torture/execute/builtins/strlen-2.c execution, -O2 -flto -fuse-linker-plugin -fno-fat-lto-objects
FAIL: gcc.c-torture/execute/builtins/strlen-3.c compilation, -O2 -flto -fuse-linker-plugin -fno-fat-lto-objects
UNRESOLVED: gcc.c-torture/execute/builtins/strlen-3.c execution, -O2 -flto -fuse-linker-plugin -fno-fat-lto-objects
FAIL: gcc.c-torture/execute/builtins/strlen.c compilation, -O2 -flto -fuse-linker-plugin -fno-fat-lto-objects
UNRESOLVED: gcc.c-torture/execute/builtins/strlen.c execution, -O2 -flto -fuse-linker-plugin -fno-fat-lto-objects
FAIL: gcc.c-torture/execute/builtins/strncat-chk.c compilation, -O2 -flto -fuse-linker-plugin -fno-fat-lto-objects
UNRESOLVED: gcc.c-torture/execute/builtins/strncat-chk.c execution, -O2 -flto -fuse-linker-plugin -fno-fat-lto-objects
FAIL: gcc.c-torture/execute/builtins/strncpy-chk.c compilation, -O2 -flto -fuse-linker-plugin -fno-fat-lto-objects
UNRESOLVED: gcc.c-torture/execute/builtins/strncpy-chk.c execution, -O2 -flto -fuse-linker-plugin -fno-fat-lto-objects
FAIL: gcc.c-torture/execute/builtins/vsnprintf-chk.c compilation, -O2 -flto -fuse-linker-plugin -fno-fat-lto-objects
UNRESOLVED: gcc.c-torture/execute/builtins/vsnprintf-chk.c execution, -O2 -flto -fuse-linker-plugin -fno-fat-lto-objects
FAIL: gcc.c-torture/execute/builtins/vsprintf-chk.c compilation, -O2 -flto -fuse-linker-plugin -fno-fat-lto-objects
UNRESOLVED: gcc.c-torture/execute/builtins/vsprintf-chk.c execution, -O2 -flto -fuse-linker-plugin -fno-fat-lto-objects
FAIL: gcc.c-torture/execute/scal-to-vec2.c execution, -Os
FAIL: gcc.dg/atomic-flag.c (test for excess errors)
UNRESOLVED: gcc.dg/atomic-flag.c compilation failed to produce executable
FAIL: gcc.dg/uninit-13.c unconditional (test for warnings, line 8)
FAIL: gcc.dg/uninit-13.c (test for excess errors)
FAIL: gcc.dg/torture/pr51106-2.c -O0 (internal compiler error)
FAIL: gcc.dg/torture/pr51106-2.c -O0 (test for excess errors)
FAIL: gcc.dg/torture/pr51106-2.c -O1 (internal compiler error)
FAIL: gcc.dg/torture/pr51106-2.c -O1 (test for excess errors)
FAIL: gcc.dg/torture/pr51106-2.c -O2 (internal compiler error)
FAIL: gcc.dg/torture/pr51106-2.c -O2 (test for excess errors)
FAIL: gcc.dg/torture/pr51106-2.c -O3 -fomit-frame-pointer (internal compiler error)
FAIL: gcc.dg/torture/pr51106-2.c -O3 -fomit-frame-pointer (test for excess errors)
FAIL: gcc.dg/torture/pr51106-2.c -O3 -g (internal compiler error)
FAIL: gcc.dg/torture/pr51106-2.c -O3 -g (test for excess errors)
FAIL: gcc.dg/torture/pr51106-2.c -Os (internal compiler error)
FAIL: gcc.dg/torture/pr51106-2.c -Os (test for excess errors)
FAIL: gcc.dg/torture/pr51106-2.c -O2 -flto -fno-use-linker-plugin -flto-partition=none (internal compiler error)
FAIL: gcc.dg/torture/pr51106-2.c -O2 -flto -fno-use-linker-plugin -flto-partition=none (test for excess errors)
FAIL: gcc.dg/tree-ssa/sra-12.c scan-tree-dump-times release_ssa "l;" 0
FAIL: gcc.dg/tree-ssa/ssa-dom-thread-3.c (test for excess errors)
UNRESOLVED: gcc.dg/tree-ssa/ssa-dom-thread-3.c scan-tree-dump-times dom1 "Threaded" 1
UNRESOLVED: gcc.dg/tree-ssa/ssa-dom-thread-3.c scan-tree-dump-times dom1 "one or more intermediate" 1
FAIL: gcc.dg/vect/vect-104.c scan-tree-dump-times vect "possible dependence between data-refs" 1
FAIL: gcc.dg/vect/vect-multitypes-11.c scan-tree-dump-times vect "vectorized 1 loops" 1
FAIL: gcc.dg/vect/vect-multitypes-12.c scan-tree-dump-times vect "vectorized 1 loops" 1
FAIL: gcc.dg/vect/vect-outer-1-big-array.c scan-tree-dump-times vect "grouped access in outer loop" 1
FAIL: gcc.dg/vect/vect-outer-1.c scan-tree-dump-times vect "grouped access in outer loop" 1
FAIL: gcc.dg/vect/vect-outer-1a-big-array.c scan-tree-dump-times vect "grouped access in outer loop" 1
FAIL: gcc.dg/vect/vect-outer-1a.c scan-tree-dump-times vect "grouped access in outer loop" 1
FAIL: gcc.dg/vect/vect-outer-1b-big-array.c scan-tree-dump-times vect "grouped access in outer loop" 1
FAIL: gcc.dg/vect/vect-outer-1b.c scan-tree-dump-times vect "grouped access in outer loop" 1
FAIL: gcc.dg/vect/vect-outer-2b.c scan-tree-dump-times vect "grouped access in outer loop" 1
FAIL: gcc.dg/vect/vect-outer-3a-big-array.c scan-tree-dump-times vect "step doesn't divide the vector-size" 2
FAIL: gcc.dg/vect/vect-outer-3a.c scan-tree-dump-times vect "step doesn't divide the vector-size" 2
FAIL: gcc.dg/vect/vect-outer-3b.c scan-tree-dump-times vect "grouped access in outer loop" 2
FAIL: gcc.dg/vect/vect-reduc-dot-s16b.c scan-tree-dump-times vect "vectorized 1 loops" 0
FAIL: gcc.dg/vect/vect-reduc-dot-s8b.c scan-tree-dump-times vect "vect_recog_widen_mult_pattern: detected" 1
FAIL: gcc.dg/vect/vect-reduc-pattern-1a.c scan-tree-dump-times vect "vectorized 1 loops" 0
FAIL: gcc.dg/vect/vect-reduc-pattern-1b-big-array.c scan-tree-dump-times vect "vectorized 1 loops" 0
FAIL: gcc.dg/vect/vect-reduc-pattern-1b.c scan-tree-dump-times vect "vectorized 1 loops" 0
FAIL: gcc.dg/vect/vect-reduc-pattern-1c-big-array.c scan-tree-dump-times vect "vectorized 1 loops" 0
FAIL: gcc.dg/vect/vect-reduc-pattern-1c.c scan-tree-dump-times vect "vectorized 1 loops" 0
FAIL: gcc.dg/vect/vect-reduc-pattern-2a.c scan-tree-dump-times vect "vectorized 1 loops" 0
FAIL: gcc.dg/vect/vect-reduc-pattern-2b-big-array.c scan-tree-dump-times vect "vectorized 1 loops" 0
FAIL: gcc.dg/vect/vect-reduc-pattern-2b.c scan-tree-dump-times vect "vectorized 1 loops" 0
FAIL: gcc.dg/vect/slp-perm-8.c scan-tree-dump-times vect "vectorized 1 loops" 2
XPASS: gcc.dg/vect/slp-reduc-3.c scan-tree-dump-times vect "vectorizing stmts using SLP" 1
FAIL: gcc.dg/vect/vect-104.c -flto scan-tree-dump-times vect "possible dependence between data-refs" 1
FAIL: gcc.dg/vect/vect-multitypes-11.c -flto scan-tree-dump-times vect "vectorized 1 loops" 1
FAIL: gcc.dg/vect/vect-multitypes-12.c -flto scan-tree-dump-times vect "vectorized 1 loops" 1
FAIL: gcc.dg/vect/vect-outer-1-big-array.c -flto scan-tree-dump-times vect "grouped access in outer loop" 1
FAIL: gcc.dg/vect/vect-outer-1.c -flto scan-tree-dump-times vect "grouped access in outer loop" 1
FAIL: gcc.dg/vect/vect-outer-1a-big-array.c -flto scan-tree-dump-times vect "grouped access in outer loop" 1
FAIL: gcc.dg/vect/vect-outer-1a.c -flto scan-tree-dump-times vect "grouped access in outer loop" 1
FAIL: gcc.dg/vect/vect-outer-1b-big-array.c -flto scan-tree-dump-times vect "grouped access in outer loop" 1
FAIL: gcc.dg/vect/vect-outer-1b.c -flto scan-tree-dump-times vect "grouped access in outer loop" 1
FAIL: gcc.dg/vect/vect-outer-2b.c -flto scan-tree-dump-times vect "grouped access in outer loop" 1
FAIL: gcc.dg/vect/vect-outer-3a-big-array.c -flto scan-tree-dump-times vect "step doesn't divide the vector-size" 2
FAIL: gcc.dg/vect/vect-outer-3a.c -flto scan-tree-dump-times vect "step doesn't divide the vector-size" 2
FAIL: gcc.dg/vect/vect-outer-3b.c -flto scan-tree-dump-times vect "grouped access in outer loop" 2
FAIL: gcc.dg/vect/vect-reduc-dot-s16b.c -flto scan-tree-dump-times vect "vectorized 1 loops" 0
FAIL: gcc.dg/vect/vect-reduc-dot-s8b.c -flto scan-tree-dump-times vect "vect_recog_widen_mult_pattern: detected" 1
FAIL: gcc.dg/vect/vect-reduc-pattern-1a.c -flto scan-tree-dump-times vect "vectorized 1 loops" 0
FAIL: gcc.dg/vect/vect-reduc-pattern-1b-big-array.c -flto scan-tree-dump-times vect "vectorized 1 loops" 0
FAIL: gcc.dg/vect/vect-reduc-pattern-1b.c -flto scan-tree-dump-times vect "vectorized 1 loops" 0
FAIL: gcc.dg/vect/vect-reduc-pattern-1c-big-array.c -flto scan-tree-dump-times vect "vectorized 1 loops" 0
FAIL: gcc.dg/vect/vect-reduc-pattern-1c.c -flto scan-tree-dump-times vect "vectorized 1 loops" 0
FAIL: gcc.dg/vect/vect-reduc-pattern-2a.c -flto scan-tree-dump-times vect "vectorized 1 loops" 0
FAIL: gcc.dg/vect/vect-reduc-pattern-2b-big-array.c -flto scan-tree-dump-times vect "vectorized 1 loops" 0
FAIL: gcc.dg/vect/vect-reduc-pattern-2b.c -flto scan-tree-dump-times vect "vectorized 1 loops" 0
FAIL: gcc.dg/vect/slp-perm-8.c -flto scan-tree-dump-times vect "vectorized 1 loops" 2
XPASS: gcc.dg/vect/slp-reduc-3.c -flto scan-tree-dump-times vect "vectorizing stmts using SLP" 1
FAIL: gcc.dg/vect/no-vfa-vect-101.c scan-tree-dump-times vect "can't determine dependence" 1
FAIL: gcc.dg/vect/no-vfa-vect-102.c scan-tree-dump-times vect "possible dependence between data-refs" 1
FAIL: gcc.dg/vect/no-vfa-vect-102a.c scan-tree-dump-times vect "possible dependence between data-refs" 1
FAIL: gcc.dg/vect/no-vfa-vect-37.c scan-tree-dump-times vect "can't determine dependence" 2
FAIL: gcc.dg/vect/no-vfa-vect-79.c scan-tree-dump-times vect "can't determine dependence" 1
FAIL: gcc.dg/vect/wrapv-vect-reduc-pattern-2c.c scan-tree-dump-times vect "vectorized 1 loops" 0
XPASS: gcc.dg/vect/no-scevccp-outer-16.c scan-tree-dump-times vect "OUTER LOOP VECTORIZED." 1
XPASS: gcc.dg/vect/no-scevccp-outer-17.c scan-tree-dump-times vect "OUTER LOOP VECTORIZED." 1
XPASS: gcc.dg/vect/no-scevccp-outer-19.c scan-tree-dump-times vect "OUTER LOOP VECTORIZED." 1
XPASS: gcc.dg/vect/no-scevccp-outer-21.c scan-tree-dump-times vect "OUTER LOOP VECTORIZED." 1
FAIL: gcc.target/arm/pr42172-1.c scan-assembler-times ldr 1
FAIL: gcc.target/arm/pr42575.c scan-assembler-not mov
FAIL: gcc.target/arm/thumb1-imm.c scan-assembler-not ldr
=== gcc Summary ===
# of expected passes 79198
# of unexpected failures 97
# of unexpected successes 6
# of expected failures 245
# of unresolved testcases 23
# of unsupported tests 1582
/scratch/gcc/nightly-2012-04-16-mainline/arm-none-eabi/obj/test-mainline-0-arm-none-eabi/host-i686-pc-linux-gnu/fsf-mainline/bin/arm-none-eabi-gcc version 4.8.0 20120416 (experimental) (GCC)
=== Summary adjusted for local xfails ===
# of unexpected failures 97
# of expected passes 79198
# of unexpected successes 6
# of expected failures 245
# of unresolved testcases 23
# of unsupported tests 1582
Host is i686-pc-linux-gnu
=== gcc tests ===
Running target arm-sim-fsf
FAIL: gcc.dg/compat/fnptr-by-value-1 c_compat_x_alt.o compile
FAIL: gcc.dg/compat/fnptr-by-value-1 c_compat_y_alt.o compile
UNRESOLVED: gcc.dg/compat/fnptr-by-value-1 c_compat_x_tst.o-c_compat_y_alt.o link
UNRESOLVED: gcc.dg/compat/fnptr-by-value-1 c_compat_x_tst.o-c_compat_y_alt.o execute
UNRESOLVED: gcc.dg/compat/fnptr-by-value-1 c_compat_x_alt.o-c_compat_y_tst.o link
UNRESOLVED: gcc.dg/compat/fnptr-by-value-1 c_compat_x_alt.o-c_compat_y_tst.o execute
UNRESOLVED: gcc.dg/compat/fnptr-by-value-1 c_compat_x_alt.o-c_compat_y_alt.o link
UNRESOLVED: gcc.dg/compat/fnptr-by-value-1 c_compat_x_alt.o-c_compat_y_alt.o execute
FAIL: gcc.dg/compat/scalar-by-value-1 c_compat_x_alt.o compile
FAIL: gcc.dg/compat/scalar-by-value-1 c_compat_y_alt.o compile
UNRESOLVED: gcc.dg/compat/scalar-by-value-1 c_compat_x_tst.o-c_compat_y_alt.o link
UNRESOLVED: gcc.dg/compat/scalar-by-value-1 c_compat_x_tst.o-c_compat_y_alt.o execute
UNRESOLVED: gcc.dg/compat/scalar-by-value-1 c_compat_x_alt.o-c_compat_y_tst.o link
UNRESOLVED: gcc.dg/compat/scalar-by-value-1 c_compat_x_alt.o-c_compat_y_tst.o execute
UNRESOLVED: gcc.dg/compat/scalar-by-value-1 c_compat_x_alt.o-c_compat_y_alt.o link
UNRESOLVED: gcc.dg/compat/scalar-by-value-1 c_compat_x_alt.o-c_compat_y_alt.o execute
FAIL: gcc.dg/compat/scalar-by-value-2 c_compat_x_alt.o compile
FAIL: gcc.dg/compat/scalar-by-value-2 c_compat_y_alt.o compile
UNRESOLVED: gcc.dg/compat/scalar-by-value-2 c_compat_x_tst.o-c_compat_y_alt.o link
UNRESOLVED: gcc.dg/compat/scalar-by-value-2 c_compat_x_tst.o-c_compat_y_alt.o execute
UNRESOLVED: gcc.dg/compat/scalar-by-value-2 c_compat_x_alt.o-c_compat_y_tst.o link
UNRESOLVED: gcc.dg/compat/scalar-by-value-2 c_compat_x_alt.o-c_compat_y_tst.o execute
UNRESOLVED: gcc.dg/compat/scalar-by-value-2 c_compat_x_alt.o-c_compat_y_alt.o link
UNRESOLVED: gcc.dg/compat/scalar-by-value-2 c_compat_x_alt.o-c_compat_y_alt.o execute
FAIL: gcc.dg/compat/scalar-by-value-3 c_compat_x_alt.o compile
FAIL: gcc.dg/compat/scalar-by-value-3 c_compat_y_alt.o compile
UNRESOLVED: gcc.dg/compat/scalar-by-value-3 c_compat_x_tst.o-c_compat_y_alt.o link
UNRESOLVED: gcc.dg/compat/scalar-by-value-3 c_compat_x_tst.o-c_compat_y_alt.o execute
UNRESOLVED: gcc.dg/compat/scalar-by-value-3 c_compat_x_alt.o-c_compat_y_tst.o link
UNRESOLVED: gcc.dg/compat/scalar-by-value-3 c_compat_x_alt.o-c_compat_y_tst.o execute
UNRESOLVED: gcc.dg/compat/scalar-by-value-3 c_compat_x_alt.o-c_compat_y_alt.o link
UNRESOLVED: gcc.dg/compat/scalar-by-value-3 c_compat_x_alt.o-c_compat_y_alt.o execute
FAIL: gcc.dg/compat/scalar-by-value-4 c_compat_x_alt.o compile
FAIL: gcc.dg/compat/scalar-by-value-4 c_compat_y_alt.o compile
UNRESOLVED: gcc.dg/compat/scalar-by-value-4 c_compat_x_tst.o-c_compat_y_alt.o link
UNRESOLVED: gcc.dg/compat/scalar-by-value-4 c_compat_x_tst.o-c_compat_y_alt.o execute
UNRESOLVED: gcc.dg/compat/scalar-by-value-4 c_compat_x_alt.o-c_compat_y_tst.o link
UNRESOLVED: gcc.dg/compat/scalar-by-value-4 c_compat_x_alt.o-c_compat_y_tst.o execute
UNRESOLVED: gcc.dg/compat/scalar-by-value-4 c_compat_x_alt.o-c_compat_y_alt.o link
UNRESOLVED: gcc.dg/compat/scalar-by-value-4 c_compat_x_alt.o-c_compat_y_alt.o execute
FAIL: gcc.dg/compat/scalar-by-value-5 c_compat_x_alt.o compile
FAIL: gcc.dg/compat/scalar-by-value-5 c_compat_y_alt.o compile
UNRESOLVED: gcc.dg/compat/scalar-by-value-5 c_compat_x_tst.o-c_compat_y_alt.o link
UNRESOLVED: gcc.dg/compat/scalar-by-value-5 c_compat_x_tst.o-c_compat_y_alt.o execute
UNRESOLVED: gcc.dg/compat/scalar-by-value-5 c_compat_x_alt.o-c_compat_y_tst.o link
UNRESOLVED: gcc.dg/compat/scalar-by-value-5 c_compat_x_alt.o-c_compat_y_tst.o execute
UNRESOLVED: gcc.dg/compat/scalar-by-value-5 c_compat_x_alt.o-c_compat_y_alt.o link
UNRESOLVED: gcc.dg/compat/scalar-by-value-5 c_compat_x_alt.o-c_compat_y_alt.o execute
FAIL: gcc.dg/compat/scalar-by-value-6 c_compat_x_alt.o compile
FAIL: gcc.dg/compat/scalar-by-value-6 c_compat_y_alt.o compile
UNRESOLVED: gcc.dg/compat/scalar-by-value-6 c_compat_x_tst.o-c_compat_y_alt.o link
UNRESOLVED: gcc.dg/compat/scalar-by-value-6 c_compat_x_tst.o-c_compat_y_alt.o execute
UNRESOLVED: gcc.dg/compat/scalar-by-value-6 c_compat_x_alt.o-c_compat_y_tst.o link
UNRESOLVED: gcc.dg/compat/scalar-by-value-6 c_compat_x_alt.o-c_compat_y_tst.o execute
UNRESOLVED: gcc.dg/compat/scalar-by-value-6 c_compat_x_alt.o-c_compat_y_alt.o link
UNRESOLVED: gcc.dg/compat/scalar-by-value-6 c_compat_x_alt.o-c_compat_y_alt.o execute
FAIL: gcc.dg/compat/scalar-return-1 c_compat_x_alt.o compile
FAIL: gcc.dg/compat/scalar-return-1 c_compat_y_alt.o compile
UNRESOLVED: gcc.dg/compat/scalar-return-1 c_compat_x_tst.o-c_compat_y_alt.o link
UNRESOLVED: gcc.dg/compat/scalar-return-1 c_compat_x_tst.o-c_compat_y_alt.o execute
UNRESOLVED: gcc.dg/compat/scalar-return-1 c_compat_x_alt.o-c_compat_y_tst.o link
UNRESOLVED: gcc.dg/compat/scalar-return-1 c_compat_x_alt.o-c_compat_y_tst.o execute
UNRESOLVED: gcc.dg/compat/scalar-return-1 c_compat_x_alt.o-c_compat_y_alt.o link
UNRESOLVED: gcc.dg/compat/scalar-return-1 c_compat_x_alt.o-c_compat_y_alt.o execute
FAIL: gcc.dg/compat/scalar-return-2 c_compat_x_alt.o compile
FAIL: gcc.dg/compat/scalar-return-2 c_compat_y_alt.o compile
UNRESOLVED: gcc.dg/compat/scalar-return-2 c_compat_x_tst.o-c_compat_y_alt.o link
UNRESOLVED: gcc.dg/compat/scalar-return-2 c_compat_x_tst.o-c_compat_y_alt.o execute
UNRESOLVED: gcc.dg/compat/scalar-return-2 c_compat_x_alt.o-c_compat_y_tst.o link
UNRESOLVED: gcc.dg/compat/scalar-return-2 c_compat_x_alt.o-c_compat_y_tst.o execute
UNRESOLVED: gcc.dg/compat/scalar-return-2 c_compat_x_alt.o-c_compat_y_alt.o link
UNRESOLVED: gcc.dg/compat/scalar-return-2 c_compat_x_alt.o-c_compat_y_alt.o execute
FAIL: gcc.dg/compat/scalar-return-3 c_compat_x_alt.o compile
FAIL: gcc.dg/compat/scalar-return-3 c_compat_y_alt.o compile
UNRESOLVED: gcc.dg/compat/scalar-return-3 c_compat_x_tst.o-c_compat_y_alt.o link
UNRESOLVED: gcc.dg/compat/scalar-return-3 c_compat_x_tst.o-c_compat_y_alt.o execute
UNRESOLVED: gcc.dg/compat/scalar-return-3 c_compat_x_alt.o-c_compat_y_tst.o link
UNRESOLVED: gcc.dg/compat/scalar-return-3 c_compat_x_alt.o-c_compat_y_tst.o execute
UNRESOLVED: gcc.dg/compat/scalar-return-3 c_compat_x_alt.o-c_compat_y_alt.o link
UNRESOLVED: gcc.dg/compat/scalar-return-3 c_compat_x_alt.o-c_compat_y_alt.o execute
FAIL: gcc.dg/compat/scalar-return-4 c_compat_x_alt.o compile
FAIL: gcc.dg/compat/scalar-return-4 c_compat_y_alt.o compile
UNRESOLVED: gcc.dg/compat/scalar-return-4 c_compat_x_tst.o-c_compat_y_alt.o link
UNRESOLVED: gcc.dg/compat/scalar-return-4 c_compat_x_tst.o-c_compat_y_alt.o execute
UNRESOLVED: gcc.dg/compat/scalar-return-4 c_compat_x_alt.o-c_compat_y_tst.o link
UNRESOLVED: gcc.dg/compat/scalar-return-4 c_compat_x_alt.o-c_compat_y_tst.o execute
UNRESOLVED: gcc.dg/compat/scalar-return-4 c_compat_x_alt.o-c_compat_y_alt.o link
UNRESOLVED: gcc.dg/compat/scalar-return-4 c_compat_x_alt.o-c_compat_y_alt.o execute
FAIL: gcc.dg/compat/sdata-1 c_compat_x_alt.o compile
FAIL: gcc.dg/compat/sdata-1 c_compat_y_alt.o compile
UNRESOLVED: gcc.dg/compat/sdata-1 c_compat_x_tst.o-c_compat_y_alt.o link
UNRESOLVED: gcc.dg/compat/sdata-1 c_compat_x_tst.o-c_compat_y_alt.o execute
UNRESOLVED: gcc.dg/compat/sdata-1 c_compat_x_alt.o-c_compat_y_tst.o link
UNRESOLVED: gcc.dg/compat/sdata-1 c_compat_x_alt.o-c_compat_y_tst.o execute
UNRESOLVED: gcc.dg/compat/sdata-1 c_compat_x_alt.o-c_compat_y_alt.o link
UNRESOLVED: gcc.dg/compat/sdata-1 c_compat_x_alt.o-c_compat_y_alt.o execute
FAIL: gcc.dg/compat/struct-align-1 c_compat_x_alt.o compile
FAIL: gcc.dg/compat/struct-align-1 c_compat_y_alt.o compile
UNRESOLVED: gcc.dg/compat/struct-align-1 c_compat_x_tst.o-c_compat_y_alt.o link
UNRESOLVED: gcc.dg/compat/struct-align-1 c_compat_x_tst.o-c_compat_y_alt.o execute
UNRESOLVED: gcc.dg/compat/struct-align-1 c_compat_x_alt.o-c_compat_y_tst.o link
UNRESOLVED: gcc.dg/compat/struct-align-1 c_compat_x_alt.o-c_compat_y_tst.o execute
UNRESOLVED: gcc.dg/compat/struct-align-1 c_compat_x_alt.o-c_compat_y_alt.o link
UNRESOLVED: gcc.dg/compat/struct-align-1 c_compat_x_alt.o-c_compat_y_alt.o execute
FAIL: gcc.dg/compat/struct-align-2 c_compat_x_alt.o compile
FAIL: gcc.dg/compat/struct-align-2 c_compat_y_alt.o compile
UNRESOLVED: gcc.dg/compat/struct-align-2 c_compat_x_tst.o-c_compat_y_alt.o link
UNRESOLVED: gcc.dg/compat/struct-align-2 c_compat_x_tst.o-c_compat_y_alt.o execute
UNRESOLVED: gcc.dg/compat/struct-align-2 c_compat_x_alt.o-c_compat_y_tst.o link
UNRESOLVED: gcc.dg/compat/struct-align-2 c_compat_x_alt.o-c_compat_y_tst.o execute
UNRESOLVED: gcc.dg/compat/struct-align-2 c_compat_x_alt.o-c_compat_y_alt.o link
UNRESOLVED: gcc.dg/compat/struct-align-2 c_compat_x_alt.o-c_compat_y_alt.o execute
FAIL: gcc.dg/compat/struct-by-value-10 c_compat_x_alt.o compile
FAIL: gcc.dg/compat/struct-by-value-10 c_compat_y_alt.o compile
UNRESOLVED: gcc.dg/compat/struct-by-value-10 c_compat_x_tst.o-c_compat_y_alt.o link
UNRESOLVED: gcc.dg/compat/struct-by-value-10 c_compat_x_tst.o-c_compat_y_alt.o execute
UNRESOLVED: gcc.dg/compat/struct-by-value-10 c_compat_x_alt.o-c_compat_y_tst.o link
UNRESOLVED: gcc.dg/compat/struct-by-value-10 c_compat_x_alt.o-c_compat_y_tst.o execute
UNRESOLVED: gcc.dg/compat/struct-by-value-10 c_compat_x_alt.o-c_compat_y_alt.o link
UNRESOLVED: gcc.dg/compat/struct-by-value-10 c_compat_x_alt.o-c_compat_y_alt.o execute
FAIL: gcc.dg/compat/struct-by-value-11 c_compat_x_alt.o compile
FAIL: gcc.dg/compat/struct-by-value-11 c_compat_y_alt.o compile
UNRESOLVED: gcc.dg/compat/struct-by-value-11 c_compat_x_tst.o-c_compat_y_alt.o link
UNRESOLVED: gcc.dg/compat/struct-by-value-11 c_compat_x_tst.o-c_compat_y_alt.o execute
UNRESOLVED: gcc.dg/compat/struct-by-value-11 c_compat_x_alt.o-c_compat_y_tst.o link
UNRESOLVED: gcc.dg/compat/struct-by-value-11 c_compat_x_alt.o-c_compat_y_tst.o execute
UNRESOLVED: gcc.dg/compat/struct-by-value-11 c_compat_x_alt.o-c_compat_y_alt.o link
UNRESOLVED: gcc.dg/compat/struct-by-value-11 c_compat_x_alt.o-c_compat_y_alt.o execute
FAIL: gcc.dg/compat/struct-by-value-12 c_compat_x_alt.o compile
FAIL: gcc.dg/compat/struct-by-value-12 c_compat_y_alt.o compile
UNRESOLVED: gcc.dg/compat/struct-by-value-12 c_compat_x_tst.o-c_compat_y_alt.o link
UNRESOLVED: gcc.dg/compat/struct-by-value-12 c_compat_x_tst.o-c_compat_y_alt.o execute
UNRESOLVED: gcc.dg/compat/struct-by-value-12 c_compat_x_alt.o-c_compat_y_tst.o link
UNRESOLVED: gcc.dg/compat/struct-by-value-12 c_compat_x_alt.o-c_compat_y_tst.o execute
UNRESOLVED: gcc.dg/compat/struct-by-value-12 c_compat_x_alt.o-c_compat_y_alt.o link
UNRESOLVED: gcc.dg/compat/struct-by-value-12 c_compat_x_alt.o-c_compat_y_alt.o execute
FAIL: gcc.dg/compat/struct-by-value-13 c_compat_x_alt.o compile
FAIL: gcc.dg/compat/struct-by-value-13 c_compat_y_alt.o compile
UNRESOLVED: gcc.dg/compat/struct-by-value-13 c_compat_x_tst.o-c_compat_y_alt.o link
UNRESOLVED: gcc.dg/compat/struct-by-value-13 c_compat_x_tst.o-c_compat_y_alt.o execute
UNRESOLVED: gcc.dg/compat/struct-by-value-13 c_compat_x_alt.o-c_compat_y_tst.o link
UNRESOLVED: gcc.dg/compat/struct-by-value-13 c_compat_x_alt.o-c_compat_y_tst.o execute
UNRESOLVED: gcc.dg/compat/struct-by-value-13 c_compat_x_alt.o-c_compat_y_alt.o link
UNRESOLVED: gcc.dg/compat/struct-by-value-13 c_compat_x_alt.o-c_compat_y_alt.o execute
FAIL: gcc.dg/compat/struct-by-value-14 c_compat_x_alt.o compile
FAIL: gcc.dg/compat/struct-by-value-14 c_compat_y_alt.o compile
UNRESOLVED: gcc.dg/compat/struct-by-value-14 c_compat_x_tst.o-c_compat_y_alt.o link
UNRESOLVED: gcc.dg/compat/struct-by-value-14 c_compat_x_tst.o-c_compat_y_alt.o execute
UNRESOLVED: gcc.dg/compat/struct-by-value-14 c_compat_x_alt.o-c_compat_y_tst.o link
UNRESOLVED: gcc.dg/compat/struct-by-value-14 c_compat_x_alt.o-c_compat_y_tst.o execute
UNRESOLVED: gcc.dg/compat/struct-by-value-14 c_compat_x_alt.o-c_compat_y_alt.o link
UNRESOLVED: gcc.dg/compat/struct-by-value-14 c_compat_x_alt.o-c_compat_y_alt.o execute
FAIL: gcc.dg/compat/struct-by-value-15 c_compat_x_alt.o compile
FAIL: gcc.dg/compat/struct-by-value-15 c_compat_y_alt.o compile
UNRESOLVED: gcc.dg/compat/struct-by-value-15 c_compat_x_tst.o-c_compat_y_alt.o link
UNRESOLVED: gcc.dg/compat/struct-by-value-15 c_compat_x_tst.o-c_compat_y_alt.o execute
UNRESOLVED: gcc.dg/compat/struct-by-value-15 c_compat_x_alt.o-c_compat_y_tst.o link
UNRESOLVED: gcc.dg/compat/struct-by-value-15 c_compat_x_alt.o-c_compat_y_tst.o execute
UNRESOLVED: gcc.dg/compat/struct-by-value-15 c_compat_x_alt.o-c_compat_y_alt.o link
UNRESOLVED: gcc.dg/compat/struct-by-value-15 c_compat_x_alt.o-c_compat_y_alt.o execute
FAIL: gcc.dg/compat/struct-by-value-16 c_compat_x_alt.o compile
FAIL: gcc.dg/compat/struct-by-value-16 c_compat_y_alt.o compile
UNRESOLVED: gcc.dg/compat/struct-by-value-16 c_compat_x_tst.o-c_compat_y_alt.o link
UNRESOLVED: gcc.dg/compat/struct-by-value-16 c_compat_x_tst.o-c_compat_y_alt.o execute
UNRESOLVED: gcc.dg/compat/struct-by-value-16 c_compat_x_alt.o-c_compat_y_tst.o link
UNRESOLVED: gcc.dg/compat/struct-by-value-16 c_compat_x_alt.o-c_compat_y_tst.o execute
UNRESOLVED: gcc.dg/compat/struct-by-value-16 c_compat_x_alt.o-c_compat_y_alt.o link
UNRESOLVED: gcc.dg/compat/struct-by-value-16 c_compat_x_alt.o-c_compat_y_alt.o execute
FAIL: gcc.dg/compat/struct-by-value-16a c_compat_x_alt.o compile
FAIL: gcc.dg/compat/struct-by-value-16a c_compat_y_alt.o compile
UNRESOLVED: gcc.dg/compat/struct-by-value-16a c_compat_x_tst.o-c_compat_y_alt.o link
UNRESOLVED: gcc.dg/compat/struct-by-value-16a c_compat_x_tst.o-c_compat_y_alt.o execute
UNRESOLVED: gcc.dg/compat/struct-by-value-16a c_compat_x_alt.o-c_compat_y_tst.o link
UNRESOLVED: gcc.dg/compat/struct-by-value-16a c_compat_x_alt.o-c_compat_y_tst.o execute
UNRESOLVED: gcc.dg/compat/struct-by-value-16a c_compat_x_alt.o-c_compat_y_alt.o link
UNRESOLVED: gcc.dg/compat/struct-by-value-16a c_compat_x_alt.o-c_compat_y_alt.o execute
FAIL: gcc.dg/compat/struct-by-value-17 c_compat_x_alt.o compile
FAIL: gcc.dg/compat/struct-by-value-17 c_compat_y_alt.o compile
UNRESOLVED: gcc.dg/compat/struct-by-value-17 c_compat_x_tst.o-c_compat_y_alt.o link
UNRESOLVED: gcc.dg/compat/struct-by-value-17 c_compat_x_tst.o-c_compat_y_alt.o execute
UNRESOLVED: gcc.dg/compat/struct-by-value-17 c_compat_x_alt.o-c_compat_y_tst.o link
UNRESOLVED: gcc.dg/compat/struct-by-value-17 c_compat_x_alt.o-c_compat_y_tst.o execute
UNRESOLVED: gcc.dg/compat/struct-by-value-17 c_compat_x_alt.o-c_compat_y_alt.o link
UNRESOLVED: gcc.dg/compat/struct-by-value-17 c_compat_x_alt.o-c_compat_y_alt.o execute
FAIL: gcc.dg/compat/struct-by-value-17a c_compat_x_alt.o compile
FAIL: gcc.dg/compat/struct-by-value-17a c_compat_y_alt.o compile
UNRESOLVED: gcc.dg/compat/struct-by-value-17a c_compat_x_tst.o-c_compat_y_alt.o link
UNRESOLVED: gcc.dg/compat/struct-by-value-17a c_compat_x_tst.o-c_compat_y_alt.o execute
UNRESOLVED: gcc.dg/compat/struct-by-value-17a c_compat_x_alt.o-c_compat_y_tst.o link
UNRESOLVED: gcc.dg/compat/struct-by-value-17a c_compat_x_alt.o-c_compat_y_tst.o execute
UNRESOLVED: gcc.dg/compat/struct-by-value-17a c_compat_x_alt.o-c_compat_y_alt.o link
UNRESOLVED: gcc.dg/compat/struct-by-value-17a c_compat_x_alt.o-c_compat_y_alt.o execute
FAIL: gcc.dg/compat/struct-by-value-18 c_compat_x_alt.o compile
FAIL: gcc.dg/compat/struct-by-value-18 c_compat_y_alt.o compile
UNRESOLVED: gcc.dg/compat/struct-by-value-18 c_compat_x_tst.o-c_compat_y_alt.o link
UNRESOLVED: gcc.dg/compat/struct-by-value-18 c_compat_x_tst.o-c_compat_y_alt.o execute
UNRESOLVED: gcc.dg/compat/struct-by-value-18 c_compat_x_alt.o-c_compat_y_tst.o link
UNRESOLVED: gcc.dg/compat/struct-by-value-18 c_compat_x_alt.o-c_compat_y_tst.o execute
UNRESOLVED: gcc.dg/compat/struct-by-value-18 c_compat_x_alt.o-c_compat_y_alt.o link
UNRESOLVED: gcc.dg/compat/struct-by-value-18 c_compat_x_alt.o-c_compat_y_alt.o execute
FAIL: gcc.dg/compat/struct-by-value-18a c_compat_x_alt.o compile
FAIL: gcc.dg/compat/struct-by-value-18a c_compat_y_alt.o compile
UNRESOLVED: gcc.dg/compat/struct-by-value-18a c_compat_x_tst.o-c_compat_y_alt.o link
UNRESOLVED: gcc.dg/compat/struct-by-value-18a c_compat_x_tst.o-c_compat_y_alt.o execute
UNRESOLVED: gcc.dg/compat/struct-by-value-18a c_compat_x_alt.o-c_compat_y_tst.o link
UNRESOLVED: gcc.dg/compat/struct-by-value-18a c_compat_x_alt.o-c_compat_y_tst.o execute
UNRESOLVED: gcc.dg/compat/struct-by-value-18a c_compat_x_alt.o-c_compat_y_alt.o link
UNRESOLVED: gcc.dg/compat/struct-by-value-18a c_compat_x_alt.o-c_compat_y_alt.o execute
FAIL: gcc.dg/compat/struct-by-value-19 c_compat_x_alt.o compile
FAIL: gcc.dg/compat/struct-by-value-19 c_compat_y_alt.o compile
UNRESOLVED: gcc.dg/compat/struct-by-value-19 c_compat_x_tst.o-c_compat_y_alt.o link
UNRESOLVED: gcc.dg/compat/struct-by-value-19 c_compat_x_tst.o-c_compat_y_alt.o execute
UNRESOLVED: gcc.dg/compat/struct-by-value-19 c_compat_x_alt.o-c_compat_y_tst.o link
UNRESOLVED: gcc.dg/compat/struct-by-value-19 c_compat_x_alt.o-c_compat_y_tst.o execute
UNRESOLVED: gcc.dg/compat/struct-by-value-19 c_compat_x_alt.o-c_compat_y_alt.o link
UNRESOLVED: gcc.dg/compat/struct-by-value-19 c_compat_x_alt.o-c_compat_y_alt.o execute
FAIL: gcc.dg/compat/struct-by-value-1 c_compat_x_alt.o compile
FAIL: gcc.dg/compat/struct-by-value-1 c_compat_y_alt.o compile
UNRESOLVED: gcc.dg/compat/struct-by-value-1 c_compat_x_tst.o-c_compat_y_alt.o link
UNRESOLVED: gcc.dg/compat/struct-by-value-1 c_compat_x_tst.o-c_compat_y_alt.o execute
UNRESOLVED: gcc.dg/compat/struct-by-value-1 c_compat_x_alt.o-c_compat_y_tst.o link
UNRESOLVED: gcc.dg/compat/struct-by-value-1 c_compat_x_alt.o-c_compat_y_tst.o execute
UNRESOLVED: gcc.dg/compat/struct-by-value-1 c_compat_x_alt.o-c_compat_y_alt.o link
UNRESOLVED: gcc.dg/compat/struct-by-value-1 c_compat_x_alt.o-c_compat_y_alt.o execute
FAIL: gcc.dg/compat/struct-by-value-20 c_compat_x_alt.o compile
FAIL: gcc.dg/compat/struct-by-value-20 c_compat_y_alt.o compile
UNRESOLVED: gcc.dg/compat/struct-by-value-20 c_compat_x_tst.o-c_compat_y_alt.o link
UNRESOLVED: gcc.dg/compat/struct-by-value-20 c_compat_x_tst.o-c_compat_y_alt.o execute
UNRESOLVED: gcc.dg/compat/struct-by-value-20 c_compat_x_alt.o-c_compat_y_tst.o link
UNRESOLVED: gcc.dg/compat/struct-by-value-20 c_compat_x_alt.o-c_compat_y_tst.o execute
UNRESOLVED: gcc.dg/compat/struct-by-value-20 c_compat_x_alt.o-c_compat_y_alt.o link
UNRESOLVED: gcc.dg/compat/struct-by-value-20 c_compat_x_alt.o-c_compat_y_alt.o execute
FAIL: gcc.dg/compat/struct-by-value-21 c_compat_x_alt.o compile
FAIL: gcc.dg/compat/struct-by-value-21 c_compat_y_alt.o compile
UNRESOLVED: gcc.dg/compat/struct-by-value-21 c_compat_x_tst.o-c_compat_y_alt.o link
UNRESOLVED: gcc.dg/compat/struct-by-value-21 c_compat_x_tst.o-c_compat_y_alt.o execute
UNRESOLVED: gcc.dg/compat/struct-by-value-21 c_compat_x_alt.o-c_compat_y_tst.o link
UNRESOLVED: gcc.dg/compat/struct-by-value-21 c_compat_x_alt.o-c_compat_y_tst.o execute
UNRESOLVED: gcc.dg/compat/struct-by-value-21 c_compat_x_alt.o-c_compat_y_alt.o link
UNRESOLVED: gcc.dg/compat/struct-by-value-21 c_compat_x_alt.o-c_compat_y_alt.o execute
FAIL: gcc.dg/compat/struct-by-value-22 c_compat_x_alt.o compile
FAIL: gcc.dg/compat/struct-by-value-22 c_compat_y_alt.o compile
UNRESOLVED: gcc.dg/compat/struct-by-value-22 c_compat_x_tst.o-c_compat_y_alt.o link
UNRESOLVED: gcc.dg/compat/struct-by-value-22 c_compat_x_tst.o-c_compat_y_alt.o execute
UNRESOLVED: gcc.dg/compat/struct-by-value-22 c_compat_x_alt.o-c_compat_y_tst.o link
UNRESOLVED: gcc.dg/compat/struct-by-value-22 c_compat_x_alt.o-c_compat_y_tst.o execute
UNRESOLVED: gcc.dg/compat/struct-by-value-22 c_compat_x_alt.o-c_compat_y_alt.o link
UNRESOLVED: gcc.dg/compat/struct-by-value-22 c_compat_x_alt.o-c_compat_y_alt.o execute
FAIL: gcc.dg/compat/struct-by-value-2 c_compat_x_alt.o compile
FAIL: gcc.dg/compat/struct-by-value-2 c_compat_y_alt.o compile
UNRESOLVED: gcc.dg/compat/struct-by-value-2 c_compat_x_tst.o-c_compat_y_alt.o link
UNRESOLVED: gcc.dg/compat/struct-by-value-2 c_compat_x_tst.o-c_compat_y_alt.o execute
UNRESOLVED: gcc.dg/compat/struct-by-value-2 c_compat_x_alt.o-c_compat_y_tst.o link
UNRESOLVED: gcc.dg/compat/struct-by-value-2 c_compat_x_alt.o-c_compat_y_tst.o execute
UNRESOLVED: gcc.dg/compat/struct-by-value-2 c_compat_x_alt.o-c_compat_y_alt.o link
UNRESOLVED: gcc.dg/compat/struct-by-value-2 c_compat_x_alt.o-c_compat_y_alt.o execute
FAIL: gcc.dg/compat/struct-by-value-3 c_compat_x_alt.o compile
FAIL: gcc.dg/compat/struct-by-value-3 c_compat_y_alt.o compile
UNRESOLVED: gcc.dg/compat/struct-by-value-3 c_compat_x_tst.o-c_compat_y_alt.o link
UNRESOLVED: gcc.dg/compat/struct-by-value-3 c_compat_x_tst.o-c_compat_y_alt.o execute
UNRESOLVED: gcc.dg/compat/struct-by-value-3 c_compat_x_alt.o-c_compat_y_tst.o link
UNRESOLVED: gcc.dg/compat/struct-by-value-3 c_compat_x_alt.o-c_compat_y_tst.o execute
UNRESOLVED: gcc.dg/compat/struct-by-value-3 c_compat_x_alt.o-c_compat_y_alt.o link
UNRESOLVED: gcc.dg/compat/struct-by-value-3 c_compat_x_alt.o-c_compat_y_alt.o execute
FAIL: gcc.dg/compat/struct-by-value-4 c_compat_x_alt.o compile
FAIL: gcc.dg/compat/struct-by-value-4 c_compat_y_alt.o compile
UNRESOLVED: gcc.dg/compat/struct-by-value-4 c_compat_x_tst.o-c_compat_y_alt.o link
UNRESOLVED: gcc.dg/compat/struct-by-value-4 c_compat_x_tst.o-c_compat_y_alt.o execute
UNRESOLVED: gcc.dg/compat/struct-by-value-4 c_compat_x_alt.o-c_compat_y_tst.o link
UNRESOLVED: gcc.dg/compat/struct-by-value-4 c_compat_x_alt.o-c_compat_y_tst.o execute
UNRESOLVED: gcc.dg/compat/struct-by-value-4 c_compat_x_alt.o-c_compat_y_alt.o link
UNRESOLVED: gcc.dg/compat/struct-by-value-4 c_compat_x_alt.o-c_compat_y_alt.o execute
FAIL: gcc.dg/compat/struct-by-value-5a c_compat_x_alt.o compile
FAIL: gcc.dg/compat/struct-by-value-5a c_compat_y_alt.o compile
UNRESOLVED: gcc.dg/compat/struct-by-value-5a c_compat_x_tst.o-c_compat_y_alt.o link
UNRESOLVED: gcc.dg/compat/struct-by-value-5a c_compat_x_tst.o-c_compat_y_alt.o execute
UNRESOLVED: gcc.dg/compat/struct-by-value-5a c_compat_x_alt.o-c_compat_y_tst.o link
UNRESOLVED: gcc.dg/compat/struct-by-value-5a c_compat_x_alt.o-c_compat_y_tst.o execute
UNRESOLVED: gcc.dg/compat/struct-by-value-5a c_compat_x_alt.o-c_compat_y_alt.o link
UNRESOLVED: gcc.dg/compat/struct-by-value-5a c_compat_x_alt.o-c_compat_y_alt.o execute
FAIL: gcc.dg/compat/struct-by-value-5b c_compat_x_alt.o compile
FAIL: gcc.dg/compat/struct-by-value-5b c_compat_y_alt.o compile
UNRESOLVED: gcc.dg/compat/struct-by-value-5b c_compat_x_tst.o-c_compat_y_alt.o link
UNRESOLVED: gcc.dg/compat/struct-by-value-5b c_compat_x_tst.o-c_compat_y_alt.o execute
UNRESOLVED: gcc.dg/compat/struct-by-value-5b c_compat_x_alt.o-c_compat_y_tst.o link
UNRESOLVED: gcc.dg/compat/struct-by-value-5b c_compat_x_alt.o-c_compat_y_tst.o execute
UNRESOLVED: gcc.dg/compat/struct-by-value-5b c_compat_x_alt.o-c_compat_y_alt.o link
UNRESOLVED: gcc.dg/compat/struct-by-value-5b c_compat_x_alt.o-c_compat_y_alt.o execute
FAIL: gcc.dg/compat/struct-by-value-6a c_compat_x_alt.o compile
FAIL: gcc.dg/compat/struct-by-value-6a c_compat_y_alt.o compile
UNRESOLVED: gcc.dg/compat/struct-by-value-6a c_compat_x_tst.o-c_compat_y_alt.o link
UNRESOLVED: gcc.dg/compat/struct-by-value-6a c_compat_x_tst.o-c_compat_y_alt.o execute
UNRESOLVED: gcc.dg/compat/struct-by-value-6a c_compat_x_alt.o-c_compat_y_tst.o link
UNRESOLVED: gcc.dg/compat/struct-by-value-6a c_compat_x_alt.o-c_compat_y_tst.o execute
UNRESOLVED: gcc.dg/compat/struct-by-value-6a c_compat_x_alt.o-c_compat_y_alt.o link
UNRESOLVED: gcc.dg/compat/struct-by-value-6a c_compat_x_alt.o-c_compat_y_alt.o execute
FAIL: gcc.dg/compat/struct-by-value-6b c_compat_x_alt.o compile
FAIL: gcc.dg/compat/struct-by-value-6b c_compat_y_alt.o compile
UNRESOLVED: gcc.dg/compat/struct-by-value-6b c_compat_x_tst.o-c_compat_y_alt.o link
UNRESOLVED: gcc.dg/compat/struct-by-value-6b c_compat_x_tst.o-c_compat_y_alt.o execute
UNRESOLVED: gcc.dg/compat/struct-by-value-6b c_compat_x_alt.o-c_compat_y_tst.o link
UNRESOLVED: gcc.dg/compat/struct-by-value-6b c_compat_x_alt.o-c_compat_y_tst.o execute
UNRESOLVED: gcc.dg/compat/struct-by-value-6b c_compat_x_alt.o-c_compat_y_alt.o link
UNRESOLVED: gcc.dg/compat/struct-by-value-6b c_compat_x_alt.o-c_compat_y_alt.o execute
FAIL: gcc.dg/compat/struct-by-value-7a c_compat_x_alt.o compile
FAIL: gcc.dg/compat/struct-by-value-7a c_compat_y_alt.o compile
UNRESOLVED: gcc.dg/compat/struct-by-value-7a c_compat_x_tst.o-c_compat_y_alt.o link
UNRESOLVED: gcc.dg/compat/struct-by-value-7a c_compat_x_tst.o-c_compat_y_alt.o execute
UNRESOLVED: gcc.dg/compat/struct-by-value-7a c_compat_x_alt.o-c_compat_y_tst.o link
UNRESOLVED: gcc.dg/compat/struct-by-value-7a c_compat_x_alt.o-c_compat_y_tst.o execute
UNRESOLVED: gcc.dg/compat/struct-by-value-7a c_compat_x_alt.o-c_compat_y_alt.o link
UNRESOLVED: gcc.dg/compat/struct-by-value-7a c_compat_x_alt.o-c_compat_y_alt.o execute
FAIL: gcc.dg/compat/struct-by-value-7b c_compat_x_alt.o compile
FAIL: gcc.dg/compat/struct-by-value-7b c_compat_y_alt.o compile
UNRESOLVED: gcc.dg/compat/struct-by-value-7b c_compat_x_tst.o-c_compat_y_alt.o link
UNRESOLVED: gcc.dg/compat/struct-by-value-7b c_compat_x_tst.o-c_compat_y_alt.o execute
UNRESOLVED: gcc.dg/compat/struct-by-value-7b c_compat_x_alt.o-c_compat_y_tst.o link
UNRESOLVED: gcc.dg/compat/struct-by-value-7b c_compat_x_alt.o-c_compat_y_tst.o execute
UNRESOLVED: gcc.dg/compat/struct-by-value-7b c_compat_x_alt.o-c_compat_y_alt.o link
UNRESOLVED: gcc.dg/compat/struct-by-value-7b c_compat_x_alt.o-c_compat_y_alt.o execute
FAIL: gcc.dg/compat/struct-by-value-8 c_compat_x_alt.o compile
FAIL: gcc.dg/compat/struct-by-value-8 c_compat_y_alt.o compile
UNRESOLVED: gcc.dg/compat/struct-by-value-8 c_compat_x_tst.o-c_compat_y_alt.o link
UNRESOLVED: gcc.dg/compat/struct-by-value-8 c_compat_x_tst.o-c_compat_y_alt.o execute
UNRESOLVED: gcc.dg/compat/struct-by-value-8 c_compat_x_alt.o-c_compat_y_tst.o link
UNRESOLVED: gcc.dg/compat/struct-by-value-8 c_compat_x_alt.o-c_compat_y_tst.o execute
UNRESOLVED: gcc.dg/compat/struct-by-value-8 c_compat_x_alt.o-c_compat_y_alt.o link
UNRESOLVED: gcc.dg/compat/struct-by-value-8 c_compat_x_alt.o-c_compat_y_alt.o execute
FAIL: gcc.dg/compat/struct-by-value-9 c_compat_x_alt.o compile
FAIL: gcc.dg/compat/struct-by-value-9 c_compat_y_alt.o compile
UNRESOLVED: gcc.dg/compat/struct-by-value-9 c_compat_x_tst.o-c_compat_y_alt.o link
UNRESOLVED: gcc.dg/compat/struct-by-value-9 c_compat_x_tst.o-c_compat_y_alt.o execute
UNRESOLVED: gcc.dg/compat/struct-by-value-9 c_compat_x_alt.o-c_compat_y_tst.o link
UNRESOLVED: gcc.dg/compat/struct-by-value-9 c_compat_x_alt.o-c_compat_y_tst.o execute
UNRESOLVED: gcc.dg/compat/struct-by-value-9 c_compat_x_alt.o-c_compat_y_alt.o link
UNRESOLVED: gcc.dg/compat/struct-by-value-9 c_compat_x_alt.o-c_compat_y_alt.o execute
FAIL: gcc.dg/compat/struct-complex-1 c_compat_x_alt.o compile
FAIL: gcc.dg/compat/struct-complex-1 c_compat_y_alt.o compile
UNRESOLVED: gcc.dg/compat/struct-complex-1 c_compat_x_tst.o-c_compat_y_alt.o link
UNRESOLVED: gcc.dg/compat/struct-complex-1 c_compat_x_tst.o-c_compat_y_alt.o execute
UNRESOLVED: gcc.dg/compat/struct-complex-1 c_compat_x_alt.o-c_compat_y_tst.o link
UNRESOLVED: gcc.dg/compat/struct-complex-1 c_compat_x_alt.o-c_compat_y_tst.o execute
UNRESOLVED: gcc.dg/compat/struct-complex-1 c_compat_x_alt.o-c_compat_y_alt.o link
UNRESOLVED: gcc.dg/compat/struct-complex-1 c_compat_x_alt.o-c_compat_y_alt.o execute
FAIL: gcc.dg/compat/struct-complex-2 c_compat_x_alt.o compile
FAIL: gcc.dg/compat/struct-complex-2 c_compat_y_alt.o compile
UNRESOLVED: gcc.dg/compat/struct-complex-2 c_compat_x_tst.o-c_compat_y_alt.o link
UNRESOLVED: gcc.dg/compat/struct-complex-2 c_compat_x_tst.o-c_compat_y_alt.o execute
UNRESOLVED: gcc.dg/compat/struct-complex-2 c_compat_x_alt.o-c_compat_y_tst.o link
UNRESOLVED: gcc.dg/compat/struct-complex-2 c_compat_x_alt.o-c_compat_y_tst.o execute
UNRESOLVED: gcc.dg/compat/struct-complex-2 c_compat_x_alt.o-c_compat_y_alt.o link
UNRESOLVED: gcc.dg/compat/struct-complex-2 c_compat_x_alt.o-c_compat_y_alt.o execute
FAIL: gcc.dg/compat/struct-layout-1 c_compat_x_alt.o compile
FAIL: gcc.dg/compat/struct-layout-1 c_compat_y_alt.o compile
UNRESOLVED: gcc.dg/compat/struct-layout-1 c_compat_x_tst.o-c_compat_y_alt.o link
UNRESOLVED: gcc.dg/compat/struct-layout-1 c_compat_x_tst.o-c_compat_y_alt.o execute
UNRESOLVED: gcc.dg/compat/struct-layout-1 c_compat_x_alt.o-c_compat_y_tst.o link
UNRESOLVED: gcc.dg/compat/struct-layout-1 c_compat_x_alt.o-c_compat_y_tst.o execute
UNRESOLVED: gcc.dg/compat/struct-layout-1 c_compat_x_alt.o-c_compat_y_alt.o link
UNRESOLVED: gcc.dg/compat/struct-layout-1 c_compat_x_alt.o-c_compat_y_alt.o execute
FAIL: gcc.dg/compat/struct-return-10 c_compat_x_alt.o compile
FAIL: gcc.dg/compat/struct-return-10 c_compat_y_alt.o compile
UNRESOLVED: gcc.dg/compat/struct-return-10 c_compat_x_tst.o-c_compat_y_alt.o link
UNRESOLVED: gcc.dg/compat/struct-return-10 c_compat_x_tst.o-c_compat_y_alt.o execute
UNRESOLVED: gcc.dg/compat/struct-return-10 c_compat_x_alt.o-c_compat_y_tst.o link
UNRESOLVED: gcc.dg/compat/struct-return-10 c_compat_x_alt.o-c_compat_y_tst.o execute
UNRESOLVED: gcc.dg/compat/struct-return-10 c_compat_x_alt.o-c_compat_y_alt.o link
UNRESOLVED: gcc.dg/compat/struct-return-10 c_compat_x_alt.o-c_compat_y_alt.o execute
FAIL: gcc.dg/compat/struct-return-19 c_compat_x_alt.o compile
FAIL: gcc.dg/compat/struct-return-19 c_compat_y_alt.o compile
UNRESOLVED: gcc.dg/compat/struct-return-19 c_compat_x_tst.o-c_compat_y_alt.o link
UNRESOLVED: gcc.dg/compat/struct-return-19 c_compat_x_tst.o-c_compat_y_alt.o execute
UNRESOLVED: gcc.dg/compat/struct-return-19 c_compat_x_alt.o-c_compat_y_tst.o link
UNRESOLVED: gcc.dg/compat/struct-return-19 c_compat_x_alt.o-c_compat_y_tst.o execute
UNRESOLVED: gcc.dg/compat/struct-return-19 c_compat_x_alt.o-c_compat_y_alt.o link
UNRESOLVED: gcc.dg/compat/struct-return-19 c_compat_x_alt.o-c_compat_y_alt.o execute
FAIL: gcc.dg/compat/struct-return-20 c_compat_x_alt.o compile
FAIL: gcc.dg/compat/struct-return-20 c_compat_y_alt.o compile
UNRESOLVED: gcc.dg/compat/struct-return-20 c_compat_x_tst.o-c_compat_y_alt.o link
UNRESOLVED: gcc.dg/compat/struct-return-20 c_compat_x_tst.o-c_compat_y_alt.o execute
UNRESOLVED: gcc.dg/compat/struct-return-20 c_compat_x_alt.o-c_compat_y_tst.o link
UNRESOLVED: gcc.dg/compat/struct-return-20 c_compat_x_alt.o-c_compat_y_tst.o execute
UNRESOLVED: gcc.dg/compat/struct-return-20 c_compat_x_alt.o-c_compat_y_alt.o link
UNRESOLVED: gcc.dg/compat/struct-return-20 c_compat_x_alt.o-c_compat_y_alt.o execute
FAIL: gcc.dg/compat/struct-return-21 c_compat_x_alt.o compile
FAIL: gcc.dg/compat/struct-return-21 c_compat_y_alt.o compile
UNRESOLVED: gcc.dg/compat/struct-return-21 c_compat_x_tst.o-c_compat_y_alt.o link
UNRESOLVED: gcc.dg/compat/struct-return-21 c_compat_x_tst.o-c_compat_y_alt.o execute
UNRESOLVED: gcc.dg/compat/struct-return-21 c_compat_x_alt.o-c_compat_y_tst.o link
UNRESOLVED: gcc.dg/compat/struct-return-21 c_compat_x_alt.o-c_compat_y_tst.o execute
UNRESOLVED: gcc.dg/compat/struct-return-21 c_compat_x_alt.o-c_compat_y_alt.o link
UNRESOLVED: gcc.dg/compat/struct-return-21 c_compat_x_alt.o-c_compat_y_alt.o execute
FAIL: gcc.dg/compat/struct-return-2 c_compat_x_alt.o compile
FAIL: gcc.dg/compat/struct-return-2 c_compat_y_alt.o compile
UNRESOLVED: gcc.dg/compat/struct-return-2 c_compat_x_tst.o-c_compat_y_alt.o link
UNRESOLVED: gcc.dg/compat/struct-return-2 c_compat_x_tst.o-c_compat_y_alt.o execute
UNRESOLVED: gcc.dg/compat/struct-return-2 c_compat_x_alt.o-c_compat_y_tst.o link
UNRESOLVED: gcc.dg/compat/struct-return-2 c_compat_x_alt.o-c_compat_y_tst.o execute
UNRESOLVED: gcc.dg/compat/struct-return-2 c_compat_x_alt.o-c_compat_y_alt.o link
UNRESOLVED: gcc.dg/compat/struct-return-2 c_compat_x_alt.o-c_compat_y_alt.o execute
FAIL: gcc.dg/compat/struct-return-3 c_compat_x_alt.o compile
FAIL: gcc.dg/compat/struct-return-3 c_compat_y_alt.o compile
UNRESOLVED: gcc.dg/compat/struct-return-3 c_compat_x_tst.o-c_compat_y_alt.o link
UNRESOLVED: gcc.dg/compat/struct-return-3 c_compat_x_tst.o-c_compat_y_alt.o execute
UNRESOLVED: gcc.dg/compat/struct-return-3 c_compat_x_alt.o-c_compat_y_tst.o link
UNRESOLVED: gcc.dg/compat/struct-return-3 c_compat_x_alt.o-c_compat_y_tst.o execute
UNRESOLVED: gcc.dg/compat/struct-return-3 c_compat_x_alt.o-c_compat_y_alt.o link
UNRESOLVED: gcc.dg/compat/struct-return-3 c_compat_x_alt.o-c_compat_y_alt.o execute
FAIL: gcc.dg/compat/union-by-value-1 c_compat_x_alt.o compile
FAIL: gcc.dg/compat/union-by-value-1 c_compat_y_alt.o compile
UNRESOLVED: gcc.dg/compat/union-by-value-1 c_compat_x_tst.o-c_compat_y_alt.o link
UNRESOLVED: gcc.dg/compat/union-by-value-1 c_compat_x_tst.o-c_compat_y_alt.o execute
UNRESOLVED: gcc.dg/compat/union-by-value-1 c_compat_x_alt.o-c_compat_y_tst.o link
UNRESOLVED: gcc.dg/compat/union-by-value-1 c_compat_x_alt.o-c_compat_y_tst.o execute
UNRESOLVED: gcc.dg/compat/union-by-value-1 c_compat_x_alt.o-c_compat_y_alt.o link
UNRESOLVED: gcc.dg/compat/union-by-value-1 c_compat_x_alt.o-c_compat_y_alt.o execute
FAIL: gcc.dg/compat/union-return-1 c_compat_x_alt.o compile
FAIL: gcc.dg/compat/union-return-1 c_compat_y_alt.o compile
UNRESOLVED: gcc.dg/compat/union-return-1 c_compat_x_tst.o-c_compat_y_alt.o link
UNRESOLVED: gcc.dg/compat/union-return-1 c_compat_x_tst.o-c_compat_y_alt.o execute
UNRESOLVED: gcc.dg/compat/union-return-1 c_compat_x_alt.o-c_compat_y_tst.o link
UNRESOLVED: gcc.dg/compat/union-return-1 c_compat_x_alt.o-c_compat_y_tst.o execute
UNRESOLVED: gcc.dg/compat/union-return-1 c_compat_x_alt.o-c_compat_y_alt.o link
UNRESOLVED: gcc.dg/compat/union-return-1 c_compat_x_alt.o-c_compat_y_alt.o execute
FAIL: gcc.dg/compat/vector-1 c_compat_x_alt.o compile
FAIL: gcc.dg/compat/vector-1 c_compat_y_alt.o compile
UNRESOLVED: gcc.dg/compat/vector-1 c_compat_x_tst.o-c_compat_y_alt.o link
UNRESOLVED: gcc.dg/compat/vector-1 c_compat_x_tst.o-c_compat_y_alt.o execute
UNRESOLVED: gcc.dg/compat/vector-1 c_compat_x_alt.o-c_compat_y_tst.o link
UNRESOLVED: gcc.dg/compat/vector-1 c_compat_x_alt.o-c_compat_y_tst.o execute
UNRESOLVED: gcc.dg/compat/vector-1 c_compat_x_alt.o-c_compat_y_alt.o link
UNRESOLVED: gcc.dg/compat/vector-1 c_compat_x_alt.o-c_compat_y_alt.o execute
FAIL: gcc.dg/compat/vector-2 c_compat_x_alt.o compile
FAIL: gcc.dg/compat/vector-2 c_compat_y_alt.o compile
UNRESOLVED: gcc.dg/compat/vector-2 c_compat_x_tst.o-c_compat_y_alt.o link
UNRESOLVED: gcc.dg/compat/vector-2 c_compat_x_tst.o-c_compat_y_alt.o execute
UNRESOLVED: gcc.dg/compat/vector-2 c_compat_x_alt.o-c_compat_y_tst.o link
UNRESOLVED: gcc.dg/compat/vector-2 c_compat_x_alt.o-c_compat_y_tst.o execute
UNRESOLVED: gcc.dg/compat/vector-2 c_compat_x_alt.o-c_compat_y_alt.o link
UNRESOLVED: gcc.dg/compat/vector-2 c_compat_x_alt.o-c_compat_y_alt.o execute
=== gcc Summary ===
# of expected passes 275
# of unexpected failures 110
# of unresolved testcases 330
# of unsupported tests 8
/scratch/gcc/nightly-2012-04-16-mainline/arm-none-eabi/obj/test-mainline-0-arm-none-eabi/host-i686-pc-linux-gnu/fsf-mainline/bin/arm-none-eabi-gcc version 4.8.0 20120416 (experimental) (GCC)
=== Summary adjusted for local xfails ===
# of unexpected failures 110
# of expected passes 275
# of unresolved testcases 330
# of unsupported tests 8
Host is i686-pc-linux-gnu
=== libstdc++ tests ===
Running target arm-sim-fsf
ERROR: tcl error sourcing /scratch/gcc/nightly-2012-04-16-mainline/src/gcc-mainline/libstdc++-v3/testsuite/libstdc++-abi/abi.exp.
ERROR: can't read "baseline_subdir_switch": no such variable
FAIL: 22_locale/collate/transform/wchar_t/28277.cc execution test
FAIL: 23_containers/vector/profile/vector.cc execution test
FAIL: 27_io/basic_filebuf/underflow/wchar_t/11603.cc execution test
FAIL: 27_io/basic_stringbuf/overflow/wchar_t/1.cc execution test
FAIL: 29_atomics/atomic/cons/49445.cc (test for excess errors)
UNRESOLVED: 29_atomics/atomic/cons/49445.cc compilation failed to produce executable
FAIL: 29_atomics/atomic/cons/user_pod.cc (test for excess errors)
FAIL: 29_atomics/atomic/operators/integral_assignment.cc (test for excess errors)
UNRESOLVED: 29_atomics/atomic/operators/integral_assignment.cc compilation failed to produce executable
FAIL: 29_atomics/atomic/operators/integral_conversion.cc (test for excess errors)
UNRESOLVED: 29_atomics/atomic/operators/integral_conversion.cc compilation failed to produce executable
FAIL: 29_atomics/atomic_flag/clear/1.cc (test for excess errors)
UNRESOLVED: 29_atomics/atomic_flag/clear/1.cc compilation failed to produce executable
FAIL: 29_atomics/atomic_flag/test_and_set/explicit.cc (test for excess errors)
UNRESOLVED: 29_atomics/atomic_flag/test_and_set/explicit.cc compilation failed to produce executable
FAIL: 29_atomics/atomic_flag/test_and_set/implicit.cc (test for excess errors)
UNRESOLVED: 29_atomics/atomic_flag/test_and_set/implicit.cc compilation failed to produce executable
FAIL: 29_atomics/atomic_integral/operators/integral_assignment.cc (test for excess errors)
UNRESOLVED: 29_atomics/atomic_integral/operators/integral_assignment.cc compilation failed to produce executable
FAIL: 29_atomics/atomic_integral/operators/integral_conversion.cc (test for excess errors)
UNRESOLVED: 29_atomics/atomic_integral/operators/integral_conversion.cc compilation failed to produce executable
XPASS: ext/stdio_filebuf/char/10063-2.cc execution test
XPASS: ext/stdio_filebuf/char/10063-3.cc execution test
FAIL: tr2/headers/all.cc (test for excess errors)
=== libstdc++ Summary ===
# of expected passes 7264
# of unexpected failures 14
# of unexpected successes 2
# of expected failures 50
# of unresolved testcases 8
# of unsupported tests 601
=== Summary adjusted for local xfails ===
# of errors 2
# of unexpected failures 14
# of expected passes 7264
# of unexpected successes 2
# of expected failures 50
# of unresolved testcases 8
# of unsupported tests 601
Host is i686-pc-linux-gnu
=== g++ tests ===
Running target arm-sim-fsf/-mthumb
FAIL: g++.dg/lookup/builtin5.C scan-assembler _ZSt5atanhd
FAIL: g++.dg/simulate-thread/atomics-1.C -O0 -g (test for excess errors)
FAIL: g++.dg/simulate-thread/atomics-1.C -O1 -g (test for excess errors)
FAIL: g++.dg/simulate-thread/atomics-1.C -O2 -g -std=c++98 (test for excess errors)
FAIL: g++.dg/simulate-thread/atomics-1.C -O3 -g -std=c++11 (test for excess errors)
FAIL: g++.dg/simulate-thread/atomics-1.C -Os -g (test for excess errors)
FAIL: g++.dg/simulate-thread/atomics-2.C -O0 -g (test for excess errors)
FAIL: g++.dg/simulate-thread/atomics-2.C -O1 -g (test for excess errors)
FAIL: g++.dg/simulate-thread/atomics-2.C -O2 -g -std=c++98 (test for excess errors)
FAIL: g++.dg/simulate-thread/atomics-2.C -O3 -g -std=c++11 (test for excess errors)
FAIL: g++.dg/simulate-thread/atomics-2.C -Os -g (test for excess errors)
=== g++ Summary ===
# of expected passes 44672
# of unexpected failures 11
# of expected failures 279
# of unsupported tests 770
/scratch/gcc/nightly-2012-04-16-mainline/arm-none-eabi/obj/test-mainline-0-arm-none-eabi/host-i686-pc-linux-gnu/fsf-mainline/bin/arm-none-eabi-g++ version 4.8.0 20120416 (experimental) (GCC)
=== Summary adjusted for local xfails ===
# of unexpected failures 11
# of expected passes 44672
# of expected failures 279
# of unsupported tests 770
Host is i686-pc-linux-gnu
=== g++ tests ===
Running target arm-sim-fsf/-mthumb
FAIL: g++.dg/compat/abi/bitfield1 cp_compat_x_alt.o compile
FAIL: g++.dg/compat/abi/bitfield1 cp_compat_y_alt.o compile
UNRESOLVED: g++.dg/compat/abi/bitfield1 cp_compat_x_tst.o-cp_compat_y_alt.o link
UNRESOLVED: g++.dg/compat/abi/bitfield1 cp_compat_x_tst.o-cp_compat_y_alt.o execute
UNRESOLVED: g++.dg/compat/abi/bitfield1 cp_compat_x_alt.o-cp_compat_y_tst.o link
UNRESOLVED: g++.dg/compat/abi/bitfield1 cp_compat_x_alt.o-cp_compat_y_tst.o execute
UNRESOLVED: g++.dg/compat/abi/bitfield1 cp_compat_x_alt.o-cp_compat_y_alt.o link
UNRESOLVED: g++.dg/compat/abi/bitfield1 cp_compat_x_alt.o-cp_compat_y_alt.o execute
FAIL: g++.dg/compat/abi/bitfield2 cp_compat_x_alt.o compile
FAIL: g++.dg/compat/abi/bitfield2 cp_compat_y_alt.o compile
UNRESOLVED: g++.dg/compat/abi/bitfield2 cp_compat_x_tst.o-cp_compat_y_alt.o link
UNRESOLVED: g++.dg/compat/abi/bitfield2 cp_compat_x_tst.o-cp_compat_y_alt.o execute
UNRESOLVED: g++.dg/compat/abi/bitfield2 cp_compat_x_alt.o-cp_compat_y_tst.o link
UNRESOLVED: g++.dg/compat/abi/bitfield2 cp_compat_x_alt.o-cp_compat_y_tst.o execute
UNRESOLVED: g++.dg/compat/abi/bitfield2 cp_compat_x_alt.o-cp_compat_y_alt.o link
UNRESOLVED: g++.dg/compat/abi/bitfield2 cp_compat_x_alt.o-cp_compat_y_alt.o execute
FAIL: g++.dg/compat/abi/vbase8-10 cp_compat_x_alt.o compile
FAIL: g++.dg/compat/abi/vbase8-10 cp_compat_y_alt.o compile
UNRESOLVED: g++.dg/compat/abi/vbase8-10 cp_compat_x_tst.o-cp_compat_y_alt.o link
UNRESOLVED: g++.dg/compat/abi/vbase8-10 cp_compat_x_tst.o-cp_compat_y_alt.o execute
UNRESOLVED: g++.dg/compat/abi/vbase8-10 cp_compat_x_alt.o-cp_compat_y_tst.o link
UNRESOLVED: g++.dg/compat/abi/vbase8-10 cp_compat_x_alt.o-cp_compat_y_tst.o execute
UNRESOLVED: g++.dg/compat/abi/vbase8-10 cp_compat_x_alt.o-cp_compat_y_alt.o link
UNRESOLVED: g++.dg/compat/abi/vbase8-10 cp_compat_x_alt.o-cp_compat_y_alt.o execute
FAIL: g++.dg/compat/abi/vbase8-21 cp_compat_x_alt.o compile
FAIL: g++.dg/compat/abi/vbase8-21 cp_compat_y_alt.o compile
UNRESOLVED: g++.dg/compat/abi/vbase8-21 cp_compat_x_tst.o-cp_compat_y_alt.o link
UNRESOLVED: g++.dg/compat/abi/vbase8-21 cp_compat_x_tst.o-cp_compat_y_alt.o execute
UNRESOLVED: g++.dg/compat/abi/vbase8-21 cp_compat_x_alt.o-cp_compat_y_tst.o link
UNRESOLVED: g++.dg/compat/abi/vbase8-21 cp_compat_x_alt.o-cp_compat_y_tst.o execute
UNRESOLVED: g++.dg/compat/abi/vbase8-21 cp_compat_x_alt.o-cp_compat_y_alt.o link
UNRESOLVED: g++.dg/compat/abi/vbase8-21 cp_compat_x_alt.o-cp_compat_y_alt.o execute
FAIL: g++.dg/compat/abi/vbase8-22 cp_compat_x_alt.o compile
FAIL: g++.dg/compat/abi/vbase8-22 cp_compat_y_alt.o compile
UNRESOLVED: g++.dg/compat/abi/vbase8-22 cp_compat_x_tst.o-cp_compat_y_alt.o link
UNRESOLVED: g++.dg/compat/abi/vbase8-22 cp_compat_x_tst.o-cp_compat_y_alt.o execute
UNRESOLVED: g++.dg/compat/abi/vbase8-22 cp_compat_x_alt.o-cp_compat_y_tst.o link
UNRESOLVED: g++.dg/compat/abi/vbase8-22 cp_compat_x_alt.o-cp_compat_y_tst.o execute
UNRESOLVED: g++.dg/compat/abi/vbase8-22 cp_compat_x_alt.o-cp_compat_y_alt.o link
UNRESOLVED: g++.dg/compat/abi/vbase8-22 cp_compat_x_alt.o-cp_compat_y_alt.o execute
FAIL: g++.dg/compat/abi/vbase8-4 cp_compat_x_alt.o compile
FAIL: g++.dg/compat/abi/vbase8-4 cp_compat_y_alt.o compile
UNRESOLVED: g++.dg/compat/abi/vbase8-4 cp_compat_x_tst.o-cp_compat_y_alt.o link
UNRESOLVED: g++.dg/compat/abi/vbase8-4 cp_compat_x_tst.o-cp_compat_y_alt.o execute
UNRESOLVED: g++.dg/compat/abi/vbase8-4 cp_compat_x_alt.o-cp_compat_y_tst.o link
UNRESOLVED: g++.dg/compat/abi/vbase8-4 cp_compat_x_alt.o-cp_compat_y_tst.o execute
UNRESOLVED: g++.dg/compat/abi/vbase8-4 cp_compat_x_alt.o-cp_compat_y_alt.o link
UNRESOLVED: g++.dg/compat/abi/vbase8-4 cp_compat_x_alt.o-cp_compat_y_alt.o execute
FAIL: g++.dg/compat/break/bitfield5 cp_compat_x_alt.o compile
FAIL: g++.dg/compat/break/bitfield5 cp_compat_y_alt.o compile
UNRESOLVED: g++.dg/compat/break/bitfield5 cp_compat_x_tst.o-cp_compat_y_alt.o link
UNRESOLVED: g++.dg/compat/break/bitfield5 cp_compat_x_tst.o-cp_compat_y_alt.o execute
UNRESOLVED: g++.dg/compat/break/bitfield5 cp_compat_x_alt.o-cp_compat_y_tst.o link
UNRESOLVED: g++.dg/compat/break/bitfield5 cp_compat_x_alt.o-cp_compat_y_tst.o execute
UNRESOLVED: g++.dg/compat/break/bitfield5 cp_compat_x_alt.o-cp_compat_y_alt.o link
UNRESOLVED: g++.dg/compat/break/bitfield5 cp_compat_x_alt.o-cp_compat_y_alt.o execute
FAIL: g++.dg/compat/break/bitfield7 cp_compat_x_alt.o compile
FAIL: g++.dg/compat/break/bitfield7 cp_compat_y_alt.o compile
UNRESOLVED: g++.dg/compat/break/bitfield7 cp_compat_x_tst.o-cp_compat_y_alt.o link
UNRESOLVED: g++.dg/compat/break/bitfield7 cp_compat_x_tst.o-cp_compat_y_alt.o execute
UNRESOLVED: g++.dg/compat/break/bitfield7 cp_compat_x_alt.o-cp_compat_y_tst.o link
UNRESOLVED: g++.dg/compat/break/bitfield7 cp_compat_x_alt.o-cp_compat_y_tst.o execute
UNRESOLVED: g++.dg/compat/break/bitfield7 cp_compat_x_alt.o-cp_compat_y_alt.o link
UNRESOLVED: g++.dg/compat/break/bitfield7 cp_compat_x_alt.o-cp_compat_y_alt.o execute
FAIL: g++.dg/compat/break/empty6 cp_compat_x_alt.o compile
FAIL: g++.dg/compat/break/empty6 cp_compat_y_alt.o compile
UNRESOLVED: g++.dg/compat/break/empty6 cp_compat_x_tst.o-cp_compat_y_alt.o link
UNRESOLVED: g++.dg/compat/break/empty6 cp_compat_x_tst.o-cp_compat_y_alt.o execute
UNRESOLVED: g++.dg/compat/break/empty6 cp_compat_x_alt.o-cp_compat_y_tst.o link
UNRESOLVED: g++.dg/compat/break/empty6 cp_compat_x_alt.o-cp_compat_y_tst.o execute
UNRESOLVED: g++.dg/compat/break/empty6 cp_compat_x_alt.o-cp_compat_y_alt.o link
UNRESOLVED: g++.dg/compat/break/empty6 cp_compat_x_alt.o-cp_compat_y_alt.o execute
FAIL: g++.dg/compat/break/vbase10 cp_compat_x_alt.o compile
FAIL: g++.dg/compat/break/vbase10 cp_compat_y_alt.o compile
UNRESOLVED: g++.dg/compat/break/vbase10 cp_compat_x_tst.o-cp_compat_y_alt.o link
UNRESOLVED: g++.dg/compat/break/vbase10 cp_compat_x_tst.o-cp_compat_y_alt.o execute
UNRESOLVED: g++.dg/compat/break/vbase10 cp_compat_x_alt.o-cp_compat_y_tst.o link
UNRESOLVED: g++.dg/compat/break/vbase10 cp_compat_x_alt.o-cp_compat_y_tst.o execute
UNRESOLVED: g++.dg/compat/break/vbase10 cp_compat_x_alt.o-cp_compat_y_alt.o link
UNRESOLVED: g++.dg/compat/break/vbase10 cp_compat_x_alt.o-cp_compat_y_alt.o execute
FAIL: g++.dg/compat/break/vbase11 cp_compat_x_alt.o compile
FAIL: g++.dg/compat/break/vbase11 cp_compat_y_alt.o compile
UNRESOLVED: g++.dg/compat/break/vbase11 cp_compat_x_tst.o-cp_compat_y_alt.o link
UNRESOLVED: g++.dg/compat/break/vbase11 cp_compat_x_tst.o-cp_compat_y_alt.o execute
UNRESOLVED: g++.dg/compat/break/vbase11 cp_compat_x_alt.o-cp_compat_y_tst.o link
UNRESOLVED: g++.dg/compat/break/vbase11 cp_compat_x_alt.o-cp_compat_y_tst.o execute
UNRESOLVED: g++.dg/compat/break/vbase11 cp_compat_x_alt.o-cp_compat_y_alt.o link
UNRESOLVED: g++.dg/compat/break/vbase11 cp_compat_x_alt.o-cp_compat_y_alt.o execute
FAIL: g++.dg/compat/eh/ctor1 cp_compat_x_alt.o compile
FAIL: g++.dg/compat/eh/ctor1 cp_compat_y_alt.o compile
UNRESOLVED: g++.dg/compat/eh/ctor1 cp_compat_x_tst.o-cp_compat_y_alt.o link
UNRESOLVED: g++.dg/compat/eh/ctor1 cp_compat_x_tst.o-cp_compat_y_alt.o execute
UNRESOLVED: g++.dg/compat/eh/ctor1 cp_compat_x_alt.o-cp_compat_y_tst.o link
UNRESOLVED: g++.dg/compat/eh/ctor1 cp_compat_x_alt.o-cp_compat_y_tst.o execute
UNRESOLVED: g++.dg/compat/eh/ctor1 cp_compat_x_alt.o-cp_compat_y_alt.o link
UNRESOLVED: g++.dg/compat/eh/ctor1 cp_compat_x_alt.o-cp_compat_y_alt.o execute
FAIL: g++.dg/compat/eh/ctor2 cp_compat_x_alt.o compile
FAIL: g++.dg/compat/eh/ctor2 cp_compat_y_alt.o compile
UNRESOLVED: g++.dg/compat/eh/ctor2 cp_compat_x_tst.o-cp_compat_y_alt.o link
UNRESOLVED: g++.dg/compat/eh/ctor2 cp_compat_x_tst.o-cp_compat_y_alt.o execute
UNRESOLVED: g++.dg/compat/eh/ctor2 cp_compat_x_alt.o-cp_compat_y_tst.o link
UNRESOLVED: g++.dg/compat/eh/ctor2 cp_compat_x_alt.o-cp_compat_y_tst.o execute
UNRESOLVED: g++.dg/compat/eh/ctor2 cp_compat_x_alt.o-cp_compat_y_alt.o link
UNRESOLVED: g++.dg/compat/eh/ctor2 cp_compat_x_alt.o-cp_compat_y_alt.o execute
FAIL: g++.dg/compat/eh/dtor1 cp_compat_x_alt.o compile
FAIL: g++.dg/compat/eh/dtor1 cp_compat_y_alt.o compile
UNRESOLVED: g++.dg/compat/eh/dtor1 cp_compat_x_tst.o-cp_compat_y_alt.o link
UNRESOLVED: g++.dg/compat/eh/dtor1 cp_compat_x_tst.o-cp_compat_y_alt.o execute
UNRESOLVED: g++.dg/compat/eh/dtor1 cp_compat_x_alt.o-cp_compat_y_tst.o link
UNRESOLVED: g++.dg/compat/eh/dtor1 cp_compat_x_alt.o-cp_compat_y_tst.o execute
UNRESOLVED: g++.dg/compat/eh/dtor1 cp_compat_x_alt.o-cp_compat_y_alt.o link
UNRESOLVED: g++.dg/compat/eh/dtor1 cp_compat_x_alt.o-cp_compat_y_alt.o execute
FAIL: g++.dg/compat/eh/filter1 cp_compat_x_alt.o compile
FAIL: g++.dg/compat/eh/filter1 cp_compat_y_alt.o compile
UNRESOLVED: g++.dg/compat/eh/filter1 cp_compat_x_tst.o-cp_compat_y_alt.o link
UNRESOLVED: g++.dg/compat/eh/filter1 cp_compat_x_tst.o-cp_compat_y_alt.o execute
UNRESOLVED: g++.dg/compat/eh/filter1 cp_compat_x_alt.o-cp_compat_y_tst.o link
UNRESOLVED: g++.dg/compat/eh/filter1 cp_compat_x_alt.o-cp_compat_y_tst.o execute
UNRESOLVED: g++.dg/compat/eh/filter1 cp_compat_x_alt.o-cp_compat_y_alt.o link
UNRESOLVED: g++.dg/compat/eh/filter1 cp_compat_x_alt.o-cp_compat_y_alt.o execute
FAIL: g++.dg/compat/eh/filter2 cp_compat_x_alt.o compile
FAIL: g++.dg/compat/eh/filter2 cp_compat_y_alt.o compile
UNRESOLVED: g++.dg/compat/eh/filter2 cp_compat_x_tst.o-cp_compat_y_alt.o link
UNRESOLVED: g++.dg/compat/eh/filter2 cp_compat_x_tst.o-cp_compat_y_alt.o execute
UNRESOLVED: g++.dg/compat/eh/filter2 cp_compat_x_alt.o-cp_compat_y_tst.o link
UNRESOLVED: g++.dg/compat/eh/filter2 cp_compat_x_alt.o-cp_compat_y_tst.o execute
UNRESOLVED: g++.dg/compat/eh/filter2 cp_compat_x_alt.o-cp_compat_y_alt.o link
UNRESOLVED: g++.dg/compat/eh/filter2 cp_compat_x_alt.o-cp_compat_y_alt.o execute
FAIL: g++.dg/compat/eh/new1 cp_compat_x_alt.o compile
FAIL: g++.dg/compat/eh/new1 cp_compat_y_alt.o compile
UNRESOLVED: g++.dg/compat/eh/new1 cp_compat_x_tst.o-cp_compat_y_alt.o link
UNRESOLVED: g++.dg/compat/eh/new1 cp_compat_x_tst.o-cp_compat_y_alt.o execute
UNRESOLVED: g++.dg/compat/eh/new1 cp_compat_x_alt.o-cp_compat_y_tst.o link
UNRESOLVED: g++.dg/compat/eh/new1 cp_compat_x_alt.o-cp_compat_y_tst.o execute
UNRESOLVED: g++.dg/compat/eh/new1 cp_compat_x_alt.o-cp_compat_y_alt.o link
UNRESOLVED: g++.dg/compat/eh/new1 cp_compat_x_alt.o-cp_compat_y_alt.o execute
FAIL: g++.dg/compat/eh/nrv1 cp_compat_x_alt.o compile
FAIL: g++.dg/compat/eh/nrv1 cp_compat_y_alt.o compile
UNRESOLVED: g++.dg/compat/eh/nrv1 cp_compat_x_tst.o-cp_compat_y_alt.o link
UNRESOLVED: g++.dg/compat/eh/nrv1 cp_compat_x_tst.o-cp_compat_y_alt.o execute
UNRESOLVED: g++.dg/compat/eh/nrv1 cp_compat_x_alt.o-cp_compat_y_tst.o link
UNRESOLVED: g++.dg/compat/eh/nrv1 cp_compat_x_alt.o-cp_compat_y_tst.o execute
UNRESOLVED: g++.dg/compat/eh/nrv1 cp_compat_x_alt.o-cp_compat_y_alt.o link
UNRESOLVED: g++.dg/compat/eh/nrv1 cp_compat_x_alt.o-cp_compat_y_alt.o execute
FAIL: g++.dg/compat/eh/spec3 cp_compat_x_alt.o compile
FAIL: g++.dg/compat/eh/spec3 cp_compat_y_alt.o compile
UNRESOLVED: g++.dg/compat/eh/spec3 cp_compat_x_tst.o-cp_compat_y_alt.o link
UNRESOLVED: g++.dg/compat/eh/spec3 cp_compat_x_tst.o-cp_compat_y_alt.o execute
UNRESOLVED: g++.dg/compat/eh/spec3 cp_compat_x_alt.o-cp_compat_y_tst.o link
UNRESOLVED: g++.dg/compat/eh/spec3 cp_compat_x_alt.o-cp_compat_y_tst.o execute
UNRESOLVED: g++.dg/compat/eh/spec3 cp_compat_x_alt.o-cp_compat_y_alt.o link
UNRESOLVED: g++.dg/compat/eh/spec3 cp_compat_x_alt.o-cp_compat_y_alt.o execute
FAIL: g++.dg/compat/eh/template1 cp_compat_x_alt.o compile
FAIL: g++.dg/compat/eh/template1 cp_compat_y_alt.o compile
UNRESOLVED: g++.dg/compat/eh/template1 cp_compat_x_tst.o-cp_compat_y_alt.o link
UNRESOLVED: g++.dg/compat/eh/template1 cp_compat_x_tst.o-cp_compat_y_alt.o execute
UNRESOLVED: g++.dg/compat/eh/template1 cp_compat_x_alt.o-cp_compat_y_tst.o link
UNRESOLVED: g++.dg/compat/eh/template1 cp_compat_x_alt.o-cp_compat_y_tst.o execute
UNRESOLVED: g++.dg/compat/eh/template1 cp_compat_x_alt.o-cp_compat_y_alt.o link
UNRESOLVED: g++.dg/compat/eh/template1 cp_compat_x_alt.o-cp_compat_y_alt.o execute
FAIL: g++.dg/compat/eh/unexpected1 cp_compat_x_alt.o compile
FAIL: g++.dg/compat/eh/unexpected1 cp_compat_y_alt.o compile
UNRESOLVED: g++.dg/compat/eh/unexpected1 cp_compat_x_tst.o-cp_compat_y_alt.o link
UNRESOLVED: g++.dg/compat/eh/unexpected1 cp_compat_x_tst.o-cp_compat_y_alt.o execute
UNRESOLVED: g++.dg/compat/eh/unexpected1 cp_compat_x_alt.o-cp_compat_y_tst.o link
UNRESOLVED: g++.dg/compat/eh/unexpected1 cp_compat_x_alt.o-cp_compat_y_tst.o execute
UNRESOLVED: g++.dg/compat/eh/unexpected1 cp_compat_x_alt.o-cp_compat_y_alt.o link
UNRESOLVED: g++.dg/compat/eh/unexpected1 cp_compat_x_alt.o-cp_compat_y_alt.o execute
FAIL: g++.dg/compat/init/array5 cp_compat_x_alt.o compile
FAIL: g++.dg/compat/init/array5 cp_compat_y_alt.o compile
UNRESOLVED: g++.dg/compat/init/array5 cp_compat_x_tst.o-cp_compat_y_alt.o link
UNRESOLVED: g++.dg/compat/init/array5 cp_compat_x_tst.o-cp_compat_y_alt.o execute
UNRESOLVED: g++.dg/compat/init/array5 cp_compat_x_alt.o-cp_compat_y_tst.o link
UNRESOLVED: g++.dg/compat/init/array5 cp_compat_x_alt.o-cp_compat_y_tst.o execute
UNRESOLVED: g++.dg/compat/init/array5 cp_compat_x_alt.o-cp_compat_y_alt.o link
UNRESOLVED: g++.dg/compat/init/array5 cp_compat_x_alt.o-cp_compat_y_alt.o execute
FAIL: g++.dg/compat/init/byval1 cp_compat_x_alt.o compile
FAIL: g++.dg/compat/init/byval1 cp_compat_y_alt.o compile
UNRESOLVED: g++.dg/compat/init/byval1 cp_compat_x_tst.o-cp_compat_y_alt.o link
UNRESOLVED: g++.dg/compat/init/byval1 cp_compat_x_tst.o-cp_compat_y_alt.o execute
UNRESOLVED: g++.dg/compat/init/byval1 cp_compat_x_alt.o-cp_compat_y_tst.o link
UNRESOLVED: g++.dg/compat/init/byval1 cp_compat_x_alt.o-cp_compat_y_tst.o execute
UNRESOLVED: g++.dg/compat/init/byval1 cp_compat_x_alt.o-cp_compat_y_alt.o link
UNRESOLVED: g++.dg/compat/init/byval1 cp_compat_x_alt.o-cp_compat_y_alt.o execute
FAIL: g++.dg/compat/init/dtor1 cp_compat_x_alt.o compile
FAIL: g++.dg/compat/init/dtor1 cp_compat_y_alt.o compile
UNRESOLVED: g++.dg/compat/init/dtor1 cp_compat_x_tst.o-cp_compat_y_alt.o link
UNRESOLVED: g++.dg/compat/init/dtor1 cp_compat_x_tst.o-cp_compat_y_alt.o execute
UNRESOLVED: g++.dg/compat/init/dtor1 cp_compat_x_alt.o-cp_compat_y_tst.o link
UNRESOLVED: g++.dg/compat/init/dtor1 cp_compat_x_alt.o-cp_compat_y_tst.o execute
UNRESOLVED: g++.dg/compat/init/dtor1 cp_compat_x_alt.o-cp_compat_y_alt.o link
UNRESOLVED: g++.dg/compat/init/dtor1 cp_compat_x_alt.o-cp_compat_y_alt.o execute
FAIL: g++.dg/compat/init/elide1 cp_compat_x_alt.o compile
FAIL: g++.dg/compat/init/elide1 cp_compat_y_alt.o compile
UNRESOLVED: g++.dg/compat/init/elide1 cp_compat_x_tst.o-cp_compat_y_alt.o link
UNRESOLVED: g++.dg/compat/init/elide1 cp_compat_x_tst.o-cp_compat_y_alt.o execute
UNRESOLVED: g++.dg/compat/init/elide1 cp_compat_x_alt.o-cp_compat_y_tst.o link
UNRESOLVED: g++.dg/compat/init/elide1 cp_compat_x_alt.o-cp_compat_y_tst.o execute
UNRESOLVED: g++.dg/compat/init/elide1 cp_compat_x_alt.o-cp_compat_y_alt.o link
UNRESOLVED: g++.dg/compat/init/elide1 cp_compat_x_alt.o-cp_compat_y_alt.o execute
FAIL: g++.dg/compat/init/init-ref2 cp_compat_x_alt.o compile
FAIL: g++.dg/compat/init/init-ref2 cp_compat_y_alt.o compile
UNRESOLVED: g++.dg/compat/init/init-ref2 cp_compat_x_tst.o-cp_compat_y_alt.o link
UNRESOLVED: g++.dg/compat/init/init-ref2 cp_compat_x_tst.o-cp_compat_y_alt.o execute
UNRESOLVED: g++.dg/compat/init/init-ref2 cp_compat_x_alt.o-cp_compat_y_tst.o link
UNRESOLVED: g++.dg/compat/init/init-ref2 cp_compat_x_alt.o-cp_compat_y_tst.o execute
UNRESOLVED: g++.dg/compat/init/init-ref2 cp_compat_x_alt.o-cp_compat_y_alt.o link
UNRESOLVED: g++.dg/compat/init/init-ref2 cp_compat_x_alt.o-cp_compat_y_alt.o execute
=== g++ Summary ===
# of expected passes 130
# of unexpected failures 52
# of unresolved testcases 156
# of unsupported tests 13
/scratch/gcc/nightly-2012-04-16-mainline/arm-none-eabi/obj/test-mainline-0-arm-none-eabi/host-i686-pc-linux-gnu/fsf-mainline/bin/arm-none-eabi-g++ version 4.8.0 20120416 (experimental) (GCC)
=== Summary adjusted for local xfails ===
# of unexpected failures 52
# of expected passes 130
# of unresolved testcases 156
# of unsupported tests 13
Host is i686-pc-linux-gnu
=== gcc tests ===
Running target arm-sim-fsf/-mthumb
FAIL: gcc.c-torture/compile/pr35318.c -O0 (test for excess errors)
FAIL: gcc.c-torture/execute/builtins/memcpy-chk.c compilation, -O2 -flto -fuse-linker-plugin -fno-fat-lto-objects
UNRESOLVED: gcc.c-torture/execute/builtins/memcpy-chk.c execution, -O2 -flto -fuse-linker-plugin -fno-fat-lto-objects
FAIL: gcc.c-torture/execute/builtins/memmove-chk.c compilation, -O2 -flto -fuse-linker-plugin -fno-fat-lto-objects
UNRESOLVED: gcc.c-torture/execute/builtins/memmove-chk.c execution, -O2 -flto -fuse-linker-plugin -fno-fat-lto-objects
FAIL: gcc.c-torture/execute/builtins/memops-asm.c compilation, -O2 -flto -fuse-linker-plugin -fno-fat-lto-objects
UNRESOLVED: gcc.c-torture/execute/builtins/memops-asm.c execution, -O2 -flto -fuse-linker-plugin -fno-fat-lto-objects
FAIL: gcc.c-torture/execute/builtins/mempcpy-chk.c compilation, -O2 -flto -fuse-linker-plugin -fno-fat-lto-objects
UNRESOLVED: gcc.c-torture/execute/builtins/mempcpy-chk.c execution, -O2 -flto -fuse-linker-plugin -fno-fat-lto-objects
FAIL: gcc.c-torture/execute/builtins/memset-chk.c compilation, -O2 -flto -fuse-linker-plugin -fno-fat-lto-objects
UNRESOLVED: gcc.c-torture/execute/builtins/memset-chk.c execution, -O2 -flto -fuse-linker-plugin -fno-fat-lto-objects
FAIL: gcc.c-torture/execute/builtins/memset.c compilation, -O2 -flto -fuse-linker-plugin -fno-fat-lto-objects
UNRESOLVED: gcc.c-torture/execute/builtins/memset.c execution, -O2 -flto -fuse-linker-plugin -fno-fat-lto-objects
FAIL: gcc.c-torture/execute/builtins/pr23484-chk.c compilation, -O2 -flto -fuse-linker-plugin -fno-fat-lto-objects
UNRESOLVED: gcc.c-torture/execute/builtins/pr23484-chk.c execution, -O2 -flto -fuse-linker-plugin -fno-fat-lto-objects
FAIL: gcc.c-torture/execute/builtins/snprintf-chk.c compilation, -O2 -flto -fuse-linker-plugin -fno-fat-lto-objects
UNRESOLVED: gcc.c-torture/execute/builtins/snprintf-chk.c execution, -O2 -flto -fuse-linker-plugin -fno-fat-lto-objects
FAIL: gcc.c-torture/execute/builtins/sprintf-chk.c compilation, -O2 -flto -fuse-linker-plugin -fno-fat-lto-objects
UNRESOLVED: gcc.c-torture/execute/builtins/sprintf-chk.c execution, -O2 -flto -fuse-linker-plugin -fno-fat-lto-objects
FAIL: gcc.c-torture/execute/builtins/stpcpy-chk.c compilation, -O2 -flto -fuse-linker-plugin -fno-fat-lto-objects
UNRESOLVED: gcc.c-torture/execute/builtins/stpcpy-chk.c execution, -O2 -flto -fuse-linker-plugin -fno-fat-lto-objects
FAIL: gcc.c-torture/execute/builtins/stpncpy-chk.c compilation, -O2 -flto -fuse-linker-plugin -fno-fat-lto-objects
UNRESOLVED: gcc.c-torture/execute/builtins/stpncpy-chk.c execution, -O2 -flto -fuse-linker-plugin -fno-fat-lto-objects
FAIL: gcc.c-torture/execute/builtins/strcat-chk.c compilation, -O2 -flto -fuse-linker-plugin -fno-fat-lto-objects
UNRESOLVED: gcc.c-torture/execute/builtins/strcat-chk.c execution, -O2 -flto -fuse-linker-plugin -fno-fat-lto-objects
FAIL: gcc.c-torture/execute/builtins/strcpy-chk.c compilation, -O2 -flto -fuse-linker-plugin -fno-fat-lto-objects
UNRESOLVED: gcc.c-torture/execute/builtins/strcpy-chk.c execution, -O2 -flto -fuse-linker-plugin -fno-fat-lto-objects
FAIL: gcc.c-torture/execute/builtins/strlen-2.c compilation, -O2 -flto -fuse-linker-plugin -fno-fat-lto-objects
UNRESOLVED: gcc.c-torture/execute/builtins/strlen-2.c execution, -O2 -flto -fuse-linker-plugin -fno-fat-lto-objects
FAIL: gcc.c-torture/execute/builtins/strlen-3.c compilation, -O2 -flto -fuse-linker-plugin -fno-fat-lto-objects
UNRESOLVED: gcc.c-torture/execute/builtins/strlen-3.c execution, -O2 -flto -fuse-linker-plugin -fno-fat-lto-objects
FAIL: gcc.c-torture/execute/builtins/strlen.c compilation, -O2 -flto -fuse-linker-plugin -fno-fat-lto-objects
UNRESOLVED: gcc.c-torture/execute/builtins/strlen.c execution, -O2 -flto -fuse-linker-plugin -fno-fat-lto-objects
FAIL: gcc.c-torture/execute/builtins/strncat-chk.c compilation, -O2 -flto -fuse-linker-plugin -fno-fat-lto-objects
UNRESOLVED: gcc.c-torture/execute/builtins/strncat-chk.c execution, -O2 -flto -fuse-linker-plugin -fno-fat-lto-objects
FAIL: gcc.c-torture/execute/builtins/strncpy-chk.c compilation, -O2 -flto -fuse-linker-plugin -fno-fat-lto-objects
UNRESOLVED: gcc.c-torture/execute/builtins/strncpy-chk.c execution, -O2 -flto -fuse-linker-plugin -fno-fat-lto-objects
FAIL: gcc.c-torture/execute/builtins/vsnprintf-chk.c compilation, -O2 -flto -fuse-linker-plugin -fno-fat-lto-objects
UNRESOLVED: gcc.c-torture/execute/builtins/vsnprintf-chk.c execution, -O2 -flto -fuse-linker-plugin -fno-fat-lto-objects
FAIL: gcc.c-torture/execute/builtins/vsprintf-chk.c compilation, -O2 -flto -fuse-linker-plugin -fno-fat-lto-objects
UNRESOLVED: gcc.c-torture/execute/builtins/vsprintf-chk.c execution, -O2 -flto -fuse-linker-plugin -fno-fat-lto-objects
WARNING: program timed out.
FAIL: gcc.c-torture/execute/pr45070.c execution, -Os
FAIL: gcc.dg/atomic-flag.c (test for excess errors)
UNRESOLVED: gcc.dg/atomic-flag.c compilation failed to produce executable
FAIL: gcc.dg/uninit-13.c unconditional (test for warnings, line 8)
FAIL: gcc.dg/uninit-13.c (test for excess errors)
FAIL: gcc.dg/torture/builtin-complex-1.c -O2 execution test
FAIL: gcc.dg/torture/builtin-complex-1.c -O2 -flto -fno-use-linker-plugin -flto-partition=none execution test
FAIL: gcc.dg/torture/builtin-complex-1.c -O2 -flto -fuse-linker-plugin -fno-fat-lto-objects execution test
FAIL: gcc.dg/torture/pr51106-2.c -O0 (internal compiler error)
FAIL: gcc.dg/torture/pr51106-2.c -O0 (test for excess errors)
FAIL: gcc.dg/torture/pr51106-2.c -O1 (internal compiler error)
FAIL: gcc.dg/torture/pr51106-2.c -O1 (test for excess errors)
FAIL: gcc.dg/torture/pr51106-2.c -O2 (internal compiler error)
FAIL: gcc.dg/torture/pr51106-2.c -O2 (test for excess errors)
FAIL: gcc.dg/torture/pr51106-2.c -O3 -fomit-frame-pointer (internal compiler error)
FAIL: gcc.dg/torture/pr51106-2.c -O3 -fomit-frame-pointer (test for excess errors)
FAIL: gcc.dg/torture/pr51106-2.c -O3 -g (internal compiler error)
FAIL: gcc.dg/torture/pr51106-2.c -O3 -g (test for excess errors)
FAIL: gcc.dg/torture/pr51106-2.c -Os (internal compiler error)
FAIL: gcc.dg/torture/pr51106-2.c -Os (test for excess errors)
FAIL: gcc.dg/torture/pr51106-2.c -O2 -flto -fno-use-linker-plugin -flto-partition=none (internal compiler error)
FAIL: gcc.dg/torture/pr51106-2.c -O2 -flto -fno-use-linker-plugin -flto-partition=none (test for excess errors)
FAIL: gcc.dg/tree-ssa/sra-12.c scan-tree-dump-times release_ssa "l;" 0
FAIL: gcc.dg/tree-ssa/ssa-dom-thread-3.c (test for excess errors)
UNRESOLVED: gcc.dg/tree-ssa/ssa-dom-thread-3.c scan-tree-dump-times dom1 "Threaded" 1
UNRESOLVED: gcc.dg/tree-ssa/ssa-dom-thread-3.c scan-tree-dump-times dom1 "one or more intermediate" 1
FAIL: gcc.target/arm/pr42172-1.c scan-assembler-times ldr 1
FAIL: gcc.target/arm/unsigned-extend-1.c scan-assembler-not uxtb
=== gcc Summary ===
# of expected passes 72607
# of unexpected failures 46
# of expected failures 104
# of unresolved testcases 23
# of unsupported tests 3481
/scratch/gcc/nightly-2012-04-16-mainline/arm-none-eabi/obj/test-mainline-0-arm-none-eabi/host-i686-pc-linux-gnu/fsf-mainline/bin/arm-none-eabi-gcc version 4.8.0 20120416 (experimental) (GCC)
=== Summary adjusted for local xfails ===
# of unexpected failures 46
# of expected passes 72607
# of expected failures 104
# of unresolved testcases 23
# of unsupported tests 3481
Host is i686-pc-linux-gnu
=== gcc tests ===
Running target arm-sim-fsf/-mthumb
FAIL: gcc.dg/compat/fnptr-by-value-1 c_compat_x_alt.o compile
FAIL: gcc.dg/compat/fnptr-by-value-1 c_compat_y_alt.o compile
UNRESOLVED: gcc.dg/compat/fnptr-by-value-1 c_compat_x_tst.o-c_compat_y_alt.o link
UNRESOLVED: gcc.dg/compat/fnptr-by-value-1 c_compat_x_tst.o-c_compat_y_alt.o execute
UNRESOLVED: gcc.dg/compat/fnptr-by-value-1 c_compat_x_alt.o-c_compat_y_tst.o link
UNRESOLVED: gcc.dg/compat/fnptr-by-value-1 c_compat_x_alt.o-c_compat_y_tst.o execute
UNRESOLVED: gcc.dg/compat/fnptr-by-value-1 c_compat_x_alt.o-c_compat_y_alt.o link
UNRESOLVED: gcc.dg/compat/fnptr-by-value-1 c_compat_x_alt.o-c_compat_y_alt.o execute
FAIL: gcc.dg/compat/scalar-by-value-1 c_compat_x_alt.o compile
FAIL: gcc.dg/compat/scalar-by-value-1 c_compat_y_alt.o compile
UNRESOLVED: gcc.dg/compat/scalar-by-value-1 c_compat_x_tst.o-c_compat_y_alt.o link
UNRESOLVED: gcc.dg/compat/scalar-by-value-1 c_compat_x_tst.o-c_compat_y_alt.o execute
UNRESOLVED: gcc.dg/compat/scalar-by-value-1 c_compat_x_alt.o-c_compat_y_tst.o link
UNRESOLVED: gcc.dg/compat/scalar-by-value-1 c_compat_x_alt.o-c_compat_y_tst.o execute
UNRESOLVED: gcc.dg/compat/scalar-by-value-1 c_compat_x_alt.o-c_compat_y_alt.o link
UNRESOLVED: gcc.dg/compat/scalar-by-value-1 c_compat_x_alt.o-c_compat_y_alt.o execute
FAIL: gcc.dg/compat/scalar-by-value-2 c_compat_x_alt.o compile
FAIL: gcc.dg/compat/scalar-by-value-2 c_compat_y_alt.o compile
UNRESOLVED: gcc.dg/compat/scalar-by-value-2 c_compat_x_tst.o-c_compat_y_alt.o link
UNRESOLVED: gcc.dg/compat/scalar-by-value-2 c_compat_x_tst.o-c_compat_y_alt.o execute
UNRESOLVED: gcc.dg/compat/scalar-by-value-2 c_compat_x_alt.o-c_compat_y_tst.o link
UNRESOLVED: gcc.dg/compat/scalar-by-value-2 c_compat_x_alt.o-c_compat_y_tst.o execute
UNRESOLVED: gcc.dg/compat/scalar-by-value-2 c_compat_x_alt.o-c_compat_y_alt.o link
UNRESOLVED: gcc.dg/compat/scalar-by-value-2 c_compat_x_alt.o-c_compat_y_alt.o execute
FAIL: gcc.dg/compat/scalar-by-value-3 c_compat_x_alt.o compile
FAIL: gcc.dg/compat/scalar-by-value-3 c_compat_y_alt.o compile
UNRESOLVED: gcc.dg/compat/scalar-by-value-3 c_compat_x_tst.o-c_compat_y_alt.o link
UNRESOLVED: gcc.dg/compat/scalar-by-value-3 c_compat_x_tst.o-c_compat_y_alt.o execute
UNRESOLVED: gcc.dg/compat/scalar-by-value-3 c_compat_x_alt.o-c_compat_y_tst.o link
UNRESOLVED: gcc.dg/compat/scalar-by-value-3 c_compat_x_alt.o-c_compat_y_tst.o execute
UNRESOLVED: gcc.dg/compat/scalar-by-value-3 c_compat_x_alt.o-c_compat_y_alt.o link
UNRESOLVED: gcc.dg/compat/scalar-by-value-3 c_compat_x_alt.o-c_compat_y_alt.o execute
FAIL: gcc.dg/compat/scalar-by-value-4 c_compat_x_alt.o compile
FAIL: gcc.dg/compat/scalar-by-value-4 c_compat_y_alt.o compile
UNRESOLVED: gcc.dg/compat/scalar-by-value-4 c_compat_x_tst.o-c_compat_y_alt.o link
UNRESOLVED: gcc.dg/compat/scalar-by-value-4 c_compat_x_tst.o-c_compat_y_alt.o execute
UNRESOLVED: gcc.dg/compat/scalar-by-value-4 c_compat_x_alt.o-c_compat_y_tst.o link
UNRESOLVED: gcc.dg/compat/scalar-by-value-4 c_compat_x_alt.o-c_compat_y_tst.o execute
UNRESOLVED: gcc.dg/compat/scalar-by-value-4 c_compat_x_alt.o-c_compat_y_alt.o link
UNRESOLVED: gcc.dg/compat/scalar-by-value-4 c_compat_x_alt.o-c_compat_y_alt.o execute
FAIL: gcc.dg/compat/scalar-by-value-5 c_compat_x_alt.o compile
FAIL: gcc.dg/compat/scalar-by-value-5 c_compat_y_alt.o compile
UNRESOLVED: gcc.dg/compat/scalar-by-value-5 c_compat_x_tst.o-c_compat_y_alt.o link
UNRESOLVED: gcc.dg/compat/scalar-by-value-5 c_compat_x_tst.o-c_compat_y_alt.o execute
UNRESOLVED: gcc.dg/compat/scalar-by-value-5 c_compat_x_alt.o-c_compat_y_tst.o link
UNRESOLVED: gcc.dg/compat/scalar-by-value-5 c_compat_x_alt.o-c_compat_y_tst.o execute
UNRESOLVED: gcc.dg/compat/scalar-by-value-5 c_compat_x_alt.o-c_compat_y_alt.o link
UNRESOLVED: gcc.dg/compat/scalar-by-value-5 c_compat_x_alt.o-c_compat_y_alt.o execute
FAIL: gcc.dg/compat/scalar-by-value-6 c_compat_x_alt.o compile
FAIL: gcc.dg/compat/scalar-by-value-6 c_compat_y_alt.o compile
UNRESOLVED: gcc.dg/compat/scalar-by-value-6 c_compat_x_tst.o-c_compat_y_alt.o link
UNRESOLVED: gcc.dg/compat/scalar-by-value-6 c_compat_x_tst.o-c_compat_y_alt.o execute
UNRESOLVED: gcc.dg/compat/scalar-by-value-6 c_compat_x_alt.o-c_compat_y_tst.o link
UNRESOLVED: gcc.dg/compat/scalar-by-value-6 c_compat_x_alt.o-c_compat_y_tst.o execute
UNRESOLVED: gcc.dg/compat/scalar-by-value-6 c_compat_x_alt.o-c_compat_y_alt.o link
UNRESOLVED: gcc.dg/compat/scalar-by-value-6 c_compat_x_alt.o-c_compat_y_alt.o execute
FAIL: gcc.dg/compat/scalar-return-1 c_compat_x_alt.o compile
FAIL: gcc.dg/compat/scalar-return-1 c_compat_y_alt.o compile
UNRESOLVED: gcc.dg/compat/scalar-return-1 c_compat_x_tst.o-c_compat_y_alt.o link
UNRESOLVED: gcc.dg/compat/scalar-return-1 c_compat_x_tst.o-c_compat_y_alt.o execute
UNRESOLVED: gcc.dg/compat/scalar-return-1 c_compat_x_alt.o-c_compat_y_tst.o link
UNRESOLVED: gcc.dg/compat/scalar-return-1 c_compat_x_alt.o-c_compat_y_tst.o execute
UNRESOLVED: gcc.dg/compat/scalar-return-1 c_compat_x_alt.o-c_compat_y_alt.o link
UNRESOLVED: gcc.dg/compat/scalar-return-1 c_compat_x_alt.o-c_compat_y_alt.o execute
FAIL: gcc.dg/compat/scalar-return-2 c_compat_x_alt.o compile
FAIL: gcc.dg/compat/scalar-return-2 c_compat_y_alt.o compile
UNRESOLVED: gcc.dg/compat/scalar-return-2 c_compat_x_tst.o-c_compat_y_alt.o link
UNRESOLVED: gcc.dg/compat/scalar-return-2 c_compat_x_tst.o-c_compat_y_alt.o execute
UNRESOLVED: gcc.dg/compat/scalar-return-2 c_compat_x_alt.o-c_compat_y_tst.o link
UNRESOLVED: gcc.dg/compat/scalar-return-2 c_compat_x_alt.o-c_compat_y_tst.o execute
UNRESOLVED: gcc.dg/compat/scalar-return-2 c_compat_x_alt.o-c_compat_y_alt.o link
UNRESOLVED: gcc.dg/compat/scalar-return-2 c_compat_x_alt.o-c_compat_y_alt.o execute
FAIL: gcc.dg/compat/scalar-return-3 c_compat_x_alt.o compile
FAIL: gcc.dg/compat/scalar-return-3 c_compat_y_alt.o compile
UNRESOLVED: gcc.dg/compat/scalar-return-3 c_compat_x_tst.o-c_compat_y_alt.o link
UNRESOLVED: gcc.dg/compat/scalar-return-3 c_compat_x_tst.o-c_compat_y_alt.o execute
UNRESOLVED: gcc.dg/compat/scalar-return-3 c_compat_x_alt.o-c_compat_y_tst.o link
UNRESOLVED: gcc.dg/compat/scalar-return-3 c_compat_x_alt.o-c_compat_y_tst.o execute
UNRESOLVED: gcc.dg/compat/scalar-return-3 c_compat_x_alt.o-c_compat_y_alt.o link
UNRESOLVED: gcc.dg/compat/scalar-return-3 c_compat_x_alt.o-c_compat_y_alt.o execute
FAIL: gcc.dg/compat/scalar-return-4 c_compat_x_alt.o compile
FAIL: gcc.dg/compat/scalar-return-4 c_compat_y_alt.o compile
UNRESOLVED: gcc.dg/compat/scalar-return-4 c_compat_x_tst.o-c_compat_y_alt.o link
UNRESOLVED: gcc.dg/compat/scalar-return-4 c_compat_x_tst.o-c_compat_y_alt.o execute
UNRESOLVED: gcc.dg/compat/scalar-return-4 c_compat_x_alt.o-c_compat_y_tst.o link
UNRESOLVED: gcc.dg/compat/scalar-return-4 c_compat_x_alt.o-c_compat_y_tst.o execute
UNRESOLVED: gcc.dg/compat/scalar-return-4 c_compat_x_alt.o-c_compat_y_alt.o link
UNRESOLVED: gcc.dg/compat/scalar-return-4 c_compat_x_alt.o-c_compat_y_alt.o execute
FAIL: gcc.dg/compat/sdata-1 c_compat_x_alt.o compile
FAIL: gcc.dg/compat/sdata-1 c_compat_y_alt.o compile
UNRESOLVED: gcc.dg/compat/sdata-1 c_compat_x_tst.o-c_compat_y_alt.o link
UNRESOLVED: gcc.dg/compat/sdata-1 c_compat_x_tst.o-c_compat_y_alt.o execute
UNRESOLVED: gcc.dg/compat/sdata-1 c_compat_x_alt.o-c_compat_y_tst.o link
UNRESOLVED: gcc.dg/compat/sdata-1 c_compat_x_alt.o-c_compat_y_tst.o execute
UNRESOLVED: gcc.dg/compat/sdata-1 c_compat_x_alt.o-c_compat_y_alt.o link
UNRESOLVED: gcc.dg/compat/sdata-1 c_compat_x_alt.o-c_compat_y_alt.o execute
FAIL: gcc.dg/compat/struct-align-1 c_compat_x_alt.o compile
FAIL: gcc.dg/compat/struct-align-1 c_compat_y_alt.o compile
UNRESOLVED: gcc.dg/compat/struct-align-1 c_compat_x_tst.o-c_compat_y_alt.o link
UNRESOLVED: gcc.dg/compat/struct-align-1 c_compat_x_tst.o-c_compat_y_alt.o execute
UNRESOLVED: gcc.dg/compat/struct-align-1 c_compat_x_alt.o-c_compat_y_tst.o link
UNRESOLVED: gcc.dg/compat/struct-align-1 c_compat_x_alt.o-c_compat_y_tst.o execute
UNRESOLVED: gcc.dg/compat/struct-align-1 c_compat_x_alt.o-c_compat_y_alt.o link
UNRESOLVED: gcc.dg/compat/struct-align-1 c_compat_x_alt.o-c_compat_y_alt.o execute
FAIL: gcc.dg/compat/struct-align-2 c_compat_x_alt.o compile
FAIL: gcc.dg/compat/struct-align-2 c_compat_y_alt.o compile
UNRESOLVED: gcc.dg/compat/struct-align-2 c_compat_x_tst.o-c_compat_y_alt.o link
UNRESOLVED: gcc.dg/compat/struct-align-2 c_compat_x_tst.o-c_compat_y_alt.o execute
UNRESOLVED: gcc.dg/compat/struct-align-2 c_compat_x_alt.o-c_compat_y_tst.o link
UNRESOLVED: gcc.dg/compat/struct-align-2 c_compat_x_alt.o-c_compat_y_tst.o execute
UNRESOLVED: gcc.dg/compat/struct-align-2 c_compat_x_alt.o-c_compat_y_alt.o link
UNRESOLVED: gcc.dg/compat/struct-align-2 c_compat_x_alt.o-c_compat_y_alt.o execute
FAIL: gcc.dg/compat/struct-by-value-10 c_compat_x_alt.o compile
FAIL: gcc.dg/compat/struct-by-value-10 c_compat_y_alt.o compile
UNRESOLVED: gcc.dg/compat/struct-by-value-10 c_compat_x_tst.o-c_compat_y_alt.o link
UNRESOLVED: gcc.dg/compat/struct-by-value-10 c_compat_x_tst.o-c_compat_y_alt.o execute
UNRESOLVED: gcc.dg/compat/struct-by-value-10 c_compat_x_alt.o-c_compat_y_tst.o link
UNRESOLVED: gcc.dg/compat/struct-by-value-10 c_compat_x_alt.o-c_compat_y_tst.o execute
UNRESOLVED: gcc.dg/compat/struct-by-value-10 c_compat_x_alt.o-c_compat_y_alt.o link
UNRESOLVED: gcc.dg/compat/struct-by-value-10 c_compat_x_alt.o-c_compat_y_alt.o execute
FAIL: gcc.dg/compat/struct-by-value-11 c_compat_x_alt.o compile
FAIL: gcc.dg/compat/struct-by-value-11 c_compat_y_alt.o compile
UNRESOLVED: gcc.dg/compat/struct-by-value-11 c_compat_x_tst.o-c_compat_y_alt.o link
UNRESOLVED: gcc.dg/compat/struct-by-value-11 c_compat_x_tst.o-c_compat_y_alt.o execute
UNRESOLVED: gcc.dg/compat/struct-by-value-11 c_compat_x_alt.o-c_compat_y_tst.o link
UNRESOLVED: gcc.dg/compat/struct-by-value-11 c_compat_x_alt.o-c_compat_y_tst.o execute
UNRESOLVED: gcc.dg/compat/struct-by-value-11 c_compat_x_alt.o-c_compat_y_alt.o link
UNRESOLVED: gcc.dg/compat/struct-by-value-11 c_compat_x_alt.o-c_compat_y_alt.o execute
FAIL: gcc.dg/compat/struct-by-value-12 c_compat_x_alt.o compile
FAIL: gcc.dg/compat/struct-by-value-12 c_compat_y_alt.o compile
UNRESOLVED: gcc.dg/compat/struct-by-value-12 c_compat_x_tst.o-c_compat_y_alt.o link
UNRESOLVED: gcc.dg/compat/struct-by-value-12 c_compat_x_tst.o-c_compat_y_alt.o execute
UNRESOLVED: gcc.dg/compat/struct-by-value-12 c_compat_x_alt.o-c_compat_y_tst.o link
UNRESOLVED: gcc.dg/compat/struct-by-value-12 c_compat_x_alt.o-c_compat_y_tst.o execute
UNRESOLVED: gcc.dg/compat/struct-by-value-12 c_compat_x_alt.o-c_compat_y_alt.o link
UNRESOLVED: gcc.dg/compat/struct-by-value-12 c_compat_x_alt.o-c_compat_y_alt.o execute
FAIL: gcc.dg/compat/struct-by-value-13 c_compat_x_alt.o compile
FAIL: gcc.dg/compat/struct-by-value-13 c_compat_y_alt.o compile
UNRESOLVED: gcc.dg/compat/struct-by-value-13 c_compat_x_tst.o-c_compat_y_alt.o link
UNRESOLVED: gcc.dg/compat/struct-by-value-13 c_compat_x_tst.o-c_compat_y_alt.o execute
UNRESOLVED: gcc.dg/compat/struct-by-value-13 c_compat_x_alt.o-c_compat_y_tst.o link
UNRESOLVED: gcc.dg/compat/struct-by-value-13 c_compat_x_alt.o-c_compat_y_tst.o execute
UNRESOLVED: gcc.dg/compat/struct-by-value-13 c_compat_x_alt.o-c_compat_y_alt.o link
UNRESOLVED: gcc.dg/compat/struct-by-value-13 c_compat_x_alt.o-c_compat_y_alt.o execute
FAIL: gcc.dg/compat/struct-by-value-14 c_compat_x_alt.o compile
FAIL: gcc.dg/compat/struct-by-value-14 c_compat_y_alt.o compile
UNRESOLVED: gcc.dg/compat/struct-by-value-14 c_compat_x_tst.o-c_compat_y_alt.o link
UNRESOLVED: gcc.dg/compat/struct-by-value-14 c_compat_x_tst.o-c_compat_y_alt.o execute
UNRESOLVED: gcc.dg/compat/struct-by-value-14 c_compat_x_alt.o-c_compat_y_tst.o link
UNRESOLVED: gcc.dg/compat/struct-by-value-14 c_compat_x_alt.o-c_compat_y_tst.o execute
UNRESOLVED: gcc.dg/compat/struct-by-value-14 c_compat_x_alt.o-c_compat_y_alt.o link
UNRESOLVED: gcc.dg/compat/struct-by-value-14 c_compat_x_alt.o-c_compat_y_alt.o execute
FAIL: gcc.dg/compat/struct-by-value-15 c_compat_x_alt.o compile
FAIL: gcc.dg/compat/struct-by-value-15 c_compat_y_alt.o compile
UNRESOLVED: gcc.dg/compat/struct-by-value-15 c_compat_x_tst.o-c_compat_y_alt.o link
UNRESOLVED: gcc.dg/compat/struct-by-value-15 c_compat_x_tst.o-c_compat_y_alt.o execute
UNRESOLVED: gcc.dg/compat/struct-by-value-15 c_compat_x_alt.o-c_compat_y_tst.o link
UNRESOLVED: gcc.dg/compat/struct-by-value-15 c_compat_x_alt.o-c_compat_y_tst.o execute
UNRESOLVED: gcc.dg/compat/struct-by-value-15 c_compat_x_alt.o-c_compat_y_alt.o link
UNRESOLVED: gcc.dg/compat/struct-by-value-15 c_compat_x_alt.o-c_compat_y_alt.o execute
FAIL: gcc.dg/compat/struct-by-value-16 c_compat_x_alt.o compile
FAIL: gcc.dg/compat/struct-by-value-16 c_compat_y_alt.o compile
UNRESOLVED: gcc.dg/compat/struct-by-value-16 c_compat_x_tst.o-c_compat_y_alt.o link
UNRESOLVED: gcc.dg/compat/struct-by-value-16 c_compat_x_tst.o-c_compat_y_alt.o execute
UNRESOLVED: gcc.dg/compat/struct-by-value-16 c_compat_x_alt.o-c_compat_y_tst.o link
UNRESOLVED: gcc.dg/compat/struct-by-value-16 c_compat_x_alt.o-c_compat_y_tst.o execute
UNRESOLVED: gcc.dg/compat/struct-by-value-16 c_compat_x_alt.o-c_compat_y_alt.o link
UNRESOLVED: gcc.dg/compat/struct-by-value-16 c_compat_x_alt.o-c_compat_y_alt.o execute
FAIL: gcc.dg/compat/struct-by-value-16a c_compat_x_alt.o compile
FAIL: gcc.dg/compat/struct-by-value-16a c_compat_y_alt.o compile
UNRESOLVED: gcc.dg/compat/struct-by-value-16a c_compat_x_tst.o-c_compat_y_alt.o link
UNRESOLVED: gcc.dg/compat/struct-by-value-16a c_compat_x_tst.o-c_compat_y_alt.o execute
UNRESOLVED: gcc.dg/compat/struct-by-value-16a c_compat_x_alt.o-c_compat_y_tst.o link
UNRESOLVED: gcc.dg/compat/struct-by-value-16a c_compat_x_alt.o-c_compat_y_tst.o execute
UNRESOLVED: gcc.dg/compat/struct-by-value-16a c_compat_x_alt.o-c_compat_y_alt.o link
UNRESOLVED: gcc.dg/compat/struct-by-value-16a c_compat_x_alt.o-c_compat_y_alt.o execute
FAIL: gcc.dg/compat/struct-by-value-17 c_compat_x_alt.o compile
FAIL: gcc.dg/compat/struct-by-value-17 c_compat_y_alt.o compile
UNRESOLVED: gcc.dg/compat/struct-by-value-17 c_compat_x_tst.o-c_compat_y_alt.o link
UNRESOLVED: gcc.dg/compat/struct-by-value-17 c_compat_x_tst.o-c_compat_y_alt.o execute
UNRESOLVED: gcc.dg/compat/struct-by-value-17 c_compat_x_alt.o-c_compat_y_tst.o link
UNRESOLVED: gcc.dg/compat/struct-by-value-17 c_compat_x_alt.o-c_compat_y_tst.o execute
UNRESOLVED: gcc.dg/compat/struct-by-value-17 c_compat_x_alt.o-c_compat_y_alt.o link
UNRESOLVED: gcc.dg/compat/struct-by-value-17 c_compat_x_alt.o-c_compat_y_alt.o execute
FAIL: gcc.dg/compat/struct-by-value-17a c_compat_x_alt.o compile
FAIL: gcc.dg/compat/struct-by-value-17a c_compat_y_alt.o compile
UNRESOLVED: gcc.dg/compat/struct-by-value-17a c_compat_x_tst.o-c_compat_y_alt.o link
UNRESOLVED: gcc.dg/compat/struct-by-value-17a c_compat_x_tst.o-c_compat_y_alt.o execute
UNRESOLVED: gcc.dg/compat/struct-by-value-17a c_compat_x_alt.o-c_compat_y_tst.o link
UNRESOLVED: gcc.dg/compat/struct-by-value-17a c_compat_x_alt.o-c_compat_y_tst.o execute
UNRESOLVED: gcc.dg/compat/struct-by-value-17a c_compat_x_alt.o-c_compat_y_alt.o link
UNRESOLVED: gcc.dg/compat/struct-by-value-17a c_compat_x_alt.o-c_compat_y_alt.o execute
FAIL: gcc.dg/compat/struct-by-value-18 c_compat_x_alt.o compile
FAIL: gcc.dg/compat/struct-by-value-18 c_compat_y_alt.o compile
UNRESOLVED: gcc.dg/compat/struct-by-value-18 c_compat_x_tst.o-c_compat_y_alt.o link
UNRESOLVED: gcc.dg/compat/struct-by-value-18 c_compat_x_tst.o-c_compat_y_alt.o execute
UNRESOLVED: gcc.dg/compat/struct-by-value-18 c_compat_x_alt.o-c_compat_y_tst.o link
UNRESOLVED: gcc.dg/compat/struct-by-value-18 c_compat_x_alt.o-c_compat_y_tst.o execute
UNRESOLVED: gcc.dg/compat/struct-by-value-18 c_compat_x_alt.o-c_compat_y_alt.o link
UNRESOLVED: gcc.dg/compat/struct-by-value-18 c_compat_x_alt.o-c_compat_y_alt.o execute
FAIL: gcc.dg/compat/struct-by-value-18a c_compat_x_alt.o compile
FAIL: gcc.dg/compat/struct-by-value-18a c_compat_y_alt.o compile
UNRESOLVED: gcc.dg/compat/struct-by-value-18a c_compat_x_tst.o-c_compat_y_alt.o link
UNRESOLVED: gcc.dg/compat/struct-by-value-18a c_compat_x_tst.o-c_compat_y_alt.o execute
UNRESOLVED: gcc.dg/compat/struct-by-value-18a c_compat_x_alt.o-c_compat_y_tst.o link
UNRESOLVED: gcc.dg/compat/struct-by-value-18a c_compat_x_alt.o-c_compat_y_tst.o execute
UNRESOLVED: gcc.dg/compat/struct-by-value-18a c_compat_x_alt.o-c_compat_y_alt.o link
UNRESOLVED: gcc.dg/compat/struct-by-value-18a c_compat_x_alt.o-c_compat_y_alt.o execute
FAIL: gcc.dg/compat/struct-by-value-19 c_compat_x_alt.o compile
FAIL: gcc.dg/compat/struct-by-value-19 c_compat_y_alt.o compile
UNRESOLVED: gcc.dg/compat/struct-by-value-19 c_compat_x_tst.o-c_compat_y_alt.o link
UNRESOLVED: gcc.dg/compat/struct-by-value-19 c_compat_x_tst.o-c_compat_y_alt.o execute
UNRESOLVED: gcc.dg/compat/struct-by-value-19 c_compat_x_alt.o-c_compat_y_tst.o link
UNRESOLVED: gcc.dg/compat/struct-by-value-19 c_compat_x_alt.o-c_compat_y_tst.o execute
UNRESOLVED: gcc.dg/compat/struct-by-value-19 c_compat_x_alt.o-c_compat_y_alt.o link
UNRESOLVED: gcc.dg/compat/struct-by-value-19 c_compat_x_alt.o-c_compat_y_alt.o execute
FAIL: gcc.dg/compat/struct-by-value-1 c_compat_x_alt.o compile
FAIL: gcc.dg/compat/struct-by-value-1 c_compat_y_alt.o compile
UNRESOLVED: gcc.dg/compat/struct-by-value-1 c_compat_x_tst.o-c_compat_y_alt.o link
UNRESOLVED: gcc.dg/compat/struct-by-value-1 c_compat_x_tst.o-c_compat_y_alt.o execute
UNRESOLVED: gcc.dg/compat/struct-by-value-1 c_compat_x_alt.o-c_compat_y_tst.o link
UNRESOLVED: gcc.dg/compat/struct-by-value-1 c_compat_x_alt.o-c_compat_y_tst.o execute
UNRESOLVED: gcc.dg/compat/struct-by-value-1 c_compat_x_alt.o-c_compat_y_alt.o link
UNRESOLVED: gcc.dg/compat/struct-by-value-1 c_compat_x_alt.o-c_compat_y_alt.o execute
FAIL: gcc.dg/compat/struct-by-value-20 c_compat_x_alt.o compile
FAIL: gcc.dg/compat/struct-by-value-20 c_compat_y_alt.o compile
UNRESOLVED: gcc.dg/compat/struct-by-value-20 c_compat_x_tst.o-c_compat_y_alt.o link
UNRESOLVED: gcc.dg/compat/struct-by-value-20 c_compat_x_tst.o-c_compat_y_alt.o execute
UNRESOLVED: gcc.dg/compat/struct-by-value-20 c_compat_x_alt.o-c_compat_y_tst.o link
UNRESOLVED: gcc.dg/compat/struct-by-value-20 c_compat_x_alt.o-c_compat_y_tst.o execute
UNRESOLVED: gcc.dg/compat/struct-by-value-20 c_compat_x_alt.o-c_compat_y_alt.o link
UNRESOLVED: gcc.dg/compat/struct-by-value-20 c_compat_x_alt.o-c_compat_y_alt.o execute
FAIL: gcc.dg/compat/struct-by-value-21 c_compat_x_alt.o compile
FAIL: gcc.dg/compat/struct-by-value-21 c_compat_y_alt.o compile
UNRESOLVED: gcc.dg/compat/struct-by-value-21 c_compat_x_tst.o-c_compat_y_alt.o link
UNRESOLVED: gcc.dg/compat/struct-by-value-21 c_compat_x_tst.o-c_compat_y_alt.o execute
UNRESOLVED: gcc.dg/compat/struct-by-value-21 c_compat_x_alt.o-c_compat_y_tst.o link
UNRESOLVED: gcc.dg/compat/struct-by-value-21 c_compat_x_alt.o-c_compat_y_tst.o execute
UNRESOLVED: gcc.dg/compat/struct-by-value-21 c_compat_x_alt.o-c_compat_y_alt.o link
UNRESOLVED: gcc.dg/compat/struct-by-value-21 c_compat_x_alt.o-c_compat_y_alt.o execute
FAIL: gcc.dg/compat/struct-by-value-22 c_compat_x_alt.o compile
FAIL: gcc.dg/compat/struct-by-value-22 c_compat_y_alt.o compile
UNRESOLVED: gcc.dg/compat/struct-by-value-22 c_compat_x_tst.o-c_compat_y_alt.o link
UNRESOLVED: gcc.dg/compat/struct-by-value-22 c_compat_x_tst.o-c_compat_y_alt.o execute
UNRESOLVED: gcc.dg/compat/struct-by-value-22 c_compat_x_alt.o-c_compat_y_tst.o link
UNRESOLVED: gcc.dg/compat/struct-by-value-22 c_compat_x_alt.o-c_compat_y_tst.o execute
UNRESOLVED: gcc.dg/compat/struct-by-value-22 c_compat_x_alt.o-c_compat_y_alt.o link
UNRESOLVED: gcc.dg/compat/struct-by-value-22 c_compat_x_alt.o-c_compat_y_alt.o execute
FAIL: gcc.dg/compat/struct-by-value-2 c_compat_x_alt.o compile
FAIL: gcc.dg/compat/struct-by-value-2 c_compat_y_alt.o compile
UNRESOLVED: gcc.dg/compat/struct-by-value-2 c_compat_x_tst.o-c_compat_y_alt.o link
UNRESOLVED: gcc.dg/compat/struct-by-value-2 c_compat_x_tst.o-c_compat_y_alt.o execute
UNRESOLVED: gcc.dg/compat/struct-by-value-2 c_compat_x_alt.o-c_compat_y_tst.o link
UNRESOLVED: gcc.dg/compat/struct-by-value-2 c_compat_x_alt.o-c_compat_y_tst.o execute
UNRESOLVED: gcc.dg/compat/struct-by-value-2 c_compat_x_alt.o-c_compat_y_alt.o link
UNRESOLVED: gcc.dg/compat/struct-by-value-2 c_compat_x_alt.o-c_compat_y_alt.o execute
FAIL: gcc.dg/compat/struct-by-value-3 c_compat_x_alt.o compile
FAIL: gcc.dg/compat/struct-by-value-3 c_compat_y_alt.o compile
UNRESOLVED: gcc.dg/compat/struct-by-value-3 c_compat_x_tst.o-c_compat_y_alt.o link
UNRESOLVED: gcc.dg/compat/struct-by-value-3 c_compat_x_tst.o-c_compat_y_alt.o execute
UNRESOLVED: gcc.dg/compat/struct-by-value-3 c_compat_x_alt.o-c_compat_y_tst.o link
UNRESOLVED: gcc.dg/compat/struct-by-value-3 c_compat_x_alt.o-c_compat_y_tst.o execute
UNRESOLVED: gcc.dg/compat/struct-by-value-3 c_compat_x_alt.o-c_compat_y_alt.o link
UNRESOLVED: gcc.dg/compat/struct-by-value-3 c_compat_x_alt.o-c_compat_y_alt.o execute
FAIL: gcc.dg/compat/struct-by-value-4 c_compat_x_alt.o compile
FAIL: gcc.dg/compat/struct-by-value-4 c_compat_y_alt.o compile
UNRESOLVED: gcc.dg/compat/struct-by-value-4 c_compat_x_tst.o-c_compat_y_alt.o link
UNRESOLVED: gcc.dg/compat/struct-by-value-4 c_compat_x_tst.o-c_compat_y_alt.o execute
UNRESOLVED: gcc.dg/compat/struct-by-value-4 c_compat_x_alt.o-c_compat_y_tst.o link
UNRESOLVED: gcc.dg/compat/struct-by-value-4 c_compat_x_alt.o-c_compat_y_tst.o execute
UNRESOLVED: gcc.dg/compat/struct-by-value-4 c_compat_x_alt.o-c_compat_y_alt.o link
UNRESOLVED: gcc.dg/compat/struct-by-value-4 c_compat_x_alt.o-c_compat_y_alt.o execute
FAIL: gcc.dg/compat/struct-by-value-5a c_compat_x_alt.o compile
FAIL: gcc.dg/compat/struct-by-value-5a c_compat_y_alt.o compile
UNRESOLVED: gcc.dg/compat/struct-by-value-5a c_compat_x_tst.o-c_compat_y_alt.o link
UNRESOLVED: gcc.dg/compat/struct-by-value-5a c_compat_x_tst.o-c_compat_y_alt.o execute
UNRESOLVED: gcc.dg/compat/struct-by-value-5a c_compat_x_alt.o-c_compat_y_tst.o link
UNRESOLVED: gcc.dg/compat/struct-by-value-5a c_compat_x_alt.o-c_compat_y_tst.o execute
UNRESOLVED: gcc.dg/compat/struct-by-value-5a c_compat_x_alt.o-c_compat_y_alt.o link
UNRESOLVED: gcc.dg/compat/struct-by-value-5a c_compat_x_alt.o-c_compat_y_alt.o execute
FAIL: gcc.dg/compat/struct-by-value-5b c_compat_x_alt.o compile
FAIL: gcc.dg/compat/struct-by-value-5b c_compat_y_alt.o compile
UNRESOLVED: gcc.dg/compat/struct-by-value-5b c_compat_x_tst.o-c_compat_y_alt.o link
UNRESOLVED: gcc.dg/compat/struct-by-value-5b c_compat_x_tst.o-c_compat_y_alt.o execute
UNRESOLVED: gcc.dg/compat/struct-by-value-5b c_compat_x_alt.o-c_compat_y_tst.o link
UNRESOLVED: gcc.dg/compat/struct-by-value-5b c_compat_x_alt.o-c_compat_y_tst.o execute
UNRESOLVED: gcc.dg/compat/struct-by-value-5b c_compat_x_alt.o-c_compat_y_alt.o link
UNRESOLVED: gcc.dg/compat/struct-by-value-5b c_compat_x_alt.o-c_compat_y_alt.o execute
FAIL: gcc.dg/compat/struct-by-value-6a c_compat_x_alt.o compile
FAIL: gcc.dg/compat/struct-by-value-6a c_compat_y_alt.o compile
UNRESOLVED: gcc.dg/compat/struct-by-value-6a c_compat_x_tst.o-c_compat_y_alt.o link
UNRESOLVED: gcc.dg/compat/struct-by-value-6a c_compat_x_tst.o-c_compat_y_alt.o execute
UNRESOLVED: gcc.dg/compat/struct-by-value-6a c_compat_x_alt.o-c_compat_y_tst.o link
UNRESOLVED: gcc.dg/compat/struct-by-value-6a c_compat_x_alt.o-c_compat_y_tst.o execute
UNRESOLVED: gcc.dg/compat/struct-by-value-6a c_compat_x_alt.o-c_compat_y_alt.o link
UNRESOLVED: gcc.dg/compat/struct-by-value-6a c_compat_x_alt.o-c_compat_y_alt.o execute
FAIL: gcc.dg/compat/struct-by-value-6b c_compat_x_alt.o compile
FAIL: gcc.dg/compat/struct-by-value-6b c_compat_y_alt.o compile
UNRESOLVED: gcc.dg/compat/struct-by-value-6b c_compat_x_tst.o-c_compat_y_alt.o link
UNRESOLVED: gcc.dg/compat/struct-by-value-6b c_compat_x_tst.o-c_compat_y_alt.o execute
UNRESOLVED: gcc.dg/compat/struct-by-value-6b c_compat_x_alt.o-c_compat_y_tst.o link
UNRESOLVED: gcc.dg/compat/struct-by-value-6b c_compat_x_alt.o-c_compat_y_tst.o execute
UNRESOLVED: gcc.dg/compat/struct-by-value-6b c_compat_x_alt.o-c_compat_y_alt.o link
UNRESOLVED: gcc.dg/compat/struct-by-value-6b c_compat_x_alt.o-c_compat_y_alt.o execute
FAIL: gcc.dg/compat/struct-by-value-7a c_compat_x_alt.o compile
FAIL: gcc.dg/compat/struct-by-value-7a c_compat_y_alt.o compile
UNRESOLVED: gcc.dg/compat/struct-by-value-7a c_compat_x_tst.o-c_compat_y_alt.o link
UNRESOLVED: gcc.dg/compat/struct-by-value-7a c_compat_x_tst.o-c_compat_y_alt.o execute
UNRESOLVED: gcc.dg/compat/struct-by-value-7a c_compat_x_alt.o-c_compat_y_tst.o link
UNRESOLVED: gcc.dg/compat/struct-by-value-7a c_compat_x_alt.o-c_compat_y_tst.o execute
UNRESOLVED: gcc.dg/compat/struct-by-value-7a c_compat_x_alt.o-c_compat_y_alt.o link
UNRESOLVED: gcc.dg/compat/struct-by-value-7a c_compat_x_alt.o-c_compat_y_alt.o execute
FAIL: gcc.dg/compat/struct-by-value-7b c_compat_x_alt.o compile
FAIL: gcc.dg/compat/struct-by-value-7b c_compat_y_alt.o compile
UNRESOLVED: gcc.dg/compat/struct-by-value-7b c_compat_x_tst.o-c_compat_y_alt.o link
UNRESOLVED: gcc.dg/compat/struct-by-value-7b c_compat_x_tst.o-c_compat_y_alt.o execute
UNRESOLVED: gcc.dg/compat/struct-by-value-7b c_compat_x_alt.o-c_compat_y_tst.o link
UNRESOLVED: gcc.dg/compat/struct-by-value-7b c_compat_x_alt.o-c_compat_y_tst.o execute
UNRESOLVED: gcc.dg/compat/struct-by-value-7b c_compat_x_alt.o-c_compat_y_alt.o link
UNRESOLVED: gcc.dg/compat/struct-by-value-7b c_compat_x_alt.o-c_compat_y_alt.o execute
FAIL: gcc.dg/compat/struct-by-value-8 c_compat_x_alt.o compile
FAIL: gcc.dg/compat/struct-by-value-8 c_compat_y_alt.o compile
UNRESOLVED: gcc.dg/compat/struct-by-value-8 c_compat_x_tst.o-c_compat_y_alt.o link
UNRESOLVED: gcc.dg/compat/struct-by-value-8 c_compat_x_tst.o-c_compat_y_alt.o execute
UNRESOLVED: gcc.dg/compat/struct-by-value-8 c_compat_x_alt.o-c_compat_y_tst.o link
UNRESOLVED: gcc.dg/compat/struct-by-value-8 c_compat_x_alt.o-c_compat_y_tst.o execute
UNRESOLVED: gcc.dg/compat/struct-by-value-8 c_compat_x_alt.o-c_compat_y_alt.o link
UNRESOLVED: gcc.dg/compat/struct-by-value-8 c_compat_x_alt.o-c_compat_y_alt.o execute
FAIL: gcc.dg/compat/struct-by-value-9 c_compat_x_alt.o compile
FAIL: gcc.dg/compat/struct-by-value-9 c_compat_y_alt.o compile
UNRESOLVED: gcc.dg/compat/struct-by-value-9 c_compat_x_tst.o-c_compat_y_alt.o link
UNRESOLVED: gcc.dg/compat/struct-by-value-9 c_compat_x_tst.o-c_compat_y_alt.o execute
UNRESOLVED: gcc.dg/compat/struct-by-value-9 c_compat_x_alt.o-c_compat_y_tst.o link
UNRESOLVED: gcc.dg/compat/struct-by-value-9 c_compat_x_alt.o-c_compat_y_tst.o execute
UNRESOLVED: gcc.dg/compat/struct-by-value-9 c_compat_x_alt.o-c_compat_y_alt.o link
UNRESOLVED: gcc.dg/compat/struct-by-value-9 c_compat_x_alt.o-c_compat_y_alt.o execute
FAIL: gcc.dg/compat/struct-complex-1 c_compat_x_alt.o compile
FAIL: gcc.dg/compat/struct-complex-1 c_compat_y_alt.o compile
UNRESOLVED: gcc.dg/compat/struct-complex-1 c_compat_x_tst.o-c_compat_y_alt.o link
UNRESOLVED: gcc.dg/compat/struct-complex-1 c_compat_x_tst.o-c_compat_y_alt.o execute
UNRESOLVED: gcc.dg/compat/struct-complex-1 c_compat_x_alt.o-c_compat_y_tst.o link
UNRESOLVED: gcc.dg/compat/struct-complex-1 c_compat_x_alt.o-c_compat_y_tst.o execute
UNRESOLVED: gcc.dg/compat/struct-complex-1 c_compat_x_alt.o-c_compat_y_alt.o link
UNRESOLVED: gcc.dg/compat/struct-complex-1 c_compat_x_alt.o-c_compat_y_alt.o execute
FAIL: gcc.dg/compat/struct-complex-2 c_compat_x_alt.o compile
FAIL: gcc.dg/compat/struct-complex-2 c_compat_y_alt.o compile
UNRESOLVED: gcc.dg/compat/struct-complex-2 c_compat_x_tst.o-c_compat_y_alt.o link
UNRESOLVED: gcc.dg/compat/struct-complex-2 c_compat_x_tst.o-c_compat_y_alt.o execute
UNRESOLVED: gcc.dg/compat/struct-complex-2 c_compat_x_alt.o-c_compat_y_tst.o link
UNRESOLVED: gcc.dg/compat/struct-complex-2 c_compat_x_alt.o-c_compat_y_tst.o execute
UNRESOLVED: gcc.dg/compat/struct-complex-2 c_compat_x_alt.o-c_compat_y_alt.o link
UNRESOLVED: gcc.dg/compat/struct-complex-2 c_compat_x_alt.o-c_compat_y_alt.o execute
FAIL: gcc.dg/compat/struct-layout-1 c_compat_x_alt.o compile
FAIL: gcc.dg/compat/struct-layout-1 c_compat_y_alt.o compile
UNRESOLVED: gcc.dg/compat/struct-layout-1 c_compat_x_tst.o-c_compat_y_alt.o link
UNRESOLVED: gcc.dg/compat/struct-layout-1 c_compat_x_tst.o-c_compat_y_alt.o execute
UNRESOLVED: gcc.dg/compat/struct-layout-1 c_compat_x_alt.o-c_compat_y_tst.o link
UNRESOLVED: gcc.dg/compat/struct-layout-1 c_compat_x_alt.o-c_compat_y_tst.o execute
UNRESOLVED: gcc.dg/compat/struct-layout-1 c_compat_x_alt.o-c_compat_y_alt.o link
UNRESOLVED: gcc.dg/compat/struct-layout-1 c_compat_x_alt.o-c_compat_y_alt.o execute
FAIL: gcc.dg/compat/struct-return-10 c_compat_x_alt.o compile
FAIL: gcc.dg/compat/struct-return-10 c_compat_y_alt.o compile
UNRESOLVED: gcc.dg/compat/struct-return-10 c_compat_x_tst.o-c_compat_y_alt.o link
UNRESOLVED: gcc.dg/compat/struct-return-10 c_compat_x_tst.o-c_compat_y_alt.o execute
UNRESOLVED: gcc.dg/compat/struct-return-10 c_compat_x_alt.o-c_compat_y_tst.o link
UNRESOLVED: gcc.dg/compat/struct-return-10 c_compat_x_alt.o-c_compat_y_tst.o execute
UNRESOLVED: gcc.dg/compat/struct-return-10 c_compat_x_alt.o-c_compat_y_alt.o link
UNRESOLVED: gcc.dg/compat/struct-return-10 c_compat_x_alt.o-c_compat_y_alt.o execute
FAIL: gcc.dg/compat/struct-return-19 c_compat_x_alt.o compile
FAIL: gcc.dg/compat/struct-return-19 c_compat_y_alt.o compile
UNRESOLVED: gcc.dg/compat/struct-return-19 c_compat_x_tst.o-c_compat_y_alt.o link
UNRESOLVED: gcc.dg/compat/struct-return-19 c_compat_x_tst.o-c_compat_y_alt.o execute
UNRESOLVED: gcc.dg/compat/struct-return-19 c_compat_x_alt.o-c_compat_y_tst.o link
UNRESOLVED: gcc.dg/compat/struct-return-19 c_compat_x_alt.o-c_compat_y_tst.o execute
UNRESOLVED: gcc.dg/compat/struct-return-19 c_compat_x_alt.o-c_compat_y_alt.o link
UNRESOLVED: gcc.dg/compat/struct-return-19 c_compat_x_alt.o-c_compat_y_alt.o execute
FAIL: gcc.dg/compat/struct-return-20 c_compat_x_alt.o compile
FAIL: gcc.dg/compat/struct-return-20 c_compat_y_alt.o compile
UNRESOLVED: gcc.dg/compat/struct-return-20 c_compat_x_tst.o-c_compat_y_alt.o link
UNRESOLVED: gcc.dg/compat/struct-return-20 c_compat_x_tst.o-c_compat_y_alt.o execute
UNRESOLVED: gcc.dg/compat/struct-return-20 c_compat_x_alt.o-c_compat_y_tst.o link
UNRESOLVED: gcc.dg/compat/struct-return-20 c_compat_x_alt.o-c_compat_y_tst.o execute
UNRESOLVED: gcc.dg/compat/struct-return-20 c_compat_x_alt.o-c_compat_y_alt.o link
UNRESOLVED: gcc.dg/compat/struct-return-20 c_compat_x_alt.o-c_compat_y_alt.o execute
FAIL: gcc.dg/compat/struct-return-21 c_compat_x_alt.o compile
FAIL: gcc.dg/compat/struct-return-21 c_compat_y_alt.o compile
UNRESOLVED: gcc.dg/compat/struct-return-21 c_compat_x_tst.o-c_compat_y_alt.o link
UNRESOLVED: gcc.dg/compat/struct-return-21 c_compat_x_tst.o-c_compat_y_alt.o execute
UNRESOLVED: gcc.dg/compat/struct-return-21 c_compat_x_alt.o-c_compat_y_tst.o link
UNRESOLVED: gcc.dg/compat/struct-return-21 c_compat_x_alt.o-c_compat_y_tst.o execute
UNRESOLVED: gcc.dg/compat/struct-return-21 c_compat_x_alt.o-c_compat_y_alt.o link
UNRESOLVED: gcc.dg/compat/struct-return-21 c_compat_x_alt.o-c_compat_y_alt.o execute
FAIL: gcc.dg/compat/struct-return-2 c_compat_x_alt.o compile
FAIL: gcc.dg/compat/struct-return-2 c_compat_y_alt.o compile
UNRESOLVED: gcc.dg/compat/struct-return-2 c_compat_x_tst.o-c_compat_y_alt.o link
UNRESOLVED: gcc.dg/compat/struct-return-2 c_compat_x_tst.o-c_compat_y_alt.o execute
UNRESOLVED: gcc.dg/compat/struct-return-2 c_compat_x_alt.o-c_compat_y_tst.o link
UNRESOLVED: gcc.dg/compat/struct-return-2 c_compat_x_alt.o-c_compat_y_tst.o execute
UNRESOLVED: gcc.dg/compat/struct-return-2 c_compat_x_alt.o-c_compat_y_alt.o link
UNRESOLVED: gcc.dg/compat/struct-return-2 c_compat_x_alt.o-c_compat_y_alt.o execute
FAIL: gcc.dg/compat/struct-return-3 c_compat_x_alt.o compile
FAIL: gcc.dg/compat/struct-return-3 c_compat_y_alt.o compile
UNRESOLVED: gcc.dg/compat/struct-return-3 c_compat_x_tst.o-c_compat_y_alt.o link
UNRESOLVED: gcc.dg/compat/struct-return-3 c_compat_x_tst.o-c_compat_y_alt.o execute
UNRESOLVED: gcc.dg/compat/struct-return-3 c_compat_x_alt.o-c_compat_y_tst.o link
UNRESOLVED: gcc.dg/compat/struct-return-3 c_compat_x_alt.o-c_compat_y_tst.o execute
UNRESOLVED: gcc.dg/compat/struct-return-3 c_compat_x_alt.o-c_compat_y_alt.o link
UNRESOLVED: gcc.dg/compat/struct-return-3 c_compat_x_alt.o-c_compat_y_alt.o execute
FAIL: gcc.dg/compat/union-by-value-1 c_compat_x_alt.o compile
FAIL: gcc.dg/compat/union-by-value-1 c_compat_y_alt.o compile
UNRESOLVED: gcc.dg/compat/union-by-value-1 c_compat_x_tst.o-c_compat_y_alt.o link
UNRESOLVED: gcc.dg/compat/union-by-value-1 c_compat_x_tst.o-c_compat_y_alt.o execute
UNRESOLVED: gcc.dg/compat/union-by-value-1 c_compat_x_alt.o-c_compat_y_tst.o link
UNRESOLVED: gcc.dg/compat/union-by-value-1 c_compat_x_alt.o-c_compat_y_tst.o execute
UNRESOLVED: gcc.dg/compat/union-by-value-1 c_compat_x_alt.o-c_compat_y_alt.o link
UNRESOLVED: gcc.dg/compat/union-by-value-1 c_compat_x_alt.o-c_compat_y_alt.o execute
FAIL: gcc.dg/compat/union-return-1 c_compat_x_alt.o compile
FAIL: gcc.dg/compat/union-return-1 c_compat_y_alt.o compile
UNRESOLVED: gcc.dg/compat/union-return-1 c_compat_x_tst.o-c_compat_y_alt.o link
UNRESOLVED: gcc.dg/compat/union-return-1 c_compat_x_tst.o-c_compat_y_alt.o execute
UNRESOLVED: gcc.dg/compat/union-return-1 c_compat_x_alt.o-c_compat_y_tst.o link
UNRESOLVED: gcc.dg/compat/union-return-1 c_compat_x_alt.o-c_compat_y_tst.o execute
UNRESOLVED: gcc.dg/compat/union-return-1 c_compat_x_alt.o-c_compat_y_alt.o link
UNRESOLVED: gcc.dg/compat/union-return-1 c_compat_x_alt.o-c_compat_y_alt.o execute
FAIL: gcc.dg/compat/vector-1 c_compat_x_alt.o compile
FAIL: gcc.dg/compat/vector-1 c_compat_y_alt.o compile
UNRESOLVED: gcc.dg/compat/vector-1 c_compat_x_tst.o-c_compat_y_alt.o link
UNRESOLVED: gcc.dg/compat/vector-1 c_compat_x_tst.o-c_compat_y_alt.o execute
UNRESOLVED: gcc.dg/compat/vector-1 c_compat_x_alt.o-c_compat_y_tst.o link
UNRESOLVED: gcc.dg/compat/vector-1 c_compat_x_alt.o-c_compat_y_tst.o execute
UNRESOLVED: gcc.dg/compat/vector-1 c_compat_x_alt.o-c_compat_y_alt.o link
UNRESOLVED: gcc.dg/compat/vector-1 c_compat_x_alt.o-c_compat_y_alt.o execute
FAIL: gcc.dg/compat/vector-2 c_compat_x_alt.o compile
FAIL: gcc.dg/compat/vector-2 c_compat_y_alt.o compile
UNRESOLVED: gcc.dg/compat/vector-2 c_compat_x_tst.o-c_compat_y_alt.o link
UNRESOLVED: gcc.dg/compat/vector-2 c_compat_x_tst.o-c_compat_y_alt.o execute
UNRESOLVED: gcc.dg/compat/vector-2 c_compat_x_alt.o-c_compat_y_tst.o link
UNRESOLVED: gcc.dg/compat/vector-2 c_compat_x_alt.o-c_compat_y_tst.o execute
UNRESOLVED: gcc.dg/compat/vector-2 c_compat_x_alt.o-c_compat_y_alt.o link
UNRESOLVED: gcc.dg/compat/vector-2 c_compat_x_alt.o-c_compat_y_alt.o execute
=== gcc Summary ===
# of expected passes 275
# of unexpected failures 110
# of unresolved testcases 330
# of unsupported tests 8
/scratch/gcc/nightly-2012-04-16-mainline/arm-none-eabi/obj/test-mainline-0-arm-none-eabi/host-i686-pc-linux-gnu/fsf-mainline/bin/arm-none-eabi-gcc version 4.8.0 20120416 (experimental) (GCC)
=== Summary adjusted for local xfails ===
# of unexpected failures 110
# of expected passes 275
# of unresolved testcases 330
# of unsupported tests 8
Host is i686-pc-linux-gnu
=== libstdc++ tests ===
Running target arm-sim-fsf/-mthumb
ERROR: tcl error sourcing /scratch/gcc/nightly-2012-04-16-mainline/src/gcc-mainline/libstdc++-v3/testsuite/libstdc++-abi/abi.exp.
ERROR: can't read "baseline_subdir_switch": no such variable
FAIL: 22_locale/collate/transform/wchar_t/28277.cc execution test
FAIL: 23_containers/vector/profile/vector.cc execution test
FAIL: 27_io/basic_filebuf/underflow/wchar_t/11603.cc execution test
FAIL: 27_io/basic_stringbuf/overflow/wchar_t/1.cc execution test
FAIL: 29_atomics/atomic/cons/49445.cc (test for excess errors)
UNRESOLVED: 29_atomics/atomic/cons/49445.cc compilation failed to produce executable
FAIL: 29_atomics/atomic/cons/user_pod.cc (test for excess errors)
FAIL: 29_atomics/atomic/operators/integral_assignment.cc (test for excess errors)
UNRESOLVED: 29_atomics/atomic/operators/integral_assignment.cc compilation failed to produce executable
FAIL: 29_atomics/atomic/operators/integral_conversion.cc (test for excess errors)
UNRESOLVED: 29_atomics/atomic/operators/integral_conversion.cc compilation failed to produce executable
FAIL: 29_atomics/atomic_flag/clear/1.cc (test for excess errors)
UNRESOLVED: 29_atomics/atomic_flag/clear/1.cc compilation failed to produce executable
FAIL: 29_atomics/atomic_flag/test_and_set/explicit.cc (test for excess errors)
UNRESOLVED: 29_atomics/atomic_flag/test_and_set/explicit.cc compilation failed to produce executable
FAIL: 29_atomics/atomic_flag/test_and_set/implicit.cc (test for excess errors)
UNRESOLVED: 29_atomics/atomic_flag/test_and_set/implicit.cc compilation failed to produce executable
FAIL: 29_atomics/atomic_integral/operators/integral_assignment.cc (test for excess errors)
UNRESOLVED: 29_atomics/atomic_integral/operators/integral_assignment.cc compilation failed to produce executable
FAIL: 29_atomics/atomic_integral/operators/integral_conversion.cc (test for excess errors)
UNRESOLVED: 29_atomics/atomic_integral/operators/integral_conversion.cc compilation failed to produce executable
XPASS: ext/stdio_filebuf/char/10063-2.cc execution test
XPASS: ext/stdio_filebuf/char/10063-3.cc execution test
FAIL: tr2/headers/all.cc (test for excess errors)
=== libstdc++ Summary ===
# of expected passes 7264
# of unexpected failures 14
# of unexpected successes 2
# of expected failures 50
# of unresolved testcases 8
# of unsupported tests 601
=== Summary adjusted for local xfails ===
# of errors 2
# of unexpected failures 14
# of expected passes 7264
# of unexpected successes 2
# of expected failures 50
# of unresolved testcases 8
# of unsupported tests 601
Compiler version: 4.8.0 20120416 (experimental) (GCC)
Platform: arm-none-eabi
configure flags: --build=i686-pc-linux-gnu --host=i686-pc-linux-gnu --target=arm-none-eabi --enable-threads --disable-libmudflap --disable-libssp --disable-libstdcxx-pch --with-gnu-as --with-gnu-ld --enable-languages=c,c++ --disable-shared --enable-lto --with-newlib --disable-nls --prefix=/opt/codesourcery --with-headers=yes --with-sysroot=/opt/codesourcery/arm-none-eabi --with-build-sysroot=/scratch/gcc/nightly-2012-04-16-mainline/arm-none-eabi/install/arm-none-eabi --with-gmp=/scratch/gcc/nightly-2012-04-16-mainline/arm-none-eabi/obj/host-libs-mainline-0-arm-none-eabi-i686-pc-linux-gnu/usr --with-mpfr=/scratch/gcc/nightly-2012-04-16-mainline/arm-none-eabi/obj/host-libs-mainline-0-arm-none-eabi-i686-pc-linux-gnu/usr --with-mpc=/scratch/gcc/nightly-2012-04-16-mainline/arm-none-eabi/obj/host-libs-mainline-0-arm-none-eabi-i686-pc-linux-gnu/usr --with-ppl=/scratch/gcc/nightly-2012-04-16-mainline/arm-none-eabi/obj/host-libs-mainline-0-arm-none-eabi-i686-pc-linux-gnu/usr --with-ho
st-libstdcxx='-static-libgcc -Wl,-Bstatic,-lstdc++,-Bdynamic -lm' --with-cloog=/scratch/gcc/nightly-2012-04-16-mainline/arm-none-eabi/obj/host-libs-mainline-0-arm-none-eabi-i686-pc-linux-gnu/usr --with-libelf=/scratch/gcc/nightly-2012-04-16-mainline/arm-none-eabi/obj/host-libs-mainline-0-arm-none-eabi-i686-pc-linux-gnu/usr --disable-libgomp --enable-poison-system-directories --with-build-time-tools=/scratch/gcc/nightly-2012-04-16-mainline/arm-none-eabi/install/arm-none-eabi/bin --with-build-time-tools=/scratch/gcc/nightly-2012-04-16-mainline/arm-none-eabi/install/arm-none-eabi/bin