This is the mail archive of the
gcc-testresults@gcc.gnu.org
mailing list for the GCC project.
Results for 4.8.0 20120413 (experimental) [trunk revision 186416] (GCC) testsuite on sparc-sun-solaris2.9
- From: Rainer Orth <ro at CeBiTec dot Uni-Bielefeld dot DE>
- To: gcc-testresults at gcc dot gnu dot org
- Date: Mon, 16 Apr 2012 11:57:07 +0200 (MEST)
- Subject: Results for 4.8.0 20120413 (experimental) [trunk revision 186416] (GCC) testsuite on sparc-sun-solaris2.9
LAST_UPDATED: Fri Apr 13 12:31:14 UTC 2012 (revision 186416)
=== acats tests ===
=== acats Summary ===
# of expected passes 2320
# of unexpected failures 0
Native configuration is sparc-sun-solaris2.9
=== g++ tests ===
Running target unix
WARNING: program timed out.
UNRESOLVED: selfassign.c compilation, -I. -I/vol/gcc/src/hg/trunk/local/gcc/testsuite -I/vol/gcc/src/hg/trunk/local/gcc/testsuite/../../gcc -I/var/gcc/regression/trunk/9-gcc/build/gcc/testsuite/g++/../../../gcc -I/vol/gcc/src/hg/trunk/local/gcc/testsuite/../../include -I/vol/gcc/src/hg/trunk/local/gcc/testsuite/../../libcpp/include -I/vol/gcc/include -I/vol/gcc/include -I/vol/gcc/include -I/var/gcc/regression/trunk/9-gcc/build/gcc/testsuite/g++/../../../intl -O -DIN_GCC -fPIC -shared
UNRESOLVED: dumb_plugin.c compilation, -I. -I/vol/gcc/src/hg/trunk/local/gcc/testsuite -I/vol/gcc/src/hg/trunk/local/gcc/testsuite/../../gcc -I/var/gcc/regression/trunk/9-gcc/build/gcc/testsuite/g++/../../../gcc -I/vol/gcc/src/hg/trunk/local/gcc/testsuite/../../include -I/vol/gcc/src/hg/trunk/local/gcc/testsuite/../../libcpp/include -I/vol/gcc/include -I/vol/gcc/include -I/vol/gcc/include -I/var/gcc/regression/trunk/9-gcc/build/gcc/testsuite/g++/../../../intl -DIN_GCC -fPIC -shared
FAIL: g++.dg/torture/pr31863.C -O2 -flto (test for excess errors)
=== g++ Summary for unix ===
# of expected passes 46242
# of unexpected failures 1
# of expected failures 284
# of unresolved testcases 2
# of unsupported tests 828
Running target unix/-m64
UNRESOLVED: selfassign.c compilation, -I. -I/vol/gcc/src/hg/trunk/local/gcc/testsuite -I/vol/gcc/src/hg/trunk/local/gcc/testsuite/../../gcc -I/var/gcc/regression/trunk/9-gcc/build/gcc/testsuite/g++/../../../gcc -I/vol/gcc/src/hg/trunk/local/gcc/testsuite/../../include -I/vol/gcc/src/hg/trunk/local/gcc/testsuite/../../libcpp/include -I/vol/gcc/include -I/vol/gcc/include -I/vol/gcc/include -I/var/gcc/regression/trunk/9-gcc/build/gcc/testsuite/g++/../../../intl -O -DIN_GCC -fPIC -shared
UNRESOLVED: dumb_plugin.c compilation, -I. -I/vol/gcc/src/hg/trunk/local/gcc/testsuite -I/vol/gcc/src/hg/trunk/local/gcc/testsuite/../../gcc -I/var/gcc/regression/trunk/9-gcc/build/gcc/testsuite/g++/../../../gcc -I/vol/gcc/src/hg/trunk/local/gcc/testsuite/../../include -I/vol/gcc/src/hg/trunk/local/gcc/testsuite/../../libcpp/include -I/vol/gcc/include -I/vol/gcc/include -I/vol/gcc/include -I/var/gcc/regression/trunk/9-gcc/build/gcc/testsuite/g++/../../../intl -DIN_GCC -fPIC -shared
FAIL: g++.dg/torture/pr31863.C -O2 -flto (test for excess errors)
=== g++ Summary for unix/-m64 ===
# of expected passes 47479
# of unexpected failures 1
# of expected failures 284
# of unresolved testcases 2
# of unsupported tests 821
=== g++ Summary ===
# of expected passes 93721
# of unexpected failures 2
# of expected failures 568
# of unresolved testcases 4
# of unsupported tests 1649
/var/gcc/regression/trunk/9-gcc/build/gcc/testsuite/g++/../../g++ version 4.8.0 20120413 (experimental) [trunk revision 186416] (GCC)
=== gcc tests ===
Running target unix
WARNING: program timed out.
FAIL: gcc.dg/graphite/interchange-8.c (test for excess errors)
WARNING: gcc.dg/graphite/interchange-8.c compilation failed to produce executable
FAIL: gcc.dg/graphite/interchange-8.c scan-tree-dump-times graphite "will be interchanged" 2
UNRESOLVED: selfassign.c compilation, -I. -I/vol/gcc/src/hg/trunk/local/gcc/testsuite -I/vol/gcc/src/hg/trunk/local/gcc/testsuite/../../gcc -I/var/gcc/regression/trunk/9-gcc/build/gcc/testsuite/gcc/../../../gcc -I/vol/gcc/src/hg/trunk/local/gcc/testsuite/../../include -I/vol/gcc/src/hg/trunk/local/gcc/testsuite/../../libcpp/include -I/vol/gcc/include -I/vol/gcc/include -I/vol/gcc/include -I/var/gcc/regression/trunk/9-gcc/build/gcc/testsuite/gcc/../../../intl -O -DIN_GCC -fPIC -shared
UNRESOLVED: one_time_plugin.c compilation, -I. -I/vol/gcc/src/hg/trunk/local/gcc/testsuite -I/vol/gcc/src/hg/trunk/local/gcc/testsuite/../../gcc -I/var/gcc/regression/trunk/9-gcc/build/gcc/testsuite/gcc/../../../gcc -I/vol/gcc/src/hg/trunk/local/gcc/testsuite/../../include -I/vol/gcc/src/hg/trunk/local/gcc/testsuite/../../libcpp/include -I/vol/gcc/include -I/vol/gcc/include -I/vol/gcc/include -I/var/gcc/regression/trunk/9-gcc/build/gcc/testsuite/gcc/../../../intl -DIN_GCC -fPIC -shared
FAIL: gcc.dg/simulate-thread/atomic-other-int.c -O2 -g thread simulation test
FAIL: gcc.dg/simulate-thread/atomic-other-int.c -O3 -g thread simulation test
FAIL: gcc.dg/simulate-thread/atomic-other-short.c -O2 -g thread simulation test
FAIL: gcc.dg/simulate-thread/speculative-store.c -O0 -g thread simulation test
FAIL: gcc.dg/torture/20090618-1.c -O1 execution test
FAIL: gcc.dg/torture/pr39074-3.c -O1 execution test
FAIL: gcc.dg/torture/pr39074-3.c -O2 execution test
FAIL: gcc.dg/torture/pr39074-3.c -O3 -fomit-frame-pointer execution test
FAIL: gcc.dg/torture/pr39074-3.c -O3 -g execution test
FAIL: gcc.dg/torture/pr39074-3.c -Os execution test
FAIL: gcc.dg/torture/pr39074-3.c -O2 -flto -flto-partition=none execution test
FAIL: gcc.dg/torture/pr39074-3.c -O2 -flto execution test
FAIL: gcc.dg/torture/pr45967-3.c -O2 execution test
FAIL: gcc.dg/torture/pr45967-3.c -O3 -fomit-frame-pointer execution test
FAIL: gcc.dg/torture/pr45967-3.c -O3 -fomit-frame-pointer -funroll-loops execution test
FAIL: gcc.dg/torture/pr45967-3.c -O3 -fomit-frame-pointer -funroll-all-loops -finline-functions execution test
FAIL: gcc.dg/torture/pr45967-3.c -O3 -g execution test
FAIL: gcc.dg/torture/pr45967-3.c -O2 -flto -flto-partition=none execution test
FAIL: gcc.dg/torture/pr45967-3.c -O2 -flto execution test
FAIL: gcc.dg/torture/pr51106-2.c -O0 (internal compiler error)
FAIL: gcc.dg/torture/pr51106-2.c -O0 (test for excess errors)
FAIL: gcc.dg/torture/pr51106-2.c -O1 (internal compiler error)
FAIL: gcc.dg/torture/pr51106-2.c -O1 (test for excess errors)
FAIL: gcc.dg/torture/pr51106-2.c -O2 (internal compiler error)
FAIL: gcc.dg/torture/pr51106-2.c -O2 (test for excess errors)
FAIL: gcc.dg/torture/pr51106-2.c -O3 -fomit-frame-pointer (internal compiler error)
FAIL: gcc.dg/torture/pr51106-2.c -O3 -fomit-frame-pointer (test for excess errors)
FAIL: gcc.dg/torture/pr51106-2.c -O3 -g (internal compiler error)
FAIL: gcc.dg/torture/pr51106-2.c -O3 -g (test for excess errors)
FAIL: gcc.dg/torture/pr51106-2.c -Os (internal compiler error)
FAIL: gcc.dg/torture/pr51106-2.c -Os (test for excess errors)
FAIL: gcc.dg/torture/pr51106-2.c -O2 -flto -flto-partition=none (internal compiler error)
FAIL: gcc.dg/torture/pr51106-2.c -O2 -flto -flto-partition=none (test for excess errors)
FAIL: gcc.dg/torture/pr51106-2.c -O2 -flto (internal compiler error)
FAIL: gcc.dg/torture/pr51106-2.c -O2 -flto (test for excess errors)
FAIL: gcc.dg/torture/pta-ptrarith-2.c -O1 execution test
=== gcc Summary for unix ===
# of expected passes 75388
# of unexpected failures 38
# of expected failures 320
# of unresolved testcases 2
# of unsupported tests 1651
Running target unix/-m64
FAIL: gcc.dg/pr44194-1.c scan-rtl-dump dse1 "global deletions = 2"
WARNING: program timed out.
FAIL: gcc.dg/graphite/interchange-8.c (test for excess errors)
WARNING: gcc.dg/graphite/interchange-8.c compilation failed to produce executable
FAIL: gcc.dg/graphite/interchange-8.c scan-tree-dump-times graphite "will be interchanged" 2
UNRESOLVED: selfassign.c compilation, -I. -I/vol/gcc/src/hg/trunk/local/gcc/testsuite -I/vol/gcc/src/hg/trunk/local/gcc/testsuite/../../gcc -I/var/gcc/regression/trunk/9-gcc/build/gcc/testsuite/gcc/../../../gcc -I/vol/gcc/src/hg/trunk/local/gcc/testsuite/../../include -I/vol/gcc/src/hg/trunk/local/gcc/testsuite/../../libcpp/include -I/vol/gcc/include -I/vol/gcc/include -I/vol/gcc/include -I/var/gcc/regression/trunk/9-gcc/build/gcc/testsuite/gcc/../../../intl -O -DIN_GCC -fPIC -shared
UNRESOLVED: one_time_plugin.c compilation, -I. -I/vol/gcc/src/hg/trunk/local/gcc/testsuite -I/vol/gcc/src/hg/trunk/local/gcc/testsuite/../../gcc -I/var/gcc/regression/trunk/9-gcc/build/gcc/testsuite/gcc/../../../gcc -I/vol/gcc/src/hg/trunk/local/gcc/testsuite/../../include -I/vol/gcc/src/hg/trunk/local/gcc/testsuite/../../libcpp/include -I/vol/gcc/include -I/vol/gcc/include -I/vol/gcc/include -I/var/gcc/regression/trunk/9-gcc/build/gcc/testsuite/gcc/../../../intl -DIN_GCC -fPIC -shared
FAIL: gcc.dg/torture/20090618-1.c -O1 execution test
FAIL: gcc.dg/torture/pr39074-3.c -O1 execution test
FAIL: gcc.dg/torture/pr39074-3.c -O2 execution test
FAIL: gcc.dg/torture/pr39074-3.c -O3 -fomit-frame-pointer execution test
FAIL: gcc.dg/torture/pr39074-3.c -O3 -g execution test
FAIL: gcc.dg/torture/pr39074-3.c -Os execution test
FAIL: gcc.dg/torture/pr39074-3.c -O2 -flto -flto-partition=none execution test
FAIL: gcc.dg/torture/pr39074-3.c -O2 -flto execution test
FAIL: gcc.dg/torture/pr51106-2.c -O0 (internal compiler error)
FAIL: gcc.dg/torture/pr51106-2.c -O0 (test for excess errors)
FAIL: gcc.dg/torture/pr51106-2.c -O1 (internal compiler error)
FAIL: gcc.dg/torture/pr51106-2.c -O1 (test for excess errors)
FAIL: gcc.dg/torture/pr51106-2.c -O2 (internal compiler error)
FAIL: gcc.dg/torture/pr51106-2.c -O2 (test for excess errors)
FAIL: gcc.dg/torture/pr51106-2.c -O3 -fomit-frame-pointer (internal compiler error)
FAIL: gcc.dg/torture/pr51106-2.c -O3 -fomit-frame-pointer (test for excess errors)
FAIL: gcc.dg/torture/pr51106-2.c -O3 -g (internal compiler error)
FAIL: gcc.dg/torture/pr51106-2.c -O3 -g (test for excess errors)
FAIL: gcc.dg/torture/pr51106-2.c -Os (internal compiler error)
FAIL: gcc.dg/torture/pr51106-2.c -Os (test for excess errors)
FAIL: gcc.dg/torture/pr51106-2.c -O2 -flto -flto-partition=none (internal compiler error)
FAIL: gcc.dg/torture/pr51106-2.c -O2 -flto -flto-partition=none (test for excess errors)
FAIL: gcc.dg/torture/pr51106-2.c -O2 -flto (internal compiler error)
FAIL: gcc.dg/torture/pr51106-2.c -O2 -flto (test for excess errors)
FAIL: gcc.dg/torture/pta-ptrarith-2.c -O1 execution test
=== gcc Summary for unix/-m64 ===
# of expected passes 76071
# of unexpected failures 28
# of expected failures 309
# of unresolved testcases 2
# of unsupported tests 1635
=== gcc Summary ===
# of expected passes 151459
# of unexpected failures 66
# of expected failures 629
# of unresolved testcases 4
# of unsupported tests 3286
/var/gcc/regression/trunk/9-gcc/build/gcc/xgcc version 4.8.0 20120413 (experimental) [trunk revision 186416] (GCC)
=== gfortran tests ===
Running target unix
FAIL: gfortran.dg/lto/pr45586-2 f_lto_pr45586-2_0.o-f_lto_pr45586-2_0.o link, -O0 -flto -flto-partition=none (internal compiler error)
UNRESOLVED: gfortran.dg/lto/pr45586-2 f_lto_pr45586-2_0.o-f_lto_pr45586-2_0.o execute -O0 -flto -flto-partition=none
FAIL: gfortran.dg/lto/pr45586-2 f_lto_pr45586-2_0.o-f_lto_pr45586-2_0.o link, -O0 -flto -flto-partition=1to1 (internal compiler error)
UNRESOLVED: gfortran.dg/lto/pr45586-2 f_lto_pr45586-2_0.o-f_lto_pr45586-2_0.o execute -O0 -flto -flto-partition=1to1
FAIL: gfortran.dg/lto/pr45586-2 f_lto_pr45586-2_0.o-f_lto_pr45586-2_0.o link, -O0 -flto (internal compiler error)
UNRESOLVED: gfortran.dg/lto/pr45586-2 f_lto_pr45586-2_0.o-f_lto_pr45586-2_0.o execute -O0 -flto
FAIL: gfortran.dg/lto/pr45586 f_lto_pr45586_0.o-f_lto_pr45586_0.o link, -O0 -flto -flto-partition=none (internal compiler error)
UNRESOLVED: gfortran.dg/lto/pr45586 f_lto_pr45586_0.o-f_lto_pr45586_0.o execute -O0 -flto -flto-partition=none
FAIL: gfortran.dg/lto/pr45586 f_lto_pr45586_0.o-f_lto_pr45586_0.o link, -O0 -flto -flto-partition=1to1 (internal compiler error)
UNRESOLVED: gfortran.dg/lto/pr45586 f_lto_pr45586_0.o-f_lto_pr45586_0.o execute -O0 -flto -flto-partition=1to1
FAIL: gfortran.dg/lto/pr45586 f_lto_pr45586_0.o-f_lto_pr45586_0.o link, -O0 -flto (internal compiler error)
UNRESOLVED: gfortran.dg/lto/pr45586 f_lto_pr45586_0.o-f_lto_pr45586_0.o execute -O0 -flto
=== gfortran Summary for unix ===
# of expected passes 40591
# of unexpected failures 6
# of expected failures 58
# of unresolved testcases 6
# of unsupported tests 408
Running target unix/-m64
FAIL: gfortran.dg/lto/pr45586-2 f_lto_pr45586-2_0.o-f_lto_pr45586-2_0.o link, -O0 -flto -flto-partition=none (internal compiler error)
UNRESOLVED: gfortran.dg/lto/pr45586-2 f_lto_pr45586-2_0.o-f_lto_pr45586-2_0.o execute -O0 -flto -flto-partition=none
FAIL: gfortran.dg/lto/pr45586-2 f_lto_pr45586-2_0.o-f_lto_pr45586-2_0.o link, -O0 -flto -flto-partition=1to1 (internal compiler error)
UNRESOLVED: gfortran.dg/lto/pr45586-2 f_lto_pr45586-2_0.o-f_lto_pr45586-2_0.o execute -O0 -flto -flto-partition=1to1
FAIL: gfortran.dg/lto/pr45586-2 f_lto_pr45586-2_0.o-f_lto_pr45586-2_0.o link, -O0 -flto (internal compiler error)
UNRESOLVED: gfortran.dg/lto/pr45586-2 f_lto_pr45586-2_0.o-f_lto_pr45586-2_0.o execute -O0 -flto
FAIL: gfortran.dg/lto/pr45586 f_lto_pr45586_0.o-f_lto_pr45586_0.o link, -O0 -flto -flto-partition=none (internal compiler error)
UNRESOLVED: gfortran.dg/lto/pr45586 f_lto_pr45586_0.o-f_lto_pr45586_0.o execute -O0 -flto -flto-partition=none
FAIL: gfortran.dg/lto/pr45586 f_lto_pr45586_0.o-f_lto_pr45586_0.o link, -O0 -flto -flto-partition=1to1 (internal compiler error)
UNRESOLVED: gfortran.dg/lto/pr45586 f_lto_pr45586_0.o-f_lto_pr45586_0.o execute -O0 -flto -flto-partition=1to1
FAIL: gfortran.dg/lto/pr45586 f_lto_pr45586_0.o-f_lto_pr45586_0.o link, -O0 -flto (internal compiler error)
UNRESOLVED: gfortran.dg/lto/pr45586 f_lto_pr45586_0.o-f_lto_pr45586_0.o execute -O0 -flto
=== gfortran Summary for unix/-m64 ===
# of expected passes 40869
# of unexpected failures 6
# of expected failures 58
# of unresolved testcases 6
# of unsupported tests 272
=== gfortran Summary ===
# of expected passes 81460
# of unexpected failures 12
# of expected failures 116
# of unresolved testcases 12
# of unsupported tests 680
/var/gcc/regression/trunk/9-gcc/build/gcc/testsuite/gfortran/../../gfortran version 4.8.0 20120413 (experimental) [trunk revision 186416] (GCC)
=== gnat tests ===
Running target unix
FAIL: gnat.dg/renaming5.adb scan-tree-dump-times optimized "goto" 2
=== gnat Summary for unix ===
# of expected passes 1076
# of unexpected failures 1
# of expected failures 13
# of unsupported tests 12
Running target unix/-m64
FAIL: gnat.dg/renaming5.adb scan-tree-dump-times optimized "goto" 2
=== gnat Summary for unix/-m64 ===
# of expected passes 1076
# of unexpected failures 1
# of expected failures 13
# of unsupported tests 12
=== gnat Summary ===
# of expected passes 2152
# of unexpected failures 2
# of expected failures 26
# of unsupported tests 24
/var/gcc/regression/trunk/9-gcc/build/gcc/gnatmake version 4.8.0 20120413 (experimental) [trunk revision 186416]
=== go tests ===
Running target unix
FAIL: ./64bit-out.go compilation, -O0 -g
FAIL: ./select5-out.go compilation, -O0 -g
FAIL: go.test/test/cmplxdivide.go
WARNING: program timed out.
WARNING: program timed out.
WARNING: program timed out.
=== go Summary for unix ===
# of expected passes 3285
# of unexpected failures 3
# of expected failures 4
# of untested testcases 9
Running target unix/-m64
FAIL: ./64bit-out.go compilation, -O0 -g
FAIL: ./select5-out.go compilation, -O0 -g
FAIL: go.test/test/append.go compilation, -O2 -g
FAIL: go.test/test/cmplxdivide.go
WARNING: program timed out.
WARNING: program timed out.
WARNING: program timed out.
WARNING: program timed out.
=== go Summary for unix/-m64 ===
# of expected passes 3283
# of unexpected failures 4
# of expected failures 4
# of untested testcases 10
=== go Summary ===
# of expected passes 6568
# of unexpected failures 7
# of expected failures 8
# of untested testcases 19
/var/gcc/regression/trunk/9-gcc/build/gcc/testsuite/go/../../gccgo version 4.8.0 20120413 (experimental) [trunk revision 186416] (GCC)
=== obj-c++ tests ===
Running target unix
=== obj-c++ Summary for unix ===
# of expected passes 1450
# of expected failures 2
# of unsupported tests 86
Running target unix/-m64
=== obj-c++ Summary for unix/-m64 ===
# of expected passes 1442
# of expected failures 10
# of unsupported tests 86
=== obj-c++ Summary ===
# of expected passes 2892
# of expected failures 12
# of unsupported tests 172
/var/gcc/regression/trunk/9-gcc/build/gcc/testsuite/obj-c++/../../g++ version 4.8.0 20120413 (experimental) [trunk revision 186416] (GCC)
=== objc tests ===
Running target unix
=== objc Summary for unix ===
# of expected passes 2994
# of unsupported tests 74
Running target unix/-m64
=== objc Summary for unix/-m64 ===
# of expected passes 2994
# of unsupported tests 74
=== objc Summary ===
# of expected passes 5988
# of unsupported tests 148
/var/gcc/regression/trunk/9-gcc/build/gcc/xgcc version 4.8.0 20120413 (experimental) [trunk revision 186416] (GCC)
=== boehm-gc tests ===
Running target unix
=== boehm-gc Summary for unix ===
# of expected passes 12
# of unsupported tests 1
Running target unix/-m64
=== boehm-gc Summary for unix/-m64 ===
# of expected passes 12
# of unsupported tests 1
=== boehm-gc Summary ===
# of expected passes 24
# of unsupported tests 2
=== libffi tests ===
Running target unix
=== libffi Summary for unix ===
# of expected passes 1659
# of unsupported tests 55
Running target unix/-m64
=== libffi Summary for unix/-m64 ===
# of expected passes 1659
# of unsupported tests 55
=== libffi Summary ===
# of expected passes 3318
# of unsupported tests 110
=== libgo tests ===
Running target unix
FAIL: math
FAIL: net
FAIL: time
FAIL: crypto/rand
FAIL: net/http
FAIL: net/http/httputil
FAIL: text/template
FAIL: testing/quick
=== libgo Summary for unix ===
# of expected passes 115
# of unexpected failures 8
Running target unix/-m64
FAIL: log
FAIL: math
FAIL: net
FAIL: time
FAIL: crypto/rand
FAIL: net/http
FAIL: net/http/httputil
=== libgo Summary for unix/-m64 ===
# of expected passes 116
# of unexpected failures 7
=== libgo Summary ===
# of expected passes 231
# of unexpected failures 15
=== libgomp tests ===
Running target unix
=== libgomp Summary for unix ===
# of expected passes 2992
# of unsupported tests 3
Running target unix/-m64
=== libgomp Summary for unix/-m64 ===
# of expected passes 2992
# of unsupported tests 3
=== libgomp Summary ===
# of expected passes 5984
# of unsupported tests 6
=== libitm tests ===
Running target unix
=== libitm Summary for unix ===
# of expected passes 26
# of expected failures 3
# of unsupported tests 1
Running target unix/-m64
=== libitm Summary for unix/-m64 ===
# of expected passes 26
# of expected failures 3
# of unsupported tests 1
=== libitm Summary ===
# of expected passes 52
# of expected failures 6
# of unsupported tests 2
=== libjava tests ===
Running target unix
FAIL: InvokeInterface execution - source compiled test
FAIL: InvokeInterface -O3 execution - source compiled test
=== libjava Summary for unix ===
# of expected passes 2570
# of unexpected failures 2
# of untested testcases 2
Running target unix/-m64
FAIL: InvokeInterface execution - source compiled test
FAIL: InvokeInterface -O3 execution - source compiled test
=== libjava Summary for unix/-m64 ===
# of expected passes 2570
# of unexpected failures 2
# of untested testcases 2
=== libjava Summary ===
# of expected passes 5140
# of unexpected failures 4
# of untested testcases 4
=== libstdc++ tests ===
Running target unix
FAIL: ext/pb_ds/regression/tree_map_rand.cc (test for excess errors)
WARNING: ext/pb_ds/regression/tree_map_rand.cc compilation failed to produce executable
FAIL: ext/pb_ds/regression/tree_set_rand.cc (test for excess errors)
WARNING: ext/pb_ds/regression/tree_set_rand.cc compilation failed to produce executable
WARNING: program timed out.
WARNING: program timed out.
=== libstdc++ Summary for unix ===
# of expected passes 7326
# of unexpected failures 2
# of expected failures 45
# of unsupported tests 829
Running target unix/-m64
=== libstdc++ Summary for unix/-m64 ===
# of expected passes 7330
# of expected failures 45
# of unsupported tests 829
=== libstdc++ Summary ===
# of expected passes 14656
# of unexpected failures 2
# of expected failures 90
# of unsupported tests 1658
Compiler version: 4.8.0 20120413 (experimental) [trunk revision 186416] (GCC)
Platform: sparc-sun-solaris2.9
configure flags: --prefix=/vol/gcc --target=sparc-sun-solaris2.9 --enable-objc-gc --with-host-libstdcxx='-L/vol/gcc-4.4/lib -Wl,-Bstatic -lstdc++ -Wl,-Bdynamic -lm' --with-boot-ldflags='-static-libstdc++ -static-libgcc -L/vol/gcc-4.4/lib' --with-gmp-include=/vol/gcc/include --with-gmp-lib=/vol/gcc/lib --with-mpfr-include=/vol/gcc/include --with-mpfr-lib=/vol/gcc/lib --with-mpc-include=/vol/gcc/include --with-mpc-lib=/vol/gcc/lib --enable-languages=all,ada,obj-c++,go --with-ppl-include=/vol/gcc/include --with-ppl-lib=/vol/gcc/lib --with-cloog-include=/vol/gcc/include --with-cloog-lib=/vol/gcc/lib --enable-cloog-backend=ppl
BOOT_CFLAGS=-g -O2