This is the mail archive of the
gcc-testresults@gcc.gnu.org
mailing list for the GCC project.
Results for 4.8.0 20120329 (experimental) [trunk revision 185978] (GCC) gcc testsuite on mips-unknown-elf
- From: Mike Stein <mstein dot lists at googlemail dot com>
- To: gcc-testresults at gcc dot gnu dot org
- Date: Fri, 30 Mar 2012 23:55:05 +0200
- Subject: Results for 4.8.0 20120329 (experimental) [trunk revision 185978] (GCC) gcc testsuite on mips-unknown-elf
- Reply-to: gcc at gcc dot gnu dot org
Debian 5 on x86_64
cross tool versions:
GNU assembler (GNU Binutils) 2.18.50.20080419
GNU gdb 6.8.50.20080419-cvs
GNU ld (GNU Binutils) 2.18.50.20080419
GNU Make 3.81
expect version 5.43.0
host gcc version: gcc (GCC) 4.8.0 20120329 (experimental) [trunk revision 185978]
LAST_UPDATED: Thu Mar 29 22:03:37 UTC 2012 (revision 185978)
Target is mips-unknown-elf
Host is x86_64-unknown-linux-gnu
=== gcc tests ===
Running target mips-sim
FAIL: gcc.dg/c99-stdint-7.c (test for excess errors)
FAIL: gcc.dg/torture/pr47917.c -O0 (test for excess errors)
FAIL: gcc.dg/torture/pr47917.c -O1 (test for excess errors)
FAIL: gcc.dg/torture/pr47917.c -O2 (test for excess errors)
FAIL: gcc.dg/torture/pr47917.c -O3 -fomit-frame-pointer (test for excess errors)
FAIL: gcc.dg/torture/pr47917.c -O3 -g (test for excess errors)
FAIL: gcc.dg/torture/pr47917.c -Os (test for excess errors)
FAIL: gcc.dg/torture/pr47917.c -O2 -flto -flto-partition=none (test for excess errors)
FAIL: gcc.dg/torture/pr47917.c -O2 -flto (test for excess errors)
FAIL: gcc.dg/torture/pr51106-2.c -O0 (internal compiler error)
FAIL: gcc.dg/torture/pr51106-2.c -O0 (test for excess errors)
FAIL: gcc.dg/torture/pr51106-2.c -O1 (internal compiler error)
FAIL: gcc.dg/torture/pr51106-2.c -O1 (test for excess errors)
FAIL: gcc.dg/torture/pr51106-2.c -O2 (internal compiler error)
FAIL: gcc.dg/torture/pr51106-2.c -O2 (test for excess errors)
FAIL: gcc.dg/torture/pr51106-2.c -O3 -fomit-frame-pointer (internal compiler error)
FAIL: gcc.dg/torture/pr51106-2.c -O3 -fomit-frame-pointer (test for excess errors)
FAIL: gcc.dg/torture/pr51106-2.c -O3 -g (internal compiler error)
FAIL: gcc.dg/torture/pr51106-2.c -O3 -g (test for excess errors)
FAIL: gcc.dg/torture/pr51106-2.c -Os (internal compiler error)
FAIL: gcc.dg/torture/pr51106-2.c -Os (test for excess errors)
FAIL: gcc.dg/torture/pr51106-2.c -O2 -flto -flto-partition=none (internal compiler error)
FAIL: gcc.dg/torture/pr51106-2.c -O2 -flto -flto-partition=none (test for excess errors)
FAIL: gcc.dg/torture/pr51106-2.c -O2 -flto (internal compiler error)
FAIL: gcc.dg/torture/pr51106-2.c -O2 -flto (test for excess errors)
FAIL: gcc.target/mips/call-saved-2.c (internal compiler error)
FAIL: gcc.target/mips/call-saved-2.c (test for excess errors)
UNRESOLVED: gcc.target/mips/call-saved-2.c scan-assembler-not \\\\\$16
UNRESOLVED: gcc.target/mips/call-saved-2.c scan-assembler-not \\\\\$17
UNRESOLVED: gcc.target/mips/call-saved-2.c scan-assembler-not \\\\\$18
UNRESOLVED: gcc.target/mips/call-saved-2.c scan-assembler \\\\\$19
UNRESOLVED: gcc.target/mips/call-saved-2.c scan-assembler-not \\\\\$20
UNRESOLVED: gcc.target/mips/call-saved-2.c scan-assembler-not \\\\\$21
UNRESOLVED: gcc.target/mips/call-saved-2.c scan-assembler-not \\\\\$22
UNRESOLVED: gcc.target/mips/call-saved-2.c scan-assembler \\\\\$23
UNRESOLVED: gcc.target/mips/call-saved-2.c scan-assembler-not \\\\\$24
UNRESOLVED: gcc.target/mips/call-saved-2.c scan-assembler \\\\\$(30|fp)
FAIL: gcc.target/mips/call-saved-3.c (internal compiler error)
FAIL: gcc.target/mips/call-saved-3.c (test for excess errors)
UNRESOLVED: gcc.target/mips/call-saved-3.c scan-assembler \\\\\$16
UNRESOLVED: gcc.target/mips/call-saved-3.c scan-assembler \\\\\$17
UNRESOLVED: gcc.target/mips/call-saved-3.c scan-assembler \\\\\$18
UNRESOLVED: gcc.target/mips/call-saved-3.c scan-assembler \\\\\$19
UNRESOLVED: gcc.target/mips/call-saved-3.c scan-assembler \\\\\$20
UNRESOLVED: gcc.target/mips/call-saved-3.c scan-assembler \\\\\$21
UNRESOLVED: gcc.target/mips/call-saved-3.c scan-assembler \\\\\$22
UNRESOLVED: gcc.target/mips/call-saved-3.c scan-assembler \\\\\$23
UNRESOLVED: gcc.target/mips/call-saved-3.c scan-assembler \\\\\$(30|fp)
FAIL: gcc.target/mips/div-1.c (internal compiler error)
FAIL: gcc.target/mips/div-1.c (test for excess errors)
UNRESOLVED: gcc.target/mips/div-1.c scan-assembler \\tddiv\\t
UNRESOLVED: gcc.target/mips/div-1.c scan-assembler \\tmflo\\t
UNRESOLVED: gcc.target/mips/div-1.c scan-assembler-not \\tmfhi\\t
FAIL: gcc.target/mips/div-10.c (internal compiler error)
FAIL: gcc.target/mips/div-10.c (test for excess errors)
UNRESOLVED: gcc.target/mips/div-10.c scan-assembler \\tdivu\\t
UNRESOLVED: gcc.target/mips/div-10.c scan-assembler \\tmflo\\t
UNRESOLVED: gcc.target/mips/div-10.c scan-assembler-not \\tmfhi\\t
FAIL: gcc.target/mips/div-11.c (internal compiler error)
FAIL: gcc.target/mips/div-11.c (test for excess errors)
UNRESOLVED: gcc.target/mips/div-11.c scan-assembler \\tdiv\\t
UNRESOLVED: gcc.target/mips/div-11.c scan-assembler-not \\tmflo\\t
UNRESOLVED: gcc.target/mips/div-11.c scan-assembler \\tmfhi\\t
FAIL: gcc.target/mips/div-12.c (internal compiler error)
FAIL: gcc.target/mips/div-12.c (test for excess errors)
UNRESOLVED: gcc.target/mips/div-12.c scan-assembler \\tdivu\\t
UNRESOLVED: gcc.target/mips/div-12.c scan-assembler-not \\tmflo\\t
UNRESOLVED: gcc.target/mips/div-12.c scan-assembler \\tmfhi\\t
FAIL: gcc.target/mips/div-2.c (internal compiler error)
FAIL: gcc.target/mips/div-2.c (test for excess errors)
UNRESOLVED: gcc.target/mips/div-2.c scan-assembler \\tddivu\\t
UNRESOLVED: gcc.target/mips/div-2.c scan-assembler \\tmflo\\t
UNRESOLVED: gcc.target/mips/div-2.c scan-assembler-not \\tmfhi\\t
FAIL: gcc.target/mips/div-3.c (internal compiler error)
FAIL: gcc.target/mips/div-3.c (test for excess errors)
UNRESOLVED: gcc.target/mips/div-3.c scan-assembler \\tddiv\\t
UNRESOLVED: gcc.target/mips/div-3.c scan-assembler-not \\tmflo\\t
UNRESOLVED: gcc.target/mips/div-3.c scan-assembler \\tmfhi\\t
FAIL: gcc.target/mips/div-4.c (internal compiler error)
FAIL: gcc.target/mips/div-4.c (test for excess errors)
UNRESOLVED: gcc.target/mips/div-4.c scan-assembler \\tddivu\\t
UNRESOLVED: gcc.target/mips/div-4.c scan-assembler-not \\tmflo\\t
UNRESOLVED: gcc.target/mips/div-4.c scan-assembler \\tmfhi\\t
FAIL: gcc.target/mips/div-5.c (internal compiler error)
FAIL: gcc.target/mips/div-5.c (test for excess errors)
UNRESOLVED: gcc.target/mips/div-5.c scan-assembler \\tdiv\\t
UNRESOLVED: gcc.target/mips/div-5.c scan-assembler \\tmflo\\t
UNRESOLVED: gcc.target/mips/div-5.c scan-assembler-not \\tmfhi\\t
FAIL: gcc.target/mips/div-6.c (internal compiler error)
FAIL: gcc.target/mips/div-6.c (test for excess errors)
UNRESOLVED: gcc.target/mips/div-6.c scan-assembler \\tdivu\\t
UNRESOLVED: gcc.target/mips/div-6.c scan-assembler \\tmflo\\t
UNRESOLVED: gcc.target/mips/div-6.c scan-assembler-not \\tmfhi\\t
FAIL: gcc.target/mips/div-7.c (internal compiler error)
FAIL: gcc.target/mips/div-7.c (test for excess errors)
UNRESOLVED: gcc.target/mips/div-7.c scan-assembler \\tdiv\\t
UNRESOLVED: gcc.target/mips/div-7.c scan-assembler-not \\tmflo\\t
UNRESOLVED: gcc.target/mips/div-7.c scan-assembler \\tmfhi\\t
FAIL: gcc.target/mips/div-8.c (internal compiler error)
FAIL: gcc.target/mips/div-8.c (test for excess errors)
UNRESOLVED: gcc.target/mips/div-8.c scan-assembler \\tdivu\\t
UNRESOLVED: gcc.target/mips/div-8.c scan-assembler-not \\tmflo\\t
UNRESOLVED: gcc.target/mips/div-8.c scan-assembler \\tmfhi\\t
FAIL: gcc.target/mips/div-9.c (internal compiler error)
FAIL: gcc.target/mips/div-9.c (test for excess errors)
UNRESOLVED: gcc.target/mips/div-9.c scan-assembler \\tdiv\\t
UNRESOLVED: gcc.target/mips/div-9.c scan-assembler \\tmflo\\t
UNRESOLVED: gcc.target/mips/div-9.c scan-assembler-not \\tmfhi\\t
FAIL: gcc.target/mips/fpr-moves-7.c (internal compiler error)
FAIL: gcc.target/mips/fpr-moves-7.c (test for excess errors)
FAIL: gcc.target/mips/fpr-moves-8.c (internal compiler error)
FAIL: gcc.target/mips/fpr-moves-8.c (test for excess errors)
FAIL: gcc.target/mips/int-moves-1.c (internal compiler error)
FAIL: gcc.target/mips/int-moves-1.c (test for excess errors)
FAIL: gcc.target/mips/int-moves-2.c (internal compiler error)
FAIL: gcc.target/mips/int-moves-2.c (test for excess errors)
FAIL: gcc.target/mips/interrupt_handler-2.c scan-assembler \\t\\\\.cfi_restore 64\\n
FAIL: gcc.target/mips/interrupt_handler-2.c scan-assembler \\t\\\\.cfi_restore 65\\n
FAIL: gcc.target/mips/interrupt_handler-3.c scan-assembler \\t\\\\.cfi_restore 1\\n
FAIL: gcc.target/mips/interrupt_handler-3.c scan-assembler \\t\\\\.cfi_restore 2\\n
FAIL: gcc.target/mips/interrupt_handler-3.c scan-assembler \\t\\\\.cfi_restore 3\\n
FAIL: gcc.target/mips/interrupt_handler-3.c scan-assembler \\t\\\\.cfi_restore 4\\n
FAIL: gcc.target/mips/interrupt_handler-3.c scan-assembler \\t\\\\.cfi_restore 5\\n
FAIL: gcc.target/mips/interrupt_handler-3.c scan-assembler \\t\\\\.cfi_restore 6\\n
FAIL: gcc.target/mips/interrupt_handler-3.c scan-assembler \\t\\\\.cfi_restore 7\\n
FAIL: gcc.target/mips/interrupt_handler-3.c scan-assembler \\t\\\\.cfi_restore 8\\n
FAIL: gcc.target/mips/interrupt_handler-3.c scan-assembler \\t\\\\.cfi_restore 9\\n
FAIL: gcc.target/mips/interrupt_handler-3.c scan-assembler \\t\\\\.cfi_restore 10\\n
FAIL: gcc.target/mips/interrupt_handler-3.c scan-assembler \\t\\\\.cfi_restore 11\\n
FAIL: gcc.target/mips/interrupt_handler-3.c scan-assembler \\t\\\\.cfi_restore 12\\n
FAIL: gcc.target/mips/interrupt_handler-3.c scan-assembler \\t\\\\.cfi_restore 13\\n
FAIL: gcc.target/mips/interrupt_handler-3.c scan-assembler \\t\\\\.cfi_restore 14\\n
FAIL: gcc.target/mips/interrupt_handler-3.c scan-assembler \\t\\\\.cfi_restore 15\\n
FAIL: gcc.target/mips/interrupt_handler-3.c scan-assembler \\t\\\\.cfi_restore 24\\n
FAIL: gcc.target/mips/interrupt_handler-3.c scan-assembler \\t\\\\.cfi_restore 25\\n
FAIL: gcc.target/mips/interrupt_handler-3.c scan-assembler \\t\\\\.cfi_restore 31\\n
FAIL: gcc.target/mips/interrupt_handler-3.c scan-assembler \\t\\\\.cfi_restore 64\\n
FAIL: gcc.target/mips/interrupt_handler-3.c scan-assembler \\t\\\\.cfi_restore 65\\n
FAIL: gcc.target/mips/interrupt_handler-3.c scan-assembler \\t\\\\.cfi_def_cfa_offset 0\\n
FAIL: gcc.target/mips/mips16e-extends.c (internal compiler error)
FAIL: gcc.target/mips/mips16e-extends.c (test for excess errors)
UNRESOLVED: gcc.target/mips/mips16e-extends.c scan-assembler zeh
UNRESOLVED: gcc.target/mips/mips16e-extends.c scan-assembler seh
UNRESOLVED: gcc.target/mips/mips16e-extends.c scan-assembler zeb
UNRESOLVED: gcc.target/mips/mips16e-extends.c scan-assembler seb
FAIL: gcc.target/mips/mult-10.c (internal compiler error)
FAIL: gcc.target/mips/mult-10.c (test for excess errors)
UNRESOLVED: gcc.target/mips/mult-10.c scan-assembler \\tmult\\t
UNRESOLVED: gcc.target/mips/mult-10.c scan-assembler-not \\tmflo\\t
UNRESOLVED: gcc.target/mips/mult-10.c scan-assembler \\tmfhi\\t
FAIL: gcc.target/mips/mult-11.c (internal compiler error)
FAIL: gcc.target/mips/mult-11.c (test for excess errors)
UNRESOLVED: gcc.target/mips/mult-11.c scan-assembler \\tmultu\\t
UNRESOLVED: gcc.target/mips/mult-11.c scan-assembler-not \\tmflo\\t
UNRESOLVED: gcc.target/mips/mult-11.c scan-assembler \\tmfhi\\t
FAIL: gcc.target/mips/mult-12.c (internal compiler error)
FAIL: gcc.target/mips/mult-12.c (test for excess errors)
UNRESOLVED: gcc.target/mips/mult-12.c scan-assembler \\tmultu?\\t
UNRESOLVED: gcc.target/mips/mult-12.c scan-assembler \\tmflo\\t
UNRESOLVED: gcc.target/mips/mult-12.c scan-assembler-not \\tmfhi\\t
FAIL: gcc.target/mips/mult-13.c (internal compiler error)
FAIL: gcc.target/mips/mult-13.c (test for excess errors)
UNRESOLVED: gcc.target/mips/mult-13.c scan-assembler \\tmultu?\\t
UNRESOLVED: gcc.target/mips/mult-13.c scan-assembler \\tmflo\\t
UNRESOLVED: gcc.target/mips/mult-13.c scan-assembler-not \\tmfhi\\t
FAIL: gcc.target/mips/mult-14.c (internal compiler error)
FAIL: gcc.target/mips/mult-14.c (test for excess errors)
UNRESOLVED: gcc.target/mips/mult-14.c scan-assembler \\tmult\\t
UNRESOLVED: gcc.target/mips/mult-14.c scan-assembler \\tmflo\\t
UNRESOLVED: gcc.target/mips/mult-14.c scan-assembler \\tmfhi\\t
UNRESOLVED: gcc.target/mips/mult-14.c scan-assembler-not \\tdsll\\t
UNRESOLVED: gcc.target/mips/mult-14.c scan-assembler-not \\tdsrl\\t
FAIL: gcc.target/mips/mult-15.c (internal compiler error)
FAIL: gcc.target/mips/mult-15.c (test for excess errors)
UNRESOLVED: gcc.target/mips/mult-15.c scan-assembler \\tmultu\\t
UNRESOLVED: gcc.target/mips/mult-15.c scan-assembler \\tmflo\\t
UNRESOLVED: gcc.target/mips/mult-15.c scan-assembler \\tmfhi\\t
UNRESOLVED: gcc.target/mips/mult-15.c scan-assembler-not \\tdsll\\t
UNRESOLVED: gcc.target/mips/mult-15.c scan-assembler-not \\tdsrl\\t
FAIL: gcc.target/mips/mult-16.c (internal compiler error)
FAIL: gcc.target/mips/mult-16.c (test for excess errors)
UNRESOLVED: gcc.target/mips/mult-16.c scan-assembler \\tmult\\t
UNRESOLVED: gcc.target/mips/mult-16.c scan-assembler-not \\tmflo\\t
UNRESOLVED: gcc.target/mips/mult-16.c scan-assembler \\tmfhi\\t
FAIL: gcc.target/mips/mult-17.c (internal compiler error)
FAIL: gcc.target/mips/mult-17.c (test for excess errors)
UNRESOLVED: gcc.target/mips/mult-17.c scan-assembler \\tmultu\\t
UNRESOLVED: gcc.target/mips/mult-17.c scan-assembler-not \\tmflo\\t
UNRESOLVED: gcc.target/mips/mult-17.c scan-assembler \\tmfhi\\t
FAIL: gcc.target/mips/mult-18.c (internal compiler error)
FAIL: gcc.target/mips/mult-18.c (test for excess errors)
UNRESOLVED: gcc.target/mips/mult-18.c scan-assembler \\tmultu?\\t
UNRESOLVED: gcc.target/mips/mult-18.c scan-assembler \\tmflo\\t
UNRESOLVED: gcc.target/mips/mult-18.c scan-assembler-not \\tmfhi\\t
FAIL: gcc.target/mips/mult-19.c (internal compiler error)
FAIL: gcc.target/mips/mult-19.c (test for excess errors)
UNRESOLVED: gcc.target/mips/mult-19.c scan-assembler \\tmultu?\\t
UNRESOLVED: gcc.target/mips/mult-19.c scan-assembler \\tmflo\\t
UNRESOLVED: gcc.target/mips/mult-19.c scan-assembler-not \\tmfhi\\t
FAIL: gcc.target/mips/mult-2.c (internal compiler error)
FAIL: gcc.target/mips/mult-2.c (test for excess errors)
UNRESOLVED: gcc.target/mips/mult-2.c scan-assembler \\tdmult\\t
UNRESOLVED: gcc.target/mips/mult-2.c scan-assembler \\tmfhi\\t
UNRESOLVED: gcc.target/mips/mult-2.c scan-assembler \\tmflo\\t
FAIL: gcc.target/mips/mult-3.c (internal compiler error)
FAIL: gcc.target/mips/mult-3.c (test for excess errors)
UNRESOLVED: gcc.target/mips/mult-3.c scan-assembler \\tdmultu\\t
UNRESOLVED: gcc.target/mips/mult-3.c scan-assembler \\tmfhi\\t
UNRESOLVED: gcc.target/mips/mult-3.c scan-assembler \\tmflo\\t
FAIL: gcc.target/mips/mult-4.c (internal compiler error)
FAIL: gcc.target/mips/mult-4.c (test for excess errors)
UNRESOLVED: gcc.target/mips/mult-4.c scan-assembler \\tdmult\\t
UNRESOLVED: gcc.target/mips/mult-4.c scan-assembler \\tmfhi\\t
UNRESOLVED: gcc.target/mips/mult-4.c scan-assembler-not \\tmflo\\t
FAIL: gcc.target/mips/mult-5.c (internal compiler error)
FAIL: gcc.target/mips/mult-5.c (test for excess errors)
UNRESOLVED: gcc.target/mips/mult-5.c scan-assembler \\tdmultu\\t
UNRESOLVED: gcc.target/mips/mult-5.c scan-assembler \\tmfhi\\t
UNRESOLVED: gcc.target/mips/mult-5.c scan-assembler-not \\tmflo\\t
FAIL: gcc.target/mips/mult-6.c (internal compiler error)
FAIL: gcc.target/mips/mult-6.c (test for excess errors)
UNRESOLVED: gcc.target/mips/mult-6.c scan-assembler \\tdmultu?\\t
UNRESOLVED: gcc.target/mips/mult-6.c scan-assembler \\tmflo\\t
UNRESOLVED: gcc.target/mips/mult-6.c scan-assembler-not \\tmfhi\\t
FAIL: gcc.target/mips/mult-7.c (internal compiler error)
FAIL: gcc.target/mips/mult-7.c (test for excess errors)
UNRESOLVED: gcc.target/mips/mult-7.c scan-assembler \\tdmultu?\\t
UNRESOLVED: gcc.target/mips/mult-7.c scan-assembler \\tmflo\\t
UNRESOLVED: gcc.target/mips/mult-7.c scan-assembler-not \\tmfhi\\t
FAIL: gcc.target/mips/mult-8.c (internal compiler error)
FAIL: gcc.target/mips/mult-8.c (test for excess errors)
UNRESOLVED: gcc.target/mips/mult-8.c scan-assembler \\tmult\\t
UNRESOLVED: gcc.target/mips/mult-8.c scan-assembler \\tmflo\\t
UNRESOLVED: gcc.target/mips/mult-8.c scan-assembler \\tmfhi\\t
UNRESOLVED: gcc.target/mips/mult-8.c scan-assembler-times \\tdsll\\t 2
UNRESOLVED: gcc.target/mips/mult-8.c scan-assembler \\tdsrl\\t
FAIL: gcc.target/mips/mult-9.c (internal compiler error)
FAIL: gcc.target/mips/mult-9.c (test for excess errors)
UNRESOLVED: gcc.target/mips/mult-9.c scan-assembler \\tmultu\\t
UNRESOLVED: gcc.target/mips/mult-9.c scan-assembler \\tmflo\\t
UNRESOLVED: gcc.target/mips/mult-9.c scan-assembler \\tmfhi\\t
UNRESOLVED: gcc.target/mips/mult-9.c scan-assembler-times \\tdsll\\t 2
UNRESOLVED: gcc.target/mips/mult-9.c scan-assembler \\tdsrl\\t
FAIL: gcc.target/mips/r10k-cache-barrier-14.c (internal compiler error)
FAIL: gcc.target/mips/r10k-cache-barrier-14.c (test for warnings, line 5)
FAIL: gcc.target/mips/r10k-cache-barrier-14.c (test for excess errors)
FAIL: gcc.target/mips/save-restore-1.c (internal compiler error)
FAIL: gcc.target/mips/save-restore-1.c (test for excess errors)
UNRESOLVED: gcc.target/mips/save-restore-1.c scan-assembler \\tsave\\t\\\\\$4-\\\\\$7
UNRESOLVED: gcc.target/mips/save-restore-1.c scan-assembler \\trestore\\t
FAIL: gcc.target/mips/save-restore-2.c (internal compiler error)
FAIL: gcc.target/mips/save-restore-2.c (test for excess errors)
UNRESOLVED: gcc.target/mips/save-restore-2.c scan-assembler \\tsave\\t\\\\\$4-\\\\\$6,
UNRESOLVED: gcc.target/mips/save-restore-2.c scan-assembler \\trestore\\t
FAIL: gcc.target/mips/save-restore-3.c (internal compiler error)
FAIL: gcc.target/mips/save-restore-3.c (test for excess errors)
UNRESOLVED: gcc.target/mips/save-restore-3.c scan-assembler \\tsave\\t\\\\\$4-\\\\\$6,
UNRESOLVED: gcc.target/mips/save-restore-3.c scan-assembler \\trestore\\t
FAIL: gcc.target/mips/save-restore-4.c (internal compiler error)
FAIL: gcc.target/mips/save-restore-4.c (test for excess errors)
UNRESOLVED: gcc.target/mips/save-restore-4.c scan-assembler \\tsave\\t[0-9]*,\\\\\$16,\\\\\$17,\\\\\$31
UNRESOLVED: gcc.target/mips/save-restore-4.c scan-assembler \\trestore\\t[0-9]*,\\\\\$16,\\\\\$17,\\\\\$31
FAIL: gcc.target/mips/save-restore-5.c (internal compiler error)
FAIL: gcc.target/mips/save-restore-5.c (test for excess errors)
FAIL: gcc.target/mips/scc-1.c (internal compiler error)
FAIL: gcc.target/mips/scc-1.c (test for excess errors)
UNRESOLVED: gcc.target/mips/scc-1.c scan-assembler-times slt\\t\\\\\$2,\\\\\$5,\\\\\$4 1
UNRESOLVED: gcc.target/mips/scc-1.c scan-assembler-times sltu\\t\\\\\$2,\\\\\$5,\\\\\$4 1
UNRESOLVED: gcc.target/mips/scc-1.c scan-assembler-times slt\\t\\\\\$5,\\\\\$4 1
UNRESOLVED: gcc.target/mips/scc-1.c scan-assembler-times sltu\\t\\\\\$5,\\\\\$4 1
UNRESOLVED: gcc.target/mips/scc-1.c scan-assembler-times slt\\t\\\\\$2,\\\\\$0,\\\\\$4 1
UNRESOLVED: gcc.target/mips/scc-1.c scan-assembler-times sltu\\t\\\\\$2,\\\\\$0,\\\\\$4 1
UNRESOLVED: gcc.target/mips/scc-1.c scan-assembler-times slt\\t\\\\\$2,\\\\\$4,\\\\\$5 1
UNRESOLVED: gcc.target/mips/scc-1.c scan-assembler-times sltu\\t\\\\\$2,\\\\\$4,\\\\\$5 1
UNRESOLVED: gcc.target/mips/scc-1.c scan-assembler-times slt\\t\\\\\$4,\\\\\$5 1
UNRESOLVED: gcc.target/mips/scc-1.c scan-assembler-times sltu\\t\\\\\$4,\\\\\$5 1
UNRESOLVED: gcc.target/mips/scc-1.c scan-assembler-times slt\\t\\\\\$2,\\\\\$4,23 1
UNRESOLVED: gcc.target/mips/scc-1.c scan-assembler-times sltu\\t\\\\\$2,\\\\\$4,23 1
UNRESOLVED: gcc.target/mips/scc-1.c scan-assembler-times slt\\t\\\\\$4,23 1
UNRESOLVED: gcc.target/mips/scc-1.c scan-assembler-times sltu\\t\\\\\$4,23 1
FAIL: gcc.target/mips/scc-3.c (internal compiler error)
FAIL: gcc.target/mips/scc-3.c (test for excess errors)
UNRESOLVED: gcc.target/mips/scc-3.c scan-assembler-not and\\t|andi\\t|ext\\t|sll\\t|srl\\t
UNRESOLVED: gcc.target/mips/scc-3.c scan-assembler-times slt\\t|slti?u\\t 8
=== gcc Summary ===
# of expected passes 73131
# of unexpected failures 139
# of expected failures 101
# of unresolved testcases 145
# of unsupported tests 1406
/home/mstein/sim/trunk/mips-elf/build/gcc/xgcc version 4.8.0 20120329 (experimental) [trunk revision 185978] (GCC)
Compiler version: 4.8.0 20120329 (experimental) [trunk revision 185978] (GCC) gcc
Platform: mips-unknown-elf
configure flags: --target=mips-elf --prefix=/home/mstein/cross-local/mips-elf --enable-languages=c --disable-nls --disable-build-warnings --with-sysroot=/home/mstein/cross-local/mips-elf --with-build-sysroot=/home/mstein/cross-local/mips-elf --with-ld=/home/mstein/cross-local/mips-elf/usr/bin/ld --with-as=/home/mstein/cross-local/mips-elf/usr/bin/as --disable-libssp --with-mpfr=/opt/cfarm/mpfr-2.4.1 --with-gmp=/opt/cfarm/gmp-4.2.4 --with-libelf=/opt/cfarm/libelf-0.8.12 --with-mpc=/opt/cfarm/mpc-0.8