This is the mail archive of the gcc-testresults@gcc.gnu.org mailing list for the GCC project.


Index Nav: [Date Index] [Subject Index] [Author Index] [Thread Index]
Message Nav: [Date Prev] [Date Next] [Thread Prev] [Thread Next]
Other format: [Raw text]

Results for 4.8.0 20120327 (experimental) (GCC) testsuite on arm-none-linux-gnueabi


LAST_UPDATED: Tue Mar 27 07:41:19 UTC 2012 (/trunk revision 185838)

Target is arm-none-linux-gnueabi
Host   is i686-pc-linux-gnu

		=== g++ tests ===


Running target qemu-default
WARNING: program timed out.
WARNING: no shell prompt printed
ERROR: Could not run {cd /scratch/gcc/nightly-2012-03-28-mainline/arm-none-linux-gnueabi/obj/test-mainline-0-arm-none-linux-gnueabi/host-i686-pc-linux-gnu/default/g++.d} 146 256:
UNRESOLVED: g++.dg/bprob/g++-bprob-1.C execution,    -g  -fprofile-arcs

		=== g++ Summary ===

# of expected passes		46424
# of expected failures		281
# of unresolved testcases	1
# of unsupported tests		651
/scratch/gcc/nightly-2012-03-28-mainline/arm-none-linux-gnueabi/obj/test-mainline-0-arm-none-linux-gnueabi/host-i686-pc-linux-gnu/fsf-mainline/bin/arm-none-linux-gnueabi-g++  version 4.8.0 20120327 (experimental) (GCC) 


		=== Summary adjusted for local xfails ===

# of errors                     1
# of expected passes            46424
# of expected failures          281
# of unresolved testcases       1
# of unsupported tests          651
Host   is i686-pc-linux-gnu

		=== gcc tests ===


Running target qemu-default
FAIL: gcc.dg/atomic-compare-exchange-1.c execution test
FAIL: gcc.dg/atomic-compare-exchange-2.c execution test
FAIL: gcc.dg/pr49994-3.c (test for excess errors)
FAIL: gcc.dg/uninit-13.c unconditional (test for warnings, line 8)
FAIL: gcc.dg/uninit-13.c (test for excess errors)
FAIL: gcc.dg/torture/pr51106-2.c  -O0  (internal compiler error)
FAIL: gcc.dg/torture/pr51106-2.c  -O0  (test for excess errors)
FAIL: gcc.dg/torture/pr51106-2.c  -O1  (internal compiler error)
FAIL: gcc.dg/torture/pr51106-2.c  -O1  (test for excess errors)
FAIL: gcc.dg/torture/pr51106-2.c  -O2  (internal compiler error)
FAIL: gcc.dg/torture/pr51106-2.c  -O2  (test for excess errors)
FAIL: gcc.dg/torture/pr51106-2.c  -O3 -fomit-frame-pointer  (internal compiler error)
FAIL: gcc.dg/torture/pr51106-2.c  -O3 -fomit-frame-pointer  (test for excess errors)
FAIL: gcc.dg/torture/pr51106-2.c  -O3 -g  (internal compiler error)
FAIL: gcc.dg/torture/pr51106-2.c  -O3 -g  (test for excess errors)
FAIL: gcc.dg/torture/pr51106-2.c  -Os  (internal compiler error)
FAIL: gcc.dg/torture/pr51106-2.c  -Os  (test for excess errors)
FAIL: gcc.dg/torture/pr51106-2.c  -O2 -flto -fno-use-linker-plugin -flto-partition=none  (internal compiler error)
FAIL: gcc.dg/torture/pr51106-2.c  -O2 -flto -fno-use-linker-plugin -flto-partition=none  (test for excess errors)
FAIL: gcc.dg/tree-ssa/sra-12.c scan-tree-dump-times release_ssa "l;" 0
FAIL: gcc.dg/vect/vect-104.c scan-tree-dump-times vect "possible dependence between data-refs" 1
FAIL: gcc.dg/vect/vect-109.c scan-tree-dump-times vect "Vectorizing an unaligned access" 3
FAIL: gcc.dg/vect/vect-13.c scan-tree-dump-times vect "Vectorizing an unaligned access" 0
FAIL: gcc.dg/vect/vect-17.c scan-tree-dump-times vect "Vectorizing an unaligned access" 0
FAIL: gcc.dg/vect/vect-18.c scan-tree-dump-times vect "Vectorizing an unaligned access" 0
FAIL: gcc.dg/vect/vect-19.c scan-tree-dump-times vect "Vectorizing an unaligned access" 0
FAIL: gcc.dg/vect/vect-2-big-array.c scan-tree-dump-times vect "Vectorizing an unaligned access" 0
FAIL: gcc.dg/vect/vect-20.c scan-tree-dump-times vect "Vectorizing an unaligned access" 0
FAIL: gcc.dg/vect/vect-21.c scan-tree-dump-times vect "Vectorizing an unaligned access" 0
FAIL: gcc.dg/vect/vect-22.c scan-tree-dump-times vect "Vectorizing an unaligned access" 0
FAIL: gcc.dg/vect/vect-27.c scan-tree-dump-times vect "Alignment of access forced using peeling" 0
FAIL: gcc.dg/vect/vect-29.c scan-tree-dump-times vect "Alignment of access forced using peeling" 0
FAIL: gcc.dg/vect/vect-3.c scan-tree-dump-times vect "Vectorizing an unaligned access" 0
FAIL: gcc.dg/vect/vect-4.c scan-tree-dump-times vect "Vectorizing an unaligned access" 0
FAIL: gcc.dg/vect/vect-5.c scan-tree-dump-times vect "Vectorizing an unaligned access" 0
FAIL: gcc.dg/vect/vect-58.c scan-tree-dump-times vect "Vectorizing an unaligned access" 0
FAIL: gcc.dg/vect/vect-7.c scan-tree-dump-times vect "Vectorizing an unaligned access" 0
FAIL: gcc.dg/vect/vect-72.c scan-tree-dump-times vect "Alignment of access forced using peeling" 0
FAIL: gcc.dg/vect/vect-73-big-array.c scan-tree-dump-times vect "Vectorizing an unaligned access" 0
FAIL: gcc.dg/vect/vect-73.c scan-tree-dump-times vect "Vectorizing an unaligned access" 0
FAIL: gcc.dg/vect/vect-77-global.c scan-tree-dump-times vect "Vectorizing an unaligned access" 1
FAIL: gcc.dg/vect/vect-78-global.c scan-tree-dump-times vect "Vectorizing an unaligned access" 1
FAIL: gcc.dg/vect/vect-86.c scan-tree-dump-times vect "Alignment of access forced using peeling" 0
FAIL: gcc.dg/vect/vect-92.c scan-tree-dump-times vect "Vectorizing an unaligned access" 0
FAIL: gcc.dg/vect/vect-97-big-array.c scan-tree-dump-times vect "Vectorizing an unaligned access" 0
FAIL: gcc.dg/vect/vect-97.c scan-tree-dump-times vect "Vectorizing an unaligned access" 0
FAIL: gcc.dg/vect/vect-all-big-array.c scan-tree-dump-times vect "Alignment of access forced using peeling" 0
FAIL: gcc.dg/vect/vect-all.c scan-tree-dump-times vect "Alignment of access forced using peeling" 0
FAIL: gcc.dg/vect/vect-multitypes-1.c scan-tree-dump-times vect "Alignment of access forced using peeling" 2
FAIL: gcc.dg/vect/vect-multitypes-1.c scan-tree-dump-times vect "Vectorizing an unaligned access" 4
FAIL: gcc.dg/vect/vect-multitypes-11.c scan-tree-dump-times vect "vectorized 1 loops" 1
FAIL: gcc.dg/vect/vect-multitypes-12.c scan-tree-dump-times vect "vectorized 1 loops" 1
FAIL: gcc.dg/vect/vect-outer-1-big-array.c scan-tree-dump-times vect "strided access in outer loop" 1
FAIL: gcc.dg/vect/vect-outer-1.c scan-tree-dump-times vect "strided access in outer loop" 1
FAIL: gcc.dg/vect/vect-outer-1a-big-array.c scan-tree-dump-times vect "strided access in outer loop" 1
FAIL: gcc.dg/vect/vect-outer-1a.c scan-tree-dump-times vect "strided access in outer loop" 1
FAIL: gcc.dg/vect/vect-outer-1b-big-array.c scan-tree-dump-times vect "strided access in outer loop" 1
FAIL: gcc.dg/vect/vect-outer-1b.c scan-tree-dump-times vect "strided access in outer loop" 1
FAIL: gcc.dg/vect/vect-outer-2b.c scan-tree-dump-times vect "strided access in outer loop" 1
FAIL: gcc.dg/vect/vect-outer-3a-big-array.c scan-tree-dump-times vect "step doesn't divide the vector-size" 2
FAIL: gcc.dg/vect/vect-outer-3a.c scan-tree-dump-times vect "step doesn't divide the vector-size" 2
FAIL: gcc.dg/vect/vect-outer-3b.c scan-tree-dump-times vect "strided access in outer loop" 2
FAIL: gcc.dg/vect/vect-peel-3.c scan-tree-dump-times vect "Vectorizing an unaligned access" 1
FAIL: gcc.dg/vect/vect-peel-4.c scan-tree-dump-times vect "Vectorizing an unaligned access" 1
FAIL: gcc.dg/vect/vect-peel-4.c scan-tree-dump-times vect "Alignment of access forced using peeling" 0
FAIL: gcc.dg/vect/vect-reduc-dot-s16b.c scan-tree-dump-times vect "vectorized 1 loops" 0
FAIL: gcc.dg/vect/vect-reduc-dot-s8b.c scan-tree-dump-times vect "vect_recog_widen_mult_pattern: detected" 1
FAIL: gcc.dg/vect/vect-reduc-pattern-1a.c scan-tree-dump-times vect "vectorized 1 loops" 0
FAIL: gcc.dg/vect/vect-reduc-pattern-1b-big-array.c scan-tree-dump-times vect "vectorized 1 loops" 0
FAIL: gcc.dg/vect/vect-reduc-pattern-1b.c scan-tree-dump-times vect "vectorized 1 loops" 0
FAIL: gcc.dg/vect/vect-reduc-pattern-1c-big-array.c scan-tree-dump-times vect "vectorized 1 loops" 0
FAIL: gcc.dg/vect/vect-reduc-pattern-1c.c scan-tree-dump-times vect "vectorized 1 loops" 0
FAIL: gcc.dg/vect/vect-reduc-pattern-2a.c scan-tree-dump-times vect "vectorized 1 loops" 0
FAIL: gcc.dg/vect/vect-reduc-pattern-2b-big-array.c scan-tree-dump-times vect "vectorized 1 loops" 0
FAIL: gcc.dg/vect/vect-reduc-pattern-2b.c scan-tree-dump-times vect "vectorized 1 loops" 0
FAIL: gcc.dg/vect/slp-25.c scan-tree-dump-times vect "Vectorizing an unaligned access" 0
FAIL: gcc.dg/vect/slp-25.c scan-tree-dump-times vect "Alignment of access forced using peeling" 2
FAIL: gcc.dg/vect/slp-perm-8.c scan-tree-dump-times vect "vectorized 1 loops" 2
XPASS: gcc.dg/vect/slp-reduc-3.c scan-tree-dump-times vect "vectorizing stmts using SLP" 1
FAIL: gcc.dg/vect/vect-104.c -flto scan-tree-dump-times vect "possible dependence between data-refs" 1
FAIL: gcc.dg/vect/vect-109.c -flto scan-tree-dump-times vect "Vectorizing an unaligned access" 3
FAIL: gcc.dg/vect/vect-13.c -flto scan-tree-dump-times vect "Vectorizing an unaligned access" 0
FAIL: gcc.dg/vect/vect-17.c -flto scan-tree-dump-times vect "Vectorizing an unaligned access" 0
FAIL: gcc.dg/vect/vect-18.c -flto scan-tree-dump-times vect "Vectorizing an unaligned access" 0
FAIL: gcc.dg/vect/vect-19.c -flto scan-tree-dump-times vect "Vectorizing an unaligned access" 0
FAIL: gcc.dg/vect/vect-2-big-array.c -flto scan-tree-dump-times vect "Vectorizing an unaligned access" 0
FAIL: gcc.dg/vect/vect-20.c -flto scan-tree-dump-times vect "Vectorizing an unaligned access" 0
FAIL: gcc.dg/vect/vect-21.c -flto scan-tree-dump-times vect "Vectorizing an unaligned access" 0
FAIL: gcc.dg/vect/vect-22.c -flto scan-tree-dump-times vect "Vectorizing an unaligned access" 0
FAIL: gcc.dg/vect/vect-27.c -flto scan-tree-dump-times vect "Alignment of access forced using peeling" 0
FAIL: gcc.dg/vect/vect-29.c -flto scan-tree-dump-times vect "Alignment of access forced using peeling" 0
FAIL: gcc.dg/vect/vect-3.c -flto scan-tree-dump-times vect "Vectorizing an unaligned access" 0
FAIL: gcc.dg/vect/vect-4.c -flto scan-tree-dump-times vect "Vectorizing an unaligned access" 0
FAIL: gcc.dg/vect/vect-5.c -flto scan-tree-dump-times vect "Vectorizing an unaligned access" 0
FAIL: gcc.dg/vect/vect-58.c -flto scan-tree-dump-times vect "Vectorizing an unaligned access" 0
FAIL: gcc.dg/vect/vect-7.c -flto scan-tree-dump-times vect "Vectorizing an unaligned access" 0
FAIL: gcc.dg/vect/vect-72.c -flto scan-tree-dump-times vect "Alignment of access forced using peeling" 0
FAIL: gcc.dg/vect/vect-73-big-array.c -flto scan-tree-dump-times vect "Vectorizing an unaligned access" 0
FAIL: gcc.dg/vect/vect-73.c -flto scan-tree-dump-times vect "Vectorizing an unaligned access" 0
FAIL: gcc.dg/vect/vect-77-global.c -flto scan-tree-dump-times vect "Vectorizing an unaligned access" 1
FAIL: gcc.dg/vect/vect-78-global.c -flto scan-tree-dump-times vect "Vectorizing an unaligned access" 1
FAIL: gcc.dg/vect/vect-86.c -flto scan-tree-dump-times vect "Alignment of access forced using peeling" 0
FAIL: gcc.dg/vect/vect-92.c -flto scan-tree-dump-times vect "Vectorizing an unaligned access" 0
FAIL: gcc.dg/vect/vect-97-big-array.c -flto scan-tree-dump-times vect "Vectorizing an unaligned access" 0
FAIL: gcc.dg/vect/vect-97.c -flto scan-tree-dump-times vect "Vectorizing an unaligned access" 0
FAIL: gcc.dg/vect/vect-all-big-array.c -flto scan-tree-dump-times vect "Alignment of access forced using peeling" 0
FAIL: gcc.dg/vect/vect-all.c -flto scan-tree-dump-times vect "Alignment of access forced using peeling" 0
FAIL: gcc.dg/vect/vect-multitypes-1.c -flto scan-tree-dump-times vect "Alignment of access forced using peeling" 2
FAIL: gcc.dg/vect/vect-multitypes-1.c -flto scan-tree-dump-times vect "Vectorizing an unaligned access" 4
FAIL: gcc.dg/vect/vect-multitypes-11.c -flto scan-tree-dump-times vect "vectorized 1 loops" 1
FAIL: gcc.dg/vect/vect-multitypes-12.c -flto scan-tree-dump-times vect "vectorized 1 loops" 1
FAIL: gcc.dg/vect/vect-outer-1-big-array.c -flto scan-tree-dump-times vect "strided access in outer loop" 1
FAIL: gcc.dg/vect/vect-outer-1.c -flto scan-tree-dump-times vect "strided access in outer loop" 1
FAIL: gcc.dg/vect/vect-outer-1a-big-array.c -flto scan-tree-dump-times vect "strided access in outer loop" 1
FAIL: gcc.dg/vect/vect-outer-1a.c -flto scan-tree-dump-times vect "strided access in outer loop" 1
FAIL: gcc.dg/vect/vect-outer-1b-big-array.c -flto scan-tree-dump-times vect "strided access in outer loop" 1
FAIL: gcc.dg/vect/vect-outer-1b.c -flto scan-tree-dump-times vect "strided access in outer loop" 1
FAIL: gcc.dg/vect/vect-outer-2b.c -flto scan-tree-dump-times vect "strided access in outer loop" 1
FAIL: gcc.dg/vect/vect-outer-3a-big-array.c -flto scan-tree-dump-times vect "step doesn't divide the vector-size" 2
FAIL: gcc.dg/vect/vect-outer-3a.c -flto scan-tree-dump-times vect "step doesn't divide the vector-size" 2
FAIL: gcc.dg/vect/vect-outer-3b.c -flto scan-tree-dump-times vect "strided access in outer loop" 2
FAIL: gcc.dg/vect/vect-peel-3.c -flto scan-tree-dump-times vect "Vectorizing an unaligned access" 1
FAIL: gcc.dg/vect/vect-peel-4.c -flto scan-tree-dump-times vect "Vectorizing an unaligned access" 1
FAIL: gcc.dg/vect/vect-peel-4.c -flto scan-tree-dump-times vect "Alignment of access forced using peeling" 0
FAIL: gcc.dg/vect/vect-reduc-dot-s16b.c -flto scan-tree-dump-times vect "vectorized 1 loops" 0
FAIL: gcc.dg/vect/vect-reduc-dot-s8b.c -flto scan-tree-dump-times vect "vect_recog_widen_mult_pattern: detected" 1
FAIL: gcc.dg/vect/vect-reduc-pattern-1a.c -flto scan-tree-dump-times vect "vectorized 1 loops" 0
FAIL: gcc.dg/vect/vect-reduc-pattern-1b-big-array.c -flto scan-tree-dump-times vect "vectorized 1 loops" 0
FAIL: gcc.dg/vect/vect-reduc-pattern-1b.c -flto scan-tree-dump-times vect "vectorized 1 loops" 0
FAIL: gcc.dg/vect/vect-reduc-pattern-1c-big-array.c -flto scan-tree-dump-times vect "vectorized 1 loops" 0
FAIL: gcc.dg/vect/vect-reduc-pattern-1c.c -flto scan-tree-dump-times vect "vectorized 1 loops" 0
FAIL: gcc.dg/vect/vect-reduc-pattern-2a.c -flto scan-tree-dump-times vect "vectorized 1 loops" 0
FAIL: gcc.dg/vect/vect-reduc-pattern-2b-big-array.c -flto scan-tree-dump-times vect "vectorized 1 loops" 0
FAIL: gcc.dg/vect/vect-reduc-pattern-2b.c -flto scan-tree-dump-times vect "vectorized 1 loops" 0
FAIL: gcc.dg/vect/slp-25.c -flto scan-tree-dump-times vect "Vectorizing an unaligned access" 0
FAIL: gcc.dg/vect/slp-25.c -flto scan-tree-dump-times vect "Alignment of access forced using peeling" 2
FAIL: gcc.dg/vect/slp-perm-8.c -flto scan-tree-dump-times vect "vectorized 1 loops" 2
XPASS: gcc.dg/vect/slp-reduc-3.c -flto scan-tree-dump-times vect "vectorizing stmts using SLP" 1
FAIL: gcc.dg/vect/no-vfa-vect-101.c scan-tree-dump-times vect "can't determine dependence" 1
FAIL: gcc.dg/vect/no-vfa-vect-102.c scan-tree-dump-times vect "possible dependence between data-refs" 1
FAIL: gcc.dg/vect/no-vfa-vect-102a.c scan-tree-dump-times vect "possible dependence between data-refs" 1
FAIL: gcc.dg/vect/no-vfa-vect-37.c scan-tree-dump-times vect "can't determine dependence" 2
FAIL: gcc.dg/vect/no-vfa-vect-79.c scan-tree-dump-times vect "can't determine dependence" 1
FAIL: gcc.dg/vect/wrapv-vect-7.c scan-tree-dump-times vect "Vectorizing an unaligned access" 0
FAIL: gcc.dg/vect/wrapv-vect-reduc-pattern-2c.c scan-tree-dump-times vect "vectorized 1 loops" 0
FAIL: gcc.dg/vect/no-section-anchors-vect-31.c scan-tree-dump-times vect "Alignment of access forced using peeling" 2
FAIL: gcc.dg/vect/no-section-anchors-vect-36.c scan-tree-dump-times vect "Vectorizing an unaligned access" 0
FAIL: gcc.dg/vect/no-section-anchors-vect-36.c scan-tree-dump-times vect "Alignment of access forced using peeling" 0
FAIL: gcc.dg/vect/no-section-anchors-vect-64.c scan-tree-dump-times vect "Alignment of access forced using peeling" 2
FAIL: gcc.dg/vect/no-section-anchors-vect-65.c scan-tree-dump-times vect "Vectorizing an unaligned access" 0
FAIL: gcc.dg/vect/no-section-anchors-vect-69.c scan-tree-dump-times vect "Alignment of access forced using peeling" 2
XPASS: gcc.dg/vect/no-scevccp-outer-16.c scan-tree-dump-times vect "OUTER LOOP VECTORIZED." 1
XPASS: gcc.dg/vect/no-scevccp-outer-17.c scan-tree-dump-times vect "OUTER LOOP VECTORIZED." 1
XPASS: gcc.dg/vect/no-scevccp-outer-19.c scan-tree-dump-times vect "OUTER LOOP VECTORIZED." 1
XPASS: gcc.dg/vect/no-scevccp-outer-21.c scan-tree-dump-times vect "OUTER LOOP VECTORIZED." 1
FAIL: gcc.target/arm/pr42172-1.c scan-assembler-times ldr 1
FAIL: gcc.target/arm/pr42575.c scan-assembler-not mov

		=== gcc Summary ===

# of expected passes		80813
# of unexpected failures	151
# of unexpected successes	6
# of expected failures		252
# of unsupported tests		1286
/scratch/gcc/nightly-2012-03-28-mainline/arm-none-linux-gnueabi/obj/test-mainline-0-arm-none-linux-gnueabi/host-i686-pc-linux-gnu/fsf-mainline/bin/arm-none-linux-gnueabi-gcc  version 4.8.0 20120327 (experimental) (GCC) 


		=== Summary adjusted for local xfails ===

# of unexpected failures        151
# of expected passes            80813
# of unexpected successes       6
# of expected failures          252
# of unsupported tests          1286
Host   is i686-pc-linux-gnu

		=== gfortran tests ===


Running target qemu-default
FAIL: gfortran.dg/zero_sized_1.f90  -O0  execution test
FAIL: gfortran.dg/lto/pr45586-2 f_lto_pr45586-2_0.o-f_lto_pr45586-2_0.o link, -O0 -flto -flto-partition=none -fuse-linker-plugin (internal compiler error)
UNRESOLVED: gfortran.dg/lto/pr45586-2 f_lto_pr45586-2_0.o-f_lto_pr45586-2_0.o execute -O0 -flto -flto-partition=none -fuse-linker-plugin
FAIL: gfortran.dg/lto/pr45586-2 f_lto_pr45586-2_0.o-f_lto_pr45586-2_0.o link, -O0 -flto -flto-partition=1to1 -fno-use-linker-plugin  (internal compiler error)
UNRESOLVED: gfortran.dg/lto/pr45586-2 f_lto_pr45586-2_0.o-f_lto_pr45586-2_0.o execute -O0 -flto -flto-partition=1to1 -fno-use-linker-plugin 
FAIL: gfortran.dg/lto/pr45586-2 f_lto_pr45586-2_0.o-f_lto_pr45586-2_0.o link, -O0 -flto -fuse-linker-plugin -fno-fat-lto-objects  (internal compiler error)
UNRESOLVED: gfortran.dg/lto/pr45586-2 f_lto_pr45586-2_0.o-f_lto_pr45586-2_0.o execute -O0 -flto -fuse-linker-plugin -fno-fat-lto-objects 
FAIL: gfortran.dg/lto/pr45586 f_lto_pr45586_0.o-f_lto_pr45586_0.o link, -O0 -flto -flto-partition=none -fuse-linker-plugin (internal compiler error)
UNRESOLVED: gfortran.dg/lto/pr45586 f_lto_pr45586_0.o-f_lto_pr45586_0.o execute -O0 -flto -flto-partition=none -fuse-linker-plugin
FAIL: gfortran.dg/lto/pr45586 f_lto_pr45586_0.o-f_lto_pr45586_0.o link, -O0 -flto -flto-partition=1to1 -fno-use-linker-plugin  (internal compiler error)
UNRESOLVED: gfortran.dg/lto/pr45586 f_lto_pr45586_0.o-f_lto_pr45586_0.o execute -O0 -flto -flto-partition=1to1 -fno-use-linker-plugin 
FAIL: gfortran.dg/lto/pr45586 f_lto_pr45586_0.o-f_lto_pr45586_0.o link, -O0 -flto -fuse-linker-plugin -fno-fat-lto-objects  (internal compiler error)
UNRESOLVED: gfortran.dg/lto/pr45586 f_lto_pr45586_0.o-f_lto_pr45586_0.o execute -O0 -flto -fuse-linker-plugin -fno-fat-lto-objects 
FAIL: gfortran.dg/vect/pr19049.f90  -O  scan-tree-dump-times vect "complicated access pattern" 1
FAIL: gfortran.dg/vect/pr32380.f  -O  scan-tree-dump-times vect "vectorized 7 loops" 1

		=== gfortran Summary ===

# of expected passes		40060
# of unexpected failures	9
# of expected failures		56
# of unresolved testcases	6
# of unsupported tests		388
/scratch/gcc/nightly-2012-03-28-mainline/arm-none-linux-gnueabi/obj/test-mainline-0-arm-none-linux-gnueabi/host-i686-pc-linux-gnu/fsf-mainline/bin/arm-none-linux-gnueabi-gfortran  version 4.8.0 20120327 (experimental) (GCC) 


		=== Summary adjusted for local xfails ===

# of unexpected failures        9
# of expected passes            40060
# of expected failures          56
# of unresolved testcases       6
# of unsupported tests          388
Host   is i686-pc-linux-gnu

		=== libstdc++ tests ===


Running target qemu-default
ERROR: tcl error sourcing /scratch/gcc/nightly-2012-03-28-mainline/src/gcc-mainline/libstdc++-v3/testsuite/libstdc++-abi/abi.exp.
ERROR: can't read "baseline_subdir_switch": no such variable
FAIL: 21_strings/basic_string/inserters_extractors/wchar_t/28277.cc execution test
FAIL: 27_io/basic_ostream/inserters_character/wchar_t/28277-3.cc execution test
FAIL: 27_io/basic_ostream/inserters_character/wchar_t/28277-4.cc execution test
FAIL: 29_atomics/atomic/cons/user_pod.cc (test for excess errors)
FAIL: 29_atomics/atomic/operators/integral_assignment.cc execution test
FAIL: 29_atomics/atomic/operators/integral_conversion.cc execution test
FAIL: 29_atomics/atomic_integral/operators/integral_assignment.cc execution test
FAIL: 29_atomics/atomic_integral/operators/integral_conversion.cc execution test
FAIL: ext/vstring/inserters_extractors/wchar_t/28277.cc execution test
FAIL: tr2/headers/all.cc (test for excess errors)

		=== libstdc++ Summary ===

# of expected passes		8418
# of unexpected failures	10
# of expected failures		43
# of unsupported tests		291

		=== Summary adjusted for local xfails ===

# of errors                     2
# of unexpected failures        10
# of expected passes            8418
# of expected failures          43
# of unsupported tests          291
Host   is i686-pc-linux-gnu

		=== g++ tests ===


Running target qemu-default-thumb/-mthumb
FAIL: g++.dg/ipa/pr46984.C -std=gnu++98 execution test
FAIL: g++.dg/ipa/pr46984.C -std=gnu++11 execution test
FAIL: g++.dg/torture/covariant-1.C  -O2 -flto -fno-use-linker-plugin -flto-partition=none  execution test
FAIL: g++.dg/torture/covariant-1.C  -O2 -flto -fuse-linker-plugin -fno-fat-lto-objects  execution test
FAIL: g++.dg/torture/pr45699.C  -O2 -flto -fuse-linker-plugin -fno-fat-lto-objects  execution test

		=== g++ Summary ===

# of expected passes		46280
# of unexpected failures	5
# of expected failures		281
# of unsupported tests		667
/scratch/gcc/nightly-2012-03-28-mainline/arm-none-linux-gnueabi/obj/test-mainline-0-arm-none-linux-gnueabi/host-i686-pc-linux-gnu/fsf-mainline/bin/arm-none-linux-gnueabi-g++  version 4.8.0 20120327 (experimental) (GCC) 


		=== Summary adjusted for local xfails ===

# of unexpected failures        5
# of expected passes            46280
# of expected failures          281
# of unsupported tests          667
Host   is i686-pc-linux-gnu

		=== gcc tests ===


Running target qemu-default-thumb/-mthumb
FAIL: gcc.c-torture/execute/pr45070.c execution,  -Os 
FAIL: gcc.dg/atomic-compare-exchange-1.c execution test
FAIL: gcc.dg/atomic-compare-exchange-2.c execution test
FAIL: gcc.dg/pr49994-3.c (test for excess errors)
FAIL: gcc.dg/uninit-13.c unconditional (test for warnings, line 8)
FAIL: gcc.dg/uninit-13.c (test for excess errors)
FAIL: gcc.dg/torture/builtin-complex-1.c  -O1  execution test
FAIL: gcc.dg/torture/pr51106-2.c  -O0  (internal compiler error)
FAIL: gcc.dg/torture/pr51106-2.c  -O0  (test for excess errors)
FAIL: gcc.dg/torture/pr51106-2.c  -O1  (internal compiler error)
FAIL: gcc.dg/torture/pr51106-2.c  -O1  (test for excess errors)
FAIL: gcc.dg/torture/pr51106-2.c  -O2  (internal compiler error)
FAIL: gcc.dg/torture/pr51106-2.c  -O2  (test for excess errors)
FAIL: gcc.dg/torture/pr51106-2.c  -O3 -fomit-frame-pointer  (internal compiler error)
FAIL: gcc.dg/torture/pr51106-2.c  -O3 -fomit-frame-pointer  (test for excess errors)
FAIL: gcc.dg/torture/pr51106-2.c  -O3 -g  (internal compiler error)
FAIL: gcc.dg/torture/pr51106-2.c  -O3 -g  (test for excess errors)
FAIL: gcc.dg/torture/pr51106-2.c  -Os  (internal compiler error)
FAIL: gcc.dg/torture/pr51106-2.c  -Os  (test for excess errors)
FAIL: gcc.dg/torture/pr51106-2.c  -O2 -flto -fno-use-linker-plugin -flto-partition=none  (internal compiler error)
FAIL: gcc.dg/torture/pr51106-2.c  -O2 -flto -fno-use-linker-plugin -flto-partition=none  (test for excess errors)
FAIL: gcc.dg/tree-ssa/sra-12.c scan-tree-dump-times release_ssa "l;" 0
FAIL: gcc.target/arm/pr42172-1.c scan-assembler-times ldr 1
FAIL: gcc.target/arm/unsigned-extend-1.c scan-assembler-not uxtb

		=== gcc Summary ===

# of expected passes		74298
# of unexpected failures	24
# of expected failures		111
# of unsupported tests		3187
/scratch/gcc/nightly-2012-03-28-mainline/arm-none-linux-gnueabi/obj/test-mainline-0-arm-none-linux-gnueabi/host-i686-pc-linux-gnu/fsf-mainline/bin/arm-none-linux-gnueabi-gcc  version 4.8.0 20120327 (experimental) (GCC) 


		=== Summary adjusted for local xfails ===

# of unexpected failures        24
# of expected passes            74298
# of expected failures          111
# of unsupported tests          3187
Host   is i686-pc-linux-gnu

		=== gfortran tests ===


Running target qemu-default-thumb/-mthumb
FAIL: gfortran.dg/lto/pr45586-2 f_lto_pr45586-2_0.o-f_lto_pr45586-2_0.o link, -O0 -flto -flto-partition=none -fuse-linker-plugin (internal compiler error)
UNRESOLVED: gfortran.dg/lto/pr45586-2 f_lto_pr45586-2_0.o-f_lto_pr45586-2_0.o execute -O0 -flto -flto-partition=none -fuse-linker-plugin
FAIL: gfortran.dg/lto/pr45586-2 f_lto_pr45586-2_0.o-f_lto_pr45586-2_0.o link, -O0 -flto -flto-partition=1to1 -fno-use-linker-plugin  (internal compiler error)
UNRESOLVED: gfortran.dg/lto/pr45586-2 f_lto_pr45586-2_0.o-f_lto_pr45586-2_0.o execute -O0 -flto -flto-partition=1to1 -fno-use-linker-plugin 
FAIL: gfortran.dg/lto/pr45586-2 f_lto_pr45586-2_0.o-f_lto_pr45586-2_0.o link, -O0 -flto -fuse-linker-plugin -fno-fat-lto-objects  (internal compiler error)
UNRESOLVED: gfortran.dg/lto/pr45586-2 f_lto_pr45586-2_0.o-f_lto_pr45586-2_0.o execute -O0 -flto -fuse-linker-plugin -fno-fat-lto-objects 
FAIL: gfortran.dg/lto/pr45586 f_lto_pr45586_0.o-f_lto_pr45586_0.o link, -O0 -flto -flto-partition=none -fuse-linker-plugin (internal compiler error)
UNRESOLVED: gfortran.dg/lto/pr45586 f_lto_pr45586_0.o-f_lto_pr45586_0.o execute -O0 -flto -flto-partition=none -fuse-linker-plugin
FAIL: gfortran.dg/lto/pr45586 f_lto_pr45586_0.o-f_lto_pr45586_0.o link, -O0 -flto -flto-partition=1to1 -fno-use-linker-plugin  (internal compiler error)
UNRESOLVED: gfortran.dg/lto/pr45586 f_lto_pr45586_0.o-f_lto_pr45586_0.o execute -O0 -flto -flto-partition=1to1 -fno-use-linker-plugin 
FAIL: gfortran.dg/lto/pr45586 f_lto_pr45586_0.o-f_lto_pr45586_0.o link, -O0 -flto -fuse-linker-plugin -fno-fat-lto-objects  (internal compiler error)
UNRESOLVED: gfortran.dg/lto/pr45586 f_lto_pr45586_0.o-f_lto_pr45586_0.o execute -O0 -flto -fuse-linker-plugin -fno-fat-lto-objects 

		=== gfortran Summary ===

# of expected passes		40013
# of unexpected failures	6
# of expected failures		56
# of unresolved testcases	6
# of unsupported tests		378
/scratch/gcc/nightly-2012-03-28-mainline/arm-none-linux-gnueabi/obj/test-mainline-0-arm-none-linux-gnueabi/host-i686-pc-linux-gnu/fsf-mainline/bin/arm-none-linux-gnueabi-gfortran  version 4.8.0 20120327 (experimental) (GCC) 


		=== Summary adjusted for local xfails ===

# of unexpected failures        6
# of expected passes            40013
# of expected failures          56
# of unresolved testcases       6
# of unsupported tests          378
Host   is i686-pc-linux-gnu

		=== libstdc++ tests ===


Running target qemu-default-thumb/-mthumb
ERROR: tcl error sourcing /scratch/gcc/nightly-2012-03-28-mainline/src/gcc-mainline/libstdc++-v3/testsuite/libstdc++-abi/abi.exp.
ERROR: can't read "baseline_subdir_switch": no such variable
FAIL: 21_strings/basic_string/inserters_extractors/wchar_t/28277.cc execution test
FAIL: 27_io/basic_ostream/inserters_character/wchar_t/28277-3.cc execution test
FAIL: 27_io/basic_ostream/inserters_character/wchar_t/28277-4.cc execution test
FAIL: 29_atomics/atomic/cons/user_pod.cc (test for excess errors)
FAIL: 29_atomics/atomic/operators/integral_assignment.cc execution test
FAIL: 29_atomics/atomic/operators/integral_conversion.cc execution test
FAIL: 29_atomics/atomic_integral/operators/integral_assignment.cc execution test
FAIL: 29_atomics/atomic_integral/operators/integral_conversion.cc execution test
FAIL: ext/vstring/inserters_extractors/wchar_t/28277.cc execution test
FAIL: tr2/headers/all.cc (test for excess errors)

		=== libstdc++ Summary ===

# of expected passes		8418
# of unexpected failures	10
# of expected failures		43
# of unsupported tests		291

		=== Summary adjusted for local xfails ===

# of errors                     2
# of unexpected failures        10
# of expected passes            8418
# of expected failures          43
# of unsupported tests          291

Compiler version: 4.8.0 20120327 (experimental) (GCC) 
Platform: arm-none-linux-gnueabi
configure flags: --build=i686-pc-linux-gnu --host=i686-pc-linux-gnu --target=arm-none-linux-gnueabi --enable-threads --disable-libmudflap --disable-libssp --disable-libstdcxx-pch --with-gnu-as --with-gnu-ld --enable-languages=c,c++,fortran --enable-shared --enable-lto --enable-symvers=gnu --enable-__cxa_atexit --disable-nls --prefix=/opt/codesourcery --with-sysroot=/opt/codesourcery/arm-none-linux-gnueabi/libc --with-build-sysroot=/scratch/gcc/nightly-2012-03-28-mainline/arm-none-linux-gnueabi/install/arm-none-linux-gnueabi/libc --with-gmp=/scratch/gcc/nightly-2012-03-28-mainline/arm-none-linux-gnueabi/obj/host-libs-mainline-0-arm-none-linux-gnueabi-i686-pc-linux-gnu/usr --with-mpfr=/scratch/gcc/nightly-2012-03-28-mainline/arm-none-linux-gnueabi/obj/host-libs-mainline-0-arm-none-linux-gnueabi-i686-pc-linux-gnu/usr --with-mpc=/scratch/gcc/nightly-2012-03-28-mainline/arm-none-linux-gnueabi/obj/host-libs-mainline-0-arm-none-linux-gnueabi-i686-pc-linux-gnu/usr --with-ppl=/scratch
 /gcc/nightly-2012-03-28-mainline/arm-none-linux-gnueabi/obj/host-libs-mainline-0-arm-none-linux-gnueabi-i686-pc-linux-gnu/usr --with-host-libstdcxx='-static-libgcc -Wl,-Bstatic,-lstdc++,-Bdynamic -lm' --with-cloog=/scratch/gcc/nightly-2012-03-28-mainline/arm-none-linux-gnueabi/obj/host-libs-mainline-0-arm-none-linux-gnueabi-i686-pc-linux-gnu/usr --with-libelf=/scratch/gcc/nightly-2012-03-28-mainline/arm-none-linux-gnueabi/obj/host-libs-mainline-0-arm-none-linux-gnueabi-i686-pc-linux-gnu/usr --disable-libgomp --enable-poison-system-directories --with-build-time-tools=/scratch/gcc/nightly-2012-03-28-mainline/arm-none-linux-gnueabi/install/arm-none-linux-gnueabi/bin --with-build-time-tools=/scratch/gcc/nightly-2012-03-28-mainline/arm-none-linux-gnueabi/install/arm-none-linux-gnueabi/bin


Index Nav: [Date Index] [Subject Index] [Author Index] [Thread Index]
Message Nav: [Date Prev] [Date Next] [Thread Prev] [Thread Next]