This is the mail archive of the
gcc-testresults@gcc.gnu.org
mailing list for the GCC project.
Results for gcc testsuite on x86_64-unknown-linux-gnu
- From: Toon Moene <toon at super dot moene dot org>
- To: gcc-testresults at gcc dot gnu dot org
- Date: Wed, 28 Mar 2012 02:24:49 +0200
- Subject: Results for gcc testsuite on x86_64-unknown-linux-gnu
Native configuration is x86_64-unknown-linux-gnu
=== libgomp tests ===
Running target unix
WARNING: program timed out.
FAIL: libgomp.graphite/force-parallel-6.c execution test
=== libgomp Summary ===
# of expected passes 1292
# of unexpected failures 1
=== libitm tests ===
Running target unix
=== libitm Summary ===
# of expected passes 26
# of expected failures 3
# of unsupported tests 1
=== libstdc++ tests ===
Running target unix
=== libstdc++ Summary ===
# of expected passes 8242
# of expected failures 43
# of unsupported tests 476
Compiler version: gcc
Platform: x86_64-unknown-linux-gnu
configure flags:Test Run By toon on Tue Mar 27 21:56:26 2012