This is the mail archive of the
gcc-testresults@gcc.gnu.org
mailing list for the GCC project.
Results for 4.8.0 20120323 (experimental) [trunk revision 185741] (GCC) testsuite on sparcv9-sun-solaris2.11
- From: Rainer Orth <ro at CeBiTec dot Uni-Bielefeld dot DE>
- To: gcc-testresults at gcc dot gnu dot org
- Date: Mon, 26 Mar 2012 13:49:08 +0200 (MEST)
- Subject: Results for 4.8.0 20120323 (experimental) [trunk revision 185741] (GCC) testsuite on sparcv9-sun-solaris2.11
LAST_UPDATED: Fri Mar 23 15:35:29 UTC 2012 (revision 185741)
=== acats tests ===
FAIL: c761002
=== acats Summary ===
# of expected passes 2319
# of unexpected failures 1
Native configuration is sparcv9-sun-solaris2.11
=== g++ tests ===
Running target unix
=== g++ Summary for unix ===
# of expected passes 47745
# of expected failures 288
# of unsupported tests 696
Running target unix/-m32
=== g++ Summary for unix/-m32 ===
# of expected passes 46508
# of expected failures 288
# of unsupported tests 703
=== g++ Summary ===
# of expected passes 94253
# of expected failures 576
# of unsupported tests 1399
/var/gcc/regression/trunk/11-gcc-gas-64/build/gcc/testsuite/g++/../../g++ version 4.8.0 20120323 (experimental) [trunk revision 185741] (GCC)
=== gcc tests ===
Running target unix
FAIL: gcc.dg/pr44194-1.c scan-rtl-dump dse1 "global deletions = 2"
FAIL: gcc.dg/torture/20090618-1.c -O1 execution test
FAIL: gcc.dg/torture/pr39074-3.c -O1 execution test
FAIL: gcc.dg/torture/pr39074-3.c -O2 execution test
FAIL: gcc.dg/torture/pr39074-3.c -O3 -fomit-frame-pointer execution test
FAIL: gcc.dg/torture/pr39074-3.c -O3 -g execution test
FAIL: gcc.dg/torture/pr39074-3.c -Os execution test
FAIL: gcc.dg/torture/pr39074-3.c -O2 -flto -flto-partition=none execution test
FAIL: gcc.dg/torture/pr39074-3.c -O2 -flto execution test
FAIL: gcc.dg/torture/pr51106-2.c -O0 (internal compiler error)
FAIL: gcc.dg/torture/pr51106-2.c -O0 (test for excess errors)
FAIL: gcc.dg/torture/pr51106-2.c -O1 (internal compiler error)
FAIL: gcc.dg/torture/pr51106-2.c -O1 (test for excess errors)
FAIL: gcc.dg/torture/pr51106-2.c -O2 (internal compiler error)
FAIL: gcc.dg/torture/pr51106-2.c -O2 (test for excess errors)
FAIL: gcc.dg/torture/pr51106-2.c -O3 -fomit-frame-pointer (internal compiler error)
FAIL: gcc.dg/torture/pr51106-2.c -O3 -fomit-frame-pointer (test for excess errors)
FAIL: gcc.dg/torture/pr51106-2.c -O3 -g (internal compiler error)
FAIL: gcc.dg/torture/pr51106-2.c -O3 -g (test for excess errors)
FAIL: gcc.dg/torture/pr51106-2.c -Os (internal compiler error)
FAIL: gcc.dg/torture/pr51106-2.c -Os (test for excess errors)
FAIL: gcc.dg/torture/pr51106-2.c -O2 -flto -flto-partition=none (internal compiler error)
FAIL: gcc.dg/torture/pr51106-2.c -O2 -flto -flto-partition=none (test for excess errors)
FAIL: gcc.dg/torture/pr51106-2.c -O2 -flto (internal compiler error)
FAIL: gcc.dg/torture/pr51106-2.c -O2 -flto (test for excess errors)
FAIL: gcc.dg/torture/pta-ptrarith-2.c -O1 execution test
FAIL: gcc.target/sparc/fpmul-2.c scan-tree-dump optimized "{ 2, 4, 6, 8 }"
=== gcc Summary for unix ===
# of expected passes 75803
# of unexpected failures 27
# of expected failures 306
# of unsupported tests 1565
Running target unix/-m32
FAIL: gcc.dg/simulate-thread/atomic-other-int.c -O2 -g thread simulation test
FAIL: gcc.dg/simulate-thread/atomic-other-int.c -O3 -g thread simulation test
FAIL: gcc.dg/simulate-thread/atomic-other-short.c -O2 -g thread simulation test
FAIL: gcc.dg/simulate-thread/atomic-other-short.c -O3 -g thread simulation test
FAIL: gcc.dg/simulate-thread/speculative-store.c -O0 -g thread simulation test
FAIL: gcc.dg/torture/20090618-1.c -O1 execution test
FAIL: gcc.dg/torture/pr39074-3.c -O1 execution test
FAIL: gcc.dg/torture/pr39074-3.c -O2 execution test
FAIL: gcc.dg/torture/pr39074-3.c -O3 -fomit-frame-pointer execution test
FAIL: gcc.dg/torture/pr39074-3.c -O3 -g execution test
FAIL: gcc.dg/torture/pr39074-3.c -Os execution test
FAIL: gcc.dg/torture/pr39074-3.c -O2 -flto -flto-partition=none execution test
FAIL: gcc.dg/torture/pr39074-3.c -O2 -flto execution test
FAIL: gcc.dg/torture/pr45967-3.c -O2 execution test
FAIL: gcc.dg/torture/pr45967-3.c -O3 -fomit-frame-pointer execution test
FAIL: gcc.dg/torture/pr45967-3.c -O3 -fomit-frame-pointer -funroll-loops execution test
FAIL: gcc.dg/torture/pr45967-3.c -O3 -fomit-frame-pointer -funroll-all-loops -finline-functions execution test
FAIL: gcc.dg/torture/pr45967-3.c -O3 -g execution test
FAIL: gcc.dg/torture/pr45967-3.c -O2 -flto -flto-partition=none execution test
FAIL: gcc.dg/torture/pr45967-3.c -O2 -flto execution test
FAIL: gcc.dg/torture/pr51106-2.c -O0 (internal compiler error)
FAIL: gcc.dg/torture/pr51106-2.c -O0 (test for excess errors)
FAIL: gcc.dg/torture/pr51106-2.c -O1 (internal compiler error)
FAIL: gcc.dg/torture/pr51106-2.c -O1 (test for excess errors)
FAIL: gcc.dg/torture/pr51106-2.c -O2 (internal compiler error)
FAIL: gcc.dg/torture/pr51106-2.c -O2 (test for excess errors)
FAIL: gcc.dg/torture/pr51106-2.c -O3 -fomit-frame-pointer (internal compiler error)
FAIL: gcc.dg/torture/pr51106-2.c -O3 -fomit-frame-pointer (test for excess errors)
FAIL: gcc.dg/torture/pr51106-2.c -O3 -g (internal compiler error)
FAIL: gcc.dg/torture/pr51106-2.c -O3 -g (test for excess errors)
FAIL: gcc.dg/torture/pr51106-2.c -Os (internal compiler error)
FAIL: gcc.dg/torture/pr51106-2.c -Os (test for excess errors)
FAIL: gcc.dg/torture/pr51106-2.c -O2 -flto -flto-partition=none (internal compiler error)
FAIL: gcc.dg/torture/pr51106-2.c -O2 -flto -flto-partition=none (test for excess errors)
FAIL: gcc.dg/torture/pr51106-2.c -O2 -flto (internal compiler error)
FAIL: gcc.dg/torture/pr51106-2.c -O2 -flto (test for excess errors)
FAIL: gcc.dg/torture/pta-ptrarith-2.c -O1 execution test
FAIL: gcc.target/sparc/fpmul-2.c scan-tree-dump optimized "{ 2, 4, 6, 8 }"
=== gcc Summary for unix/-m32 ===
# of expected passes 75122
# of unexpected failures 38
# of expected failures 317
# of unsupported tests 1585
=== gcc Summary ===
# of expected passes 150925
# of unexpected failures 65
# of expected failures 623
# of unsupported tests 3150
/var/gcc/regression/trunk/11-gcc-gas-64/build/gcc/xgcc version 4.8.0 20120323 (experimental) [trunk revision 185741] (GCC)
=== gfortran tests ===
Running target unix
FAIL: gfortran.dg/lto/pr45586-2 f_lto_pr45586-2_0.o-f_lto_pr45586-2_0.o link, -O0 -flto -flto-partition=none
UNRESOLVED: gfortran.dg/lto/pr45586-2 f_lto_pr45586-2_0.o-f_lto_pr45586-2_0.o execute -O0 -flto -flto-partition=none
FAIL: gfortran.dg/lto/pr45586-2 f_lto_pr45586-2_0.o-f_lto_pr45586-2_0.o link, -O0 -flto -flto-partition=1to1
UNRESOLVED: gfortran.dg/lto/pr45586-2 f_lto_pr45586-2_0.o-f_lto_pr45586-2_0.o execute -O0 -flto -flto-partition=1to1
FAIL: gfortran.dg/lto/pr45586-2 f_lto_pr45586-2_0.o-f_lto_pr45586-2_0.o link, -O0 -flto
UNRESOLVED: gfortran.dg/lto/pr45586-2 f_lto_pr45586-2_0.o-f_lto_pr45586-2_0.o execute -O0 -flto
FAIL: gfortran.dg/lto/pr45586 f_lto_pr45586_0.o-f_lto_pr45586_0.o link, -O0 -flto -flto-partition=none
UNRESOLVED: gfortran.dg/lto/pr45586 f_lto_pr45586_0.o-f_lto_pr45586_0.o execute -O0 -flto -flto-partition=none
FAIL: gfortran.dg/lto/pr45586 f_lto_pr45586_0.o-f_lto_pr45586_0.o link, -O2 -flto -flto-partition=none
UNRESOLVED: gfortran.dg/lto/pr45586 f_lto_pr45586_0.o-f_lto_pr45586_0.o execute -O2 -flto -flto-partition=none
FAIL: gfortran.dg/lto/pr45586 f_lto_pr45586_0.o-f_lto_pr45586_0.o link, -O0 -flto -flto-partition=1to1
UNRESOLVED: gfortran.dg/lto/pr45586 f_lto_pr45586_0.o-f_lto_pr45586_0.o execute -O0 -flto -flto-partition=1to1
FAIL: gfortran.dg/lto/pr45586 f_lto_pr45586_0.o-f_lto_pr45586_0.o link, -O2 -flto -flto-partition=1to1
UNRESOLVED: gfortran.dg/lto/pr45586 f_lto_pr45586_0.o-f_lto_pr45586_0.o execute -O2 -flto -flto-partition=1to1
FAIL: gfortran.dg/lto/pr45586 f_lto_pr45586_0.o-f_lto_pr45586_0.o link, -O0 -flto
UNRESOLVED: gfortran.dg/lto/pr45586 f_lto_pr45586_0.o-f_lto_pr45586_0.o execute -O0 -flto
FAIL: gfortran.dg/lto/pr45586 f_lto_pr45586_0.o-f_lto_pr45586_0.o link, -O2 -flto
UNRESOLVED: gfortran.dg/lto/pr45586 f_lto_pr45586_0.o-f_lto_pr45586_0.o execute -O2 -flto
=== gfortran Summary for unix ===
# of expected passes 41074
# of unexpected failures 9
# of expected failures 44
# of unresolved testcases 9
# of unsupported tests 96
Running target unix/-m32
FAIL: gfortran.dg/lto/pr45586-2 f_lto_pr45586-2_0.o-f_lto_pr45586-2_0.o link, -O0 -flto -flto-partition=none
UNRESOLVED: gfortran.dg/lto/pr45586-2 f_lto_pr45586-2_0.o-f_lto_pr45586-2_0.o execute -O0 -flto -flto-partition=none
FAIL: gfortran.dg/lto/pr45586-2 f_lto_pr45586-2_0.o-f_lto_pr45586-2_0.o link, -O0 -flto -flto-partition=1to1
UNRESOLVED: gfortran.dg/lto/pr45586-2 f_lto_pr45586-2_0.o-f_lto_pr45586-2_0.o execute -O0 -flto -flto-partition=1to1
FAIL: gfortran.dg/lto/pr45586-2 f_lto_pr45586-2_0.o-f_lto_pr45586-2_0.o link, -O0 -flto
UNRESOLVED: gfortran.dg/lto/pr45586-2 f_lto_pr45586-2_0.o-f_lto_pr45586-2_0.o execute -O0 -flto
FAIL: gfortran.dg/lto/pr45586 f_lto_pr45586_0.o-f_lto_pr45586_0.o link, -O0 -flto -flto-partition=none
UNRESOLVED: gfortran.dg/lto/pr45586 f_lto_pr45586_0.o-f_lto_pr45586_0.o execute -O0 -flto -flto-partition=none
FAIL: gfortran.dg/lto/pr45586 f_lto_pr45586_0.o-f_lto_pr45586_0.o link, -O2 -flto -flto-partition=none
UNRESOLVED: gfortran.dg/lto/pr45586 f_lto_pr45586_0.o-f_lto_pr45586_0.o execute -O2 -flto -flto-partition=none
FAIL: gfortran.dg/lto/pr45586 f_lto_pr45586_0.o-f_lto_pr45586_0.o link, -O0 -flto -flto-partition=1to1
UNRESOLVED: gfortran.dg/lto/pr45586 f_lto_pr45586_0.o-f_lto_pr45586_0.o execute -O0 -flto -flto-partition=1to1
FAIL: gfortran.dg/lto/pr45586 f_lto_pr45586_0.o-f_lto_pr45586_0.o link, -O2 -flto -flto-partition=1to1
UNRESOLVED: gfortran.dg/lto/pr45586 f_lto_pr45586_0.o-f_lto_pr45586_0.o execute -O2 -flto -flto-partition=1to1
FAIL: gfortran.dg/lto/pr45586 f_lto_pr45586_0.o-f_lto_pr45586_0.o link, -O0 -flto
UNRESOLVED: gfortran.dg/lto/pr45586 f_lto_pr45586_0.o-f_lto_pr45586_0.o execute -O0 -flto
FAIL: gfortran.dg/lto/pr45586 f_lto_pr45586_0.o-f_lto_pr45586_0.o link, -O2 -flto
UNRESOLVED: gfortran.dg/lto/pr45586 f_lto_pr45586_0.o-f_lto_pr45586_0.o execute -O2 -flto
=== gfortran Summary for unix/-m32 ===
# of expected passes 40747
# of unexpected failures 9
# of expected failures 44
# of unresolved testcases 9
# of unsupported tests 257
=== gfortran Summary ===
# of expected passes 81821
# of unexpected failures 18
# of expected failures 88
# of unresolved testcases 18
# of unsupported tests 353
/var/gcc/regression/trunk/11-gcc-gas-64/build/gcc/testsuite/gfortran/../../gfortran version 4.8.0 20120323 (experimental) [trunk revision 185741] (GCC)
=== gnat tests ===
Running target unix/-m32
=== gnat Summary for unix/-m32 ===
# of expected passes 1068
# of expected failures 13
# of unsupported tests 12
Running target unix
=== gnat Summary for unix ===
# of expected passes 1068
# of expected failures 13
# of unsupported tests 12
=== gnat Summary ===
# of expected passes 2136
# of expected failures 26
# of unsupported tests 24
/var/gcc/regression/trunk/11-gcc-gas-64/build/gcc/gnatmake version 4.8.0 20120323 (experimental) [trunk revision 185741]
=== go tests ===
Running target unix
=== go Summary for unix ===
# of expected passes 3290
# of expected failures 4
# of untested testcases 7
Running target unix/-m32
=== go Summary for unix/-m32 ===
# of expected passes 3290
# of expected failures 4
# of untested testcases 7
=== go Summary ===
# of expected passes 6580
# of expected failures 8
# of untested testcases 14
/var/gcc/regression/trunk/11-gcc-gas-64/build/gcc/testsuite/go/../../gccgo version 4.8.0 20120323 (experimental) [trunk revision 185741] (GCC)
=== obj-c++ tests ===
Running target unix/-m32
=== obj-c++ Summary for unix/-m32 ===
# of expected passes 1450
# of expected failures 2
# of unsupported tests 86
Running target unix
=== obj-c++ Summary for unix ===
# of expected passes 1442
# of expected failures 10
# of unsupported tests 86
=== obj-c++ Summary ===
# of expected passes 2892
# of expected failures 12
# of unsupported tests 172
/var/gcc/regression/trunk/11-gcc-gas-64/build/gcc/testsuite/obj-c++/../../g++ version 4.8.0 20120323 (experimental) [trunk revision 185741] (GCC)
=== objc tests ===
Running target unix
=== objc Summary for unix ===
# of expected passes 2994
# of unsupported tests 74
Running target unix/-m32
=== objc Summary for unix/-m32 ===
# of expected passes 2994
# of unsupported tests 74
=== objc Summary ===
# of expected passes 5988
# of unsupported tests 148
/var/gcc/regression/trunk/11-gcc-gas-64/build/gcc/xgcc version 4.8.0 20120323 (experimental) [trunk revision 185741] (GCC)
=== boehm-gc tests ===
Running target unix/-m32
=== boehm-gc Summary for unix/-m32 ===
# of expected passes 12
# of unsupported tests 1
Running target unix
=== boehm-gc Summary for unix ===
# of expected passes 12
# of unsupported tests 1
=== boehm-gc Summary ===
# of expected passes 24
# of unsupported tests 2
=== libffi tests ===
Running target unix/-m32
=== libffi Summary for unix/-m32 ===
# of expected passes 1659
# of unsupported tests 55
Running target unix
=== libffi Summary for unix ===
# of expected passes 1659
# of unsupported tests 55
=== libffi Summary ===
# of expected passes 3318
# of unsupported tests 110
=== libgo tests ===
Running target unix
FAIL: log
FAIL: net
FAIL: net/http
FAIL: net/http/httputil
=== libgo Summary for unix ===
# of expected passes 119
# of unexpected failures 4
Running target unix/-m32
FAIL: net
FAIL: net/http
FAIL: net/http/httputil
FAIL: text/template
FAIL: testing/quick
=== libgo Summary for unix/-m32 ===
# of expected passes 118
# of unexpected failures 5
=== libgo Summary ===
# of expected passes 237
# of unexpected failures 9
/var/gcc/regression/trunk/11-gcc-gas-64/build/./gcc/gccgo version 4.8.0 20120323 (experimental) [trunk revision 185741] (GCC)
=== libgomp tests ===
Running target unix/-m32
=== libgomp Summary for unix/-m32 ===
# of expected passes 2946
# of unsupported tests 3
Running target unix
=== libgomp Summary for unix ===
# of expected passes 2946
# of unsupported tests 3
=== libgomp Summary ===
# of expected passes 5892
# of unsupported tests 6
=== libitm tests ===
Running target unix/-m32
=== libitm Summary for unix/-m32 ===
# of expected passes 26
# of expected failures 3
# of unsupported tests 1
Running target unix
=== libitm Summary for unix ===
# of expected passes 26
# of expected failures 3
# of unsupported tests 1
=== libitm Summary ===
# of expected passes 52
# of expected failures 6
# of unsupported tests 2
=== libjava tests ===
Running target unix/-m32
=== libjava Summary for unix/-m32 ===
# of expected passes 2574
Running target unix
=== libjava Summary for unix ===
# of expected passes 2574
=== libjava Summary ===
# of expected passes 5148
=== libmudflap tests ===
Running target unix/-m32
=== libmudflap Summary for unix/-m32 ===
# of expected passes 1442
Running target unix
FAIL: libmudflap.c++/pass55-frag.cxx ( -O) execution test
=== libmudflap Summary for unix ===
# of expected passes 1441
# of unexpected failures 1
=== libmudflap Summary ===
# of expected passes 2883
# of unexpected failures 1
=== libstdc++ tests ===
Running target unix
=== libstdc++ Summary for unix ===
# of expected passes 7934
# of expected failures 43
# of unsupported tests 529
Running target unix/-m32
=== libstdc++ Summary for unix/-m32 ===
# of expected passes 7934
# of expected failures 43
# of unsupported tests 529
=== libstdc++ Summary ===
# of expected passes 15868
# of expected failures 86
# of unsupported tests 1058
Compiler version: 4.8.0 20120323 (experimental) [trunk revision 185741] (GCC)
Platform: sparcv9-sun-solaris2.11
configure flags: --prefix=/vol/gcc --target=sparcv9-sun-solaris2.11 --enable-objc-gc --enable-libmudflap --with-as=/vol/gcc/bin/gas-2.22 --with-gnu-as --with-gmp-include=/vol/gcc/include --with-gmp-lib=/vol/gcc/lib/sparcv9 --with-mpfr-include=/vol/gcc/include --with-mpfr-lib=/vol/gcc/lib/sparcv9 --with-mpc-include=/vol/gcc/include --with-mpc-lib=/vol/gcc/lib/sparcv9 --enable-languages=all,ada,obj-c++,go --without-ppl --without-cloog --build=sparcv9-sun-solaris2.11 --host=sparcv9-sun-solaris2.11
BOOT_CFLAGS=-g -O2