This is the mail archive of the gcc-testresults@gcc.gnu.org mailing list for the GCC project.


Index Nav: [Date Index] [Subject Index] [Author Index] [Thread Index]
Message Nav: [Date Prev] [Date Next] [Thread Prev] [Thread Next]
Other format: [Raw text]

Results for 4.8.0 20120322 (experimental) [ revision ] (GCC) testsuite on powerpc-ibm-aix5.3.0.0


LAST_UPDATED: Thu Mar 22 21:07:51 UTC 2012 (revision )

Native configuration is powerpc-ibm-aix5.3.0.0

		=== g++ tests ===


Running target unix
FAIL: g++.dg/bprob/g++-bprob-2.C compilation,  -g  -fbranch-probabilities
UNRESOLVED: g++.dg/bprob/g++-bprob-2.C execution,    -g  -fbranch-probabilities
FAIL: g++.dg/bprob/g++-bprob-2.C compilation,  -O0  -fbranch-probabilities
UNRESOLVED: g++.dg/bprob/g++-bprob-2.C execution,    -O0  -fbranch-probabilities
FAIL: g++.dg/bprob/g++-bprob-2.C compilation,  -O1  -fbranch-probabilities
UNRESOLVED: g++.dg/bprob/g++-bprob-2.C execution,    -O1  -fbranch-probabilities
FAIL: g++.dg/bprob/g++-bprob-2.C compilation,  -O2  -fbranch-probabilities
UNRESOLVED: g++.dg/bprob/g++-bprob-2.C execution,    -O2  -fbranch-probabilities
FAIL: g++.dg/bprob/g++-bprob-2.C compilation,  -O3  -fbranch-probabilities
UNRESOLVED: g++.dg/bprob/g++-bprob-2.C execution,    -O3  -fbranch-probabilities
FAIL: g++.dg/bprob/g++-bprob-2.C compilation,  -O3 -g  -fbranch-probabilities
UNRESOLVED: g++.dg/bprob/g++-bprob-2.C execution,    -O3 -g  -fbranch-probabilities
FAIL: g++.dg/bprob/g++-bprob-2.C compilation,  -Os  -fbranch-probabilities
UNRESOLVED: g++.dg/bprob/g++-bprob-2.C execution,    -Os  -fbranch-probabilities
FAIL: tmpdir-g++.dg-struct-layout-1/t024 cp_compat_x_tst.o-cp_compat_y_tst.o execute 
FAIL: tmpdir-g++.dg-struct-layout-1/t026 cp_compat_x_tst.o-cp_compat_y_tst.o execute 
FAIL: tmpdir-g++.dg-struct-layout-1/t027 cp_compat_x_tst.o-cp_compat_y_tst.o execute 
FAIL: tmpdir-g++.dg-struct-layout-1/t030 cp_compat_x_tst.o-cp_compat_y_tst.o execute 
FAIL: g++.dg/debug/pr46583.C -gxcoff1 (test for excess errors)
FAIL: g++.dg/debug/pr46583.C -gxcoff1 -O2 (test for excess errors)
FAIL: g++.dg/debug/pr46583.C -gxcoff1 -O3 (test for excess errors)
FAIL: g++.dg/debug/pr46583.C -gxcoff (test for excess errors)
FAIL: g++.dg/debug/pr46583.C -gxcoff -O2 (test for excess errors)
FAIL: g++.dg/debug/pr46583.C -gxcoff -O3 (test for excess errors)
FAIL: g++.dg/debug/pr46583.C -gxcoff3 (test for excess errors)
FAIL: g++.dg/debug/pr46583.C -gxcoff3 -O2 (test for excess errors)
FAIL: g++.dg/debug/pr46583.C -gxcoff3 -O3 (test for excess errors)
FAIL: g++.dg/debug/pr46583.C -gxcoff+1 (test for excess errors)
FAIL: g++.dg/debug/pr46583.C -gxcoff+1 -O2 (test for excess errors)
FAIL: g++.dg/debug/pr46583.C -gxcoff+1 -O3 (test for excess errors)
FAIL: g++.dg/debug/pr46583.C -gxcoff+ (test for excess errors)
FAIL: g++.dg/debug/pr46583.C -gxcoff+ -O2 (test for excess errors)
FAIL: g++.dg/debug/pr46583.C -gxcoff+ -O3 (test for excess errors)
FAIL: g++.dg/debug/pr46583.C -gxcoff+3 (test for excess errors)
FAIL: g++.dg/debug/pr46583.C -gxcoff+3 -O2 (test for excess errors)
FAIL: g++.dg/debug/pr46583.C -gxcoff+3 -O3 (test for excess errors)
FAIL: g++.dg/cpp/ucn-1.C (test for excess errors)
FAIL: g++.dg/ext/alignof2.C -std=c++98 execution test
FAIL: g++.dg/ext/alignof2.C -std=c++11 execution test
FAIL: g++.dg/ext/visibility/anon1.C scan-assembler-not globl.*_ZN.*1fEv
FAIL: g++.dg/ext/visibility/anon1.C scan-assembler-not globl.*_ZN.*1fEv
FAIL: g++.dg/ext/visibility/anon2.C scan-assembler-not globl.*_Z1fv
FAIL: g++.dg/ext/visibility/anon2.C scan-assembler-not globl.*_Z1fv
FAIL: g++.dg/lookup/builtin5.C scan-assembler _ZSt5atanhd
FAIL: g++.dg/opt/pr30965.C -std=gnu++98 scan-tree-dump-times optimized ";; Function" 2
FAIL: g++.dg/opt/pr30965.C -std=gnu++11 scan-tree-dump-times optimized ";; Function" 2
FAIL: g++.dg/opt/pr48549.C -std=gnu++98 (test for excess errors)
FAIL: g++.dg/opt/pr48549.C -std=gnu++11 (test for excess errors)
FAIL: g++.dg/other/anon5.C -std=gnu++98 undefined (test for warnings, line )
FAIL: g++.dg/other/anon5.C -std=gnu++98 (test for excess errors)
FAIL: g++.dg/other/anon5.C -std=gnu++11 undefined (test for warnings, line )
FAIL: g++.dg/other/anon5.C -std=gnu++11 (test for excess errors)
FAIL: g++.dg/other/pr42685.C -std=gnu++98 (test for excess errors)
FAIL: g++.dg/other/pr42685.C -std=gnu++11 (test for excess errors)
FAIL: g++.dg/other/unused1.C scan-assembler (string|ascii?)z?[\\t ]"printer("|\\\\\\\\0)
FAIL: g++.dg/other/unused1.C scan-assembler (string|ascii?)z?[\\t ]"printer("|\\\\\\\\0)
FAIL: g++.dg/template/linkage1.C scan-assembler-not (weak|glob)[^\\n]*_Z3fooIXadL_ZL11static_funcvEEEvv
FAIL: g++.dg/warn/pr31246.C -std=gnu++98 (test for excess errors)
FAIL: g++.dg/warn/pr31246.C -std=gnu++11 (test for excess errors)
FAIL: c-c++-common/pr43942.c -std=gnu++98 (test for excess errors)
FAIL: c-c++-common/pr43942.c -std=gnu++11 (test for excess errors)
FAIL: g++.dg/guality/redeclaration1.C  -O0  line 17 i == 24
FAIL: g++.dg/tls/diag-1.C -std=c++98 (internal compiler error)
FAIL: g++.dg/tls/diag-1.C -std=c++98 (test for excess errors)
FAIL: g++.dg/tls/diag-1.C -std=c++11 (internal compiler error)
FAIL: g++.dg/tls/diag-1.C -std=c++11 (test for excess errors)
FAIL: g++.dg/tree-prof/partition1.C compilation,  -g  -fprofile-use
UNRESOLVED: g++.dg/tree-prof/partition1.C execution,    -g  -fprofile-use
FAIL: g++.dg/tree-prof/partition1.C compilation,  -O3 -g  -fprofile-use
UNRESOLVED: g++.dg/tree-prof/partition1.C execution,    -O3 -g  -fprofile-use
FAIL: g++.dg/tree-prof/partition2.C compilation,  -O3 -g  -fprofile-use
UNRESOLVED: g++.dg/tree-prof/partition2.C execution,    -O3 -g  -fprofile-use
FAIL: g++.dg/tree-prof/partition3.C compilation,  -g  -fprofile-use
UNRESOLVED: g++.dg/tree-prof/partition3.C execution,    -g  -fprofile-use
FAIL: g++.dg/tree-prof/partition3.C compilation,  -O3 -g  -fprofile-use
UNRESOLVED: g++.dg/tree-prof/partition3.C execution,    -O3 -g  -fprofile-use
XPASS: g++.old-deja/g++.other/init19.C -std=c++98 execution test
XPASS: g++.old-deja/g++.other/init19.C -std=c++11 execution test

		=== g++ Summary ===

# of expected passes		42716
# of unexpected failures	64
# of unexpected successes	2
# of expected failures		292
# of unresolved testcases	12
# of unsupported tests		801
/tmp/20120322/gcc/testsuite/g++/../../g++  version 4.8.0 20120322 (experimental) [ revision ] (GCC) 

		=== gcc tests ===


Running target unix
XPASS: gcc.c-torture/execute/eeprof-1.c execution,  -O0 
XPASS: gcc.c-torture/execute/eeprof-1.c execution,  -O1 
XPASS: gcc.c-torture/execute/eeprof-1.c execution,  -O2 
XPASS: gcc.c-torture/execute/eeprof-1.c execution,  -O3 -fomit-frame-pointer 
XPASS: gcc.c-torture/execute/eeprof-1.c execution,  -O3 -g 
XPASS: gcc.c-torture/execute/eeprof-1.c execution,  -Os 
FAIL: gcc.dg/cpp/assert4.c (test for excess errors)
FAIL: gcc.dg/alias-7.c execution test
FAIL: gcc.dg/asm-names.c scan-assembler-not ____frob14
FAIL: gcc.dg/const-uniq-1.c scan-tree-dump-times gimple "L\\\$?C0" 2
FAIL: gcc.dg/pr41241.c (test for excess errors)
FAIL: gcc.dg/pr41345.c (test for excess errors)
FAIL: gcc.dg/pr42629.c (test for excess errors)
FAIL: gcc.dg/pr42630.c (test for excess errors)
FAIL: gcc.dg/pr42631.c (test for excess errors)
FAIL: gcc.dg/pr42719.c (test for excess errors)
FAIL: gcc.dg/pr42728.c (test for excess errors)
FAIL: gcc.dg/pr42889.c (test for excess errors)
FAIL: gcc.dg/pr42916.c (test for excess errors)
FAIL: gcc.dg/pr43084.c (test for excess errors)
FAIL: gcc.dg/pr43670.c (test for excess errors)
FAIL: gcc.dg/pr44023.c (test for excess errors)
FAIL: gcc.dg/pr44971.c (test for excess errors)
FAIL: gcc.dg/pr45449.c (test for excess errors)
FAIL: gcc.dg/pr46771.c (test for excess errors)
FAIL: gcc.dg/pr47684.c (test for excess errors)
FAIL: gcc.dg/pr47881.c (test for excess errors)
FAIL: gcc.dg/pr48768.c (test for excess errors)
FAIL: gcc.dg/pr50017.c (test for excess errors)
FAIL: gcc.dg/pthread-init-2.c (test for excess errors)
FAIL: gcc.dg/scal-to-vec2.c (test for excess errors)
FAIL: gcc.dg/stack-usage-1.c scan-file foo\\t(256|264)\\tstatic
FAIL: gcc.dg/ucnid-10.c  (test for warnings, line 8)
FAIL: gcc.dg/ucnid-10.c  (test for warnings, line 9)
FAIL: gcc.dg/ucnid-10.c (test for excess errors)
FAIL: gcc.dg/ucnid-13.c  (test for warnings, line 7)
FAIL: gcc.dg/ucnid-13.c  (test for warnings, line 10)
FAIL: gcc.dg/ucnid-13.c  (test for warnings, line 12)
FAIL: gcc.dg/ucnid-13.c  (test for errors, line 14)
FAIL: gcc.dg/ucnid-13.c (test for excess errors)
XPASS: gcc.dg/ucnid-5.c (test for excess errors)
FAIL: gcc.dg/ucnid-7.c  (test for errors, line 7)
FAIL: gcc.dg/ucnid-7.c  (test for errors, line 8)
FAIL: gcc.dg/ucnid-7.c (test for excess errors)
FAIL: gcc.dg/ucnid-8.c  (test for errors, line 7)
FAIL: gcc.dg/ucnid-8.c  (test for errors, line 8)
FAIL: gcc.dg/ucnid-8.c  (test for warnings, line 10)
FAIL: gcc.dg/ucnid-8.c  (test for errors, line 12)
FAIL: gcc.dg/ucnid-8.c UCN diag (test for warnings, line 14)
FAIL: gcc.dg/ucnid-8.c (test for excess errors)
FAIL: gcc.dg/vector-compare-1.c (test for excess errors)
FAIL: gcc.dg/vector-compare-2.c (test for excess errors)
FAIL: c-c++-common/pr43942.c  -Wc++-compat  (test for excess errors)
FAIL: gcc.dg/graphite/block-mvt.c (test for excess errors)
WARNING: gcc.dg/graphite/block-mvt.c compilation failed to produce executable
FAIL: gcc.dg/graphite/pr42729.c (test for excess errors)
FAIL: gcc.dg/graphite/pr42917.c (test for excess errors)
FAIL: gcc.dg/torture/pr51106-2.c  -O0 -g  (internal compiler error)
FAIL: gcc.dg/torture/pr51106-2.c  -O0 -g  (test for excess errors)
FAIL: gcc.dg/torture/pr51106-2.c  -O2 -g  (internal compiler error)
FAIL: gcc.dg/torture/pr51106-2.c  -O2 -g  (test for excess errors)
FAIL: gcc.dg/torture/pr51106-2.c  -O3 -g  (internal compiler error)
FAIL: gcc.dg/torture/pr51106-2.c  -O3 -g  (test for excess errors)
ERROR: tcl error sourcing /farm/dje/src/src/gcc/testsuite/gcc.dg/torture/tls/tls.exp.
ERROR: torture-init: torture_without_loops is not empty as expected
FAIL: gcc.dg/tree-ssa/sra-12.c scan-tree-dump-times release_ssa "l;" 0
FAIL: gcc.dg/tree-ssa/ssa-dom-thread-4.c scan-tree-dump-times dom1 "Threaded" 3
FAIL: gcc.dg/tree-ssa/vrp47.c scan-tree-dump-times vrp1 "[xy][^ ]* !=" 0
FAIL: gcc.dg/tree-ssa/vrp47.c scan-tree-dump-times dom2 "x[^ ]* & y" 1
FAIL: gcc.dg/vect/costmodel/ppc/costmodel-vect-outer-fir.c scan-tree-dump-times vect "OUTER LOOP VECTORIZED" 2
FAIL: gcc.dg/vect/costmodel/ppc/costmodel-bb-slp-9a.c scan-tree-dump-times slp "basic block vectorized using SLP" 1
FAIL: gcc.dg/vect/pr22480.c (internal compiler error)
FAIL: gcc.dg/vect/pr22480.c (test for excess errors)
FAIL: gcc.dg/vect/pr38529.c scan-tree-dump-times vect "OUTER LOOP VECTORIZED" 1
FAIL: gcc.dg/vect/pr48765.c (test for excess errors)
FAIL: gcc.dg/vect/pr49352.c (test for excess errors)
FAIL: gcc.dg/vect/vect-109.c scan-tree-dump-times vect "not vectorized: unsupported unaligned store" 2
FAIL: gcc.dg/vect/vect-13.c scan-tree-dump-times vect "Vectorizing an unaligned access" 0
FAIL: gcc.dg/vect/vect-17.c scan-tree-dump-times vect "Vectorizing an unaligned access" 0
FAIL: gcc.dg/vect/vect-18.c scan-tree-dump-times vect "Vectorizing an unaligned access" 0
FAIL: gcc.dg/vect/vect-19.c scan-tree-dump-times vect "Vectorizing an unaligned access" 0
FAIL: gcc.dg/vect/vect-2-big-array.c scan-tree-dump-times vect "Vectorizing an unaligned access" 0
FAIL: gcc.dg/vect/vect-20.c scan-tree-dump-times vect "Vectorizing an unaligned access" 0
FAIL: gcc.dg/vect/vect-21.c scan-tree-dump-times vect "Vectorizing an unaligned access" 0
FAIL: gcc.dg/vect/vect-22.c scan-tree-dump-times vect "Vectorizing an unaligned access" 0
FAIL: gcc.dg/vect/vect-27.c scan-tree-dump-times vect "Alignment of access forced using peeling" 0
FAIL: gcc.dg/vect/vect-29.c scan-tree-dump-times vect "Alignment of access forced using peeling" 0
FAIL: gcc.dg/vect/vect-4.c scan-tree-dump-times vect "Vectorizing an unaligned access" 0
FAIL: gcc.dg/vect/vect-44.c scan-tree-dump-times vect "Alignment of access forced using peeling" 1
FAIL: gcc.dg/vect/vect-5.c scan-tree-dump-times vect "Vectorizing an unaligned access" 0
FAIL: gcc.dg/vect/vect-50.c scan-tree-dump-times vect "Alignment of access forced using peeling" 1
FAIL: gcc.dg/vect/vect-7.c scan-tree-dump-times vect "Vectorizing an unaligned access" 0
FAIL: gcc.dg/vect/vect-72.c scan-tree-dump-times vect "Alignment of access forced using peeling" 0
FAIL: gcc.dg/vect/vect-73-big-array.c scan-tree-dump-times vect "Vectorizing an unaligned access" 0
FAIL: gcc.dg/vect/vect-73.c scan-tree-dump-times vect "Vectorizing an unaligned access" 0
FAIL: gcc.dg/vect/vect-82_64.c (test for excess errors)
UNRESOLVED: gcc.dg/vect/vect-82_64.c scan-tree-dump-times vect "vectorized 1 loops" 1
FAIL: gcc.dg/vect/vect-83_64.c (test for excess errors)
UNRESOLVED: gcc.dg/vect/vect-83_64.c scan-tree-dump-times vect "vectorized 1 loops" 1
FAIL: gcc.dg/vect/vect-86.c scan-tree-dump-times vect "Alignment of access forced using peeling" 0
FAIL: gcc.dg/vect/vect-all-big-array.c scan-tree-dump-times vect "Alignment of access forced using peeling" 0
FAIL: gcc.dg/vect/vect-all.c scan-tree-dump-times vect "Alignment of access forced using peeling" 0
FAIL: gcc.dg/vect/vect-cond-1.c scan-tree-dump-times vect "OUTER LOOP VECTORIZED" 1
FAIL: gcc.dg/vect/vect-cond-3.c scan-tree-dump-times vect "OUTER LOOP VECTORIZED" 1
FAIL: gcc.dg/vect/vect-cond-4.c scan-tree-dump-times vect "OUTER LOOP VECTORIZED" 1
FAIL: gcc.dg/vect/vect-cond-6.c scan-tree-dump-times vect "OUTER LOOP VECTORIZED" 1
FAIL: gcc.dg/vect/vect-multitypes-1.c scan-tree-dump-times vect "Alignment of access forced using peeling" 2
FAIL: gcc.dg/vect/vect-multitypes-1.c scan-tree-dump-times vect "Vectorizing an unaligned access" 4
FAIL: gcc.dg/vect/vect-multitypes-4.c scan-tree-dump-times vect "Alignment of access forced using peeling" 2
FAIL: gcc.dg/vect/vect-multitypes-4.c scan-tree-dump-times vect "Vectorizing an unaligned access" 8
FAIL: gcc.dg/vect/vect-nest-cycle-1.c scan-tree-dump-times vect "OUTER LOOP VECTORIZED" 1
FAIL: gcc.dg/vect/vect-nest-cycle-2.c scan-tree-dump-times vect "OUTER LOOP VECTORIZED" 1
FAIL: gcc.dg/vect/vect-nest-cycle-3.c scan-tree-dump-times vect "OUTER LOOP VECTORIZED" 1
FAIL: gcc.dg/vect/vect-outer-3-big-array.c scan-tree-dump-times vect "OUTER LOOP VECTORIZED" 1
FAIL: gcc.dg/vect/vect-outer-3.c scan-tree-dump-times vect "OUTER LOOP VECTORIZED" 1
FAIL: gcc.dg/vect/vect-outer-3a-big-array.c scan-tree-dump-times vect "OUTER LOOP VECTORIZED" 1
FAIL: gcc.dg/vect/vect-outer-3a.c scan-tree-dump-times vect "OUTER LOOP VECTORIZED" 1
FAIL: gcc.dg/vect/vect-outer-3c.c scan-tree-dump-times vect "OUTER LOOP VECTORIZED" 1
FAIL: gcc.dg/vect/vect-outer-4.c scan-tree-dump-times vect "OUTER LOOP VECTORIZED" 1
FAIL: gcc.dg/vect/vect-outer-4a-big-array.c scan-tree-dump-times vect "OUTER LOOP VECTORIZED" 1
FAIL: gcc.dg/vect/vect-outer-4a.c scan-tree-dump-times vect "OUTER LOOP VECTORIZED" 1
FAIL: gcc.dg/vect/vect-outer-4b-big-array.c scan-tree-dump-times vect "OUTER LOOP VECTORIZED" 1
FAIL: gcc.dg/vect/vect-outer-4b.c scan-tree-dump-times vect "OUTER LOOP VECTORIZED" 1
FAIL: gcc.dg/vect/vect-outer-4c-big-array.c scan-tree-dump-times vect "OUTER LOOP VECTORIZED" 1
FAIL: gcc.dg/vect/vect-outer-4c.c scan-tree-dump-times vect "OUTER LOOP VECTORIZED" 1
FAIL: gcc.dg/vect/vect-outer-4d-big-array.c scan-tree-dump-times vect "OUTER LOOP VECTORIZED" 1
FAIL: gcc.dg/vect/vect-outer-4d.c scan-tree-dump-times vect "OUTER LOOP VECTORIZED" 1
FAIL: gcc.dg/vect/vect-outer-4j.c scan-tree-dump-times vect "OUTER LOOP VECTORIZED" 1
FAIL: gcc.dg/vect/vect-outer-fir-big-array.c scan-tree-dump-times vect "OUTER LOOP VECTORIZED" 2
FAIL: gcc.dg/vect/vect-outer-fir-lb-big-array.c scan-tree-dump-times vect "OUTER LOOP VECTORIZED" 2
FAIL: gcc.dg/vect/vect-outer-fir-lb.c scan-tree-dump-times vect "OUTER LOOP VECTORIZED" 2
FAIL: gcc.dg/vect/vect-outer-fir.c scan-tree-dump-times vect "OUTER LOOP VECTORIZED" 2
FAIL: gcc.dg/vect/vect-peel-3.c scan-tree-dump-times vect "Vectorizing an unaligned access" 1
FAIL: gcc.dg/vect/vect-peel-3.c scan-tree-dump-times vect "Alignment of access forced using peeling" 1
FAIL: gcc.dg/vect/vect-peel-4.c scan-tree-dump-times vect "Vectorizing an unaligned access" 1
FAIL: gcc.dg/vect/vect-peel-4.c scan-tree-dump-times vect "Alignment of access forced using peeling" 0
FAIL: gcc.dg/vect/slp-25.c scan-tree-dump-times vect "Alignment of access forced using peeling" 2
FAIL: gcc.dg/vect/bb-slp-1.c scan-tree-dump-times slp "basic block vectorized using SLP" 1
FAIL: gcc.dg/vect/bb-slp-13.c scan-tree-dump-times slp "basic block vectorized using SLP" 1
FAIL: gcc.dg/vect/bb-slp-15.c scan-tree-dump-times slp "basic block vectorized using SLP" 1
FAIL: gcc.dg/vect/bb-slp-16.c scan-tree-dump-times slp "basic block vectorized using SLP" 1
FAIL: gcc.dg/vect/bb-slp-17.c scan-tree-dump-times slp "basic block vectorized using SLP" 1
FAIL: gcc.dg/vect/bb-slp-18.c scan-tree-dump-times slp "basic block vectorized using SLP" 1
FAIL: gcc.dg/vect/bb-slp-2.c scan-tree-dump-times slp "basic block vectorized using SLP" 1
FAIL: gcc.dg/vect/bb-slp-20.c scan-tree-dump-times slp "basic block vectorized using SLP" 1
FAIL: gcc.dg/vect/bb-slp-20.c scan-tree-dump-times slp "vectorizing stmts using SLP" 2
FAIL: gcc.dg/vect/bb-slp-21.c scan-tree-dump-times slp "basic block vectorized using SLP" 1
FAIL: gcc.dg/vect/bb-slp-21.c scan-tree-dump-times slp "vectorizing stmts using SLP" 2
FAIL: gcc.dg/vect/bb-slp-22.c scan-tree-dump-times slp "basic block vectorized using SLP" 2
FAIL: gcc.dg/vect/bb-slp-23.c scan-tree-dump-times slp "basic block vectorized using SLP" 1
FAIL: gcc.dg/vect/bb-slp-27.c scan-tree-dump-times slp "basic block vectorized using SLP" 1
FAIL: gcc.dg/vect/bb-slp-28.c scan-tree-dump-times slp "basic block vectorized using SLP" 1
FAIL: gcc.dg/vect/bb-slp-3.c scan-tree-dump-times slp "basic block vectorized using SLP" 1
FAIL: gcc.dg/vect/bb-slp-5.c scan-tree-dump-times slp "basic block vectorized using SLP" 1
FAIL: gcc.dg/vect/bb-slp-6.c scan-tree-dump-times slp "basic block vectorized using SLP" 1
FAIL: gcc.dg/vect/bb-slp-9.c scan-tree-dump-times slp "basic block vectorized using SLP" 1
FAIL: gcc.dg/vect/bb-slp-pattern-1.c scan-tree-dump-times slp "vectorizing stmts using SLP" 1
FAIL: gcc.dg/vect/fast-math-vect-outer-7.c scan-tree-dump-times vect "OUTER LOOP VECTORIZED" 2
FAIL: gcc.dg/vect/wrapv-vect-7.c scan-tree-dump-times vect "Vectorizing an unaligned access" 0
FAIL: gcc.dg/vect/no-section-anchors-vect-31.c scan-tree-dump-times vect "Alignment of access forced using peeling" 2
FAIL: gcc.dg/vect/no-section-anchors-vect-36.c scan-tree-dump-times vect "Vectorizing an unaligned access" 0
FAIL: gcc.dg/vect/no-section-anchors-vect-36.c scan-tree-dump-times vect "Alignment of access forced using peeling" 0
FAIL: gcc.dg/vect/no-section-anchors-vect-64.c scan-tree-dump-times vect "Alignment of access forced using peeling" 2
FAIL: gcc.dg/vect/no-section-anchors-vect-65.c scan-tree-dump-times vect "Vectorizing an unaligned access" 0
FAIL: gcc.dg/vect/no-section-anchors-vect-69.c scan-tree-dump-times vect "Alignment of access forced using peeling" 2
FAIL: gcc.dg/vect/no-section-anchors-vect-outer-4h.c scan-tree-dump-times vect "OUTER LOOP VECTORIZED" 1
FAIL: gcc.dg/vect/no-scevccp-outer-10a.c scan-tree-dump-times vect "OUTER LOOP VECTORIZED." 1
FAIL: gcc.dg/vect/no-scevccp-outer-10b.c scan-tree-dump-times vect "OUTER LOOP VECTORIZED." 1
FAIL: gcc.dg/vect/no-scevccp-outer-13.c (internal compiler error)
FAIL: gcc.dg/vect/no-scevccp-outer-13.c (test for excess errors)
FAIL: gcc.dg/vect/no-scevccp-outer-13.c scan-tree-dump-times vect "OUTER LOOP VECTORIZED." 1
FAIL: gcc.dg/vect/no-scevccp-outer-15.c scan-tree-dump-times vect "OUTER LOOP VECTORIZED." 1
FAIL: gcc.dg/vect/no-scevccp-outer-16.c scan-tree-dump-times vect "OUTER LOOP VECTORIZED." 1
FAIL: gcc.dg/vect/no-scevccp-outer-17.c scan-tree-dump-times vect "OUTER LOOP VECTORIZED." 1
FAIL: gcc.dg/vect/no-scevccp-outer-18.c scan-tree-dump-times vect "OUTER LOOP VECTORIZED." 1
FAIL: gcc.dg/vect/no-scevccp-outer-19.c scan-tree-dump-times vect "OUTER LOOP VECTORIZED." 1
FAIL: gcc.dg/vect/no-scevccp-outer-20.c scan-tree-dump-times vect "OUTER LOOP VECTORIZED." 1
FAIL: gcc.dg/vect/no-scevccp-outer-21.c scan-tree-dump-times vect "OUTER LOOP VECTORIZED." 1
FAIL: gcc.dg/vect/no-scevccp-outer-22.c scan-tree-dump-times vect "OUTER LOOP VECTORIZED." 1
FAIL: gcc.dg/vect/no-scevccp-outer-3.c scan-tree-dump-times vect "OUTER LOOP VECTORIZED." 1
FAIL: gcc.dg/vect/no-scevccp-outer-5.c scan-tree-dump-times vect "OUTER LOOP VECTORIZED." 1
FAIL: gcc.dg/vect/no-scevccp-outer-6-global.c scan-tree-dump-times vect "OUTER LOOP VECTORIZED." 1
FAIL: gcc.dg/vect/no-scevccp-outer-7.c scan-tree-dump-times vect "OUTER LOOP VECTORIZED." 1
FAIL: gcc.dg/vect/no-scevccp-outer-9a.c scan-tree-dump-times vect "OUTER LOOP VECTORIZED." 1
FAIL: gcc.dg/vect/no-scevccp-outer-9b.c scan-tree-dump-times vect "OUTER LOOP VECTORIZED." 1
FAIL: gcc.dg/vect/no-scevccp-noreassoc-outer-3.c scan-tree-dump-times vect "OUTER LOOP VECTORIZED." 1
FAIL: gcc.dg/vect/no-scevccp-noreassoc-outer-5.c scan-tree-dump-times vect "OUTER LOOP VECTORIZED." 1
FAIL: gcc.dg/vect/no-tree-reassoc-bb-slp-12.c scan-tree-dump-times slp "basic block vectorized using SLP" 1
FAIL: gcc.misc-tests/gcov-13.c execution test
FAIL: gcc.misc-tests/gcovpart-13b.c:3:is #####:should be 1
FAIL: gcc.misc-tests/gcovpart-13b.c gcov: 1 failures in line counts, 0 in branch percentages, 0 in return percentages
FAIL: gcc.misc-tests/gcov-14.c (test for excess errors)
WARNING: gcc.misc-tests/gcov-14.c compilation failed to produce executable
FAIL: gcc.misc-tests/gcov-14.c gcov failed: gcov-14.c.gcov does not exist
ERROR: tcl error sourcing /farm/dje/src/src/gcc/testsuite/gcc.misc-tests/i386-prefetch.exp.
ERROR: torture-init: torture_without_loops is not empty as expected
FAIL: gcc.target/powerpc/loop_align.c scan-assembler .p2align 5,,31
FAIL: gcc.target/powerpc/popcount-2.c scan-assembler popcntw
FAIL: gcc.target/powerpc/ppc-vector-memcpy.c scan-assembler lvx
FAIL: gcc.target/powerpc/pr46728-1.c scan-assembler-not pow
FAIL: gcc.target/powerpc/pr46728-10.c (test for excess errors)
WARNING: gcc.target/powerpc/pr46728-10.c compilation failed to produce executable
FAIL: gcc.target/powerpc/pr46728-11.c (test for excess errors)
WARNING: gcc.target/powerpc/pr46728-11.c compilation failed to produce executable
FAIL: gcc.target/powerpc/pr46728-13.c (test for excess errors)
WARNING: gcc.target/powerpc/pr46728-13.c compilation failed to produce executable
FAIL: gcc.target/powerpc/pr46728-14.c (test for excess errors)
WARNING: gcc.target/powerpc/pr46728-14.c compilation failed to produce executable
FAIL: gcc.target/powerpc/pr46728-2.c scan-assembler-not pow
FAIL: gcc.target/powerpc/pr46728-3.c scan-assembler-not pow
FAIL: gcc.target/powerpc/pr46728-4.c scan-assembler-not pow
FAIL: gcc.target/powerpc/pr46728-7.c scan-assembler-not pow
FAIL: gcc.target/powerpc/pr46728-8.c scan-assembler-not pow

		=== gcc Summary ===

# of expected passes		57754
# of unexpected failures	194
# of unexpected successes	7
# of expected failures		180
# of unresolved testcases	2
# of unsupported tests		986
/tmp/20120322/gcc/xgcc  version 4.8.0 20120322 (experimental) [ revision ] (GCC) 

		=== gfortran tests ===


Running target unix
FAIL: gfortran.dg/default_format_1.f90  -O0  execution test
FAIL: gfortran.dg/default_format_1.f90  -O1  execution test
FAIL: gfortran.dg/default_format_1.f90  -O2  execution test
FAIL: gfortran.dg/default_format_1.f90  -O3 -fomit-frame-pointer  execution test
FAIL: gfortran.dg/default_format_1.f90  -O3 -fomit-frame-pointer -funroll-loops  execution test
FAIL: gfortran.dg/default_format_1.f90  -O3 -fomit-frame-pointer -funroll-all-loops -finline-functions  execution test
FAIL: gfortran.dg/default_format_1.f90  -O3 -g  execution test
FAIL: gfortran.dg/default_format_1.f90  -Os  execution test
FAIL: gfortran.dg/default_format_denormal_1.f90  -O0  execution test
FAIL: gfortran.dg/default_format_denormal_1.f90  -O1  execution test
FAIL: gfortran.dg/default_format_denormal_1.f90  -O2  execution test
FAIL: gfortran.dg/default_format_denormal_1.f90  -O3 -fomit-frame-pointer  execution test
FAIL: gfortran.dg/default_format_denormal_1.f90  -O3 -fomit-frame-pointer -funroll-loops  execution test
FAIL: gfortran.dg/default_format_denormal_1.f90  -O3 -fomit-frame-pointer -funroll-all-loops -finline-functions  execution test
FAIL: gfortran.dg/default_format_denormal_1.f90  -O3 -g  execution test
FAIL: gfortran.dg/default_format_denormal_1.f90  -Os  execution test
FAIL: gfortran.dg/nint_2.f90  -O0  execution test
FAIL: gfortran.dg/pr47614.f  -O0  (test for excess errors)
WARNING: gfortran.dg/pr47614.f  -O0  compilation failed to produce executable
FAIL: gfortran.dg/pr47614.f  -O1  (test for excess errors)
WARNING: gfortran.dg/pr47614.f  -O1  compilation failed to produce executable
FAIL: gfortran.dg/pr47614.f  -O2  (test for excess errors)
WARNING: gfortran.dg/pr47614.f  -O2  compilation failed to produce executable
FAIL: gfortran.dg/pr47614.f  -O3 -fomit-frame-pointer  (test for excess errors)
WARNING: gfortran.dg/pr47614.f  -O3 -fomit-frame-pointer  compilation failed to produce executable
FAIL: gfortran.dg/pr47614.f  -O3 -fomit-frame-pointer -funroll-loops  (test for excess errors)
WARNING: gfortran.dg/pr47614.f  -O3 -fomit-frame-pointer -funroll-loops  compilation failed to produce executable
FAIL: gfortran.dg/pr47614.f  -O3 -fomit-frame-pointer -funroll-all-loops -finline-functions  (test for excess errors)
WARNING: gfortran.dg/pr47614.f  -O3 -fomit-frame-pointer -funroll-all-loops -finline-functions  compilation failed to produce executable
FAIL: gfortran.dg/pr47614.f  -O3 -g  (test for excess errors)
WARNING: gfortran.dg/pr47614.f  -O3 -g  compilation failed to produce executable
FAIL: gfortran.dg/pr47614.f  -Os  (test for excess errors)
WARNING: gfortran.dg/pr47614.f  -Os  compilation failed to produce executable
FAIL: gfortran.fortran-torture/execute/intrinsic_nearest.f90 execution,  -O0 
FAIL: gfortran.fortran-torture/execute/intrinsic_nearest.f90 execution,  -O1 
FAIL: gfortran.fortran-torture/execute/intrinsic_nearest.f90 execution,  -O2 
FAIL: gfortran.fortran-torture/execute/intrinsic_nearest.f90 execution,  -O2 -fomit-frame-pointer -finline-functions 
FAIL: gfortran.fortran-torture/execute/intrinsic_nearest.f90 execution,  -O2 -fomit-frame-pointer -finline-functions -funroll-loops 
FAIL: gfortran.fortran-torture/execute/intrinsic_nearest.f90 execution,  -O2 -fbounds-check 
FAIL: gfortran.fortran-torture/execute/intrinsic_nearest.f90 execution,  -O3 -g 
FAIL: gfortran.fortran-torture/execute/intrinsic_nearest.f90 execution,  -Os 

		=== gfortran Summary ===

# of expected passes		39745
# of unexpected failures	33
# of expected failures		57
# of unsupported tests		397
/tmp/20120322/gcc/testsuite/gfortran/../../gfortran  version 4.8.0 20120322 (experimental) [ revision ] (GCC) 

		=== objc tests ===


Running target unix
FAIL: objc.dg-struct-layout-encoding-1/t026_main.m execution test

		=== objc Summary ===

# of expected passes		2879
# of unexpected failures	1
# of expected failures		10
# of unsupported tests		66
/tmp/20120322/gcc/xgcc  version 4.8.0 20120322 (experimental) [ revision ] (GCC) 

		=== libgomp tests ===


Running target unix
FAIL: libgomp.fortran/recursion1.f90  -O0  execution test
FAIL: libgomp.fortran/recursion1.f90  -O1  execution test
FAIL: libgomp.fortran/recursion1.f90  -O2  execution test
FAIL: libgomp.fortran/recursion1.f90  -O3 -fomit-frame-pointer  execution test
FAIL: libgomp.fortran/recursion1.f90  -O3 -fomit-frame-pointer -funroll-loops  execution test
FAIL: libgomp.fortran/recursion1.f90  -O3 -fomit-frame-pointer -funroll-all-loops -finline-functions  execution test
FAIL: libgomp.fortran/recursion1.f90  -O3 -g  execution test
FAIL: libgomp.fortran/recursion1.f90  -Os  execution test
FAIL: libgomp.graphite/force-parallel-7.c execution test

		=== libgomp Summary ===

# of expected passes		2983
# of unexpected failures	9
# of unsupported tests		3
		=== libstdc++ tests ===


Running target unix
FAIL: 18_support/50594.cc execution test
FAIL: 21_strings/basic_string/inserters_extractors/wchar_t/28277.cc execution test
FAIL: 23_containers/vector/profile/vector.cc execution test
FAIL: 26_numerics/headers/cmath/c99_classification_macros_c.cc (test for excess errors)
FAIL: 27_io/basic_ostream/inserters_character/wchar_t/28277-3.cc execution test
FAIL: 27_io/basic_ostream/inserters_character/wchar_t/28277-4.cc execution test
FAIL: 27_io/ios_base/storage/11584.cc execution test
FAIL: 27_io/objects/char/6.cc execution test
FAIL: 27_io/objects/wchar_t/6.cc execution test
FAIL: ext/mt_allocator/check_new.cc execution test
FAIL: ext/pool_allocator/check_new.cc execution test
FAIL: ext/vstring/inserters_extractors/wchar_t/28277.cc execution test

		=== libstdc++ Summary ===

# of expected passes		7432
# of unexpected failures	12
# of expected failures		42
# of unsupported tests		550

Compiler version: 4.8.0 20120322 (experimental) [ revision ] (GCC) 
Platform: powerpc-ibm-aix5.3.0.0
configure flags: --prefix=/farm/dje/install/powerpc-ibm-aix5.3.0.0-20120322 --disable-werror --disable-libquadmath --enable-languages=c,c++,fortran,objc --with-gmp=/usr/gnu --with-mpfr=/usr/gnu --disable-libstdcxx-pch


Index Nav: [Date Index] [Subject Index] [Author Index] [Thread Index]
Message Nav: [Date Prev] [Date Next] [Thread Prev] [Thread Next]