This is the mail archive of the
gcc-testresults@gcc.gnu.org
mailing list for the GCC project.
Results for 4.6.4 20120316 (prerelease) [gcc-4_6-branch revision 185449] (GCC) testsuite on sparc-sun-solaris2.11
- From: Rainer Orth <ro at CeBiTec dot Uni-Bielefeld dot DE>
- To: gcc-testresults at gcc dot gnu dot org
- Date: Mon, 19 Mar 2012 10:33:09 +0100 (MET)
- Subject: Results for 4.6.4 20120316 (prerelease) [gcc-4_6-branch revision 185449] (GCC) testsuite on sparc-sun-solaris2.11
LAST_UPDATED: Fri Mar 16 15:55:09 UTC 2012 (revision 185449)
=== acats tests ===
=== acats Summary ===
# of expected passes 2321
# of unexpected failures 0
Native configuration is sparc-sun-solaris2.11
=== g++ tests ===
Running target unix
XPASS: g++.dg/uninit-pred-3_b.C (test for excess errors)
=== g++ Summary for unix ===
# of expected passes 26615
# of unexpected successes 1
# of expected failures 169
# of unsupported tests 439
Running target unix/-m64
XPASS: g++.dg/uninit-pred-3_b.C (test for excess errors)
=== g++ Summary for unix/-m64 ===
# of expected passes 27227
# of unexpected successes 1
# of expected failures 169
# of unsupported tests 436
=== g++ Summary ===
# of expected passes 53842
# of unexpected successes 2
# of expected failures 338
# of unsupported tests 875
/var/gcc/regression/gcc-4.6-branch/11-gcc-gas/build/gcc/testsuite/g++/../../g++ version 4.6.4 20120316 (prerelease) [gcc-4_6-branch revision 185449] (GCC)
=== gcc tests ===
Running target unix
FAIL: gcc.dg/lto/20110201-1 c_lto_20110201-1_0.o-c_lto_20110201-1_0.o link, -O0 -flto
UNRESOLVED: gcc.dg/lto/20110201-1 c_lto_20110201-1_0.o-c_lto_20110201-1_0.o execute -O0 -flto
=== gcc Summary for unix ===
# of expected passes 70596
# of unexpected failures 1
# of expected failures 237
# of unresolved testcases 1
# of unsupported tests 1168
Running target unix/-m64
=== gcc Summary for unix/-m64 ===
# of expected passes 71185
# of expected failures 228
# of unsupported tests 1171
=== gcc Summary ===
# of expected passes 141781
# of unexpected failures 1
# of expected failures 465
# of unresolved testcases 1
# of unsupported tests 2339
/var/gcc/regression/gcc-4.6-branch/11-gcc-gas/build/gcc/xgcc version 4.6.4 20120316 (prerelease) [gcc-4_6-branch revision 185449] (GCC)
=== gfortran tests ===
Running target unix
=== gfortran Summary for unix ===
# of expected passes 38685
# of expected failures 43
# of unsupported tests 265
Running target unix/-m64
=== gfortran Summary for unix/-m64 ===
# of expected passes 39019
# of expected failures 43
# of unsupported tests 97
=== gfortran Summary ===
# of expected passes 77704
# of expected failures 86
# of unsupported tests 362
/var/gcc/regression/gcc-4.6-branch/11-gcc-gas/build/gcc/testsuite/gfortran/../../gfortran version 4.6.4 20120316 (prerelease) [gcc-4_6-branch revision 185449] (GCC)
=== gnat tests ===
Running target unix
=== gnat Summary for unix ===
# of expected passes 873
# of expected failures 10
# of unsupported tests 4
Running target unix/-m64
=== gnat Summary for unix/-m64 ===
# of expected passes 873
# of expected failures 10
# of unsupported tests 4
=== gnat Summary ===
# of expected passes 1746
# of expected failures 20
# of unsupported tests 8
/var/gcc/regression/gcc-4.6-branch/11-gcc-gas/build/gcc/gnatmake version 4.6.4 20120316 (prerelease) [gcc-4_6-branch revision 185449]
=== objc tests ===
Running target unix
=== objc Summary for unix ===
# of expected passes 2916
# of expected failures 10
# of unsupported tests 74
Running target unix/-m64
=== objc Summary for unix/-m64 ===
# of expected passes 2916
# of expected failures 10
# of unsupported tests 74
=== objc Summary ===
# of expected passes 5832
# of expected failures 20
# of unsupported tests 148
/var/gcc/regression/gcc-4.6-branch/11-gcc-gas/build/gcc/xgcc version 4.6.4 20120316 (prerelease) [gcc-4_6-branch revision 185449] (GCC)
=== libffi tests ===
Running target unix
=== libffi Summary for unix ===
# of expected passes 1634
# of expected failures 10
# of unsupported tests 15
Running target unix/-m64
=== libffi Summary for unix/-m64 ===
# of expected passes 1634
# of expected failures 10
# of unsupported tests 15
=== libffi Summary ===
# of expected passes 3268
# of expected failures 20
# of unsupported tests 30
=== libgomp tests ===
Running target unix
=== libgomp Summary for unix ===
# of expected passes 2614
# of unsupported tests 10
Running target unix/-m64
=== libgomp Summary for unix/-m64 ===
# of expected passes 2614
# of unsupported tests 10
=== libgomp Summary ===
# of expected passes 5228
# of unsupported tests 20
=== libjava tests ===
Running target unix
=== libjava Summary for unix ===
# of expected passes 2574
Running target unix/-m64
=== libjava Summary for unix/-m64 ===
# of expected passes 2574
=== libjava Summary ===
# of expected passes 5148
=== libstdc++ tests ===
Running target unix
=== libstdc++ Summary for unix ===
# of expected passes 7429
# of expected failures 82
# of unsupported tests 461
Running target unix/-m64
=== libstdc++ Summary for unix/-m64 ===
# of expected passes 7429
# of expected failures 82
# of unsupported tests 461
=== libstdc++ Summary ===
# of expected passes 14858
# of expected failures 164
# of unsupported tests 922
Compiler version: 4.6.4 20120316 (prerelease) [gcc-4_6-branch revision 185449] (GCC)
Platform: sparc-sun-solaris2.11
configure flags: --prefix=/vol/gcc --target=sparc-sun-solaris2.11 --with-as=/vol/gcc/bin/gas-2.22 --with-gnu-as --with-gmp-include=/vol/gcc/include --with-gmp-lib=/vol/gcc/lib --with-mpfr-include=/vol/gcc/include --with-mpfr-lib=/vol/gcc/lib --with-mpc-include=/vol/gcc/include --with-mpc-lib=/vol/gcc/lib --enable-languages=all,ada --without-ppl --without-cloog
BOOT_CFLAGS=-g -O2