This is the mail archive of the gcc-testresults@gcc.gnu.org mailing list for the GCC project.


Index Nav: [Date Index] [Subject Index] [Author Index] [Thread Index]
Message Nav: [Date Prev] [Date Next] [Thread Prev] [Thread Next]
Other format: [Raw text]

Results for 4.8.0 20120316 (experimental) [trunk revision 185470] (GCC) testsuite on i386-pc-solaris2.9


LAST_UPDATED: Fri Mar 16 15:53:20 UTC 2012 (revision 185470)

		=== acats tests ===

		=== acats Summary ===
# of expected passes		2320
# of unexpected failures	0
Native configuration is i386-pc-solaris2.9

		=== g++ tests ===


Running target unix
FAIL: g++.dg/cpp0x/initlist65.C (test for excess errors)
FAIL: g++.dg/torture/pr31863.C  -O2 -flto  (test for excess errors)

		=== g++ Summary ===

# of expected passes		46709
# of unexpected failures	2
# of expected failures		288
# of unsupported tests		505
/var/gcc/regression/trunk/9-gcc/build/gcc/testsuite/g++/../../g++  version 4.8.0 20120316 (experimental) [trunk revision 185470] (GCC) 

		=== gcc tests ===


Running target unix

		=== gcc Summary ===

# of expected passes		81875
# of expected failures		259
# of unsupported tests		2049
/var/gcc/regression/trunk/9-gcc/build/gcc/xgcc  version 4.8.0 20120316 (experimental) [trunk revision 185470] (GCC) 

		=== gfortran tests ===


Running target unix
FAIL: gfortran.dg/lto/pr45586-2 f_lto_pr45586-2_0.o-f_lto_pr45586-2_0.o link, -O0 -flto -flto-partition=none  (internal compiler error)
UNRESOLVED: gfortran.dg/lto/pr45586-2 f_lto_pr45586-2_0.o-f_lto_pr45586-2_0.o execute -O0 -flto -flto-partition=none 
FAIL: gfortran.dg/lto/pr45586-2 f_lto_pr45586-2_0.o-f_lto_pr45586-2_0.o link, -O0 -flto -flto-partition=1to1  (internal compiler error)
UNRESOLVED: gfortran.dg/lto/pr45586-2 f_lto_pr45586-2_0.o-f_lto_pr45586-2_0.o execute -O0 -flto -flto-partition=1to1 
FAIL: gfortran.dg/lto/pr45586-2 f_lto_pr45586-2_0.o-f_lto_pr45586-2_0.o link, -O0 -flto  (internal compiler error)
UNRESOLVED: gfortran.dg/lto/pr45586-2 f_lto_pr45586-2_0.o-f_lto_pr45586-2_0.o execute -O0 -flto 
FAIL: gfortran.dg/lto/pr45586 f_lto_pr45586_0.o-f_lto_pr45586_0.o link, -O0 -flto -flto-partition=none  (internal compiler error)
UNRESOLVED: gfortran.dg/lto/pr45586 f_lto_pr45586_0.o-f_lto_pr45586_0.o execute -O0 -flto -flto-partition=none 
FAIL: gfortran.dg/lto/pr45586 f_lto_pr45586_0.o-f_lto_pr45586_0.o link, -O0 -flto -flto-partition=1to1  (internal compiler error)
UNRESOLVED: gfortran.dg/lto/pr45586 f_lto_pr45586_0.o-f_lto_pr45586_0.o execute -O0 -flto -flto-partition=1to1 
FAIL: gfortran.dg/lto/pr45586 f_lto_pr45586_0.o-f_lto_pr45586_0.o link, -O0 -flto  (internal compiler error)
UNRESOLVED: gfortran.dg/lto/pr45586 f_lto_pr45586_0.o-f_lto_pr45586_0.o execute -O0 -flto 

		=== gfortran Summary ===

# of expected passes		40612
# of unexpected failures	6
# of expected failures		56
# of unresolved testcases	6
# of unsupported tests		365
/var/gcc/regression/trunk/9-gcc/build/gcc/testsuite/gfortran/../../gfortran  version 4.8.0 20120316 (experimental) [trunk revision 185470] (GCC) 

		=== gnat tests ===


Running target unix

		=== gnat Summary ===

# of expected passes		1079
# of expected failures		13
# of unsupported tests		5
/var/gcc/regression/trunk/9-gcc/build/gcc/gnatmake version 4.8.0 20120316 (experimental) [trunk revision 185470]

		=== go tests ===


Running target unix

		=== go Summary ===

# of expected passes		3292
# of expected failures		4
# of untested testcases		6
/var/gcc/regression/trunk/9-gcc/build/gcc/testsuite/go/../../gccgo  version 4.8.0 20120316 (experimental) [trunk revision 185470] (GCC) 

		=== obj-c++ tests ===


Running target unix

		=== obj-c++ Summary ===

# of expected passes		1450
# of expected failures		2
# of unsupported tests		86
/var/gcc/regression/trunk/9-gcc/build/gcc/testsuite/obj-c++/../../g++  version 4.8.0 20120316 (experimental) [trunk revision 185470] (GCC) 

		=== objc tests ===


Running target unix

		=== objc Summary ===

# of expected passes		2988
# of expected failures		6
# of unsupported tests		74
/var/gcc/regression/trunk/9-gcc/build/gcc/xgcc  version 4.8.0 20120316 (experimental) [trunk revision 185470] (GCC) 

		=== boehm-gc tests ===


Running target unix

		=== boehm-gc Summary ===

# of expected passes		12
# of unsupported tests		1
		=== libffi tests ===


Running target unix

		=== libffi Summary ===

# of expected passes		1659
# of unsupported tests		55
		=== libgo tests ===


Running target unix
FAIL: log
FAIL: math
FAIL: net
FAIL: time
FAIL: crypto/rand
FAIL: net/http
FAIL: net/http/httputil

		=== libgo Summary ===

# of expected passes		116
# of unexpected failures	7
		=== libgomp tests ===


Running target unix
WARNING: Line 30 includes unreadable file \`/vol/gcc/src/hg/trunk/local/libgomp/testsuite/libgomp.fortran/omp_lib.h'

		=== libgomp Summary ===

# of expected passes		2990
# of unsupported tests		3
		=== libitm tests ===


Running target unix

		=== libitm Summary ===

# of expected passes		26
# of expected failures		3
# of unsupported tests		1
		=== libjava tests ===


Running target unix
FAIL: Divide_1 output - source compiled test
FAIL: Divide_1 -findirect-dispatch output - source compiled test
FAIL: Divide_1 -O3 output - source compiled test
FAIL: Divide_1 -O3 -findirect-dispatch output - source compiled test
FAIL: InvokeInterface execution - source compiled test
FAIL: InvokeInterface -O3 execution - source compiled test

		=== libjava Summary ===

# of expected passes		2566
# of unexpected failures	6
# of untested testcases		2
		=== libstdc++ tests ===


Running target unix
FAIL: ext/pb_ds/regression/trie_map_rand.cc execution test
FAIL: ext/pb_ds/regression/trie_set_rand.cc execution test

		=== libstdc++ Summary ===

# of expected passes		7306
# of unexpected failures	2
# of expected failures		47
# of unsupported tests		828

Compiler version: 4.8.0 20120316 (experimental) [trunk revision 185470] (GCC) 
Platform: i386-pc-solaris2.9
configure flags: --prefix=/vol/gcc --target=i386-pc-solaris2.9 --enable-objc-gc --with-host-libstdcxx='-L/vol/gcc-4.4/lib -Wl,-Bstatic -lstdc++ -Wl,-Bdynamic -lm' --with-boot-ldflags='-static-libstdc++ -static-libgcc -L/vol/gcc-4.4/lib' --with-gmp-include=/vol/gcc/include --with-gmp-lib=/vol/gcc/lib --with-mpfr-include=/vol/gcc/include --with-mpfr-lib=/vol/gcc/lib --with-mpc-include=/vol/gcc/include --with-mpc-lib=/vol/gcc/lib --enable-languages=all,ada,obj-c++,go --with-ppl-include=/vol/gcc/include --with-ppl-lib=/vol/gcc/lib --with-cloog-include=/vol/gcc/include --with-cloog-lib=/vol/gcc/lib --enable-cloog-backend=ppl
BOOT_CFLAGS=-g -O2


Index Nav: [Date Index] [Subject Index] [Author Index] [Thread Index]
Message Nav: [Date Prev] [Date Next] [Thread Prev] [Thread Next]