This is the mail archive of the gcc-testresults@gcc.gnu.org mailing list for the GCC project.


Index Nav: [Date Index] [Subject Index] [Author Index] [Thread Index]
Message Nav: [Date Prev] [Date Next] [Thread Prev] [Thread Next]
Other format: [Raw text]

Results for 4.8.0 20120316 (experimental) [trunk revision 185470] (GCC) testsuite on x86_64-pc-solaris2.11


LAST_UPDATED: Fri Mar 16 15:53:20 UTC 2012 (revision 185470)

Native configuration is x86_64-pc-solaris2.11

		=== boehm-gc tests ===


Running target unix/-m32

		=== boehm-gc Summary for unix/-m32 ===

# of expected passes		12
# of unsupported tests		1

Running target unix

		=== boehm-gc Summary for unix ===

# of expected passes		12
# of unsupported tests		1

		=== boehm-gc Summary ===

# of expected passes		24
# of unsupported tests		2
		=== libffi tests ===


Running target unix/-m32

		=== libffi Summary for unix/-m32 ===

# of expected passes		1659
# of unsupported tests		55

Running target unix

		=== libffi Summary for unix ===

# of expected passes		1659
# of unsupported tests		55

		=== libffi Summary ===

# of expected passes		3318
# of unsupported tests		110
		=== libgo tests ===


Running target unix
FAIL: log
FAIL: net
FAIL: net/http
FAIL: net/http/httptest
FAIL: net/http/httputil
FAIL: net/rpc
FAIL: text/scanner

		=== libgo Summary for unix ===

# of expected passes		116
# of unexpected failures	7

Running target unix/-m32
FAIL: log
FAIL: net
FAIL: net/http
FAIL: net/http/httputil

		=== libgo Summary for unix/-m32 ===

# of expected passes		119
# of unexpected failures	4

		=== libgo Summary ===

# of expected passes		235
# of unexpected failures	11
/var/gcc/regression/trunk/11-gcc-gas-64/build/./gcc/gccgo version 4.8.0 20120316 (experimental) [trunk revision 185470] (GCC)

		=== libgomp tests ===


Running target unix/-m32
WARNING: Line 30 includes unreadable file \`/vol/gcc/src/hg/trunk/local/libgomp/testsuite/libgomp.fortran/omp_lib.h'

		=== libgomp Summary for unix/-m32 ===

# of expected passes		2990
# of unsupported tests		3

Running target unix
WARNING: Line 30 includes unreadable file \`/vol/gcc/src/hg/trunk/local/libgomp/testsuite/libgomp.fortran/omp_lib.h'
WARNING: program timed out.
FAIL: libgomp.fortran/vla3.f90  -O3 -g  (test for excess errors)

		=== libgomp Summary for unix ===

# of expected passes		2989
# of unexpected failures	1
# of unsupported tests		3

		=== libgomp Summary ===

# of expected passes		5979
# of unexpected failures	1
# of unsupported tests		6
		=== libitm tests ===


Running target unix/-m32

		=== libitm Summary for unix/-m32 ===

# of expected passes		26
# of expected failures		3
# of unsupported tests		1

Running target unix

		=== libitm Summary for unix ===

# of expected passes		26
# of expected failures		3
# of unsupported tests		1

		=== libitm Summary ===

# of expected passes		52
# of expected failures		6
# of unsupported tests		2
		=== libjava tests ===


Running target unix/-m32

		=== libjava Summary for unix/-m32 ===

# of expected passes		2574

Running target unix

		=== libjava Summary for unix ===

# of expected passes		2574

		=== libjava Summary ===

# of expected passes		5148
		=== libmudflap tests ===


Running target unix/-m32

		=== libmudflap Summary for unix/-m32 ===

# of expected passes		1442

Running target unix
FAIL: libmudflap.c++/pass55-frag.cxx ( -O) execution test

		=== libmudflap Summary for unix ===

# of expected passes		1441
# of unexpected failures	1

		=== libmudflap Summary ===

# of expected passes		2883
# of unexpected failures	1
		=== libstdc++ tests ===


Running target unix
FAIL: 26_numerics/random/uniform_real_distribution/operators/serialize.cc (test for excess errors)
WARNING: 26_numerics/random/uniform_real_distribution/operators/serialize.cc compilation failed to produce executable
FAIL: ext/pb_ds/regression/trie_map_rand.cc execution test
FAIL: ext/pb_ds/regression/trie_set_rand.cc execution test
WARNING: program timed out.

		=== libstdc++ Summary for unix ===

# of expected passes		7926
# of unexpected failures	3
# of expected failures		43
# of unsupported tests		529

Running target unix/-m32
FAIL: ext/pb_ds/regression/trie_map_rand.cc execution test
FAIL: ext/pb_ds/regression/trie_set_rand.cc execution test

		=== libstdc++ Summary for unix/-m32 ===

# of expected passes		7928
# of unexpected failures	2
# of expected failures		43
# of unsupported tests		529

		=== libstdc++ Summary ===

# of expected passes		15854
# of unexpected failures	5
# of expected failures		86
# of unsupported tests		1058
		=== acats tests ===

		=== acats Summary ===
# of expected passes		2320
# of unexpected failures	0

		=== g++ tests ===


Running target unix
FAIL: g++.dg/cpp0x/initlist65.C (test for excess errors)
WARNING: program timed out.
FAIL: g++.dg/lto/20090315 cp_lto_20090315_0.o-cp_lto_20090315_1.o link, -O0 -flto -flto-partition=none 
UNRESOLVED: g++.dg/lto/20090315 cp_lto_20090315_0.o-cp_lto_20090315_1.o execute -O0 -flto -flto-partition=none 

		=== g++ Summary for unix ===

# of expected passes		47844
# of unexpected failures	2
# of expected failures		288
# of unresolved testcases	1
# of unsupported tests		606

Running target unix/-m32
FAIL: g++.dg/cpp0x/initlist65.C (test for excess errors)
WARNING: program timed out.
FAIL: g++.dg/template/ttp21.C -std=c++98  (test for errors, line 5)
FAIL: g++.dg/template/ttp21.C -std=c++98 (test for excess errors)

		=== g++ Summary for unix/-m32 ===

# of expected passes		47049
# of unexpected failures	3
# of expected failures		288
# of unsupported tests		378

		=== g++ Summary ===

# of expected passes		94893
# of unexpected failures	5
# of expected failures		576
# of unresolved testcases	1
# of unsupported tests		984
/var/gcc/regression/trunk/11-gcc-gas-64/build/gcc/testsuite/g++/../../g++  version 4.8.0 20120316 (experimental) [trunk revision 185470] (GCC) 

		=== gcc tests ===


Running target unix
FAIL: gcc.c-torture/compile/pr31345-1.c  -O2  (test for excess errors)
WARNING: program timed out.
FAIL: gcc.c-torture/execute/20061220-1.c compilation,  -O2 -flto 
UNRESOLVED: gcc.c-torture/execute/20061220-1.c execution,  -O2 -flto 
WARNING: program timed out.
WARNING: program timed out.
FAIL: c-c++-common/torture/complex-sign-mul.c  -O3 -fomit-frame-pointer -funroll-loops  (test for excess errors)
FAIL: gcc.dg/tree-ssa/scev-3.c scan-tree-dump-times optimized "&a" 1
FAIL: gcc.dg/tree-ssa/scev-4.c scan-tree-dump-times optimized "&a" 1
WARNING: program timed out.
FAIL: gcc.dg/vect/slp-21.c (test for excess errors)
WARNING: gcc.dg/vect/slp-21.c compilation failed to produce executable

		=== gcc Summary for unix ===

# of expected passes		84251
# of unexpected failures	6
# of expected failures		260
# of unresolved testcases	1
# of unsupported tests		1356

Running target unix/-m32
WARNING: program timed out.
FAIL: gcc.target/i386/vperm-v4si-2-sse4.c (test for excess errors)
WARNING: gcc.target/i386/vperm-v4si-2-sse4.c compilation failed to produce executable

		=== gcc Summary for unix/-m32 ===

# of expected passes		83963
# of unexpected failures	1
# of expected failures		260
# of unsupported tests		1018

		=== gcc Summary ===

# of expected passes		168214
# of unexpected failures	7
# of expected failures		520
# of unresolved testcases	1
# of unsupported tests		2374
/var/gcc/regression/trunk/11-gcc-gas-64/build/gcc/xgcc  version 4.8.0 20120316 (experimental) [trunk revision 185470] (GCC) 

		=== gfortran tests ===


Running target unix
FAIL: gfortran.dg/proc_ptr_20.f90  -O3 -fomit-frame-pointer -funroll-loops  (test for excess errors)
WARNING: gfortran.dg/proc_ptr_20.f90  -O3 -fomit-frame-pointer -funroll-loops  compilation failed to produce executable
FAIL: gfortran.dg/streamio_13.f90  -O3 -fomit-frame-pointer -funroll-loops  (test for excess errors)
WARNING: gfortran.dg/streamio_13.f90  -O3 -fomit-frame-pointer -funroll-loops  compilation failed to produce executable
WARNING: program timed out.
WARNING: program timed out.
FAIL: gfortran.dg/lto/pr45586-2 f_lto_pr45586-2_0.o-f_lto_pr45586-2_0.o link, -O0 -flto -flto-partition=none 
UNRESOLVED: gfortran.dg/lto/pr45586-2 f_lto_pr45586-2_0.o-f_lto_pr45586-2_0.o execute -O0 -flto -flto-partition=none 
FAIL: gfortran.dg/lto/pr45586-2 f_lto_pr45586-2_0.o-f_lto_pr45586-2_0.o link, -O0 -flto -flto-partition=1to1 
UNRESOLVED: gfortran.dg/lto/pr45586-2 f_lto_pr45586-2_0.o-f_lto_pr45586-2_0.o execute -O0 -flto -flto-partition=1to1 
FAIL: gfortran.dg/lto/pr45586-2 f_lto_pr45586-2_0.o-f_lto_pr45586-2_0.o link, -O0 -flto 
UNRESOLVED: gfortran.dg/lto/pr45586-2 f_lto_pr45586-2_0.o-f_lto_pr45586-2_0.o execute -O0 -flto 
FAIL: gfortran.dg/lto/pr45586 f_lto_pr45586_0.o-f_lto_pr45586_0.o link, -O0 -flto -flto-partition=none 
UNRESOLVED: gfortran.dg/lto/pr45586 f_lto_pr45586_0.o-f_lto_pr45586_0.o execute -O0 -flto -flto-partition=none 
FAIL: gfortran.dg/lto/pr45586 f_lto_pr45586_0.o-f_lto_pr45586_0.o link, -O0 -flto -flto-partition=1to1 
UNRESOLVED: gfortran.dg/lto/pr45586 f_lto_pr45586_0.o-f_lto_pr45586_0.o execute -O0 -flto -flto-partition=1to1 
FAIL: gfortran.dg/lto/pr45586 f_lto_pr45586_0.o-f_lto_pr45586_0.o link, -O0 -flto 
UNRESOLVED: gfortran.dg/lto/pr45586 f_lto_pr45586_0.o-f_lto_pr45586_0.o execute -O0 -flto 

		=== gfortran Summary for unix ===

# of expected passes		41202
# of unexpected failures	8
# of expected failures		56
# of unresolved testcases	6
# of unsupported tests		77

Running target unix/-m32
FAIL: gfortran.dg/lto/pr45586-2 f_lto_pr45586-2_0.o-f_lto_pr45586-2_0.o link, -O0 -flto -flto-partition=none 
UNRESOLVED: gfortran.dg/lto/pr45586-2 f_lto_pr45586-2_0.o-f_lto_pr45586-2_0.o execute -O0 -flto -flto-partition=none 
FAIL: gfortran.dg/lto/pr45586-2 f_lto_pr45586-2_0.o-f_lto_pr45586-2_0.o link, -O0 -flto -flto-partition=1to1 
UNRESOLVED: gfortran.dg/lto/pr45586-2 f_lto_pr45586-2_0.o-f_lto_pr45586-2_0.o execute -O0 -flto -flto-partition=1to1 
FAIL: gfortran.dg/lto/pr45586-2 f_lto_pr45586-2_0.o-f_lto_pr45586-2_0.o link, -O0 -flto 
UNRESOLVED: gfortran.dg/lto/pr45586-2 f_lto_pr45586-2_0.o-f_lto_pr45586-2_0.o execute -O0 -flto 
FAIL: gfortran.dg/lto/pr45586 f_lto_pr45586_0.o-f_lto_pr45586_0.o link, -O0 -flto -flto-partition=none 
UNRESOLVED: gfortran.dg/lto/pr45586 f_lto_pr45586_0.o-f_lto_pr45586_0.o execute -O0 -flto -flto-partition=none 
FAIL: gfortran.dg/lto/pr45586 f_lto_pr45586_0.o-f_lto_pr45586_0.o link, -O0 -flto -flto-partition=1to1 
UNRESOLVED: gfortran.dg/lto/pr45586 f_lto_pr45586_0.o-f_lto_pr45586_0.o execute -O0 -flto -flto-partition=1to1 
FAIL: gfortran.dg/lto/pr45586 f_lto_pr45586_0.o-f_lto_pr45586_0.o link, -O0 -flto 
UNRESOLVED: gfortran.dg/lto/pr45586 f_lto_pr45586_0.o-f_lto_pr45586_0.o execute -O0 -flto 

		=== gfortran Summary for unix/-m32 ===

# of expected passes		40919
# of unexpected failures	6
# of expected failures		56
# of unresolved testcases	6
# of unsupported tests		215

		=== gfortran Summary ===

# of expected passes		82121
# of unexpected failures	14
# of expected failures		112
# of unresolved testcases	12
# of unsupported tests		292
/var/gcc/regression/trunk/11-gcc-gas-64/build/gcc/testsuite/gfortran/../../gfortran  version 4.8.0 20120316 (experimental) [trunk revision 185470] (GCC) 

		=== gnat tests ===


Running target unix/-m32

		=== gnat Summary for unix/-m32 ===

# of expected passes		1079
# of expected failures		13
# of unsupported tests		5

Running target unix

		=== gnat Summary for unix ===

# of expected passes		1079
# of expected failures		13
# of unsupported tests		5

		=== gnat Summary ===

# of expected passes		2158
# of expected failures		26
# of unsupported tests		10
/var/gcc/regression/trunk/11-gcc-gas-64/build/gcc/gnatmake version 4.8.0 20120316 (experimental) [trunk revision 185470]

		=== go tests ===


Running target unix
FAIL: go.go-torture/execute/select-1.go execution,  -O2 -fomit-frame-pointer -finline-functions 
FAIL: go.go-torture/execute/select-1.go execution,  -O2 -fomit-frame-pointer -finline-functions -funroll-loops 

		=== go Summary for unix ===

# of expected passes		3290
# of unexpected failures	2
# of expected failures		4
# of untested testcases		6

Running target unix/-m32

		=== go Summary for unix/-m32 ===

# of expected passes		3292
# of expected failures		4
# of untested testcases		6

		=== go Summary ===

# of expected passes		6582
# of unexpected failures	2
# of expected failures		8
# of untested testcases		12
/var/gcc/regression/trunk/11-gcc-gas-64/build/gcc/testsuite/go/../../gccgo  version 4.8.0 20120316 (experimental) [trunk revision 185470] (GCC) 

		=== obj-c++ tests ===


Running target unix/-m32

		=== obj-c++ Summary for unix/-m32 ===

# of expected passes		1450
# of expected failures		2
# of unsupported tests		86

Running target unix

		=== obj-c++ Summary for unix ===

# of expected passes		1442
# of expected failures		10
# of unsupported tests		86

		=== obj-c++ Summary ===

# of expected passes		2892
# of expected failures		12
# of unsupported tests		172
/var/gcc/regression/trunk/11-gcc-gas-64/build/gcc/testsuite/obj-c++/../../g++  version 4.8.0 20120316 (experimental) [trunk revision 185470] (GCC) 

		=== objc tests ===


Running target unix

		=== objc Summary for unix ===

# of expected passes		2988
# of expected failures		6
# of unsupported tests		74

Running target unix/-m32

		=== objc Summary for unix/-m32 ===

# of expected passes		2988
# of expected failures		6
# of unsupported tests		74

		=== objc Summary ===

# of expected passes		5976
# of expected failures		12
# of unsupported tests		148
/var/gcc/regression/trunk/11-gcc-gas-64/build/gcc/xgcc  version 4.8.0 20120316 (experimental) [trunk revision 185470] (GCC) 


Compiler version: 4.8.0 20120316 (experimental) [trunk revision 185470] (GCC) 
Platform: x86_64-pc-solaris2.11
configure flags: --prefix=/vol/gcc --target=amd64-pc-solaris2.11 --enable-objc-gc --enable-libmudflap --with-host-libstdcxx='-L/vol/gcc-4.4/lib/amd64 -Wl,-Bstatic -lstdc++ -Wl,-Bdynamic -lm' --with-boot-ldflags='-static-libstdc++ -static-libgcc -L/vol/gcc-4.4/lib/amd64' --with-as=/vol/gcc/bin/gas-2.22 --with-gnu-as --with-gmp-include=/vol/gcc/include --with-gmp-lib=/vol/gcc/lib/amd64 --with-mpfr-include=/vol/gcc/include --with-mpfr-lib=/vol/gcc/lib/amd64 --with-mpc-include=/vol/gcc/include --with-mpc-lib=/vol/gcc/lib/amd64 --enable-languages=all,ada,obj-c++,go --with-ppl-include=/vol/gcc/include --with-ppl-lib=/vol/gcc/lib/amd64 --with-cloog-include=/vol/gcc/include --with-cloog-lib=/vol/gcc/lib/amd64 --enable-cloog-backend=ppl --build=amd64-pc-solaris2.11 --host=amd64-pc-solaris2.11
BOOT_CFLAGS=-g -O2


Index Nav: [Date Index] [Subject Index] [Author Index] [Thread Index]
Message Nav: [Date Prev] [Date Next] [Thread Prev] [Thread Next]