This is the mail archive of the
gcc-testresults@gcc.gnu.org
mailing list for the GCC project.
Results for gcc testsuite on x86_64-unknown-linux-gnu
- From: intel64corei7 at gnu-34 dot sc dot intel dot com (H.J. Lu (Intel64 Core 2/i7))
- To: gcc-testresults at gcc dot gnu dot org
- Date: Thu, 15 Mar 2012 08:37:28 -0700
- Subject: Results for gcc testsuite on x86_64-unknown-linux-gnu
LAST_UPDATED: Thu Mar 15 14:56:08 UTC 2012 (revision 185432)
Native configuration is x86_64-unknown-linux-gnu
=== g++ tests ===
=== g++ Summary for unix ===
Running target unix/-m32
=== g++ Summary for unix/-m32 ===
=== g++ Summary ===
Running target unix/-m32
=== gcc tests ===
Running target unix
=== gcc Summary for unix ===
# of expected passes 13536
Running target unix/-m32
=== gcc Summary for unix/-m32 ===
# of expected passes 13536
=== gcc Summary ===
# of expected passes 27072
Running target unix/-m32
=== gfortran tests ===
=== gfortran Summary for unix ===
Running target unix/-m32
=== gfortran Summary for unix/-m32 ===
=== gfortran Summary ===
Running target unix/-m32
=== objc tests ===
Running target unix
=== objc Summary for unix ===
# of expected passes 1184
Running target unix/-m32
=== objc Summary for unix/-m32 ===
# of expected passes 1184
=== objc Summary ===
# of expected passes 2368
=== boehm-gc tests ===
Running target unix/-m32
=== boehm-gc Summary for unix/-m32 ===
# of expected passes 4
Running target unix
=== boehm-gc Summary for unix ===
# of expected passes 4
=== boehm-gc Summary ===
# of expected passes 24
# of unsupported tests 2
=== libffi tests ===
Running target unix/-m32
=== libffi Summary for unix/-m32 ===
# of expected passes 24
Running target unix
=== libffi Summary for unix ===
# of expected passes 24
=== libffi Summary ===
# of expected passes 3318
# of unsupported tests 110
=== libjava tests ===
Running target unix/-m32
=== libjava Summary for unix/-m32 ===
Running target unix
=== libjava Summary for unix ===
=== libjava Summary ===
# of expected passes 5148
=== libmudflap tests ===
Running target unix/-m32
=== libmudflap Summary for unix/-m32 ===
# of expected passes 264
Running target unix
FAIL: libmudflap.c++/pass55-frag.cxx ( -O) execution test
=== libmudflap Summary for unix ===
# of expected passes 264
=== libmudflap Summary ===
# of expected passes 2871
# of unexpected failures 1
=== libstdc++ tests ===
Running target unix
=== libstdc++ Summary for unix ===
# of expected passes 8850
# of expected failures 43
# of unsupported tests 169
Running target unix/-m32
=== libstdc++ Summary for unix/-m32 ===
# of expected passes 8850
# of expected failures 43
# of unsupported tests 169
=== libstdc++ Summary ===
# of expected passes 17700
# of expected failures 86
# of unsupported tests 338
Compiler version: gcc
Platform: x86_64-unknown-linux-gnu
configure flags: --with-arch=corei7 --with-cpu=corei7 --prefix=/usr/local --enable-clocale=gnu --with-system-zlib --enable-shared --with-demangler-in-ld --with-fpmath=sse --enable-languages=c,c++,fortran,java,lto,objc