This is the mail archive of the gcc-testresults@gcc.gnu.org mailing list for the GCC project.
Index Nav: | [Date Index] [Subject Index] [Author Index] [Thread Index] | |
---|---|---|
Message Nav: | [Date Prev] [Date Next] | [Thread Prev] [Thread Next] |
Other format: | [Raw text] |
Native configuration is alphaev68-unknown-linux-gnu === boehm-gc tests === Running target unix === boehm-gc Summary === # of expected passes 12 # of unsupported tests 1 === libffi tests === Running target unix === libffi Summary === # of expected passes 1634 # of expected failures 10 # of unsupported tests 55 === libgo tests === Running target unix FAIL: log === libgo Summary === # of expected passes 122 # of unexpected failures 1 /space/uros/gcc-build-47/./gcc/gccgo version 4.7.0 20120314 (prerelease) (GCC) === libgomp tests === Running target unix === libgomp Summary === # of expected passes 2948 # of unsupported tests 1 === libitm tests === Running target unix === libitm Summary === # of expected passes 26 # of expected failures 3 # of unsupported tests 1 === libjava tests === Running target unix === libjava Summary === # of expected passes 2574 === libmudflap tests === Running target unix === libmudflap Summary === # of expected passes 1906 === libstdc++ tests === Running target unix === libstdc++ Summary === # of expected passes 8597 # of expected failures 43 # of unsupported tests 168 === gcc tests === Running target unix FAIL: gcc.dg/cpp/_Pragma3.c (test for excess errors) FAIL: gcc.dg/pr44194-1.c scan-rtl-dump dse1 "global deletions = 2" XPASS: gcc.dg/guality/example.c -O0 execution test XPASS: gcc.dg/guality/guality.c -O0 execution test XPASS: gcc.dg/guality/guality.c -O1 execution test XPASS: gcc.dg/guality/inline-params.c -O2 execution test XPASS: gcc.dg/guality/inline-params.c -O3 -fomit-frame-pointer execution test XPASS: gcc.dg/guality/inline-params.c -O3 -g execution test XPASS: gcc.dg/guality/inline-params.c -Os execution test XPASS: gcc.dg/guality/inline-params.c -O2 -flto -fno-use-linker-plugin -flto-partition=none execution test XPASS: gcc.dg/guality/inline-params.c -O2 -flto -fuse-linker-plugin -fno-fat-lto-objects execution test XPASS: gcc.dg/guality/pr41353-1.c -O0 line 28 j == 28 + 37 XPASS: gcc.dg/guality/pr41353-1.c -O2 -flto -fno-use-linker-plugin -flto-partition=none line 28 j == 28 + 37 XPASS: gcc.dg/guality/pr41353-1.c -O2 -flto -fuse-linker-plugin -fno-fat-lto-objects line 28 j == 28 + 37 FAIL: gcc.dg/guality/pr41404-1.c -O2 -flto -fno-use-linker-plugin -flto-partition=none line 10 *foo == 'f' XPASS: gcc.dg/guality/pr41447-1.c -O0 execution test XPASS: gcc.dg/guality/pr41447-1.c -O1 execution test XPASS: gcc.dg/guality/pr41447-1.c -O2 execution test XPASS: gcc.dg/guality/pr41447-1.c -O3 -fomit-frame-pointer execution test XPASS: gcc.dg/guality/pr41447-1.c -O3 -g execution test XPASS: gcc.dg/guality/pr41447-1.c -Os execution test XPASS: gcc.dg/guality/pr41447-1.c -O2 -flto -fuse-linker-plugin -fno-fat-lto-objects execution test XPASS: gcc.dg/guality/pr41616-1.c -O0 execution test XPASS: gcc.dg/guality/pr41616-1.c -O1 execution test XPASS: gcc.dg/guality/pr41616-1.c -O2 execution test XPASS: gcc.dg/guality/pr41616-1.c -O3 -fomit-frame-pointer execution test XPASS: gcc.dg/guality/pr41616-1.c -O3 -g execution test XPASS: gcc.dg/guality/pr41616-1.c -Os execution test XPASS: gcc.dg/guality/pr41616-1.c -O2 -flto -fno-use-linker-plugin -flto-partition=none execution test FAIL: gcc.dg/guality/pr43051-1.c -O1 line 40 v == 1 FAIL: gcc.dg/guality/pr43051-1.c -O2 line 40 v == 1 FAIL: gcc.dg/guality/pr43051-1.c -O3 -fomit-frame-pointer line 35 v == 1 FAIL: gcc.dg/guality/pr43051-1.c -O3 -fomit-frame-pointer line 40 v == 1 FAIL: gcc.dg/guality/pr43051-1.c -O3 -fomit-frame-pointer -funroll-loops line 35 v == 1 FAIL: gcc.dg/guality/pr43051-1.c -O3 -fomit-frame-pointer -funroll-loops line 40 v == 1 FAIL: gcc.dg/guality/pr43051-1.c -O3 -fomit-frame-pointer -funroll-all-loops -finline-functions line 35 v == 1 FAIL: gcc.dg/guality/pr43051-1.c -O3 -fomit-frame-pointer -funroll-all-loops -finline-functions line 40 v == 1 FAIL: gcc.dg/guality/pr43051-1.c -O3 -g line 35 v == 1 FAIL: gcc.dg/guality/pr43051-1.c -O3 -g line 40 v == 1 FAIL: gcc.dg/guality/pr43051-1.c -Os line 40 v == 1 FAIL: gcc.dg/guality/pr43051-1.c -O2 -flto -fno-use-linker-plugin -flto-partition=none line 40 v == 1 FAIL: gcc.dg/guality/pr43051-1.c -O2 -flto -fuse-linker-plugin -fno-fat-lto-objects line 40 v == 1 FAIL: gcc.dg/guality/pr43177.c -O1 line 24 x == 7 FAIL: gcc.dg/guality/pr43177.c -O2 line 24 x == 7 FAIL: gcc.dg/guality/pr43177.c -O3 -fomit-frame-pointer line 24 x == 7 FAIL: gcc.dg/guality/pr43177.c -O3 -g line 24 x == 7 FAIL: gcc.dg/guality/pr43177.c -Os line 24 x == 7 FAIL: gcc.dg/guality/pr43177.c -O2 -flto -fno-use-linker-plugin -flto-partition=none line 24 x == 7 FAIL: gcc.dg/guality/pr43177.c -O2 -flto -fuse-linker-plugin -fno-fat-lto-objects line 24 x == 7 FAIL: gcc.dg/guality/pr45882.c -O1 line 16 b == 7 FAIL: gcc.dg/guality/pr45882.c -O2 line 16 b == 7 FAIL: gcc.dg/guality/pr45882.c -O3 -fomit-frame-pointer line 16 b == 7 FAIL: gcc.dg/guality/pr45882.c -O3 -g line 16 b == 7 FAIL: gcc.dg/guality/pr45882.c -Os line 16 b == 7 FAIL: gcc.dg/guality/pr45882.c -O2 -flto -fno-use-linker-plugin -flto-partition=none line 16 b == 7 FAIL: gcc.dg/guality/pr45882.c -O2 -flto -fuse-linker-plugin -fno-fat-lto-objects line 16 b == 7 FAIL: gcc.dg/guality/sra-1.c -O1 line 43 a.j == 14 FAIL: gcc.dg/guality/sra-1.c -O2 line 43 a.j == 14 FAIL: gcc.dg/guality/sra-1.c -O3 -fomit-frame-pointer line 43 a.j == 14 FAIL: gcc.dg/guality/sra-1.c -O3 -g line 43 a.j == 14 FAIL: gcc.dg/guality/sra-1.c -Os line 43 a.j == 14 FAIL: gcc.dg/guality/sra-1.c -O2 -flto -fno-use-linker-plugin -flto-partition=none line 43 a.j == 14 FAIL: gcc.dg/guality/sra-1.c -O2 -flto -fuse-linker-plugin -fno-fat-lto-objects line 43 a.j == 14 FAIL: gcc.dg/guality/vla-1.c -O0 line 17 sizeof (a) == 6 FAIL: gcc.dg/guality/vla-1.c -O0 line 24 sizeof (a) == 17 * sizeof (short) FAIL: gcc.dg/guality/vla-1.c -O1 line 17 sizeof (a) == 6 FAIL: gcc.dg/guality/vla-1.c -O1 line 24 sizeof (a) == 17 * sizeof (short) FAIL: gcc.dg/guality/vla-1.c -O2 line 17 sizeof (a) == 6 FAIL: gcc.dg/guality/vla-1.c -O2 line 24 sizeof (a) == 17 * sizeof (short) FAIL: gcc.dg/guality/vla-1.c -O3 -fomit-frame-pointer line 17 sizeof (a) == 6 FAIL: gcc.dg/guality/vla-1.c -O3 -fomit-frame-pointer line 24 sizeof (a) == 17 * sizeof (short) FAIL: gcc.dg/guality/vla-1.c -O3 -g line 17 sizeof (a) == 6 FAIL: gcc.dg/guality/vla-1.c -O3 -g line 24 sizeof (a) == 17 * sizeof (short) FAIL: gcc.dg/guality/vla-1.c -Os line 17 sizeof (a) == 6 FAIL: gcc.dg/guality/vla-1.c -Os line 24 sizeof (a) == 17 * sizeof (short) FAIL: gcc.dg/guality/vla-1.c -O2 -flto -fno-use-linker-plugin -flto-partition=none line 17 sizeof (a) == 6 FAIL: gcc.dg/guality/vla-1.c -O2 -flto -fno-use-linker-plugin -flto-partition=none line 24 sizeof (a) == 17 * sizeof (short) FAIL: gcc.dg/guality/vla-1.c -O2 -flto -fuse-linker-plugin -fno-fat-lto-objects line 17 sizeof (a) == 6 FAIL: gcc.dg/guality/vla-1.c -O2 -flto -fuse-linker-plugin -fno-fat-lto-objects line 24 sizeof (a) == 17 * sizeof (short) FAIL: gcc.dg/guality/vla-2.c -O0 line 16 sizeof (a) == 5 * sizeof (int) FAIL: gcc.dg/guality/vla-2.c -O0 line 25 sizeof (a) == 6 * sizeof (int) FAIL: gcc.dg/guality/vla-2.c -O1 line 16 sizeof (a) == 5 * sizeof (int) FAIL: gcc.dg/guality/vla-2.c -O1 line 25 sizeof (a) == 6 * sizeof (int) FAIL: gcc.dg/guality/vla-2.c -O2 line 16 sizeof (a) == 5 * sizeof (int) FAIL: gcc.dg/guality/vla-2.c -O2 line 25 sizeof (a) == 6 * sizeof (int) FAIL: gcc.dg/guality/vla-2.c -O3 -fomit-frame-pointer line 16 sizeof (a) == 5 * sizeof (int) FAIL: gcc.dg/guality/vla-2.c -O3 -fomit-frame-pointer line 25 sizeof (a) == 6 * sizeof (int) FAIL: gcc.dg/guality/vla-2.c -O3 -g line 16 sizeof (a) == 5 * sizeof (int) FAIL: gcc.dg/guality/vla-2.c -O3 -g line 25 sizeof (a) == 6 * sizeof (int) FAIL: gcc.dg/guality/vla-2.c -Os line 16 sizeof (a) == 5 * sizeof (int) FAIL: gcc.dg/guality/vla-2.c -Os line 25 sizeof (a) == 6 * sizeof (int) FAIL: gcc.dg/guality/vla-2.c -O2 -flto -fno-use-linker-plugin -flto-partition=none line 16 sizeof (a) == 5 * sizeof (int) FAIL: gcc.dg/guality/vla-2.c -O2 -flto -fno-use-linker-plugin -flto-partition=none line 25 sizeof (a) == 6 * sizeof (int) FAIL: gcc.dg/guality/vla-2.c -O2 -flto -fuse-linker-plugin -fno-fat-lto-objects line 16 sizeof (a) == 5 * sizeof (int) FAIL: gcc.dg/guality/vla-2.c -O2 -flto -fuse-linker-plugin -fno-fat-lto-objects line 25 sizeof (a) == 6 * sizeof (int) === gcc Summary === # of expected passes 73406 # of unexpected failures 69 # of unexpected successes 26 # of expected failures 131 # of unsupported tests 1268 /space/uros/gcc-build-47/gcc/xgcc version 4.7.0 20120314 (prerelease) (GCC) === gfortran tests === Running target unix === gfortran Summary === # of expected passes 40672 # of expected failures 42 # of unsupported tests 57 /space/uros/gcc-build-47/gcc/testsuite/gfortran/../../gfortran version 4.7.0 20120314 (prerelease) (GCC) === g++ tests === Running target unix === g++ Summary === # of expected passes 46647 # of expected failures 286 # of unsupported tests 681 /space/uros/gcc-build-47/gcc/testsuite/g++/../../g++ version 4.7.0 20120314 (prerelease) (GCC) === go tests === Running target unix === go Summary === # of expected passes 3290 # of expected failures 4 # of untested testcases 7 /space/uros/gcc-build-47/gcc/testsuite/go/../../gccgo version 4.7.0 20120314 (prerelease) (GCC) === obj-c++ tests === Running target unix === obj-c++ Summary === # of expected passes 1442 # of expected failures 10 # of unsupported tests 86 /space/uros/gcc-build-47/gcc/testsuite/obj-c++/../../g++ version 4.7.0 20120314 (prerelease) (GCC) === objc tests === Running target unix === objc Summary === # of expected passes 2992 # of unsupported tests 75 /space/uros/gcc-build-47/gcc/xgcc version 4.7.0 20120314 (prerelease) (GCC) Compiler version: 4.7.0 20120314 (prerelease) (GCC) Platform: alphaev68-unknown-linux-gnu configure flags: --enable-languages=all,obj-c++,go BOOT_CFLAGS=-g -O2
Index Nav: | [Date Index] [Subject Index] [Author Index] [Thread Index] | |
---|---|---|
Message Nav: | [Date Prev] [Date Next] | [Thread Prev] [Thread Next] |