This is the mail archive of the gcc-testresults@gcc.gnu.org mailing list for the GCC project.


Index Nav: [Date Index] [Subject Index] [Author Index] [Thread Index]
Message Nav: [Date Prev] [Date Next] [Thread Prev] [Thread Next]
Other format: [Raw text]

Results for 4.7.0 20120310 (prerelease) (Debian 4.7.0~rc1-2) testsuite on s390-ibm-linux-gnu


LAST_UPDATED: Sat Mar 10 22:00:10 UTC 2012 (revision 185183)

Target: s390-linux-gnu
gcc version 4.7.0 20120310 (prerelease) (Debian 4.7.0~rc1-2) 
Native configuration is s390-ibm-linux-gnu

		=== g++ tests ===


Running target unix
UNRESOLVED: attribute_plugin.c compilation, -I. -I/build/buildd-gcc-4.7_4.7.0~rc1-2-s390-2G4rdw/gcc-4.7-4.7.0~rc1/src/gcc/testsuite -I/build/buildd-gcc-4.7_4.7.0~rc1-2-s390-2G4rdw/gcc-4.7-4.7.0~rc1/src/gcc/testsuite/../../gcc -I/build/buildd-gcc-4.7_4.7.0~rc1-2-s390-2G4rdw/gcc-4.7-4.7.0~rc1/build/gcc/testsuite/g++/../../../gcc  -I/build/buildd-gcc-4.7_4.7.0~rc1-2-s390-2G4rdw/gcc-4.7-4.7.0~rc1/src/gcc/testsuite/../../include -I/build/buildd-gcc-4.7_4.7.0~rc1-2-s390-2G4rdw/gcc-4.7-4.7.0~rc1/src/gcc/testsuite/../../libcpp/include   -I/build/buildd-gcc-4.7_4.7.0~rc1-2-s390-2G4rdw/gcc-4.7-4.7.0~rc1/build/gcc/testsuite/g++/../../../intl  -DIN_GCC -fPIC -shared
UNRESOLVED: pragma_plugin.c compilation, -I. -I/build/buildd-gcc-4.7_4.7.0~rc1-2-s390-2G4rdw/gcc-4.7-4.7.0~rc1/src/gcc/testsuite -I/build/buildd-gcc-4.7_4.7.0~rc1-2-s390-2G4rdw/gcc-4.7-4.7.0~rc1/src/gcc/testsuite/../../gcc -I/build/buildd-gcc-4.7_4.7.0~rc1-2-s390-2G4rdw/gcc-4.7-4.7.0~rc1/build/gcc/testsuite/g++/../../../gcc  -I/build/buildd-gcc-4.7_4.7.0~rc1-2-s390-2G4rdw/gcc-4.7-4.7.0~rc1/src/gcc/testsuite/../../include -I/build/buildd-gcc-4.7_4.7.0~rc1-2-s390-2G4rdw/gcc-4.7-4.7.0~rc1/src/gcc/testsuite/../../libcpp/include   -I/build/buildd-gcc-4.7_4.7.0~rc1-2-s390-2G4rdw/gcc-4.7-4.7.0~rc1/build/gcc/testsuite/g++/../../../intl  -DIN_GCC -fPIC -shared
UNRESOLVED: selfassign.c compilation, -I. -I/build/buildd-gcc-4.7_4.7.0~rc1-2-s390-2G4rdw/gcc-4.7-4.7.0~rc1/src/gcc/testsuite -I/build/buildd-gcc-4.7_4.7.0~rc1-2-s390-2G4rdw/gcc-4.7-4.7.0~rc1/src/gcc/testsuite/../../gcc -I/build/buildd-gcc-4.7_4.7.0~rc1-2-s390-2G4rdw/gcc-4.7-4.7.0~rc1/build/gcc/testsuite/g++/../../../gcc  -I/build/buildd-gcc-4.7_4.7.0~rc1-2-s390-2G4rdw/gcc-4.7-4.7.0~rc1/src/gcc/testsuite/../../include -I/build/buildd-gcc-4.7_4.7.0~rc1-2-s390-2G4rdw/gcc-4.7-4.7.0~rc1/src/gcc/testsuite/../../libcpp/include   -I/build/buildd-gcc-4.7_4.7.0~rc1-2-s390-2G4rdw/gcc-4.7-4.7.0~rc1/build/gcc/testsuite/g++/../../../intl -O -DIN_GCC -fPIC -shared
UNRESOLVED: dumb_plugin.c compilation, -I. -I/build/buildd-gcc-4.7_4.7.0~rc1-2-s390-2G4rdw/gcc-4.7-4.7.0~rc1/src/gcc/testsuite -I/build/buildd-gcc-4.7_4.7.0~rc1-2-s390-2G4rdw/gcc-4.7-4.7.0~rc1/src/gcc/testsuite/../../gcc -I/build/buildd-gcc-4.7_4.7.0~rc1-2-s390-2G4rdw/gcc-4.7-4.7.0~rc1/build/gcc/testsuite/g++/../../../gcc  -I/build/buildd-gcc-4.7_4.7.0~rc1-2-s390-2G4rdw/gcc-4.7-4.7.0~rc1/src/gcc/testsuite/../../include -I/build/buildd-gcc-4.7_4.7.0~rc1-2-s390-2G4rdw/gcc-4.7-4.7.0~rc1/src/gcc/testsuite/../../libcpp/include   -I/build/buildd-gcc-4.7_4.7.0~rc1-2-s390-2G4rdw/gcc-4.7-4.7.0~rc1/build/gcc/testsuite/g++/../../../intl  -DIN_GCC -fPIC -shared
UNRESOLVED: header_plugin.c compilation, -I. -I/build/buildd-gcc-4.7_4.7.0~rc1-2-s390-2G4rdw/gcc-4.7-4.7.0~rc1/src/gcc/testsuite -I/build/buildd-gcc-4.7_4.7.0~rc1-2-s390-2G4rdw/gcc-4.7-4.7.0~rc1/src/gcc/testsuite/../../gcc -I/build/buildd-gcc-4.7_4.7.0~rc1-2-s390-2G4rdw/gcc-4.7-4.7.0~rc1/build/gcc/testsuite/g++/../../../gcc  -I/build/buildd-gcc-4.7_4.7.0~rc1-2-s390-2G4rdw/gcc-4.7-4.7.0~rc1/src/gcc/testsuite/../../include -I/build/buildd-gcc-4.7_4.7.0~rc1-2-s390-2G4rdw/gcc-4.7-4.7.0~rc1/src/gcc/testsuite/../../libcpp/include   -I/build/buildd-gcc-4.7_4.7.0~rc1-2-s390-2G4rdw/gcc-4.7-4.7.0~rc1/build/gcc/testsuite/g++/../../../intl  -DIN_GCC -fPIC -shared
UNRESOLVED: decl_plugin.c compilation, -I. -I/build/buildd-gcc-4.7_4.7.0~rc1-2-s390-2G4rdw/gcc-4.7-4.7.0~rc1/src/gcc/testsuite -I/build/buildd-gcc-4.7_4.7.0~rc1-2-s390-2G4rdw/gcc-4.7-4.7.0~rc1/src/gcc/testsuite/../../gcc -I/build/buildd-gcc-4.7_4.7.0~rc1-2-s390-2G4rdw/gcc-4.7-4.7.0~rc1/build/gcc/testsuite/g++/../../../gcc  -I/build/buildd-gcc-4.7_4.7.0~rc1-2-s390-2G4rdw/gcc-4.7-4.7.0~rc1/src/gcc/testsuite/../../include -I/build/buildd-gcc-4.7_4.7.0~rc1-2-s390-2G4rdw/gcc-4.7-4.7.0~rc1/src/gcc/testsuite/../../libcpp/include   -I/build/buildd-gcc-4.7_4.7.0~rc1-2-s390-2G4rdw/gcc-4.7-4.7.0~rc1/build/gcc/testsuite/g++/../../../intl  -DIN_GCC -fPIC -shared

		=== g++ Summary for unix ===

# of expected passes		46833
# of expected failures		286
# of unresolved testcases	6
# of unsupported tests		638

Running target unix/-fstack-protector
UNRESOLVED: attribute_plugin.c compilation, -I. -I/build/buildd-gcc-4.7_4.7.0~rc1-2-s390-2G4rdw/gcc-4.7-4.7.0~rc1/src/gcc/testsuite -I/build/buildd-gcc-4.7_4.7.0~rc1-2-s390-2G4rdw/gcc-4.7-4.7.0~rc1/src/gcc/testsuite/../../gcc -I/build/buildd-gcc-4.7_4.7.0~rc1-2-s390-2G4rdw/gcc-4.7-4.7.0~rc1/build/gcc/testsuite/g++/../../../gcc  -I/build/buildd-gcc-4.7_4.7.0~rc1-2-s390-2G4rdw/gcc-4.7-4.7.0~rc1/src/gcc/testsuite/../../include -I/build/buildd-gcc-4.7_4.7.0~rc1-2-s390-2G4rdw/gcc-4.7-4.7.0~rc1/src/gcc/testsuite/../../libcpp/include   -I/build/buildd-gcc-4.7_4.7.0~rc1-2-s390-2G4rdw/gcc-4.7-4.7.0~rc1/build/gcc/testsuite/g++/../../../intl  -DIN_GCC -fPIC -shared
UNRESOLVED: pragma_plugin.c compilation, -I. -I/build/buildd-gcc-4.7_4.7.0~rc1-2-s390-2G4rdw/gcc-4.7-4.7.0~rc1/src/gcc/testsuite -I/build/buildd-gcc-4.7_4.7.0~rc1-2-s390-2G4rdw/gcc-4.7-4.7.0~rc1/src/gcc/testsuite/../../gcc -I/build/buildd-gcc-4.7_4.7.0~rc1-2-s390-2G4rdw/gcc-4.7-4.7.0~rc1/build/gcc/testsuite/g++/../../../gcc  -I/build/buildd-gcc-4.7_4.7.0~rc1-2-s390-2G4rdw/gcc-4.7-4.7.0~rc1/src/gcc/testsuite/../../include -I/build/buildd-gcc-4.7_4.7.0~rc1-2-s390-2G4rdw/gcc-4.7-4.7.0~rc1/src/gcc/testsuite/../../libcpp/include   -I/build/buildd-gcc-4.7_4.7.0~rc1-2-s390-2G4rdw/gcc-4.7-4.7.0~rc1/build/gcc/testsuite/g++/../../../intl  -DIN_GCC -fPIC -shared
UNRESOLVED: selfassign.c compilation, -I. -I/build/buildd-gcc-4.7_4.7.0~rc1-2-s390-2G4rdw/gcc-4.7-4.7.0~rc1/src/gcc/testsuite -I/build/buildd-gcc-4.7_4.7.0~rc1-2-s390-2G4rdw/gcc-4.7-4.7.0~rc1/src/gcc/testsuite/../../gcc -I/build/buildd-gcc-4.7_4.7.0~rc1-2-s390-2G4rdw/gcc-4.7-4.7.0~rc1/build/gcc/testsuite/g++/../../../gcc  -I/build/buildd-gcc-4.7_4.7.0~rc1-2-s390-2G4rdw/gcc-4.7-4.7.0~rc1/src/gcc/testsuite/../../include -I/build/buildd-gcc-4.7_4.7.0~rc1-2-s390-2G4rdw/gcc-4.7-4.7.0~rc1/src/gcc/testsuite/../../libcpp/include   -I/build/buildd-gcc-4.7_4.7.0~rc1-2-s390-2G4rdw/gcc-4.7-4.7.0~rc1/build/gcc/testsuite/g++/../../../intl -O -DIN_GCC -fPIC -shared
UNRESOLVED: dumb_plugin.c compilation, -I. -I/build/buildd-gcc-4.7_4.7.0~rc1-2-s390-2G4rdw/gcc-4.7-4.7.0~rc1/src/gcc/testsuite -I/build/buildd-gcc-4.7_4.7.0~rc1-2-s390-2G4rdw/gcc-4.7-4.7.0~rc1/src/gcc/testsuite/../../gcc -I/build/buildd-gcc-4.7_4.7.0~rc1-2-s390-2G4rdw/gcc-4.7-4.7.0~rc1/build/gcc/testsuite/g++/../../../gcc  -I/build/buildd-gcc-4.7_4.7.0~rc1-2-s390-2G4rdw/gcc-4.7-4.7.0~rc1/src/gcc/testsuite/../../include -I/build/buildd-gcc-4.7_4.7.0~rc1-2-s390-2G4rdw/gcc-4.7-4.7.0~rc1/src/gcc/testsuite/../../libcpp/include   -I/build/buildd-gcc-4.7_4.7.0~rc1-2-s390-2G4rdw/gcc-4.7-4.7.0~rc1/build/gcc/testsuite/g++/../../../intl  -DIN_GCC -fPIC -shared
UNRESOLVED: header_plugin.c compilation, -I. -I/build/buildd-gcc-4.7_4.7.0~rc1-2-s390-2G4rdw/gcc-4.7-4.7.0~rc1/src/gcc/testsuite -I/build/buildd-gcc-4.7_4.7.0~rc1-2-s390-2G4rdw/gcc-4.7-4.7.0~rc1/src/gcc/testsuite/../../gcc -I/build/buildd-gcc-4.7_4.7.0~rc1-2-s390-2G4rdw/gcc-4.7-4.7.0~rc1/build/gcc/testsuite/g++/../../../gcc  -I/build/buildd-gcc-4.7_4.7.0~rc1-2-s390-2G4rdw/gcc-4.7-4.7.0~rc1/src/gcc/testsuite/../../include -I/build/buildd-gcc-4.7_4.7.0~rc1-2-s390-2G4rdw/gcc-4.7-4.7.0~rc1/src/gcc/testsuite/../../libcpp/include   -I/build/buildd-gcc-4.7_4.7.0~rc1-2-s390-2G4rdw/gcc-4.7-4.7.0~rc1/build/gcc/testsuite/g++/../../../intl  -DIN_GCC -fPIC -shared
UNRESOLVED: decl_plugin.c compilation, -I. -I/build/buildd-gcc-4.7_4.7.0~rc1-2-s390-2G4rdw/gcc-4.7-4.7.0~rc1/src/gcc/testsuite -I/build/buildd-gcc-4.7_4.7.0~rc1-2-s390-2G4rdw/gcc-4.7-4.7.0~rc1/src/gcc/testsuite/../../gcc -I/build/buildd-gcc-4.7_4.7.0~rc1-2-s390-2G4rdw/gcc-4.7-4.7.0~rc1/build/gcc/testsuite/g++/../../../gcc  -I/build/buildd-gcc-4.7_4.7.0~rc1-2-s390-2G4rdw/gcc-4.7-4.7.0~rc1/src/gcc/testsuite/../../include -I/build/buildd-gcc-4.7_4.7.0~rc1-2-s390-2G4rdw/gcc-4.7-4.7.0~rc1/src/gcc/testsuite/../../libcpp/include   -I/build/buildd-gcc-4.7_4.7.0~rc1-2-s390-2G4rdw/gcc-4.7-4.7.0~rc1/build/gcc/testsuite/g++/../../../intl  -DIN_GCC -fPIC -shared
FAIL: g++.old-deja/g++.mike/p9206.C -std=c++98 (test for excess errors)
UNRESOLVED: g++.old-deja/g++.mike/p9206.C -std=c++98 compilation failed to produce executable
FAIL: g++.old-deja/g++.mike/p9206.C -std=c++11 (test for excess errors)
UNRESOLVED: g++.old-deja/g++.mike/p9206.C -std=c++11 compilation failed to produce executable
FAIL: g++.old-deja/g++.mike/p9506.C -std=c++98 (test for excess errors)
FAIL: g++.old-deja/g++.mike/p9506.C -std=c++11 (test for excess errors)
FAIL: g++.old-deja/g++.mike/p9706.C -std=gnu++98 (test for excess errors)
UNRESOLVED: g++.old-deja/g++.mike/p9706.C -std=gnu++98 compilation failed to produce executable
FAIL: g++.old-deja/g++.mike/p9706.C -std=gnu++11 (test for excess errors)
UNRESOLVED: g++.old-deja/g++.mike/p9706.C -std=gnu++11 compilation failed to produce executable
FAIL: g++.old-deja/g++.mike/p9732a.C -std=c++98 (test for excess errors)
UNRESOLVED: g++.old-deja/g++.mike/p9732a.C -std=c++98 compilation failed to produce executable
FAIL: g++.old-deja/g++.mike/p9732a.C -std=c++11 (test for excess errors)
UNRESOLVED: g++.old-deja/g++.mike/p9732a.C -std=c++11 compilation failed to produce executable
FAIL: g++.old-deja/g++.mike/p9732b.C -std=c++98 (test for excess errors)
UNRESOLVED: g++.old-deja/g++.mike/p9732b.C -std=c++98 compilation failed to produce executable
FAIL: g++.old-deja/g++.mike/p9732b.C -std=c++11 (test for excess errors)
UNRESOLVED: g++.old-deja/g++.mike/p9732b.C -std=c++11 compilation failed to produce executable
FAIL: g++.old-deja/g++.mike/p9732c.C -std=c++98 (test for excess errors)
FAIL: g++.old-deja/g++.mike/p9732c.C -std=c++11 (test for excess errors)
FAIL: g++.old-deja/g++.mike/p991.C -std=c++98 (test for excess errors)
FAIL: g++.old-deja/g++.mike/p991.C -std=c++11 (test for excess errors)
FAIL: g++.old-deja/g++.mike/pmd1.C -std=c++98 (test for excess errors)
FAIL: g++.old-deja/g++.mike/pmd1.C -std=c++11 (test for excess errors)
FAIL: g++.old-deja/g++.mike/pmf1.C -std=c++98 (test for excess errors)
UNRESOLVED: g++.old-deja/g++.mike/pmf1.C -std=c++98 compilation failed to produce executable
FAIL: g++.old-deja/g++.mike/pmf1.C -std=c++11 (test for excess errors)
UNRESOLVED: g++.old-deja/g++.mike/pmf1.C -std=c++11 compilation failed to produce executable
FAIL: g++.old-deja/g++.mike/pmf2.C -std=c++98 (test for excess errors)
UNRESOLVED: g++.old-deja/g++.mike/pmf2.C -std=c++98 compilation failed to produce executable
FAIL: g++.old-deja/g++.mike/pmf2.C -std=c++11 (test for excess errors)
UNRESOLVED: g++.old-deja/g++.mike/pmf2.C -std=c++11 compilation failed to produce executable
FAIL: g++.old-deja/g++.mike/pmf3.C -std=c++98 (test for excess errors)
FAIL: g++.old-deja/g++.mike/pmf3.C -std=c++11 (test for excess errors)
FAIL: g++.old-deja/g++.mike/pmf4.C -std=c++98 (test for excess errors)
FAIL: g++.old-deja/g++.mike/pmf4.C -std=c++11 (test for excess errors)
FAIL: g++.old-deja/g++.mike/pmf6.C -std=gnu++98 (test for excess errors)
FAIL: g++.old-deja/g++.mike/pmf6.C -std=gnu++11 (test for excess errors)
FAIL: g++.old-deja/g++.mike/pmf7.C -std=c++98 (test for excess errors)
UNRESOLVED: g++.old-deja/g++.mike/pmf7.C -std=c++98 compilation failed to produce executable
FAIL: g++.old-deja/g++.mike/pmf7.C -std=c++11 (test for excess errors)
UNRESOLVED: g++.old-deja/g++.mike/pmf7.C -std=c++11 compilation failed to produce executable
FAIL: g++.old-deja/g++.mike/pmf9.C -std=c++98 (test for excess errors)
UNRESOLVED: g++.old-deja/g++.mike/pmf9.C -std=c++98 compilation failed to produce executable
FAIL: g++.old-deja/g++.mike/pmf9.C -std=c++11 (test for excess errors)
UNRESOLVED: g++.old-deja/g++.mike/pmf9.C -std=c++11 compilation failed to produce executable
FAIL: g++.old-deja/g++.mike/pt1.C -std=c++98 (test for excess errors)
UNRESOLVED: g++.old-deja/g++.mike/pt1.C -std=c++98 compilation failed to produce executable
FAIL: g++.old-deja/g++.mike/pt1.C -std=c++11 (test for excess errors)
UNRESOLVED: g++.old-deja/g++.mike/pt1.C -std=c++11 compilation failed to produce executable
FAIL: g++.old-deja/g++.mike/pt2.C -std=c++98 (test for excess errors)
UNRESOLVED: g++.old-deja/g++.mike/pt2.C -std=c++98 compilation failed to produce executable
FAIL: g++.old-deja/g++.mike/pt2.C -std=c++11 (test for excess errors)
UNRESOLVED: g++.old-deja/g++.mike/pt2.C -std=c++11 compilation failed to produce executable
FAIL: g++.old-deja/g++.mike/pt3.C -std=c++98 (test for excess errors)
FAIL: g++.old-deja/g++.mike/pt3.C -std=c++11 (test for excess errors)
FAIL: g++.old-deja/g++.mike/pt4.C -std=c++98 (test for excess errors)
FAIL: g++.old-deja/g++.mike/pt4.C -std=c++11 (test for excess errors)
FAIL: g++.old-deja/g++.mike/ref1.C -std=c++98 (test for excess errors)
UNRESOLVED: g++.old-deja/g++.mike/ref1.C -std=c++98 compilation failed to produce executable
FAIL: g++.old-deja/g++.mike/rtti1.C -std=c++11 (test for excess errors)
FAIL: g++.old-deja/g++.mike/rtti2.C -std=c++98 (test for excess errors)
UNRESOLVED: g++.old-deja/g++.mike/rtti2.C -std=c++98 compilation failed to produce executable
FAIL: g++.old-deja/g++.mike/rtti2.C -std=c++11 (test for excess errors)
UNRESOLVED: g++.old-deja/g++.mike/rtti2.C -std=c++11 compilation failed to produce executable
FAIL: g++.old-deja/g++.mike/rtti3.C -std=c++98 (test for excess errors)
UNRESOLVED: g++.old-deja/g++.mike/rtti3.C -std=c++98 compilation failed to produce executable
FAIL: g++.old-deja/g++.mike/rtti3.C -std=c++11 (test for excess errors)
UNRESOLVED: g++.old-deja/g++.mike/rtti3.C -std=c++11 compilation failed to produce executable
FAIL: g++.old-deja/g++.mike/s24939.C -std=c++98 (test for excess errors)
FAIL: g++.old-deja/g++.mike/s24939.C -std=c++11 (test for excess errors)
FAIL: g++.old-deja/g++.mike/virt3.C -std=c++98 (test for excess errors)
FAIL: g++.old-deja/g++.mike/virt3.C -std=c++11 (test for excess errors)
FAIL: g++.old-deja/g++.mike/virt4.C -std=gnu++98 (test for excess errors)
UNRESOLVED: g++.old-deja/g++.mike/virt4.C -std=gnu++98 compilation failed to produce executable
FAIL: g++.old-deja/g++.mike/virt4.C -std=gnu++11 (test for excess errors)
UNRESOLVED: g++.old-deja/g++.mike/virt4.C -std=gnu++11 compilation failed to produce executable
FAIL: g++.old-deja/g++.mike/virt5.C -std=c++98 (test for excess errors)
UNRESOLVED: g++.old-deja/g++.mike/virt5.C -std=c++98 compilation failed to produce executable
FAIL: g++.old-deja/g++.mike/virt5.C -std=c++11 (test for excess errors)
UNRESOLVED: g++.old-deja/g++.mike/virt5.C -std=c++11 compilation failed to produce executable
FAIL: g++.old-deja/g++.mike/virt6.C -std=c++98 (test for excess errors)
UNRESOLVED: g++.old-deja/g++.mike/virt6.C -std=c++98 compilation failed to produce executable
FAIL: g++.old-deja/g++.mike/virt6.C -std=c++11 (test for excess errors)
UNRESOLVED: g++.old-deja/g++.mike/virt6.C -std=c++11 compilation failed to produce executable
FAIL: g++.old-deja/g++.niklas/t121.C -std=c++11 (test for excess errors)
FAIL: g++.old-deja/g++.niklas/t122.C -std=c++98 (test for excess errors)
FAIL: g++.old-deja/g++.niklas/t122.C -std=c++11 (test for excess errors)
FAIL: g++.old-deja/g++.niklas/t123.C -std=c++98 (test for excess errors)
FAIL: g++.old-deja/g++.niklas/t123.C -std=c++11 (test for excess errors)
FAIL: g++.old-deja/g++.niklas/t124.C -std=c++98 (test for excess errors)
FAIL: g++.old-deja/g++.niklas/t124.C -std=c++11 (test for excess errors)
FAIL: g++.old-deja/g++.niklas/t125.C -std=c++98 (test for excess errors)
FAIL: g++.old-deja/g++.niklas/t125.C -std=c++11 (test for excess errors)
FAIL: g++.old-deja/g++.niklas/t126.C -std=c++98 (test for excess errors)
FAIL: g++.old-deja/g++.niklas/t126.C -std=c++11 (test for excess errors)
FAIL: g++.old-deja/g++.ns/bogus1.C -std=c++11 (test for excess errors)
FAIL: g++.old-deja/g++.ns/crash1.C -std=c++98 (test for excess errors)
FAIL: g++.old-deja/g++.ns/crash1.C -std=c++11 (test for excess errors)
FAIL: g++.old-deja/g++.ns/crash2.C -std=c++98 (test for excess errors)
FAIL: g++.old-deja/g++.ns/crash2.C -std=c++11 (test for excess errors)
FAIL: g++.old-deja/g++.ns/crash3.C -std=c++98 (test for excess errors)
FAIL: g++.old-deja/g++.ns/crash3.C -std=c++11 (test for excess errors)
FAIL: g++.old-deja/g++.ns/crash4.C -std=c++98 (test for excess errors)
FAIL: g++.old-deja/g++.ns/crash4.C -std=c++11 (test for excess errors)
FAIL: g++.old-deja/g++.ns/extern1.C -std=c++98 (test for excess errors)
FAIL: g++.old-deja/g++.ns/extern1.C -std=c++11 (test for excess errors)
FAIL: g++.old-deja/g++.ns/friend1.C -std=c++98 (test for excess errors)
FAIL: g++.old-deja/g++.ns/friend1.C -std=c++11 (test for excess errors)
FAIL: g++.old-deja/g++.ns/friend2.C -std=c++98 (test for excess errors)
FAIL: g++.old-deja/g++.ns/friend2.C -std=c++11 (test for excess errors)
FAIL: g++.old-deja/g++.ns/invalid1.C -std=c++98 (test for excess errors)
FAIL: g++.old-deja/g++.ns/invalid1.C -std=c++11 (test for excess errors)
FAIL: g++.old-deja/g++.ns/koenig1.C -std=c++98 (test for excess errors)
FAIL: g++.old-deja/g++.ns/koenig1.C -std=c++11 (test for excess errors)
FAIL: g++.old-deja/g++.ns/koenig2.C -std=gnu++98 (test for excess errors)
FAIL: g++.old-deja/g++.ns/koenig2.C -std=gnu++11 (test for excess errors)
FAIL: g++.old-deja/g++.ns/koenig3.C -std=c++98 (test for excess errors)
UNRESOLVED: g++.old-deja/g++.ns/koenig3.C -std=c++98 compilation failed to produce executable
FAIL: g++.old-deja/g++.ns/koenig3.C -std=c++11 (test for excess errors)
UNRESOLVED: g++.old-deja/g++.ns/koenig3.C -std=c++11 compilation failed to produce executable
FAIL: g++.old-deja/g++.ns/koenig4.C -std=c++98 (test for excess errors)
UNRESOLVED: g++.old-deja/g++.ns/koenig4.C -std=c++98 compilation failed to produce executable
FAIL: g++.old-deja/g++.ns/koenig4.C -std=c++11 (test for excess errors)
UNRESOLVED: g++.old-deja/g++.ns/koenig4.C -std=c++11 compilation failed to produce executable
FAIL: g++.old-deja/g++.ns/koenig5.C -std=c++98 (test for excess errors)
FAIL: g++.old-deja/g++.ns/koenig5.C -std=c++11 (test for excess errors)
FAIL: g++.old-deja/g++.ns/koenig6.C -std=c++98 (test for excess errors)
FAIL: g++.old-deja/g++.ns/koenig6.C -std=c++11 (test for excess errors)
FAIL: g++.old-deja/g++.ns/koenig7.C -std=c++98 (test for excess errors)
UNRESOLVED: g++.old-deja/g++.ns/koenig7.C -std=c++98 compilation failed to produce executable
FAIL: g++.old-deja/g++.ns/koenig7.C -std=c++11 (test for excess errors)
UNRESOLVED: g++.old-deja/g++.ns/koenig7.C -std=c++11 compilation failed to produce executable
FAIL: g++.old-deja/g++.ns/koenig8.C -std=c++98 (test for excess errors)
FAIL: g++.old-deja/g++.ns/koenig8.C -std=c++11 (test for excess errors)
FAIL: g++.old-deja/g++.ns/koenig9.C -std=c++98 (test for excess errors)
FAIL: g++.old-deja/g++.ns/koenig9.C -std=c++11 (test for excess errors)
FAIL: g++.old-deja/g++.ns/lookup1.C -std=c++98 (test for excess errors)
FAIL: g++.old-deja/g++.ns/lookup1.C -std=c++11 (test for excess errors)
FAIL: g++.old-deja/g++.ns/lookup2.C -std=c++98 (test for excess errors)
FAIL: g++.old-deja/g++.ns/lookup2.C -std=c++11 (test for excess errors)
FAIL: g++.old-deja/g++.ns/lookup3.C -std=c++98 (test for excess errors)
UNRESOLVED: g++.old-deja/g++.ns/lookup3.C -std=c++98 compilation failed to produce executable
FAIL: g++.old-deja/g++.ns/lookup3.C -std=c++11 (test for excess errors)
UNRESOLVED: g++.old-deja/g++.ns/lookup3.C -std=c++11 compilation failed to produce executable
FAIL: g++.old-deja/g++.ns/lookup4.C -std=c++98 (test for excess errors)
FAIL: g++.old-deja/g++.ns/lookup4.C -std=c++11 (test for excess errors)
FAIL: g++.old-deja/g++.ns/lookup5.C -std=c++98 (test for excess errors)
FAIL: g++.old-deja/g++.ns/lookup5.C -std=c++11 (test for excess errors)
FAIL: g++.old-deja/g++.ns/main1.C -std=c++98 (test for excess errors)
FAIL: g++.old-deja/g++.ns/main1.C -std=c++11 (test for excess errors)
FAIL: g++.old-deja/g++.ns/ns1.C -std=c++98 (test for excess errors)
UNRESOLVED: g++.old-deja/g++.ns/ns1.C -std=c++98 compilation failed to produce executable
FAIL: g++.old-deja/g++.ns/ns1.C -std=c++11 (test for excess errors)
UNRESOLVED: g++.old-deja/g++.ns/ns1.C -std=c++11 compilation failed to produce executable
FAIL: g++.old-deja/g++.ns/ns10.C -std=c++98 (test for excess errors)
FAIL: g++.old-deja/g++.ns/ns10.C -std=c++11 (test for excess errors)
FAIL: g++.old-deja/g++.ns/ns11.C -std=c++98 (test for excess errors)
FAIL: g++.old-deja/g++.ns/ns11.C -std=c++11 (test for excess errors)
FAIL: g++.old-deja/g++.ns/ns12.C -std=c++98 (test for excess errors)
UNRESOLVED: g++.old-deja/g++.ns/ns12.C -std=c++98 compilation failed to produce executable
FAIL: g++.old-deja/g++.ns/ns12.C -std=c++11 (test for excess errors)
UNRESOLVED: g++.old-deja/g++.ns/ns12.C -std=c++11 compilation failed to produce executable
FAIL: g++.old-deja/g++.ns/ns13.C -std=c++98 (test for excess errors)
UNRESOLVED: g++.old-deja/g++.ns/ns13.C -std=c++98 compilation failed to produce executable
FAIL: g++.old-deja/g++.ns/ns13.C -std=c++11 (test for excess errors)
UNRESOLVED: g++.old-deja/g++.ns/ns13.C -std=c++11 compilation failed to produce executable
FAIL: g++.old-deja/g++.ns/ns14.C -std=c++98 (test for excess errors)
UNRESOLVED: g++.old-deja/g++.ns/ns14.C -std=c++98 compilation failed to produce executable
FAIL: g++.old-deja/g++.ns/ns14.C -std=c++11 (test for excess errors)
UNRESOLVED: g++.old-deja/g++.ns/ns14.C -std=c++11 compilation failed to produce executable
FAIL: g++.old-deja/g++.ns/ns15.C -std=c++98 (test for excess errors)
FAIL: g++.old-deja/g++.ns/ns15.C -std=c++11 (test for excess errors)
FAIL: g++.old-deja/g++.ns/ns16.C -std=c++98 (test for excess errors)
FAIL: g++.old-deja/g++.ns/ns16.C -std=c++11 (test for excess errors)
FAIL: g++.old-deja/g++.ns/ns17.C -std=c++98 (test for excess errors)
FAIL: g++.old-deja/g++.ns/ns17.C -std=c++11 (test for excess errors)
FAIL: g++.old-deja/g++.ns/ns18.C -std=c++98 (test for excess errors)
FAIL: g++.old-deja/g++.ns/ns18.C -std=c++11 (test for excess errors)
FAIL: g++.old-deja/g++.ns/ns19.C -std=c++98 (test for excess errors)
FAIL: g++.old-deja/g++.ns/ns19.C -std=c++11 (test for excess errors)
FAIL: g++.old-deja/g++.ns/ns2.C -std=c++98 (test for excess errors)
UNRESOLVED: g++.old-deja/g++.ns/ns2.C -std=c++98 compilation failed to produce executable
FAIL: g++.old-deja/g++.ns/ns2.C -std=c++11 (test for excess errors)
UNRESOLVED: g++.old-deja/g++.ns/ns2.C -std=c++11 compilation failed to produce executable
FAIL: g++.old-deja/g++.ns/ns3.C -std=c++98 (test for excess errors)
FAIL: g++.old-deja/g++.ns/ns3.C -std=c++11 (test for excess errors)
FAIL: g++.old-deja/g++.ns/ns4.C -std=c++98 (test for excess errors)
FAIL: g++.old-deja/g++.ns/ns4.C -std=c++11 (test for excess errors)
FAIL: g++.old-deja/g++.ns/ns5.C -std=c++98 (test for excess errors)
FAIL: g++.old-deja/g++.ns/ns5.C -std=c++11 (test for excess errors)
FAIL: g++.old-deja/g++.ns/ns6.C -std=c++98 (test for excess errors)
UNRESOLVED: g++.old-deja/g++.ns/ns6.C -std=c++98 compilation failed to produce executable
FAIL: g++.old-deja/g++.ns/ns6.C -std=c++11 (test for excess errors)
UNRESOLVED: g++.old-deja/g++.ns/ns6.C -std=c++11 compilation failed to produce executable
FAIL: g++.old-deja/g++.ns/ns7.C -std=c++98 (test for excess errors)
FAIL: g++.old-deja/g++.ns/ns7.C -std=c++11 (test for excess errors)
FAIL: g++.old-deja/g++.ns/ns8.C -std=c++98 (test for excess errors)
FAIL: g++.old-deja/g++.ns/ns8.C -std=c++11 (test for excess errors)
FAIL: g++.old-deja/g++.ns/ns9.C -std=c++98 (test for excess errors)
FAIL: g++.old-deja/g++.ns/ns9.C -std=c++11 (test for excess errors)
FAIL: g++.old-deja/g++.ns/overload1.C -std=c++98 (test for excess errors)
UNRESOLVED: g++.old-deja/g++.ns/overload1.C -std=c++98 compilation failed to produce executable
FAIL: g++.old-deja/g++.ns/overload1.C -std=c++11 (test for excess errors)
UNRESOLVED: g++.old-deja/g++.ns/overload1.C -std=c++11 compilation failed to produce executable
FAIL: g++.old-deja/g++.ns/overload2.C -std=c++98 (test for excess errors)
FAIL: g++.old-deja/g++.ns/overload2.C -std=c++11 (test for excess errors)
FAIL: g++.old-deja/g++.ns/overload3.C -std=c++98 (test for excess errors)
FAIL: g++.old-deja/g++.ns/overload3.C -std=c++11 (test for excess errors)
FAIL: g++.old-deja/g++.ns/overload4.C -std=c++98 (test for excess errors)
FAIL: g++.old-deja/g++.ns/overload4.C -std=c++11 (test for excess errors)
FAIL: g++.old-deja/g++.ns/overload5.C -std=c++98 (test for excess errors)
FAIL: g++.old-deja/g++.ns/overload5.C -std=c++11 (test for excess errors)
FAIL: g++.old-deja/g++.ns/scoped1.C -std=c++98 (test for excess errors)
FAIL: g++.old-deja/g++.ns/scoped1.C -std=c++11 (test for excess errors)
FAIL: g++.old-deja/g++.ns/template1.C -std=c++98 (test for excess errors)
FAIL: g++.old-deja/g++.ns/template1.C -std=c++11 (test for excess errors)
FAIL: g++.old-deja/g++.ns/template10.C -std=c++98 (test for excess errors)
FAIL: g++.old-deja/g++.ns/template10.C -std=c++11 (test for excess errors)
FAIL: g++.old-deja/g++.ns/template11.C -std=c++98 (test for excess errors)
UNRESOLVED: g++.old-deja/g++.ns/template11.C -std=c++98 compilation failed to produce executable
FAIL: g++.old-deja/g++.ns/template11.C -std=c++11 (test for excess errors)
UNRESOLVED: g++.old-deja/g++.ns/template11.C -std=c++11 compilation failed to produce executable
FAIL: g++.old-deja/g++.ns/template12.C -std=c++98 (test for excess errors)
FAIL: g++.old-deja/g++.ns/template12.C -std=c++11 (test for excess errors)
FAIL: g++.old-deja/g++.ns/template14.C -std=c++98 (test for excess errors)
FAIL: g++.old-deja/g++.ns/template14.C -std=c++11 (test for excess errors)
FAIL: g++.old-deja/g++.ns/template15.C -std=c++98 (test for excess errors)
FAIL: g++.old-deja/g++.ns/template15.C -std=c++11 (test for excess errors)
FAIL: g++.old-deja/g++.ns/template16.C -std=c++98 (test for excess errors)
FAIL: g++.old-deja/g++.ns/template16.C -std=c++11 (test for excess errors)
FAIL: g++.old-deja/g++.ns/template17.C -std=c++98 (test for excess errors)
FAIL: g++.old-deja/g++.ns/template17.C -std=c++11 (test for excess errors)
FAIL: g++.old-deja/g++.ns/template18.C -std=c++98 (test for excess errors)
FAIL: g++.old-deja/g++.ns/template18.C -std=c++11 (test for excess errors)
FAIL: g++.old-deja/g++.ns/template2.C -std=c++98 (test for excess errors)
FAIL: g++.old-deja/g++.ns/template2.C -std=c++11 (test for excess errors)
FAIL: g++.old-deja/g++.ns/template3.C -std=c++98 (test for excess errors)
UNRESOLVED: g++.old-deja/g++.ns/template3.C -std=c++98 compilation failed to produce executable
FAIL: g++.old-deja/g++.ns/template3.C -std=c++11 (test for excess errors)
UNRESOLVED: g++.old-deja/g++.ns/template3.C -std=c++11 compilation failed to produce executable
FAIL: g++.old-deja/g++.ns/template4.C -std=c++98 (test for excess errors)
UNRESOLVED: g++.old-deja/g++.ns/template4.C -std=c++98 compilation failed to produce executable
FAIL: g++.old-deja/g++.ns/template4.C -std=c++11 (test for excess errors)
UNRESOLVED: g++.old-deja/g++.ns/template4.C -std=c++11 compilation failed to produce executable
FAIL: g++.old-deja/g++.ns/template5.C -std=c++98 (test for excess errors)
UNRESOLVED: g++.old-deja/g++.ns/template5.C -std=c++98 compilation failed to produce executable
FAIL: g++.old-deja/g++.ns/template5.C -std=c++11 (test for excess errors)
UNRESOLVED: g++.old-deja/g++.ns/template5.C -std=c++11 compilation failed to produce executable
FAIL: g++.old-deja/g++.ns/template6.C -std=c++98 (test for excess errors)
FAIL: g++.old-deja/g++.ns/template6.C -std=c++11 (test for excess errors)
FAIL: g++.old-deja/g++.ns/template7.C -std=c++98 (test for excess errors)
FAIL: g++.old-deja/g++.ns/template7.C -std=c++11 (test for excess errors)
FAIL: g++.old-deja/g++.ns/template8.C -std=c++98 (test for excess errors)
FAIL: g++.old-deja/g++.ns/template8.C -std=c++11 (test for excess errors)
FAIL: g++.old-deja/g++.ns/template9.C -std=c++98 (test for excess errors)
UNRESOLVED: g++.old-deja/g++.ns/template9.C -std=c++98 compilation failed to produce executable
FAIL: g++.old-deja/g++.ns/template9.C -std=c++11 (test for excess errors)
UNRESOLVED: g++.old-deja/g++.ns/template9.C -std=c++11 compilation failed to produce executable
FAIL: g++.old-deja/g++.ns/type1.C -std=c++98 (test for excess errors)
FAIL: g++.old-deja/g++.ns/type1.C -std=c++11 (test for excess errors)
FAIL: g++.old-deja/g++.ns/type2.C -std=c++98 (test for excess errors)
FAIL: g++.old-deja/g++.ns/type2.C -std=c++11 (test for excess errors)
FAIL: g++.old-deja/g++.ns/undef1.C -std=c++98 (test for excess errors)
FAIL: g++.old-deja/g++.ns/undef1.C -std=c++11 (test for excess errors)
FAIL: g++.old-deja/g++.ns/using1.C -std=c++98 (test for excess errors)
FAIL: g++.old-deja/g++.ns/using1.C -std=c++11 (test for excess errors)
FAIL: g++.old-deja/g++.ns/using10.C -std=c++98 (test for excess errors)
FAIL: g++.old-deja/g++.ns/using10.C -std=c++11 (test for excess errors)
FAIL: g++.old-deja/g++.ns/using11.C -std=c++98 (test for excess errors)
FAIL: g++.old-deja/g++.ns/using11.C -std=c++11 (test for excess errors)
FAIL: g++.old-deja/g++.ns/using12.C -std=c++98 (test for excess errors)
FAIL: g++.old-deja/g++.ns/using12.C -std=c++11 (test for excess errors)
FAIL: g++.old-deja/g++.ns/using13.C -std=c++98 (test for excess errors)
UNRESOLVED: g++.old-deja/g++.ns/using13.C -std=c++98 compilation failed to produce executable
FAIL: g++.old-deja/g++.ns/using13.C -std=c++11 (test for excess errors)
UNRESOLVED: g++.old-deja/g++.ns/using13.C -std=c++11 compilation failed to produce executable
FAIL: g++.old-deja/g++.ns/using14.C -std=c++98 (test for excess errors)
FAIL: g++.old-deja/g++.ns/using14.C -std=c++11 (test for excess errors)
FAIL: g++.old-deja/g++.ns/using2.C -std=c++98 (test for excess errors)
FAIL: g++.old-deja/g++.ns/using2.C -std=c++11 (test for excess errors)
FAIL: g++.old-deja/g++.ns/using3.C -std=c++98 (test for excess errors)
FAIL: g++.old-deja/g++.ns/using3.C -std=c++11 (test for excess errors)
FAIL: g++.old-deja/g++.ns/using4.C -std=c++98 (test for excess errors)
FAIL: g++.old-deja/g++.ns/using4.C -std=c++11 (test for excess errors)
FAIL: g++.old-deja/g++.ns/using5.C -std=c++98 (test for excess errors)
FAIL: g++.old-deja/g++.ns/using5.C -std=c++11 (test for excess errors)
FAIL: g++.old-deja/g++.ns/using6.C -std=c++98 (test for excess errors)
FAIL: g++.old-deja/g++.ns/using6.C -std=c++11 (test for excess errors)
FAIL: g++.old-deja/g++.ns/using7.C -std=c++98 (test for excess errors)
UNRESOLVED: g++.old-deja/g++.ns/using7.C -std=c++98 compilation failed to produce executable
FAIL: g++.old-deja/g++.ns/using7.C -std=c++11 (test for excess errors)
UNRESOLVED: g++.old-deja/g++.ns/using7.C -std=c++11 compilation failed to produce executable
FAIL: g++.old-deja/g++.ns/using8.C -std=c++98 (test for excess errors)
FAIL: g++.old-deja/g++.ns/using8.C -std=c++11 (test for excess errors)
FAIL: g++.old-deja/g++.ns/using9.C -std=c++98 (test for excess errors)
FAIL: g++.old-deja/g++.ns/using9.C -std=c++11 (test for excess errors)
FAIL: g++.old-deja/g++.oliva/ctor1.C -std=c++98 (test for excess errors)
FAIL: g++.old-deja/g++.oliva/ctor1.C -std=c++11 (test for excess errors)
FAIL: g++.old-deja/g++.oliva/delete1.C -std=c++98 (test for excess errors)
FAIL: g++.old-deja/g++.oliva/delete1.C -std=c++11 (test for excess errors)
FAIL: g++.old-deja/g++.oliva/delete2.C -std=c++98 (test for excess errors)
UNRESOLVED: g++.old-deja/g++.oliva/delete2.C -std=c++98 compilation failed to produce executable
FAIL: g++.old-deja/g++.oliva/delete2.C -std=c++11 (test for excess errors)
UNRESOLVED: g++.old-deja/g++.oliva/delete2.C -std=c++11 compilation failed to produce executable
FAIL: g++.old-deja/g++.oliva/delete3.C -std=c++98 (test for excess errors)
UNRESOLVED: g++.old-deja/g++.oliva/delete3.C -std=c++98 compilation failed to produce executable
FAIL: g++.old-deja/g++.oliva/delete3.C -std=c++11 (test for excess errors)
UNRESOLVED: g++.old-deja/g++.oliva/delete3.C -std=c++11 compilation failed to produce executable
FAIL: g++.old-deja/g++.oliva/delete4.C -std=c++98 (test for excess errors)
UNRESOLVED: g++.old-deja/g++.oliva/delete4.C -std=c++98 compilation failed to produce executable
FAIL: g++.old-deja/g++.oliva/delete4.C -std=c++11 (test for excess errors)
UNRESOLVED: g++.old-deja/g++.oliva/delete4.C -std=c++11 compilation failed to produce executable
FAIL: g++.old-deja/g++.oliva/delete5.C -std=c++98 (test for excess errors)
UNRESOLVED: g++.old-deja/g++.oliva/delete5.C -std=c++98 compilation failed to produce executable
FAIL: g++.old-deja/g++.oliva/delete5.C -std=c++11 (test for excess errors)
UNRESOLVED: g++.old-deja/g++.oliva/delete5.C -std=c++11 compilation failed to produce executable
FAIL: g++.old-deja/g++.oliva/dwarf1.C -std=c++98 (test for excess errors)
FAIL: g++.old-deja/g++.oliva/dwarf1.C -std=c++11 (test for excess errors)
FAIL: g++.old-deja/g++.oliva/dwarf2.C -std=c++98 (test for excess errors)
FAIL: g++.old-deja/g++.oliva/dwarf2.C -std=c++11 (test for excess errors)
FAIL: g++.old-deja/g++.oliva/dwarf3.C -std=c++98 (test for excess errors)
FAIL: g++.old-deja/g++.oliva/dwarf3.C -std=c++11 (test for excess errors)
FAIL: g++.old-deja/g++.oliva/expr1.C -std=c++98 (test for excess errors)
FAIL: g++.old-deja/g++.oliva/expr1.C -std=c++11 (test for excess errors)
FAIL: g++.old-deja/g++.oliva/expr2.C -std=c++98 (test for excess errors)
UNRESOLVED: g++.old-deja/g++.oliva/expr2.C -std=c++98 compilation failed to produce executable
FAIL: g++.old-deja/g++.oliva/expr2.C -std=c++11 (test for excess errors)
UNRESOLVED: g++.old-deja/g++.oliva/expr2.C -std=c++11 compilation failed to produce executable
FAIL: g++.old-deja/g++.oliva/ext1.C -std=gnu++98 (test for excess errors)
UNRESOLVED: g++.old-deja/g++.oliva/ext1.C -std=gnu++98 compilation failed to produce executable
FAIL: g++.old-deja/g++.oliva/ext1.C -std=gnu++11 (test for excess errors)
UNRESOLVED: g++.old-deja/g++.oliva/ext1.C -std=gnu++11 compilation failed to produce executable
FAIL: g++.old-deja/g++.oliva/friend1.C -std=c++98 (test for excess errors)
FAIL: g++.old-deja/g++.oliva/friend1.C -std=c++11 (test for excess errors)
FAIL: g++.old-deja/g++.oliva/inline1.C -std=c++98 (test for excess errors)
FAIL: g++.old-deja/g++.oliva/inline1.C -std=c++11 (test for excess errors)
FAIL: g++.old-deja/g++.oliva/nameret1.C -std=gnu++98 (test for excess errors)
FAIL: g++.old-deja/g++.oliva/nameret1.C -std=gnu++11 (test for excess errors)
FAIL: g++.old-deja/g++.oliva/nameret2.C -std=gnu++98 (test for excess errors)
FAIL: g++.old-deja/g++.oliva/nameret2.C -std=gnu++11 (test for excess errors)
FAIL: g++.old-deja/g++.oliva/new1.C -std=c++98 (test for excess errors)
UNRESOLVED: g++.old-deja/g++.oliva/new1.C -std=c++98 compilation failed to produce executable
FAIL: g++.old-deja/g++.oliva/new1.C -std=c++11 (test for excess errors)
UNRESOLVED: g++.old-deja/g++.oliva/new1.C -std=c++11 compilation failed to produce executable
FAIL: g++.old-deja/g++.oliva/ns1.C -std=c++98 (test for excess errors)
FAIL: g++.old-deja/g++.oliva/ns1.C -std=c++11 (test for excess errors)
FAIL: g++.old-deja/g++.oliva/ns2.C -std=c++98 (test for excess errors)
FAIL: g++.old-deja/g++.oliva/ns2.C -std=c++11 (test for excess errors)
FAIL: g++.old-deja/g++.oliva/ns3.C -std=c++98 (test for excess errors)
FAIL: g++.old-deja/g++.oliva/ns3.C -std=c++11 (test for excess errors)
FAIL: g++.old-deja/g++.oliva/overload1.C -std=c++98 (test for excess errors)
FAIL: g++.old-deja/g++.oliva/overload1.C -std=c++11 (test for excess errors)
FAIL: g++.old-deja/g++.oliva/partord1.C -std=c++98 (test for excess errors)
FAIL: g++.old-deja/g++.oliva/partord1.C -std=c++11 (test for excess errors)
FAIL: g++.old-deja/g++.oliva/partspec1.C -std=c++98 (test for excess errors)
FAIL: g++.old-deja/g++.oliva/partspec1.C -std=c++11 (test for excess errors)
FAIL: g++.old-deja/g++.oliva/stkalign.C -std=c++98 (test for excess errors)
FAIL: g++.old-deja/g++.oliva/stkalign.C -std=c++11 (test for excess errors)
FAIL: g++.old-deja/g++.oliva/template1.C -std=c++98 (test for excess errors)
FAIL: g++.old-deja/g++.oliva/template1.C -std=c++11 (test for excess errors)
FAIL: g++.old-deja/g++.oliva/template10.C -std=c++98 (test for excess errors)
FAIL: g++.old-deja/g++.oliva/template10.C -std=c++11 (test for excess errors)
FAIL: g++.old-deja/g++.oliva/template2.C -std=c++98  (test for bogus messages, line 14)
FAIL: g++.old-deja/g++.oliva/template2.C -std=c++98 (test for excess errors)
FAIL: g++.old-deja/g++.oliva/template2.C -std=c++11  (test for bogus messages, line 14)
FAIL: g++.old-deja/g++.oliva/template2.C -std=c++11 (test for excess errors)
FAIL: g++.old-deja/g++.oliva/template3.C -std=c++98 (test for excess errors)
FAIL: g++.old-deja/g++.oliva/template3.C -std=c++11 (test for excess errors)
FAIL: g++.old-deja/g++.oliva/template4.C -std=c++98  (test for bogus messages, line 20)
FAIL: g++.old-deja/g++.oliva/template4.C -std=c++98 (test for excess errors)
FAIL: g++.old-deja/g++.oliva/template4.C -std=c++11  (test for bogus messages, line 20)
FAIL: g++.old-deja/g++.oliva/template4.C -std=c++11 (test for excess errors)
FAIL: g++.old-deja/g++.oliva/template5.C -std=c++98 (test for excess errors)
FAIL: g++.old-deja/g++.oliva/template5.C -std=c++11 (test for excess errors)
FAIL: g++.old-deja/g++.oliva/template6.C -std=c++98 (test for excess errors)
FAIL: g++.old-deja/g++.oliva/template6.C -std=c++11 (test for excess errors)
FAIL: g++.old-deja/g++.oliva/template7.C -std=c++98 (test for excess errors)
FAIL: g++.old-deja/g++.oliva/template7.C -std=c++11 (test for excess errors)
FAIL: g++.old-deja/g++.oliva/template8.C -std=c++98  (test for bogus messages, line 18)
FAIL: g++.old-deja/g++.oliva/template8.C -std=c++98 (test for excess errors)
FAIL: g++.old-deja/g++.oliva/template8.C -std=c++11  (test for bogus messages, line 18)
FAIL: g++.old-deja/g++.oliva/template8.C -std=c++11 (test for excess errors)
FAIL: g++.old-deja/g++.oliva/template9.C -std=c++98 (test for excess errors)
FAIL: g++.old-deja/g++.oliva/template9.C -std=c++11 (test for excess errors)
FAIL: g++.old-deja/g++.oliva/thunk1.C -std=c++98 (test for excess errors)
UNRESOLVED: g++.old-deja/g++.oliva/thunk1.C -std=c++98 compilation failed to produce executable
FAIL: g++.old-deja/g++.oliva/thunk1.C -std=c++11 (test for excess errors)
UNRESOLVED: g++.old-deja/g++.oliva/thunk1.C -std=c++11 compilation failed to produce executable
FAIL: g++.old-deja/g++.oliva/typename1.C -std=c++98 (test for excess errors)
FAIL: g++.old-deja/g++.oliva/typename1.C -std=c++11 (test for excess errors)
FAIL: g++.old-deja/g++.oliva/typename2.C -std=gnu++98 (test for excess errors)
FAIL: g++.old-deja/g++.oliva/typename2.C -std=gnu++11 (test for excess errors)
FAIL: g++.old-deja/g++.oliva/typeof1.C -std=c++98 (test for excess errors)
FAIL: g++.old-deja/g++.oliva/typeof1.C -std=c++11 (test for excess errors)
FAIL: g++.old-deja/g++.other/900403_04.C -std=c++98 (test for excess errors)
FAIL: g++.old-deja/g++.other/900403_04.C -std=c++11 (test for excess errors)
FAIL: g++.old-deja/g++.other/900519_12.C -std=c++98 (test for excess errors)
FAIL: g++.old-deja/g++.other/900519_12.C -std=c++11 (test for excess errors)
FAIL: g++.old-deja/g++.other/access1.C -std=c++98 (test for excess errors)
FAIL: g++.old-deja/g++.other/access1.C -std=c++11 (test for excess errors)
FAIL: g++.old-deja/g++.other/access10.C -std=c++98 (test for excess errors)
FAIL: g++.old-deja/g++.other/access10.C -std=c++11 (test for excess errors)
FAIL: g++.old-deja/g++.other/access11.C -std=gnu++98 (test for excess errors)
FAIL: g++.old-deja/g++.other/access11.C -std=gnu++11 (test for excess errors)
FAIL: g++.old-deja/g++.other/access2.C -std=c++98 (test for excess errors)
FAIL: g++.old-deja/g++.other/access2.C -std=c++11 (test for excess errors)
FAIL: g++.old-deja/g++.other/access3.C -std=c++98 (test for excess errors)
FAIL: g++.old-deja/g++.other/access3.C -std=c++11 (test for excess errors)
FAIL: g++.old-deja/g++.other/access4.C -std=c++98 (test for excess errors)
FAIL: g++.old-deja/g++.other/access4.C -std=c++11 (test for excess errors)
FAIL: g++.old-deja/g++.other/access5.C -std=c++98 (test for excess errors)
FAIL: g++.old-deja/g++.other/access5.C -std=c++11 (test for excess errors)
FAIL: g++.old-deja/g++.other/access6.C -std=c++98 (test for excess errors)
FAIL: g++.old-deja/g++.other/access6.C -std=c++11 (test for excess errors)
FAIL: g++.old-deja/g++.other/access7.C -std=c++98 (test for excess errors)
FAIL: g++.old-deja/g++.other/access7.C -std=c++11 (test for excess errors)
FAIL: g++.old-deja/g++.other/access8.C -std=c++98 (test for excess errors)
FAIL: g++.old-deja/g++.other/access8.C -std=c++11 (test for excess errors)
FAIL: g++.old-deja/g++.other/access9.C -std=c++98 (test for excess errors)
FAIL: g++.old-deja/g++.other/access9.C -std=c++11 (test for excess errors)
FAIL: g++.old-deja/g++.other/addrof1.C -std=c++98 (test for excess errors)
UNRESOLVED: g++.old-deja/g++.other/addrof1.C -std=c++98 compilation failed to produce executable
FAIL: g++.old-deja/g++.other/addrof1.C -std=c++11 (test for excess errors)
UNRESOLVED: g++.old-deja/g++.other/addrof1.C -std=c++11 compilation failed to produce executable
FAIL: g++.old-deja/g++.other/align.C -std=c++98 (test for excess errors)
FAIL: g++.old-deja/g++.other/align.C -std=c++11 (test for excess errors)
FAIL: g++.old-deja/g++.other/ambig1.C -std=c++98 (test for excess errors)
FAIL: g++.old-deja/g++.other/ambig1.C -std=c++11 (test for excess errors)
FAIL: g++.old-deja/g++.other/ambig2.C -std=c++98 (test for excess errors)
FAIL: g++.old-deja/g++.other/ambig2.C -std=c++11 (test for excess errors)
FAIL: g++.old-deja/g++.other/ambig3.C -std=c++98 (test for excess errors)
FAIL: g++.old-deja/g++.other/ambig3.C -std=c++11 (test for excess errors)
FAIL: g++.old-deja/g++.other/anon1.C -std=c++98 (test for excess errors)
FAIL: g++.old-deja/g++.other/anon1.C -std=c++11 (test for excess errors)
FAIL: g++.old-deja/g++.other/anon2.C -std=c++98 (test for excess errors)
UNRESOLVED: g++.old-deja/g++.other/anon2.C -std=c++98 compilation failed to produce executable
FAIL: g++.old-deja/g++.other/anon2.C -std=c++11 (test for excess errors)
UNRESOLVED: g++.old-deja/g++.other/anon2.C -std=c++11 compilation failed to produce executable
FAIL: g++.old-deja/g++.other/anon3.C -std=c++98 (test for excess errors)
UNRESOLVED: g++.old-deja/g++.other/anon3.C -std=c++98 compilation failed to produce executable
FAIL: g++.old-deja/g++.other/anon3.C -std=c++11 (test for excess errors)
UNRESOLVED: g++.old-deja/g++.other/anon3.C -std=c++11 compilation failed to produce executable
FAIL: g++.old-deja/g++.other/anon4.C -std=c++98 (test for excess errors)
FAIL: g++.old-deja/g++.other/anon4.C -std=c++11 (test for excess errors)
FAIL: g++.old-deja/g++.other/anon5.C -std=c++98 (test for excess errors)
FAIL: g++.old-deja/g++.other/anon5.C -std=c++11 (test for excess errors)
FAIL: g++.old-deja/g++.other/anon6.C -std=c++98 (test for excess errors)
UNRESOLVED: g++.old-deja/g++.other/anon6.C -std=c++98 compilation failed to produce executable
FAIL: g++.old-deja/g++.other/anon6.C -std=c++11 (test for excess errors)
UNRESOLVED: g++.old-deja/g++.other/anon6.C -std=c++11 compilation failed to produce executable
FAIL: g++.old-deja/g++.other/anon7.C -std=c++98 (test for excess errors)
FAIL: g++.old-deja/g++.other/anon7.C -std=c++11 (test for excess errors)
FAIL: g++.old-deja/g++.other/anon8.C -std=c++98 (test for excess errors)
FAIL: g++.old-deja/g++.other/anon8.C -std=c++11 (test for excess errors)
FAIL: g++.old-deja/g++.other/anon9.C -std=c++98 (test for excess errors)
FAIL: g++.old-deja/g++.other/array1.C -std=c++98 (test for excess errors)
UNRESOLVED: g++.old-deja/g++.other/array1.C -std=c++98 compilation failed to produce executable
FAIL: g++.old-deja/g++.other/array1.C -std=c++11 (test for excess errors)
UNRESOLVED: g++.old-deja/g++.other/array1.C -std=c++11 compilation failed to produce executable
FAIL: g++.old-deja/g++.other/array2.C -std=c++98 (test for excess errors)
UNRESOLVED: g++.old-deja/g++.other/array2.C -std=c++98 compilation failed to produce executable
FAIL: g++.old-deja/g++.other/array2.C -std=c++11 (test for excess errors)
UNRESOLVED: g++.old-deja/g++.other/array2.C -std=c++11 compilation failed to produce executable
FAIL: g++.old-deja/g++.other/array3.C -std=c++98 (test for excess errors)
FAIL: g++.old-deja/g++.other/array3.C -std=c++11 (test for excess errors)
FAIL: g++.old-deja/g++.other/array4.C -std=c++98 (test for excess errors)
FAIL: g++.old-deja/g++.other/array4.C -std=c++11 (test for excess errors)
FAIL: g++.old-deja/g++.other/array5.C -std=c++98 (test for excess errors)
FAIL: g++.old-deja/g++.other/array5.C -std=c++11 (test for excess errors)
FAIL: g++.old-deja/g++.other/array6.C -std=gnu++98 (test for excess errors)
UNRESOLVED: g++.old-deja/g++.other/array6.C -std=gnu++98 compilation failed to produce executable
FAIL: g++.old-deja/g++.other/array6.C -std=gnu++11 (test for excess errors)
UNRESOLVED: g++.old-deja/g++.other/array6.C -std=gnu++11 compilation failed to produce executable
FAIL: g++.old-deja/g++.other/array9.C -std=c++98 (test for excess errors)
FAIL: g++.old-deja/g++.other/array9.C -std=c++11 (test for excess errors)
FAIL: g++.old-deja/g++.other/asm1.C -std=c++98 (test for excess errors)
FAIL: g++.old-deja/g++.other/asm1.C -std=c++11 (test for excess errors)
FAIL: g++.old-deja/g++.other/asm2.C -std=c++98 (test for excess errors)
FAIL: g++.old-deja/g++.other/asm2.C -std=c++11 (test for excess errors)
FAIL: g++.old-deja/g++.other/badarrow.C -std=c++98 (test for excess errors)
FAIL: g++.old-deja/g++.other/badarrow.C -std=c++11 (test for excess errors)
FAIL: g++.old-deja/g++.other/badopt1.C -std=gnu++98 (test for excess errors)
UNRESOLVED: g++.old-deja/g++.other/badopt1.C -std=gnu++98 compilation failed to produce executable
FAIL: g++.old-deja/g++.other/badopt1.C -std=gnu++11 (test for excess errors)
UNRESOLVED: g++.old-deja/g++.other/badopt1.C -std=gnu++11 compilation failed to produce executable
FAIL: g++.old-deja/g++.other/base1.C -std=c++98 (test for excess errors)
FAIL: g++.old-deja/g++.other/base1.C -std=c++11 (test for excess errors)
FAIL: g++.old-deja/g++.other/bitfld1.C -std=c++98 (test for excess errors)
FAIL: g++.old-deja/g++.other/bitfld1.C -std=c++11 (test for excess errors)
FAIL: g++.old-deja/g++.other/bitfld2.C -std=gnu++98 (test for excess errors)
FAIL: g++.old-deja/g++.other/bitfld2.C -std=gnu++11 (test for excess errors)
FAIL: g++.old-deja/g++.other/bitfld3.C -std=c++98 (test for excess errors)
FAIL: g++.old-deja/g++.other/bitfld3.C -std=c++11 (test for excess errors)
FAIL: g++.old-deja/g++.other/bitfld4.C -std=c++98 (test for excess errors)
FAIL: g++.old-deja/g++.other/bitfld4.C -std=c++11 (test for excess errors)
FAIL: g++.old-deja/g++.other/bitfld5.C -std=gnu++98 (test for excess errors)
FAIL: g++.old-deja/g++.other/bitfld5.C -std=gnu++11 (test for excess errors)
FAIL: g++.old-deja/g++.other/builtins1.C -std=gnu++98 (test for excess errors)
UNRESOLVED: g++.old-deja/g++.other/builtins1.C -std=gnu++98 compilation failed to produce executable
FAIL: g++.old-deja/g++.other/builtins1.C -std=gnu++11 (test for excess errors)
UNRESOLVED: g++.old-deja/g++.other/builtins1.C -std=gnu++11 compilation failed to produce executable
FAIL: g++.old-deja/g++.other/builtins10.C -std=c++98 (test for excess errors)
FAIL: g++.old-deja/g++.other/builtins10.C -std=c++11 (test for excess errors)
FAIL: g++.old-deja/g++.other/builtins2.C -std=gnu++98 (test for excess errors)
UNRESOLVED: g++.old-deja/g++.other/builtins2.C -std=gnu++98 compilation failed to produce executable
FAIL: g++.old-deja/g++.other/builtins2.C -std=gnu++11 (test for excess errors)
UNRESOLVED: g++.old-deja/g++.other/builtins2.C -std=gnu++11 compilation failed to produce executable
FAIL: g++.old-deja/g++.other/builtins3.C -std=gnu++98 (test for excess errors)
UNRESOLVED: g++.old-deja/g++.other/builtins3.C -std=gnu++98 compilation failed to produce executable
FAIL: g++.old-deja/g++.other/builtins3.C -std=gnu++11 (test for excess errors)
UNRESOLVED: g++.old-deja/g++.other/builtins3.C -std=gnu++11 compilation failed to produce executable
FAIL: g++.old-deja/g++.other/builtins4.C -std=gnu++98 (test for excess errors)
UNRESOLVED: g++.old-deja/g++.other/builtins4.C -std=gnu++98 compilation failed to produce executable
FAIL: g++.old-deja/g++.other/builtins4.C -std=gnu++11 (test for excess errors)
UNRESOLVED: g++.old-deja/g++.other/builtins4.C -std=gnu++11 compilation failed to produce executable
FAIL: g++.old-deja/g++.other/builtins5.C -std=c++98 (test for excess errors)
FAIL: g++.old-deja/g++.other/builtins5.C -std=c++11 (test for excess errors)
FAIL: g++.old-deja/g++.other/builtins6.C -std=gnu++98 (test for excess errors)
UNRESOLVED: g++.old-deja/g++.other/builtins6.C -std=gnu++98 compilation failed to produce executable
FAIL: g++.old-deja/g++.other/builtins6.C -std=gnu++11 (test for excess errors)
UNRESOLVED: g++.old-deja/g++.other/builtins6.C -std=gnu++11 compilation failed to produce executable
FAIL: g++.old-deja/g++.other/builtins7.C -std=gnu++98 (test for excess errors)
UNRESOLVED: g++.old-deja/g++.other/builtins7.C -std=gnu++98 compilation failed to produce executable
FAIL: g++.old-deja/g++.other/builtins7.C -std=gnu++11 (test for excess errors)
UNRESOLVED: g++.old-deja/g++.other/builtins7.C -std=gnu++11 compilation failed to produce executable
FAIL: g++.old-deja/g++.other/builtins8.C -std=gnu++98 (test for excess errors)
UNRESOLVED: g++.old-deja/g++.other/builtins8.C -std=gnu++98 compilation failed to produce executable
FAIL: g++.old-deja/g++.other/builtins8.C -std=gnu++11 (test for excess errors)
UNRESOLVED: g++.old-deja/g++.other/builtins8.C -std=gnu++11 compilation failed to produce executable
FAIL: g++.old-deja/g++.other/builtins9.C -std=c++98 (test for excess errors)
UNRESOLVED: g++.old-deja/g++.other/builtins9.C -std=c++98 compilation failed to produce executable
FAIL: g++.old-deja/g++.other/builtins9.C -std=c++11 (test for excess errors)
UNRESOLVED: g++.old-deja/g++.other/builtins9.C -std=c++11 compilation failed to produce executable
FAIL: g++.old-deja/g++.other/call1.C -std=c++98 (test for excess errors)
UNRESOLVED: g++.old-deja/g++.other/call1.C -std=c++98 compilation failed to produce executable
FAIL: g++.old-deja/g++.other/call1.C -std=c++11 (test for excess errors)
UNRESOLVED: g++.old-deja/g++.other/call1.C -std=c++11 compilation failed to produce executable
FAIL: g++.old-deja/g++.other/cast1.C -std=c++98 (test for excess errors)
FAIL: g++.old-deja/g++.other/cast1.C -std=c++11 (test for excess errors)
FAIL: g++.old-deja/g++.other/cast2.C -std=c++98 (test for excess errors)
FAIL: g++.old-deja/g++.other/cast2.C -std=c++11 (test for excess errors)
FAIL: g++.old-deja/g++.other/cast3.C -std=c++98 (test for excess errors)
FAIL: g++.old-deja/g++.other/cast3.C -std=c++11 (test for excess errors)
FAIL: g++.old-deja/g++.other/cast4.C -std=c++98 (test for excess errors)
FAIL: g++.old-deja/g++.other/cast4.C -std=c++11 (test for excess errors)
FAIL: g++.old-deja/g++.other/cast5.C -std=c++98 (test for excess errors)
FAIL: g++.old-deja/g++.other/cast5.C -std=c++11 (test for excess errors)
FAIL: g++.old-deja/g++.other/cast6.C -std=c++98 (test for excess errors)
FAIL: g++.old-deja/g++.other/cast6.C -std=c++11 (test for excess errors)
FAIL: g++.old-deja/g++.other/cast7.C -std=c++98 (test for excess errors)
UNRESOLVED: g++.old-deja/g++.other/cast7.C -std=c++98 compilation failed to produce executable
FAIL: g++.old-deja/g++.other/cast7.C -std=c++11 (test for excess errors)
UNRESOLVED: g++.old-deja/g++.other/cast7.C -std=c++11 compilation failed to produce executable
FAIL: g++.old-deja/g++.other/cleanup1.C -std=c++98 (test for excess errors)
UNRESOLVED: g++.old-deja/g++.other/cleanup1.C -std=c++98 compilation failed to produce executable
FAIL: g++.old-deja/g++.other/cleanup1.C -std=c++11 (test for excess errors)
UNRESOLVED: g++.old-deja/g++.other/cleanup1.C -std=c++11 compilation failed to produce executable
FAIL: g++.old-deja/g++.other/cleanup2.C -std=gnu++98 (test for excess errors)
UNRESOLVED: g++.old-deja/g++.other/cleanup2.C -std=gnu++98 compilation failed to produce executable
FAIL: g++.old-deja/g++.other/cleanup2.C -std=gnu++11 (test for excess errors)
UNRESOLVED: g++.old-deja/g++.other/cleanup2.C -std=gnu++11 compilation failed to produce executable
FAIL: g++.old-deja/g++.other/cleanup4.C -std=gnu++98 (test for excess errors)
FAIL: g++.old-deja/g++.other/cleanup4.C -std=gnu++11 (test for excess errors)
FAIL: g++.old-deja/g++.other/comdat1.C -std=gnu++98 (test for excess errors)
UNRESOLVED: g++.old-deja/g++.other/comdat1.C -std=gnu++98 compilation failed to produce executable
FAIL: g++.old-deja/g++.other/comdat1.C -std=gnu++11 (test for excess errors)
UNRESOLVED: g++.old-deja/g++.other/comdat1.C -std=gnu++11 compilation failed to produce executable
FAIL: g++.old-deja/g++.other/comdat2.C -std=gnu++98 (test for excess errors)
UNRESOLVED: g++.old-deja/g++.other/comdat2.C -std=gnu++98 compilation failed to produce executable
FAIL: g++.old-deja/g++.other/comdat2.C -std=gnu++11 (test for excess errors)
UNRESOLVED: g++.old-deja/g++.other/comdat2.C -std=gnu++11 compilation failed to produce executable
FAIL: g++.old-deja/g++.other/comdat3.C -std=c++98 (test for excess errors)
UNRESOLVED: g++.old-deja/g++.other/comdat3.C -std=c++98 compilation failed to produce executable
FAIL: g++.old-deja/g++.other/comdat3.C -std=c++11 (test for excess errors)
UNRESOLVED: g++.old-deja/g++.other/comdat3.C -std=c++11 compilation failed to produce executable
FAIL: g++.old-deja/g++.other/comdat4.C -std=gnu++98 (test for excess errors)
FAIL: g++.old-deja/g++.other/comdat4.C -std=gnu++11 (test for excess errors)
FAIL: g++.old-deja/g++.other/comdat5.C -std=gnu++98 (test for excess errors)
FAIL: g++.old-deja/g++.other/comdat5.C -std=gnu++11 (test for excess errors)
FAIL: g++.old-deja/g++.other/cond1.C -std=c++98 (test for excess errors)
FAIL: g++.old-deja/g++.other/cond1.C -std=c++11 (test for excess errors)
FAIL: g++.old-deja/g++.other/cond2.C -std=c++98 (test for excess errors)
FAIL: g++.old-deja/g++.other/cond2.C -std=c++11 (test for excess errors)
FAIL: g++.old-deja/g++.other/cond3.C -std=c++98 (test for excess errors)
FAIL: g++.old-deja/g++.other/cond3.C -std=c++11 (test for excess errors)
FAIL: g++.old-deja/g++.other/cond4.C -std=c++98 (test for excess errors)
FAIL: g++.old-deja/g++.other/cond4.C -std=c++11 (test for excess errors)
FAIL: g++.old-deja/g++.other/cond5.C -std=gnu++98 (test for excess errors)
FAIL: g++.old-deja/g++.other/cond5.C -std=gnu++11 (test for excess errors)
FAIL: g++.old-deja/g++.other/cond6.C -std=c++98 (test for excess errors)
FAIL: g++.old-deja/g++.other/cond6.C -std=c++11 (test for excess errors)
FAIL: g++.old-deja/g++.other/cond7.C -std=c++98 (test for excess errors)
FAIL: g++.old-deja/g++.other/cond7.C -std=c++11 (test for excess errors)
FAIL: g++.old-deja/g++.other/const1.C -std=c++98 (test for excess errors)
FAIL: g++.old-deja/g++.other/const1.C -std=c++11 (test for excess errors)
FAIL: g++.old-deja/g++.other/const2.C -std=c++98 (test for excess errors)
FAIL: g++.old-deja/g++.other/const2.C -std=c++11 (test for excess errors)
FAIL: g++.old-deja/g++.other/conv1.C -std=c++98 (test for excess errors)
FAIL: g++.old-deja/g++.other/conv1.C -std=c++11 (test for excess errors)
FAIL: g++.old-deja/g++.other/conv2.C -std=gnu++98 (test for excess errors)
FAIL: g++.old-deja/g++.other/conv2.C -std=gnu++11 (test for excess errors)
FAIL: g++.old-deja/g++.other/conv3.C -std=c++98 (test for excess errors)
FAIL: g++.old-deja/g++.other/conv3.C -std=c++11 (test for excess errors)
FAIL: g++.old-deja/g++.other/conv4.C -std=c++98 (test for excess errors)
UNRESOLVED: g++.old-deja/g++.other/conv4.C -std=c++98 compilation failed to produce executable
FAIL: g++.old-deja/g++.other/conv4.C -std=c++11 (test for excess errors)
UNRESOLVED: g++.old-deja/g++.other/conv4.C -std=c++11 compilation failed to produce executable
FAIL: g++.old-deja/g++.other/conv5.C -std=gnu++98 (test for excess errors)
FAIL: g++.old-deja/g++.other/conv5.C -std=gnu++11 (test for excess errors)
FAIL: g++.old-deja/g++.other/conv6.C -std=c++98 (test for excess errors)
UNRESOLVED: g++.old-deja/g++.other/conv6.C -std=c++98 compilation failed to produce executable
FAIL: g++.old-deja/g++.other/conv6.C -std=c++11 (test for excess errors)
UNRESOLVED: g++.old-deja/g++.other/conv6.C -std=c++11 compilation failed to produce executable
FAIL: g++.old-deja/g++.other/conv7.C -std=gnu++98 (test for excess errors)
FAIL: g++.old-deja/g++.other/conv7.C -std=gnu++11 (test for excess errors)
FAIL: g++.old-deja/g++.other/conv8.C -std=c++98 (test for excess errors)
FAIL: g++.old-deja/g++.other/conv8.C -std=c++11 (test for excess errors)
FAIL: g++.old-deja/g++.other/conv9.C -std=c++98 (test for excess errors)
FAIL: g++.old-deja/g++.other/conv9.C -std=c++11 (test for excess errors)
FAIL: g++.old-deja/g++.other/copy1.C -std=c++98 (test for excess errors)
UNRESOLVED: g++.old-deja/g++.other/copy1.C -std=c++98 compilation failed to produce executable
FAIL: g++.old-deja/g++.other/copy1.C -std=c++11 (test for excess errors)
UNRESOLVED: g++.old-deja/g++.other/copy1.C -std=c++11 compilation failed to produce executable
FAIL: g++.old-deja/g++.other/copy2.C -std=c++98 (test for excess errors)
UNRESOLVED: g++.old-deja/g++.other/copy2.C -std=c++98 compilation failed to produce executable
FAIL: g++.old-deja/g++.other/copy2.C -std=c++11 (test for excess errors)
UNRESOLVED: g++.old-deja/g++.other/copy2.C -std=c++11 compilation failed to produce executable
FAIL: g++.old-deja/g++.other/copy3.C -std=c++98 (test for excess errors)
FAIL: g++.old-deja/g++.other/copy3.C -std=c++11 (test for excess errors)
FAIL: g++.old-deja/g++.other/covar1.C -std=c++98 (test for excess errors)
FAIL: g++.old-deja/g++.other/covar1.C -std=c++11 (test for excess errors)
FAIL: g++.old-deja/g++.other/crash1.C -std=c++98 (test for excess errors)
FAIL: g++.old-deja/g++.other/crash1.C -std=c++11 (test for excess errors)
FAIL: g++.old-deja/g++.other/crash10.C -std=c++98 (test for excess errors)
FAIL: g++.old-deja/g++.other/crash10.C -std=c++11 (test for excess errors)
FAIL: g++.old-deja/g++.other/crash11.C -std=c++98 (test for excess errors)
FAIL: g++.old-deja/g++.other/crash11.C -std=c++11 (test for excess errors)
FAIL: g++.old-deja/g++.other/crash12.C -std=gnu++98 (test for excess errors)
FAIL: g++.old-deja/g++.other/crash12.C -std=gnu++11 (test for excess errors)
FAIL: g++.old-deja/g++.other/crash13.C -std=c++98 (test for excess errors)
FAIL: g++.old-deja/g++.other/crash13.C -std=c++11 (test for excess errors)
FAIL: g++.old-deja/g++.other/crash14.C -std=c++98 (test for excess errors)
FAIL: g++.old-deja/g++.other/crash14.C -std=c++11 (test for excess errors)
FAIL: g++.old-deja/g++.other/crash15.C -std=gnu++98 (test for excess errors)
FAIL: g++.old-deja/g++.other/crash15.C -std=gnu++11 (test for excess errors)
FAIL: g++.old-deja/g++.other/crash16.C -std=gnu++98 (test for excess errors)
FAIL: g++.old-deja/g++.other/crash16.C -std=gnu++11 (test for excess errors)
FAIL: g++.old-deja/g++.other/crash17.C -std=c++98 (test for excess errors)
FAIL: g++.old-deja/g++.other/crash17.C -std=c++11 (test for excess errors)
FAIL: g++.old-deja/g++.other/crash19.C -std=c++98 (test for excess errors)
FAIL: g++.old-deja/g++.other/crash19.C -std=c++11 (test for excess errors)
FAIL: g++.old-deja/g++.other/crash2.C -std=c++98 (test for excess errors)
FAIL: g++.old-deja/g++.other/crash2.C -std=c++11 (test for excess errors)
FAIL: g++.old-deja/g++.other/crash20.C -std=c++98 (test for excess errors)
FAIL: g++.old-deja/g++.other/crash20.C -std=c++11 (test for excess errors)
FAIL: g++.old-deja/g++.other/crash21.C -std=c++98 (test for excess errors)
FAIL: g++.old-deja/g++.other/crash21.C -std=c++11 (test for excess errors)
FAIL: g++.old-deja/g++.other/crash22.C -std=gnu++98 (test for excess errors)
FAIL: g++.old-deja/g++.other/crash22.C -std=gnu++11 (test for excess errors)
FAIL: g++.old-deja/g++.other/crash23.C -std=c++98 (test for excess errors)
FAIL: g++.old-deja/g++.other/crash23.C -std=c++11 (test for excess errors)
FAIL: g++.old-deja/g++.other/crash24.C -std=c++98 (test for excess errors)
FAIL: g++.old-deja/g++.other/crash24.C -std=c++11 (test for excess errors)
FAIL: g++.old-deja/g++.other/crash25.C -std=gnu++98 (test for excess errors)
FAIL: g++.old-deja/g++.other/crash25.C -std=gnu++11 (test for excess errors)
FAIL: g++.old-deja/g++.other/crash26.C -std=c++98 (test for excess errors)
FAIL: g++.old-deja/g++.other/crash26.C -std=c++11 (test for excess errors)
FAIL: g++.old-deja/g++.other/crash27.C -std=c++98 (test for excess errors)
FAIL: g++.old-deja/g++.other/crash27.C -std=c++11 (test for excess errors)
FAIL: g++.old-deja/g++.other/crash28.C -std=c++98 (test for excess errors)
FAIL: g++.old-deja/g++.other/crash28.C -std=c++11 (test for excess errors)
FAIL: g++.old-deja/g++.other/crash29.C -std=c++98 (test for excess errors)
FAIL: g++.old-deja/g++.other/crash29.C -std=c++11 (test for excess errors)
FAIL: g++.old-deja/g++.other/crash3.C -std=gnu++98 (test for excess errors)
FAIL: g++.old-deja/g++.other/crash3.C -std=gnu++11 (test for excess errors)
FAIL: g++.old-deja/g++.other/crash30.C -std=c++98 (test for excess errors)
FAIL: g++.old-deja/g++.other/crash30.C -std=c++11 (test for excess errors)
FAIL: g++.old-deja/g++.other/crash31.C -std=c++98 (test for excess errors)
FAIL: g++.old-deja/g++.other/crash31.C -std=c++11 (test for excess errors)
FAIL: g++.old-deja/g++.other/crash32.C -std=c++98 (test for excess errors)
FAIL: g++.old-deja/g++.other/crash32.C -std=c++11 (test for excess errors)
FAIL: g++.old-deja/g++.other/crash33.C -std=c++98 (test for excess errors)
FAIL: g++.old-deja/g++.other/crash33.C -std=c++11 (test for excess errors)
FAIL: g++.old-deja/g++.other/crash34.C -std=c++98 (test for excess errors)
FAIL: g++.old-deja/g++.other/crash34.C -std=c++11 (test for excess errors)
FAIL: g++.old-deja/g++.other/crash35.C -std=c++98 (test for excess errors)
FAIL: g++.old-deja/g++.other/crash35.C -std=c++11 (test for excess errors)
FAIL: g++.old-deja/g++.other/crash36.C -std=c++98 (test for excess errors)
FAIL: g++.old-deja/g++.other/crash36.C -std=c++11 (test for excess errors)
FAIL: g++.old-deja/g++.other/crash37.C -std=c++98 (test for excess errors)
FAIL: g++.old-deja/g++.other/crash37.C -std=c++11 (test for excess errors)
FAIL: g++.old-deja/g++.other/crash38.C -std=c++98 (test for excess errors)
FAIL: g++.old-deja/g++.other/crash38.C -std=c++11 (test for excess errors)
FAIL: g++.old-deja/g++.other/crash39.C -std=c++98 (test for excess errors)
FAIL: g++.old-deja/g++.other/crash39.C -std=c++11 (test for excess errors)
FAIL: g++.old-deja/g++.other/crash4.C -std=c++98 (test for excess errors)
FAIL: g++.old-deja/g++.other/crash4.C -std=c++11 (test for excess errors)
FAIL: g++.old-deja/g++.other/crash40.C -std=c++98 (test for excess errors)
FAIL: g++.old-deja/g++.other/crash40.C -std=c++11 (test for excess errors)
FAIL: g++.old-deja/g++.other/crash41.C -std=c++98 (test for excess errors)
FAIL: g++.old-deja/g++.other/crash41.C -std=c++11 (test for excess errors)
FAIL: g++.old-deja/g++.other/crash42.C -std=gnu++98 (test for excess errors)
FAIL: g++.old-deja/g++.other/crash42.C -std=gnu++11 (test for excess errors)
FAIL: g++.old-deja/g++.other/crash5.C -std=c++98 (test for excess errors)
FAIL: g++.old-deja/g++.other/crash5.C -std=c++11 (test for excess errors)
FAIL: g++.old-deja/g++.other/crash6.C -std=gnu++98 (test for excess errors)
FAIL: g++.old-deja/g++.other/crash6.C -std=gnu++11 (test for excess errors)
FAIL: g++.old-deja/g++.other/crash60.C -std=c++98 (test for excess errors)
FAIL: g++.old-deja/g++.other/crash60.C -std=c++11 (test for excess errors)
FAIL: g++.old-deja/g++.other/crash7.C -std=c++98 (test for excess errors)
FAIL: g++.old-deja/g++.other/crash7.C -std=c++11 (test for excess errors)
FAIL: g++.old-deja/g++.other/crash8.C -std=c++98 (test for excess errors)
FAIL: g++.old-deja/g++.other/crash8.C -std=c++11 (test for excess errors)
FAIL: g++.old-deja/g++.other/crash9.C -std=c++98 (test for excess errors)
FAIL: g++.old-deja/g++.other/crash9.C -std=c++11 (test for excess errors)
FAIL: g++.old-deja/g++.other/ctor1.C -std=c++98 (test for excess errors)
UNRESOLVED: g++.old-deja/g++.other/ctor1.C -std=c++98 compilation failed to produce executable
FAIL: g++.old-deja/g++.other/ctor1.C -std=c++11 (test for excess errors)
UNRESOLVED: g++.old-deja/g++.other/ctor1.C -std=c++11 compilation failed to produce executable
FAIL: g++.old-deja/g++.other/cvqual1.C -std=c++98 (test for excess errors)
FAIL: g++.old-deja/g++.other/cvqual1.C -std=c++11 (test for excess errors)
FAIL: g++.old-deja/g++.other/cvt1.C -std=c++98 (test for excess errors)
FAIL: g++.old-deja/g++.other/cvt1.C -std=c++11 (test for excess errors)
FAIL: g++.old-deja/g++.other/dcast1.C -std=c++98 (test for excess errors)
FAIL: g++.old-deja/g++.other/dcast1.C -std=c++11 (test for excess errors)
FAIL: g++.old-deja/g++.other/dcast2.C -std=c++98 (test for excess errors)
FAIL: g++.old-deja/g++.other/dcast2.C -std=c++11 (test for excess errors)
FAIL: g++.old-deja/g++.other/debug1.C -std=gnu++98 (test for excess errors)
FAIL: g++.old-deja/g++.other/debug1.C -std=gnu++11 (test for excess errors)
FAIL: g++.old-deja/g++.other/debug2.C -std=gnu++98 (test for excess errors)
FAIL: g++.old-deja/g++.other/debug2.C -std=gnu++11 (test for excess errors)
FAIL: g++.old-deja/g++.other/debug3.C -std=gnu++98 (test for excess errors)
FAIL: g++.old-deja/g++.other/debug3.C -std=gnu++11 (test for excess errors)
FAIL: g++.old-deja/g++.other/debug4.C -std=gnu++98 (test for excess errors)
FAIL: g++.old-deja/g++.other/debug4.C -std=gnu++11 (test for excess errors)
FAIL: g++.old-deja/g++.other/debug5.C -std=gnu++98 (test for excess errors)
FAIL: g++.old-deja/g++.other/debug5.C -std=gnu++11 (test for excess errors)
FAIL: g++.old-deja/g++.other/debug6.C -std=gnu++98 (test for excess errors)
FAIL: g++.old-deja/g++.other/debug6.C -std=gnu++11 (test for excess errors)
FAIL: g++.old-deja/g++.other/debug7.C -std=gnu++98 (test for excess errors)
FAIL: g++.old-deja/g++.other/debug7.C -std=gnu++11 (test for excess errors)
FAIL: g++.old-deja/g++.other/debug8.C -std=gnu++98 (test for excess errors)
FAIL: g++.old-deja/g++.other/debug8.C -std=gnu++11 (test for excess errors)
FAIL: g++.old-deja/g++.other/debug9.C -std=gnu++98 (test for excess errors)
FAIL: g++.old-deja/g++.other/debug9.C -std=gnu++11 (test for excess errors)
FAIL: g++.old-deja/g++.other/decl1.C -std=c++98 (test for excess errors)
FAIL: g++.old-deja/g++.other/decl1.C -std=c++11 (test for excess errors)
FAIL: g++.old-deja/g++.other/decl2.C -std=c++98 (test for excess errors)
FAIL: g++.old-deja/g++.other/decl2.C -std=c++11 (test for excess errors)
FAIL: g++.old-deja/g++.other/decl3.C -std=c++98 (test for excess errors)
FAIL: g++.old-deja/g++.other/decl3.C -std=c++11 (test for excess errors)
FAIL: g++.old-deja/g++.other/decl4.C -std=c++98 (test for excess errors)
FAIL: g++.old-deja/g++.other/decl4.C -std=c++11 (test for excess errors)
FAIL: g++.old-deja/g++.other/decl5.C -std=c++98 (test for excess errors)
FAIL: g++.old-deja/g++.other/decl5.C -std=c++11 (test for excess errors)
FAIL: g++.old-deja/g++.other/decl6.C -std=c++98 (test for excess errors)
FAIL: g++.old-deja/g++.other/decl6.C -std=c++11 (test for excess errors)
FAIL: g++.old-deja/g++.other/decl7.C -std=c++98 (test for excess errors)
FAIL: g++.old-deja/g++.other/decl7.C -std=c++11 (test for excess errors)
FAIL: g++.old-deja/g++.other/decl8.C -std=c++98 (test for excess errors)
FAIL: g++.old-deja/g++.other/decl8.C -std=c++11 (test for excess errors)
FAIL: g++.old-deja/g++.other/decl9.C -std=c++98 (test for excess errors)
FAIL: g++.old-deja/g++.other/decl9.C -std=c++11 (test for excess errors)
FAIL: g++.old-deja/g++.other/defarg1.C -std=c++98 (test for excess errors)
FAIL: g++.old-deja/g++.other/defarg1.C -std=c++11 (test for excess errors)
FAIL: g++.old-deja/g++.other/defarg2.C -std=c++98 (test for excess errors)
UNRESOLVED: g++.old-deja/g++.other/defarg2.C -std=c++98 compilation failed to produce executable
FAIL: g++.old-deja/g++.other/defarg2.C -std=c++11 (test for excess errors)
UNRESOLVED: g++.old-deja/g++.other/defarg2.C -std=c++11 compilation failed to produce executable
FAIL: g++.old-deja/g++.other/defarg3.C -std=c++98 (test for excess errors)
FAIL: g++.old-deja/g++.other/defarg3.C -std=c++11 (test for excess errors)
FAIL: g++.old-deja/g++.other/defarg4.C -std=c++98 (test for excess errors)
FAIL: g++.old-deja/g++.other/defarg4.C -std=c++11 (test for excess errors)
FAIL: g++.old-deja/g++.other/defarg5.C -std=c++98 (test for excess errors)
FAIL: g++.old-deja/g++.other/defarg5.C -std=c++11 (test for excess errors)
FAIL: g++.old-deja/g++.other/defarg6.C -std=c++98 (test for excess errors)
FAIL: g++.old-deja/g++.other/defarg6.C -std=c++11 (test for excess errors)
FAIL: g++.old-deja/g++.other/defarg7.C -std=c++98 (test for excess errors)
FAIL: g++.old-deja/g++.other/defarg7.C -std=c++11 (test for excess errors)
FAIL: g++.old-deja/g++.other/defarg8.C -std=gnu++98 (test for excess errors)
FAIL: g++.old-deja/g++.other/defarg8.C -std=gnu++11 (test for excess errors)
FAIL: g++.old-deja/g++.other/defarg9.C -std=c++98 (test for excess errors)
FAIL: g++.old-deja/g++.other/defarg9.C -std=c++11 (test for excess errors)
FAIL: g++.old-deja/g++.other/delete1.C -std=c++98 (test for excess errors)
FAIL: g++.old-deja/g++.other/delete1.C -std=c++11 (test for excess errors)
FAIL: g++.old-deja/g++.other/delete2.C -std=c++98 (test for excess errors)
FAIL: g++.old-deja/g++.other/delete2.C -std=c++11 (test for excess errors)
FAIL: g++.old-deja/g++.other/delete3.C -std=c++98 (test for excess errors)
UNRESOLVED: g++.old-deja/g++.other/delete3.C -std=c++98 compilation failed to produce executable
FAIL: g++.old-deja/g++.other/delete3.C -std=c++11 (test for excess errors)
UNRESOLVED: g++.old-deja/g++.other/delete3.C -std=c++11 compilation failed to produce executable
FAIL: g++.old-deja/g++.other/delete4.C -std=c++98 (test for excess errors)
FAIL: g++.old-deja/g++.other/delete4.C -std=c++11 (test for excess errors)
FAIL: g++.old-deja/g++.other/delete5.C -std=c++98 (test for excess errors)
FAIL: g++.old-deja/g++.other/delete5.C -std=c++11 (test for excess errors)
FAIL: g++.old-deja/g++.other/delete6.C -std=c++98 (test for excess errors)
UNRESOLVED: g++.old-deja/g++.other/delete6.C -std=c++98 compilation failed to produce executable
FAIL: g++.old-deja/g++.other/delete6.C -std=c++11 (test for excess errors)
UNRESOLVED: g++.old-deja/g++.other/delete6.C -std=c++11 compilation failed to produce executable
FAIL: g++.old-deja/g++.other/delete7.C -std=c++98 (test for excess errors)
UNRESOLVED: g++.old-deja/g++.other/delete7.C -std=c++98 compilation failed to produce executable
FAIL: g++.old-deja/g++.other/delete7.C -std=c++11 (test for excess errors)
UNRESOLVED: g++.old-deja/g++.other/delete7.C -std=c++11 compilation failed to produce executable
FAIL: g++.old-deja/g++.other/delete8.C -std=c++98 (test for excess errors)
UNRESOLVED: g++.old-deja/g++.other/delete8.C -std=c++98 compilation failed to produce executable
FAIL: g++.old-deja/g++.other/delete8.C -std=c++11 (test for excess errors)
UNRESOLVED: g++.old-deja/g++.other/delete8.C -std=c++11 compilation failed to produce executable
FAIL: g++.old-deja/g++.other/deref1.C -std=c++98 (test for excess errors)
FAIL: g++.old-deja/g++.other/deref1.C -std=c++11 (test for excess errors)
FAIL: g++.old-deja/g++.other/dtor1.C -std=c++98 (test for excess errors)
UNRESOLVED: g++.old-deja/g++.other/dtor1.C -std=c++98 compilation failed to produce executable
FAIL: g++.old-deja/g++.other/dtor1.C -std=c++11 (test for excess errors)
UNRESOLVED: g++.old-deja/g++.other/dtor1.C -std=c++11 compilation failed to produce executable

		=== g++ Summary for unix/-fstack-protector ===

# of expected passes		46019
# of unexpected failures	663
# of expected failures		286
# of unresolved testcases	157
# of unsupported tests		638

Running target unix/-m64
UNRESOLVED: attribute_plugin.c compilation, -I. -I/build/buildd-gcc-4.7_4.7.0~rc1-2-s390-2G4rdw/gcc-4.7-4.7.0~rc1/src/gcc/testsuite -I/build/buildd-gcc-4.7_4.7.0~rc1-2-s390-2G4rdw/gcc-4.7-4.7.0~rc1/src/gcc/testsuite/../../gcc -I/build/buildd-gcc-4.7_4.7.0~rc1-2-s390-2G4rdw/gcc-4.7-4.7.0~rc1/build/gcc/testsuite/g++/../../../gcc  -I/build/buildd-gcc-4.7_4.7.0~rc1-2-s390-2G4rdw/gcc-4.7-4.7.0~rc1/src/gcc/testsuite/../../include -I/build/buildd-gcc-4.7_4.7.0~rc1-2-s390-2G4rdw/gcc-4.7-4.7.0~rc1/src/gcc/testsuite/../../libcpp/include   -I/build/buildd-gcc-4.7_4.7.0~rc1-2-s390-2G4rdw/gcc-4.7-4.7.0~rc1/build/gcc/testsuite/g++/../../../intl  -DIN_GCC -fPIC -shared
UNRESOLVED: pragma_plugin.c compilation, -I. -I/build/buildd-gcc-4.7_4.7.0~rc1-2-s390-2G4rdw/gcc-4.7-4.7.0~rc1/src/gcc/testsuite -I/build/buildd-gcc-4.7_4.7.0~rc1-2-s390-2G4rdw/gcc-4.7-4.7.0~rc1/src/gcc/testsuite/../../gcc -I/build/buildd-gcc-4.7_4.7.0~rc1-2-s390-2G4rdw/gcc-4.7-4.7.0~rc1/build/gcc/testsuite/g++/../../../gcc  -I/build/buildd-gcc-4.7_4.7.0~rc1-2-s390-2G4rdw/gcc-4.7-4.7.0~rc1/src/gcc/testsuite/../../include -I/build/buildd-gcc-4.7_4.7.0~rc1-2-s390-2G4rdw/gcc-4.7-4.7.0~rc1/src/gcc/testsuite/../../libcpp/include   -I/build/buildd-gcc-4.7_4.7.0~rc1-2-s390-2G4rdw/gcc-4.7-4.7.0~rc1/build/gcc/testsuite/g++/../../../intl  -DIN_GCC -fPIC -shared
UNRESOLVED: selfassign.c compilation, -I. -I/build/buildd-gcc-4.7_4.7.0~rc1-2-s390-2G4rdw/gcc-4.7-4.7.0~rc1/src/gcc/testsuite -I/build/buildd-gcc-4.7_4.7.0~rc1-2-s390-2G4rdw/gcc-4.7-4.7.0~rc1/src/gcc/testsuite/../../gcc -I/build/buildd-gcc-4.7_4.7.0~rc1-2-s390-2G4rdw/gcc-4.7-4.7.0~rc1/build/gcc/testsuite/g++/../../../gcc  -I/build/buildd-gcc-4.7_4.7.0~rc1-2-s390-2G4rdw/gcc-4.7-4.7.0~rc1/src/gcc/testsuite/../../include -I/build/buildd-gcc-4.7_4.7.0~rc1-2-s390-2G4rdw/gcc-4.7-4.7.0~rc1/src/gcc/testsuite/../../libcpp/include   -I/build/buildd-gcc-4.7_4.7.0~rc1-2-s390-2G4rdw/gcc-4.7-4.7.0~rc1/build/gcc/testsuite/g++/../../../intl -O -DIN_GCC -fPIC -shared
UNRESOLVED: dumb_plugin.c compilation, -I. -I/build/buildd-gcc-4.7_4.7.0~rc1-2-s390-2G4rdw/gcc-4.7-4.7.0~rc1/src/gcc/testsuite -I/build/buildd-gcc-4.7_4.7.0~rc1-2-s390-2G4rdw/gcc-4.7-4.7.0~rc1/src/gcc/testsuite/../../gcc -I/build/buildd-gcc-4.7_4.7.0~rc1-2-s390-2G4rdw/gcc-4.7-4.7.0~rc1/build/gcc/testsuite/g++/../../../gcc  -I/build/buildd-gcc-4.7_4.7.0~rc1-2-s390-2G4rdw/gcc-4.7-4.7.0~rc1/src/gcc/testsuite/../../include -I/build/buildd-gcc-4.7_4.7.0~rc1-2-s390-2G4rdw/gcc-4.7-4.7.0~rc1/src/gcc/testsuite/../../libcpp/include   -I/build/buildd-gcc-4.7_4.7.0~rc1-2-s390-2G4rdw/gcc-4.7-4.7.0~rc1/build/gcc/testsuite/g++/../../../intl  -DIN_GCC -fPIC -shared
UNRESOLVED: header_plugin.c compilation, -I. -I/build/buildd-gcc-4.7_4.7.0~rc1-2-s390-2G4rdw/gcc-4.7-4.7.0~rc1/src/gcc/testsuite -I/build/buildd-gcc-4.7_4.7.0~rc1-2-s390-2G4rdw/gcc-4.7-4.7.0~rc1/src/gcc/testsuite/../../gcc -I/build/buildd-gcc-4.7_4.7.0~rc1-2-s390-2G4rdw/gcc-4.7-4.7.0~rc1/build/gcc/testsuite/g++/../../../gcc  -I/build/buildd-gcc-4.7_4.7.0~rc1-2-s390-2G4rdw/gcc-4.7-4.7.0~rc1/src/gcc/testsuite/../../include -I/build/buildd-gcc-4.7_4.7.0~rc1-2-s390-2G4rdw/gcc-4.7-4.7.0~rc1/src/gcc/testsuite/../../libcpp/include   -I/build/buildd-gcc-4.7_4.7.0~rc1-2-s390-2G4rdw/gcc-4.7-4.7.0~rc1/build/gcc/testsuite/g++/../../../intl  -DIN_GCC -fPIC -shared
UNRESOLVED: decl_plugin.c compilation, -I. -I/build/buildd-gcc-4.7_4.7.0~rc1-2-s390-2G4rdw/gcc-4.7-4.7.0~rc1/src/gcc/testsuite -I/build/buildd-gcc-4.7_4.7.0~rc1-2-s390-2G4rdw/gcc-4.7-4.7.0~rc1/src/gcc/testsuite/../../gcc -I/build/buildd-gcc-4.7_4.7.0~rc1-2-s390-2G4rdw/gcc-4.7-4.7.0~rc1/build/gcc/testsuite/g++/../../../gcc  -I/build/buildd-gcc-4.7_4.7.0~rc1-2-s390-2G4rdw/gcc-4.7-4.7.0~rc1/src/gcc/testsuite/../../include -I/build/buildd-gcc-4.7_4.7.0~rc1-2-s390-2G4rdw/gcc-4.7-4.7.0~rc1/src/gcc/testsuite/../../libcpp/include   -I/build/buildd-gcc-4.7_4.7.0~rc1-2-s390-2G4rdw/gcc-4.7-4.7.0~rc1/build/gcc/testsuite/g++/../../../intl  -DIN_GCC -fPIC -shared

		=== g++ Summary for unix/-m64 ===

# of expected passes		48070
# of expected failures		286
# of unresolved testcases	6
# of unsupported tests		631

		=== g++ Summary ===

# of expected passes		140922
# of unexpected failures	663
# of expected failures		858
# of unresolved testcases	169
# of unsupported tests		1907
/build/buildd-gcc-4.7_4.7.0~rc1-2-s390-2G4rdw/gcc-4.7-4.7.0~rc1/build/gcc/testsuite/g++/../../g++  version 4.7.0 20120310 (prerelease) (Debian 4.7.0~rc1-2) 

		=== gcc tests ===


Running target unix
FAIL: gcc.dg/c99-stdint-1.c (test for excess errors)
FAIL: gcc.dg/uninit-13.c unconditional (test for warnings, line 8)
FAIL: gcc.dg/uninit-13.c (test for excess errors)
UNRESOLVED: selfassign.c compilation, -I. -I/build/buildd-gcc-4.7_4.7.0~rc1-2-s390-2G4rdw/gcc-4.7-4.7.0~rc1/src/gcc/testsuite -I/build/buildd-gcc-4.7_4.7.0~rc1-2-s390-2G4rdw/gcc-4.7-4.7.0~rc1/src/gcc/testsuite/../../gcc -I/build/buildd-gcc-4.7_4.7.0~rc1-2-s390-2G4rdw/gcc-4.7-4.7.0~rc1/build/gcc/testsuite/gcc/../../../gcc  -I/build/buildd-gcc-4.7_4.7.0~rc1-2-s390-2G4rdw/gcc-4.7-4.7.0~rc1/src/gcc/testsuite/../../include -I/build/buildd-gcc-4.7_4.7.0~rc1-2-s390-2G4rdw/gcc-4.7-4.7.0~rc1/src/gcc/testsuite/../../libcpp/include   -I/build/buildd-gcc-4.7_4.7.0~rc1-2-s390-2G4rdw/gcc-4.7-4.7.0~rc1/build/gcc/testsuite/gcc/../../../intl -O -DIN_GCC -fPIC -shared
UNRESOLVED: ggcplug.c compilation, -I. -I/build/buildd-gcc-4.7_4.7.0~rc1-2-s390-2G4rdw/gcc-4.7-4.7.0~rc1/src/gcc/testsuite -I/build/buildd-gcc-4.7_4.7.0~rc1-2-s390-2G4rdw/gcc-4.7-4.7.0~rc1/src/gcc/testsuite/../../gcc -I/build/buildd-gcc-4.7_4.7.0~rc1-2-s390-2G4rdw/gcc-4.7-4.7.0~rc1/build/gcc/testsuite/gcc/../../../gcc  -I/build/buildd-gcc-4.7_4.7.0~rc1-2-s390-2G4rdw/gcc-4.7-4.7.0~rc1/src/gcc/testsuite/../../include -I/build/buildd-gcc-4.7_4.7.0~rc1-2-s390-2G4rdw/gcc-4.7-4.7.0~rc1/src/gcc/testsuite/../../libcpp/include   -I/build/buildd-gcc-4.7_4.7.0~rc1-2-s390-2G4rdw/gcc-4.7-4.7.0~rc1/build/gcc/testsuite/gcc/../../../intl -O -DIN_GCC -fPIC -shared
UNRESOLVED: one_time_plugin.c compilation, -I. -I/build/buildd-gcc-4.7_4.7.0~rc1-2-s390-2G4rdw/gcc-4.7-4.7.0~rc1/src/gcc/testsuite -I/build/buildd-gcc-4.7_4.7.0~rc1-2-s390-2G4rdw/gcc-4.7-4.7.0~rc1/src/gcc/testsuite/../../gcc -I/build/buildd-gcc-4.7_4.7.0~rc1-2-s390-2G4rdw/gcc-4.7-4.7.0~rc1/build/gcc/testsuite/gcc/../../../gcc  -I/build/buildd-gcc-4.7_4.7.0~rc1-2-s390-2G4rdw/gcc-4.7-4.7.0~rc1/src/gcc/testsuite/../../include -I/build/buildd-gcc-4.7_4.7.0~rc1-2-s390-2G4rdw/gcc-4.7-4.7.0~rc1/src/gcc/testsuite/../../libcpp/include   -I/build/buildd-gcc-4.7_4.7.0~rc1-2-s390-2G4rdw/gcc-4.7-4.7.0~rc1/build/gcc/testsuite/gcc/../../../intl  -DIN_GCC -fPIC -shared
UNRESOLVED: start_unit_plugin.c compilation, -I. -I/build/buildd-gcc-4.7_4.7.0~rc1-2-s390-2G4rdw/gcc-4.7-4.7.0~rc1/src/gcc/testsuite -I/build/buildd-gcc-4.7_4.7.0~rc1-2-s390-2G4rdw/gcc-4.7-4.7.0~rc1/src/gcc/testsuite/../../gcc -I/build/buildd-gcc-4.7_4.7.0~rc1-2-s390-2G4rdw/gcc-4.7-4.7.0~rc1/build/gcc/testsuite/gcc/../../../gcc  -I/build/buildd-gcc-4.7_4.7.0~rc1-2-s390-2G4rdw/gcc-4.7-4.7.0~rc1/src/gcc/testsuite/../../include -I/build/buildd-gcc-4.7_4.7.0~rc1-2-s390-2G4rdw/gcc-4.7-4.7.0~rc1/src/gcc/testsuite/../../libcpp/include   -I/build/buildd-gcc-4.7_4.7.0~rc1-2-s390-2G4rdw/gcc-4.7-4.7.0~rc1/build/gcc/testsuite/gcc/../../../intl  -DIN_GCC -fPIC -shared
UNRESOLVED: finish_unit_plugin.c compilation, -I. -I/build/buildd-gcc-4.7_4.7.0~rc1-2-s390-2G4rdw/gcc-4.7-4.7.0~rc1/src/gcc/testsuite -I/build/buildd-gcc-4.7_4.7.0~rc1-2-s390-2G4rdw/gcc-4.7-4.7.0~rc1/src/gcc/testsuite/../../gcc -I/build/buildd-gcc-4.7_4.7.0~rc1-2-s390-2G4rdw/gcc-4.7-4.7.0~rc1/build/gcc/testsuite/gcc/../../../gcc  -I/build/buildd-gcc-4.7_4.7.0~rc1-2-s390-2G4rdw/gcc-4.7-4.7.0~rc1/src/gcc/testsuite/../../include -I/build/buildd-gcc-4.7_4.7.0~rc1-2-s390-2G4rdw/gcc-4.7-4.7.0~rc1/src/gcc/testsuite/../../libcpp/include   -I/build/buildd-gcc-4.7_4.7.0~rc1-2-s390-2G4rdw/gcc-4.7-4.7.0~rc1/build/gcc/testsuite/gcc/../../../intl  -DIN_GCC -fPIC -shared
FAIL: gcc.dg/torture/tls/run-gd.c  -O0  (test for excess errors)
FAIL: gcc.dg/torture/tls/run-gd.c  -O0  execution test
FAIL: gcc.dg/torture/tls/run-gd.c  -O1  (test for excess errors)
FAIL: gcc.dg/torture/tls/run-gd.c  -O2  (test for excess errors)
FAIL: gcc.dg/torture/tls/run-gd.c  -O3 -fomit-frame-pointer  (test for excess errors)
FAIL: gcc.dg/torture/tls/run-gd.c  -O3 -g  (test for excess errors)
FAIL: gcc.dg/torture/tls/run-gd.c  -Os  (test for excess errors)
FAIL: gcc.dg/torture/tls/run-gd.c  -O2 -flto -fno-use-linker-plugin -flto-partition=none  (test for excess errors)
FAIL: gcc.dg/torture/tls/run-ld.c  -O0  (test for excess errors)
FAIL: gcc.dg/torture/tls/run-ld.c  -O0  execution test
FAIL: gcc.dg/torture/tls/run-ld.c  -O1  (test for excess errors)
FAIL: gcc.dg/torture/tls/run-ld.c  -O1  execution test
FAIL: gcc.dg/torture/tls/run-ld.c  -O2  (test for excess errors)
FAIL: gcc.dg/torture/tls/run-ld.c  -O2  execution test
FAIL: gcc.dg/torture/tls/run-ld.c  -O3 -fomit-frame-pointer  (test for excess errors)
FAIL: gcc.dg/torture/tls/run-ld.c  -O3 -fomit-frame-pointer  execution test
FAIL: gcc.dg/torture/tls/run-ld.c  -O3 -g  (test for excess errors)
FAIL: gcc.dg/torture/tls/run-ld.c  -O3 -g  execution test
FAIL: gcc.dg/torture/tls/run-ld.c  -Os  (test for excess errors)
FAIL: gcc.dg/torture/tls/run-ld.c  -Os  execution test
FAIL: gcc.dg/torture/tls/run-ld.c  -O2 -flto -fno-use-linker-plugin -flto-partition=none  (test for excess errors)
FAIL: gcc.dg/torture/tls/run-ld.c  -O2 -flto -fno-use-linker-plugin -flto-partition=none  execution test
XPASS: gcc.dg/tree-ssa/20040204-1.c scan-tree-dump-times optimized "link_error" 0

		=== gcc Summary for unix ===

# of expected passes		73780
# of unexpected failures	25
# of unexpected successes	1
# of expected failures		110
# of unresolved testcases	5
# of unsupported tests		1171

Running target unix/-fstack-protector
FAIL: gcc.c-torture/execute/20030913-1.c compilation,  -O2 -flto -fuse-linker-plugin -fno-fat-lto-objects 
UNRESOLVED: gcc.c-torture/execute/20030913-1.c execution,  -O2 -flto -fuse-linker-plugin -fno-fat-lto-objects 
FAIL: gcc.c-torture/execute/20030914-1.c compilation,  -O0 
UNRESOLVED: gcc.c-torture/execute/20030914-1.c execution,  -O0 
FAIL: gcc.c-torture/execute/20030914-1.c compilation,  -O1 
UNRESOLVED: gcc.c-torture/execute/20030914-1.c execution,  -O1 
FAIL: gcc.c-torture/execute/20030914-1.c compilation,  -O2 
UNRESOLVED: gcc.c-torture/execute/20030914-1.c execution,  -O2 
FAIL: gcc.c-torture/execute/20030914-1.c compilation,  -O3 -fomit-frame-pointer 
UNRESOLVED: gcc.c-torture/execute/20030914-1.c execution,  -O3 -fomit-frame-pointer 
FAIL: gcc.c-torture/execute/20030914-1.c compilation,  -O3 -fomit-frame-pointer -funroll-loops 
UNRESOLVED: gcc.c-torture/execute/20030914-1.c execution,  -O3 -fomit-frame-pointer -funroll-loops 
FAIL: gcc.c-torture/execute/20030914-1.c compilation,  -O3 -fomit-frame-pointer -funroll-all-loops -finline-functions 
UNRESOLVED: gcc.c-torture/execute/20030914-1.c execution,  -O3 -fomit-frame-pointer -funroll-all-loops -finline-functions 
FAIL: gcc.c-torture/execute/20030914-1.c compilation,  -O3 -g 
UNRESOLVED: gcc.c-torture/execute/20030914-1.c execution,  -O3 -g 
FAIL: gcc.c-torture/execute/20030914-1.c compilation,  -Os 
UNRESOLVED: gcc.c-torture/execute/20030914-1.c execution,  -Os 
FAIL: gcc.c-torture/execute/20030914-1.c compilation,  -O2 -flto -fno-use-linker-plugin -flto-partition=none 
UNRESOLVED: gcc.c-torture/execute/20030914-1.c execution,  -O2 -flto -fno-use-linker-plugin -flto-partition=none 
FAIL: gcc.c-torture/execute/20030914-1.c compilation,  -O2 -flto -fuse-linker-plugin -fno-fat-lto-objects 
UNRESOLVED: gcc.c-torture/execute/20030914-1.c execution,  -O2 -flto -fuse-linker-plugin -fno-fat-lto-objects 
FAIL: gcc.c-torture/execute/20030914-2.c compilation,  -O0 
UNRESOLVED: gcc.c-torture/execute/20030914-2.c execution,  -O0 
FAIL: gcc.c-torture/execute/20030914-2.c compilation,  -O1 
UNRESOLVED: gcc.c-torture/execute/20030914-2.c execution,  -O1 
FAIL: gcc.c-torture/execute/20030914-2.c compilation,  -O2 
UNRESOLVED: gcc.c-torture/execute/20030914-2.c execution,  -O2 
FAIL: gcc.c-torture/execute/20030914-2.c compilation,  -O3 -fomit-frame-pointer 
UNRESOLVED: gcc.c-torture/execute/20030914-2.c execution,  -O3 -fomit-frame-pointer 
FAIL: gcc.c-torture/execute/20030914-2.c compilation,  -O3 -g 
UNRESOLVED: gcc.c-torture/execute/20030914-2.c execution,  -O3 -g 
FAIL: gcc.c-torture/execute/20030914-2.c compilation,  -Os 
UNRESOLVED: gcc.c-torture/execute/20030914-2.c execution,  -Os 
FAIL: gcc.c-torture/execute/20030914-2.c compilation,  -O2 -flto -fno-use-linker-plugin -flto-partition=none 
UNRESOLVED: gcc.c-torture/execute/20030914-2.c execution,  -O2 -flto -fno-use-linker-plugin -flto-partition=none 
FAIL: gcc.c-torture/execute/20030914-2.c compilation,  -O2 -flto -fuse-linker-plugin -fno-fat-lto-objects 
UNRESOLVED: gcc.c-torture/execute/20030914-2.c execution,  -O2 -flto -fuse-linker-plugin -fno-fat-lto-objects 
FAIL: gcc.c-torture/execute/20030916-1.c compilation,  -O0 
UNRESOLVED: gcc.c-torture/execute/20030916-1.c execution,  -O0 
FAIL: gcc.c-torture/execute/20030916-1.c compilation,  -O1 
UNRESOLVED: gcc.c-torture/execute/20030916-1.c execution,  -O1 
FAIL: gcc.c-torture/execute/20030916-1.c compilation,  -O2 
UNRESOLVED: gcc.c-torture/execute/20030916-1.c execution,  -O2 
FAIL: gcc.c-torture/execute/20030916-1.c compilation,  -O3 -fomit-frame-pointer 
UNRESOLVED: gcc.c-torture/execute/20030916-1.c execution,  -O3 -fomit-frame-pointer 
FAIL: gcc.c-torture/execute/20030916-1.c compilation,  -Os 
UNRESOLVED: gcc.c-torture/execute/20030916-1.c execution,  -Os 
FAIL: gcc.c-torture/execute/20030916-1.c compilation,  -O2 -flto -fno-use-linker-plugin -flto-partition=none 
UNRESOLVED: gcc.c-torture/execute/20030916-1.c execution,  -O2 -flto -fno-use-linker-plugin -flto-partition=none 
FAIL: gcc.c-torture/execute/20030916-1.c compilation,  -O2 -flto -fuse-linker-plugin -fno-fat-lto-objects 
UNRESOLVED: gcc.c-torture/execute/20030916-1.c execution,  -O2 -flto -fuse-linker-plugin -fno-fat-lto-objects 
FAIL: gcc.c-torture/execute/20030920-1.c compilation,  -O0 
UNRESOLVED: gcc.c-torture/execute/20030920-1.c execution,  -O0 
FAIL: gcc.c-torture/execute/20030920-1.c compilation,  -O1 
UNRESOLVED: gcc.c-torture/execute/20030920-1.c execution,  -O1 
FAIL: gcc.c-torture/execute/20030920-1.c compilation,  -O2 
UNRESOLVED: gcc.c-torture/execute/20030920-1.c execution,  -O2 
FAIL: gcc.c-torture/execute/20030920-1.c compilation,  -O3 -fomit-frame-pointer 
UNRESOLVED: gcc.c-torture/execute/20030920-1.c execution,  -O3 -fomit-frame-pointer 
FAIL: gcc.c-torture/execute/20030920-1.c compilation,  -O3 -fomit-frame-pointer -funroll-loops 
UNRESOLVED: gcc.c-torture/execute/20030920-1.c execution,  -O3 -fomit-frame-pointer -funroll-loops 
FAIL: gcc.c-torture/execute/20030920-1.c compilation,  -O3 -fomit-frame-pointer -funroll-all-loops -finline-functions 
UNRESOLVED: gcc.c-torture/execute/20030920-1.c execution,  -O3 -fomit-frame-pointer -funroll-all-loops -finline-functions 
FAIL: gcc.c-torture/execute/20030920-1.c compilation,  -O3 -g 
UNRESOLVED: gcc.c-torture/execute/20030920-1.c execution,  -O3 -g 
FAIL: gcc.c-torture/execute/20030920-1.c compilation,  -O2 -flto -fuse-linker-plugin -fno-fat-lto-objects 
UNRESOLVED: gcc.c-torture/execute/20030920-1.c execution,  -O2 -flto -fuse-linker-plugin -fno-fat-lto-objects 
FAIL: gcc.c-torture/execute/20030928-1.c compilation,  -O0 
UNRESOLVED: gcc.c-torture/execute/20030928-1.c execution,  -O0 
FAIL: gcc.c-torture/execute/20030928-1.c compilation,  -O1 
UNRESOLVED: gcc.c-torture/execute/20030928-1.c execution,  -O1 
FAIL: gcc.c-torture/execute/20030928-1.c compilation,  -O2 
UNRESOLVED: gcc.c-torture/execute/20030928-1.c execution,  -O2 
FAIL: gcc.c-torture/execute/20030928-1.c compilation,  -O3 -fomit-frame-pointer 
UNRESOLVED: gcc.c-torture/execute/20030928-1.c execution,  -O3 -fomit-frame-pointer 
FAIL: gcc.c-torture/execute/20030928-1.c compilation,  -O3 -fomit-frame-pointer -funroll-loops 
UNRESOLVED: gcc.c-torture/execute/20030928-1.c execution,  -O3 -fomit-frame-pointer -funroll-loops 
FAIL: gcc.c-torture/execute/20030928-1.c compilation,  -O3 -fomit-frame-pointer -funroll-all-loops -finline-functions 
UNRESOLVED: gcc.c-torture/execute/20030928-1.c execution,  -O3 -fomit-frame-pointer -funroll-all-loops -finline-functions 
FAIL: gcc.c-torture/execute/20030928-1.c compilation,  -O3 -g 
UNRESOLVED: gcc.c-torture/execute/20030928-1.c execution,  -O3 -g 
FAIL: gcc.c-torture/execute/20030928-1.c compilation,  -Os 
UNRESOLVED: gcc.c-torture/execute/20030928-1.c execution,  -Os 
FAIL: gcc.c-torture/execute/20030928-1.c compilation,  -O2 -flto -fno-use-linker-plugin -flto-partition=none 
UNRESOLVED: gcc.c-torture/execute/20030928-1.c execution,  -O2 -flto -fno-use-linker-plugin -flto-partition=none 
FAIL: gcc.c-torture/execute/20030928-1.c compilation,  -O2 -flto -fuse-linker-plugin -fno-fat-lto-objects 
UNRESOLVED: gcc.c-torture/execute/20030928-1.c execution,  -O2 -flto -fuse-linker-plugin -fno-fat-lto-objects 
FAIL: gcc.c-torture/execute/20031010-1.c compilation,  -O2 -flto -fuse-linker-plugin -fno-fat-lto-objects 
UNRESOLVED: gcc.c-torture/execute/20031010-1.c execution,  -O2 -flto -fuse-linker-plugin -fno-fat-lto-objects 
FAIL: gcc.c-torture/execute/20031011-1.c compilation,  -O0 
UNRESOLVED: gcc.c-torture/execute/20031011-1.c execution,  -O0 
FAIL: gcc.c-torture/execute/20031011-1.c compilation,  -O1 
UNRESOLVED: gcc.c-torture/execute/20031011-1.c execution,  -O1 
FAIL: gcc.c-torture/execute/20031011-1.c compilation,  -O2 
UNRESOLVED: gcc.c-torture/execute/20031011-1.c execution,  -O2 
FAIL: gcc.c-torture/execute/20031011-1.c compilation,  -O3 -fomit-frame-pointer 
UNRESOLVED: gcc.c-torture/execute/20031011-1.c execution,  -O3 -fomit-frame-pointer 
FAIL: gcc.c-torture/execute/20031011-1.c compilation,  -O3 -g 
UNRESOLVED: gcc.c-torture/execute/20031011-1.c execution,  -O3 -g 
FAIL: gcc.c-torture/execute/20031011-1.c compilation,  -Os 
UNRESOLVED: gcc.c-torture/execute/20031011-1.c execution,  -Os 
FAIL: gcc.c-torture/execute/20031011-1.c compilation,  -O2 -flto -fno-use-linker-plugin -flto-partition=none 
UNRESOLVED: gcc.c-torture/execute/20031011-1.c execution,  -O2 -flto -fno-use-linker-plugin -flto-partition=none 
FAIL: gcc.c-torture/execute/20031011-1.c compilation,  -O2 -flto -fuse-linker-plugin -fno-fat-lto-objects 
UNRESOLVED: gcc.c-torture/execute/20031011-1.c execution,  -O2 -flto -fuse-linker-plugin -fno-fat-lto-objects 
FAIL: gcc.c-torture/execute/20031012-1.c compilation,  -O0 
UNRESOLVED: gcc.c-torture/execute/20031012-1.c execution,  -O0 
FAIL: gcc.c-torture/execute/20031012-1.c compilation,  -O1 
UNRESOLVED: gcc.c-torture/execute/20031012-1.c execution,  -O1 
FAIL: gcc.c-torture/execute/20031012-1.c compilation,  -O2 
UNRESOLVED: gcc.c-torture/execute/20031012-1.c execution,  -O2 
FAIL: gcc.c-torture/execute/20031201-1.c compilation,  -O0 
UNRESOLVED: gcc.c-torture/execute/20031201-1.c execution,  -O0 
FAIL: gcc.c-torture/execute/20031201-1.c compilation,  -O1 
UNRESOLVED: gcc.c-torture/execute/20031201-1.c execution,  -O1 
FAIL: gcc.c-torture/execute/20031201-1.c compilation,  -O2 
UNRESOLVED: gcc.c-torture/execute/20031201-1.c execution,  -O2 
FAIL: gcc.c-torture/execute/20031201-1.c compilation,  -O3 -fomit-frame-pointer 
UNRESOLVED: gcc.c-torture/execute/20031201-1.c execution,  -O3 -fomit-frame-pointer 
FAIL: gcc.c-torture/execute/20031201-1.c compilation,  -O3 -fomit-frame-pointer -funroll-loops 
UNRESOLVED: gcc.c-torture/execute/20031201-1.c execution,  -O3 -fomit-frame-pointer -funroll-loops 
FAIL: gcc.c-torture/execute/20031201-1.c compilation,  -O3 -fomit-frame-pointer -funroll-all-loops -finline-functions 
UNRESOLVED: gcc.c-torture/execute/20031201-1.c execution,  -O3 -fomit-frame-pointer -funroll-all-loops -finline-functions 
FAIL: gcc.c-torture/execute/20031201-1.c compilation,  -O3 -g 
UNRESOLVED: gcc.c-torture/execute/20031201-1.c execution,  -O3 -g 
FAIL: gcc.c-torture/execute/20031211-1.c compilation,  -O2 -flto -fuse-linker-plugin -fno-fat-lto-objects 
UNRESOLVED: gcc.c-torture/execute/20031211-1.c execution,  -O2 -flto -fuse-linker-plugin -fno-fat-lto-objects 
FAIL: gcc.c-torture/execute/20031211-2.c compilation,  -O0 
UNRESOLVED: gcc.c-torture/execute/20031211-2.c execution,  -O0 
FAIL: gcc.c-torture/execute/20031211-2.c compilation,  -O1 
UNRESOLVED: gcc.c-torture/execute/20031211-2.c execution,  -O1 
FAIL: gcc.c-torture/execute/20031211-2.c compilation,  -O2 
UNRESOLVED: gcc.c-torture/execute/20031211-2.c execution,  -O2 
FAIL: gcc.c-torture/execute/20031211-2.c compilation,  -O3 -fomit-frame-pointer 
UNRESOLVED: gcc.c-torture/execute/20031211-2.c execution,  -O3 -fomit-frame-pointer 
FAIL: gcc.c-torture/execute/20031211-2.c compilation,  -O3 -g 
UNRESOLVED: gcc.c-torture/execute/20031211-2.c execution,  -O3 -g 
FAIL: gcc.c-torture/execute/20031211-2.c compilation,  -Os 
UNRESOLVED: gcc.c-torture/execute/20031211-2.c execution,  -Os 
FAIL: gcc.c-torture/execute/20031211-2.c compilation,  -O2 -flto -fno-use-linker-plugin -flto-partition=none 
UNRESOLVED: gcc.c-torture/execute/20031211-2.c execution,  -O2 -flto -fno-use-linker-plugin -flto-partition=none 
FAIL: gcc.c-torture/execute/20031211-2.c compilation,  -O2 -flto -fuse-linker-plugin -fno-fat-lto-objects 
UNRESOLVED: gcc.c-torture/execute/20031211-2.c execution,  -O2 -flto -fuse-linker-plugin -fno-fat-lto-objects 
FAIL: gcc.c-torture/execute/20031214-1.c compilation,  -O0 
UNRESOLVED: gcc.c-torture/execute/20031214-1.c execution,  -O0 
FAIL: gcc.c-torture/execute/20031214-1.c compilation,  -O1 
UNRESOLVED: gcc.c-torture/execute/20031214-1.c execution,  -O1 
FAIL: gcc.c-torture/execute/20031214-1.c compilation,  -O2 
UNRESOLVED: gcc.c-torture/execute/20031214-1.c execution,  -O2 
FAIL: gcc.c-torture/execute/20031214-1.c compilation,  -O3 -fomit-frame-pointer 
UNRESOLVED: gcc.c-torture/execute/20031214-1.c execution,  -O3 -fomit-frame-pointer 
FAIL: gcc.c-torture/execute/20031214-1.c compilation,  -O3 -fomit-frame-pointer -funroll-loops 
UNRESOLVED: gcc.c-torture/execute/20031214-1.c execution,  -O3 -fomit-frame-pointer -funroll-loops 
FAIL: gcc.c-torture/execute/20031214-1.c compilation,  -O3 -fomit-frame-pointer -funroll-all-loops -finline-functions 
UNRESOLVED: gcc.c-torture/execute/20031214-1.c execution,  -O3 -fomit-frame-pointer -funroll-all-loops -finline-functions 
FAIL: gcc.c-torture/execute/20031214-1.c compilation,  -O3 -g 
UNRESOLVED: gcc.c-torture/execute/20031214-1.c execution,  -O3 -g 
FAIL: gcc.c-torture/execute/20031214-1.c compilation,  -Os 
UNRESOLVED: gcc.c-torture/execute/20031214-1.c execution,  -Os 
FAIL: gcc.c-torture/execute/20031214-1.c compilation,  -O2 -flto -fno-use-linker-plugin -flto-partition=none 
UNRESOLVED: gcc.c-torture/execute/20031214-1.c execution,  -O2 -flto -fno-use-linker-plugin -flto-partition=none 
FAIL: gcc.c-torture/execute/20031214-1.c compilation,  -O2 -flto -fuse-linker-plugin -fno-fat-lto-objects 
UNRESOLVED: gcc.c-torture/execute/20031214-1.c execution,  -O2 -flto -fuse-linker-plugin -fno-fat-lto-objects 
FAIL: gcc.c-torture/execute/20031215-1.c compilation,  -O0 
UNRESOLVED: gcc.c-torture/execute/20031215-1.c execution,  -O0 
FAIL: gcc.c-torture/execute/20031215-1.c compilation,  -O1 
UNRESOLVED: gcc.c-torture/execute/20031215-1.c execution,  -O1 
FAIL: gcc.c-torture/execute/20031215-1.c compilation,  -O2 
UNRESOLVED: gcc.c-torture/execute/20031215-1.c execution,  -O2 
FAIL: gcc.c-torture/execute/20031215-1.c compilation,  -O3 -fomit-frame-pointer 
UNRESOLVED: gcc.c-torture/execute/20031215-1.c execution,  -O3 -fomit-frame-pointer 
FAIL: gcc.c-torture/execute/20031215-1.c compilation,  -O3 -g 
UNRESOLVED: gcc.c-torture/execute/20031215-1.c execution,  -O3 -g 
FAIL: gcc.c-torture/execute/20031215-1.c compilation,  -Os 
UNRESOLVED: gcc.c-torture/execute/20031215-1.c execution,  -Os 
FAIL: gcc.c-torture/execute/20031215-1.c compilation,  -O2 -flto -fno-use-linker-plugin -flto-partition=none 
UNRESOLVED: gcc.c-torture/execute/20031215-1.c execution,  -O2 -flto -fno-use-linker-plugin -flto-partition=none 
FAIL: gcc.c-torture/execute/20031215-1.c compilation,  -O2 -flto -fuse-linker-plugin -fno-fat-lto-objects 
UNRESOLVED: gcc.c-torture/execute/20031215-1.c execution,  -O2 -flto -fuse-linker-plugin -fno-fat-lto-objects 
FAIL: gcc.c-torture/execute/20031216-1.c compilation,  -O0 
UNRESOLVED: gcc.c-torture/execute/20031216-1.c execution,  -O0 
FAIL: gcc.c-torture/execute/20031216-1.c compilation,  -O1 
UNRESOLVED: gcc.c-torture/execute/20031216-1.c execution,  -O1 
FAIL: gcc.c-torture/execute/20031216-1.c compilation,  -O2 
UNRESOLVED: gcc.c-torture/execute/20031216-1.c execution,  -O2 
FAIL: gcc.c-torture/execute/20031216-1.c compilation,  -O3 -fomit-frame-pointer 
UNRESOLVED: gcc.c-torture/execute/20031216-1.c execution,  -O3 -fomit-frame-pointer 
FAIL: gcc.c-torture/execute/20031216-1.c compilation,  -O3 -g 
UNRESOLVED: gcc.c-torture/execute/20031216-1.c execution,  -O3 -g 
FAIL: gcc.c-torture/execute/20031216-1.c compilation,  -Os 
UNRESOLVED: gcc.c-torture/execute/20031216-1.c execution,  -Os 
FAIL: gcc.c-torture/execute/20031216-1.c compilation,  -O2 -flto -fno-use-linker-plugin -flto-partition=none 
UNRESOLVED: gcc.c-torture/execute/20031216-1.c execution,  -O2 -flto -fno-use-linker-plugin -flto-partition=none 
FAIL: gcc.c-torture/execute/20031216-1.c compilation,  -O2 -flto -fuse-linker-plugin -fno-fat-lto-objects 
UNRESOLVED: gcc.c-torture/execute/20031216-1.c execution,  -O2 -flto -fuse-linker-plugin -fno-fat-lto-objects 
FAIL: gcc.c-torture/execute/20040208-1.c compilation,  -O0 
UNRESOLVED: gcc.c-torture/execute/20040208-1.c execution,  -O0 
FAIL: gcc.c-torture/execute/20040208-1.c compilation,  -O1 
UNRESOLVED: gcc.c-torture/execute/20040208-1.c execution,  -O1 
FAIL: gcc.c-torture/execute/20040208-1.c compilation,  -O2 
UNRESOLVED: gcc.c-torture/execute/20040208-1.c execution,  -O2 
FAIL: gcc.c-torture/execute/20040208-1.c compilation,  -O3 -fomit-frame-pointer 
UNRESOLVED: gcc.c-torture/execute/20040208-1.c execution,  -O3 -fomit-frame-pointer 
FAIL: gcc.c-torture/execute/20040208-1.c compilation,  -O3 -g 
UNRESOLVED: gcc.c-torture/execute/20040208-1.c execution,  -O3 -g 
FAIL: gcc.c-torture/execute/20040208-1.c compilation,  -Os 
UNRESOLVED: gcc.c-torture/execute/20040208-1.c execution,  -Os 
FAIL: gcc.c-torture/execute/20040208-1.c compilation,  -O2 -flto -fno-use-linker-plugin -flto-partition=none 
UNRESOLVED: gcc.c-torture/execute/20040208-1.c execution,  -O2 -flto -fno-use-linker-plugin -flto-partition=none 
FAIL: gcc.c-torture/execute/20040208-1.c compilation,  -O2 -flto -fuse-linker-plugin -fno-fat-lto-objects 
UNRESOLVED: gcc.c-torture/execute/20040208-1.c execution,  -O2 -flto -fuse-linker-plugin -fno-fat-lto-objects 
FAIL: gcc.c-torture/execute/20040218-1.c compilation,  -O0 
UNRESOLVED: gcc.c-torture/execute/20040218-1.c execution,  -O0 
FAIL: gcc.c-torture/execute/20040218-1.c compilation,  -O1 
UNRESOLVED: gcc.c-torture/execute/20040218-1.c execution,  -O1 
FAIL: gcc.c-torture/execute/20040218-1.c compilation,  -O2 
UNRESOLVED: gcc.c-torture/execute/20040218-1.c execution,  -O2 
FAIL: gcc.c-torture/execute/20040218-1.c compilation,  -O3 -fomit-frame-pointer 
UNRESOLVED: gcc.c-torture/execute/20040218-1.c execution,  -O3 -fomit-frame-pointer 
FAIL: gcc.c-torture/execute/20040218-1.c compilation,  -O3 -g 
UNRESOLVED: gcc.c-torture/execute/20040218-1.c execution,  -O3 -g 
FAIL: gcc.c-torture/execute/20040218-1.c compilation,  -Os 
UNRESOLVED: gcc.c-torture/execute/20040218-1.c execution,  -Os 
FAIL: gcc.c-torture/execute/20040218-1.c compilation,  -O2 -flto -fno-use-linker-plugin -flto-partition=none 
UNRESOLVED: gcc.c-torture/execute/20040218-1.c execution,  -O2 -flto -fno-use-linker-plugin -flto-partition=none 
FAIL: gcc.c-torture/execute/20040218-1.c compilation,  -O2 -flto -fuse-linker-plugin -fno-fat-lto-objects 
UNRESOLVED: gcc.c-torture/execute/20040218-1.c execution,  -O2 -flto -fuse-linker-plugin -fno-fat-lto-objects 
FAIL: gcc.c-torture/execute/20040223-1.c compilation,  -O0 
UNRESOLVED: gcc.c-torture/execute/20040223-1.c execution,  -O0 
FAIL: gcc.c-torture/execute/20040223-1.c compilation,  -O1 
UNRESOLVED: gcc.c-torture/execute/20040223-1.c execution,  -O1 
FAIL: gcc.c-torture/execute/20040223-1.c compilation,  -O2 
UNRESOLVED: gcc.c-torture/execute/20040223-1.c execution,  -O2 
FAIL: gcc.c-torture/execute/20040223-1.c compilation,  -O3 -fomit-frame-pointer 
UNRESOLVED: gcc.c-torture/execute/20040223-1.c execution,  -O3 -fomit-frame-pointer 
FAIL: gcc.c-torture/execute/20040223-1.c compilation,  -O3 -g 
UNRESOLVED: gcc.c-torture/execute/20040223-1.c execution,  -O3 -g 
FAIL: gcc.c-torture/execute/20040223-1.c compilation,  -Os 
UNRESOLVED: gcc.c-torture/execute/20040223-1.c execution,  -Os 
FAIL: gcc.c-torture/execute/20040223-1.c compilation,  -O2 -flto -fno-use-linker-plugin -flto-partition=none 
UNRESOLVED: gcc.c-torture/execute/20040223-1.c execution,  -O2 -flto -fno-use-linker-plugin -flto-partition=none 
FAIL: gcc.c-torture/execute/20040223-1.c compilation,  -O2 -flto -fuse-linker-plugin -fno-fat-lto-objects 
UNRESOLVED: gcc.c-torture/execute/20040223-1.c execution,  -O2 -flto -fuse-linker-plugin -fno-fat-lto-objects 
FAIL: gcc.c-torture/execute/20040302-1.c compilation,  -O0 
UNRESOLVED: gcc.c-torture/execute/20040302-1.c execution,  -O0 
FAIL: gcc.c-torture/execute/20040302-1.c compilation,  -O1 
UNRESOLVED: gcc.c-torture/execute/20040302-1.c execution,  -O1 
FAIL: gcc.c-torture/execute/20040302-1.c compilation,  -O2 
UNRESOLVED: gcc.c-torture/execute/20040302-1.c execution,  -O2 
FAIL: gcc.c-torture/execute/20040302-1.c compilation,  -O3 -fomit-frame-pointer 
UNRESOLVED: gcc.c-torture/execute/20040302-1.c execution,  -O3 -fomit-frame-pointer 
FAIL: gcc.c-torture/execute/20040302-1.c compilation,  -O3 -g 
UNRESOLVED: gcc.c-torture/execute/20040302-1.c execution,  -O3 -g 
FAIL: gcc.c-torture/execute/20040302-1.c compilation,  -Os 
UNRESOLVED: gcc.c-torture/execute/20040302-1.c execution,  -Os 
FAIL: gcc.c-torture/execute/20040302-1.c compilation,  -O2 -flto -fno-use-linker-plugin -flto-partition=none 
UNRESOLVED: gcc.c-torture/execute/20040302-1.c execution,  -O2 -flto -fno-use-linker-plugin -flto-partition=none 
FAIL: gcc.c-torture/execute/20040302-1.c compilation,  -O2 -flto -fuse-linker-plugin -fno-fat-lto-objects 
UNRESOLVED: gcc.c-torture/execute/20040302-1.c execution,  -O2 -flto -fuse-linker-plugin -fno-fat-lto-objects 
FAIL: gcc.c-torture/execute/20040307-1.c compilation,  -O0 
UNRESOLVED: gcc.c-torture/execute/20040307-1.c execution,  -O0 
FAIL: gcc.c-torture/execute/20040307-1.c compilation,  -O1 
UNRESOLVED: gcc.c-torture/execute/20040307-1.c execution,  -O1 
FAIL: gcc.c-torture/execute/20040307-1.c compilation,  -O2 
UNRESOLVED: gcc.c-torture/execute/20040307-1.c execution,  -O2 
FAIL: gcc.c-torture/execute/20040307-1.c compilation,  -O3 -fomit-frame-pointer 
UNRESOLVED: gcc.c-torture/execute/20040307-1.c execution,  -O3 -fomit-frame-pointer 
FAIL: gcc.c-torture/execute/20040307-1.c compilation,  -O3 -fomit-frame-pointer -funroll-loops 
UNRESOLVED: gcc.c-torture/execute/20040307-1.c execution,  -O3 -fomit-frame-pointer -funroll-loops 
FAIL: gcc.c-torture/execute/20040307-1.c compilation,  -O3 -fomit-frame-pointer -funroll-all-loops -finline-functions 
UNRESOLVED: gcc.c-torture/execute/20040307-1.c execution,  -O3 -fomit-frame-pointer -funroll-all-loops -finline-functions 
FAIL: gcc.c-torture/execute/20040307-1.c compilation,  -O3 -g 
UNRESOLVED: gcc.c-torture/execute/20040307-1.c execution,  -O3 -g 
FAIL: gcc.c-torture/execute/20040307-1.c compilation,  -Os 
UNRESOLVED: gcc.c-torture/execute/20040307-1.c execution,  -Os 
FAIL: gcc.c-torture/execute/20040307-1.c compilation,  -O2 -flto -fno-use-linker-plugin -flto-partition=none 
UNRESOLVED: gcc.c-torture/execute/20040307-1.c execution,  -O2 -flto -fno-use-linker-plugin -flto-partition=none 
FAIL: gcc.c-torture/execute/20040307-1.c compilation,  -O2 -flto -fuse-linker-plugin -fno-fat-lto-objects 
UNRESOLVED: gcc.c-torture/execute/20040307-1.c execution,  -O2 -flto -fuse-linker-plugin -fno-fat-lto-objects 
FAIL: gcc.c-torture/execute/20040308-1.c compilation,  -O0 
UNRESOLVED: gcc.c-torture/execute/20040308-1.c execution,  -O0 
FAIL: gcc.c-torture/execute/20040308-1.c compilation,  -O1 
UNRESOLVED: gcc.c-torture/execute/20040308-1.c execution,  -O1 
FAIL: gcc.c-torture/execute/20040308-1.c compilation,  -O2 
UNRESOLVED: gcc.c-torture/execute/20040308-1.c execution,  -O2 
FAIL: gcc.c-torture/execute/20040308-1.c compilation,  -O3 -fomit-frame-pointer 
UNRESOLVED: gcc.c-torture/execute/20040308-1.c execution,  -O3 -fomit-frame-pointer 
FAIL: gcc.c-torture/execute/20040308-1.c compilation,  -O3 -g 
UNRESOLVED: gcc.c-torture/execute/20040308-1.c execution,  -O3 -g 
FAIL: gcc.c-torture/execute/20040308-1.c compilation,  -Os 
UNRESOLVED: gcc.c-torture/execute/20040308-1.c execution,  -Os 
FAIL: gcc.c-torture/execute/20040308-1.c compilation,  -O2 -flto -fno-use-linker-plugin -flto-partition=none 
UNRESOLVED: gcc.c-torture/execute/20040308-1.c execution,  -O2 -flto -fno-use-linker-plugin -flto-partition=none 
FAIL: gcc.c-torture/execute/20040308-1.c compilation,  -O2 -flto -fuse-linker-plugin -fno-fat-lto-objects 
UNRESOLVED: gcc.c-torture/execute/20040308-1.c execution,  -O2 -flto -fuse-linker-plugin -fno-fat-lto-objects 
FAIL: gcc.c-torture/execute/20040309-1.c compilation,  -O0 
UNRESOLVED: gcc.c-torture/execute/20040309-1.c execution,  -O0 
FAIL: gcc.c-torture/execute/20040309-1.c compilation,  -O1 
UNRESOLVED: gcc.c-torture/execute/20040309-1.c execution,  -O1 
FAIL: gcc.c-torture/execute/20040309-1.c compilation,  -O2 
UNRESOLVED: gcc.c-torture/execute/20040309-1.c execution,  -O2 
FAIL: gcc.c-torture/execute/20040309-1.c compilation,  -O3 -fomit-frame-pointer 
UNRESOLVED: gcc.c-torture/execute/20040309-1.c execution,  -O3 -fomit-frame-pointer 
FAIL: gcc.c-torture/execute/20040309-1.c compilation,  -O3 -g 
UNRESOLVED: gcc.c-torture/execute/20040309-1.c execution,  -O3 -g 
FAIL: gcc.c-torture/execute/20040309-1.c compilation,  -Os 
UNRESOLVED: gcc.c-torture/execute/20040309-1.c execution,  -Os 
FAIL: gcc.c-torture/execute/20040309-1.c compilation,  -O2 -flto -fno-use-linker-plugin -flto-partition=none 
UNRESOLVED: gcc.c-torture/execute/20040309-1.c execution,  -O2 -flto -fno-use-linker-plugin -flto-partition=none 
FAIL: gcc.c-torture/execute/20040309-1.c compilation,  -O2 -flto -fuse-linker-plugin -fno-fat-lto-objects 
UNRESOLVED: gcc.c-torture/execute/20040309-1.c execution,  -O2 -flto -fuse-linker-plugin -fno-fat-lto-objects 
FAIL: gcc.c-torture/execute/20040311-1.c compilation,  -O0 
UNRESOLVED: gcc.c-torture/execute/20040311-1.c execution,  -O0 
FAIL: gcc.c-torture/execute/20040311-1.c compilation,  -O1 
UNRESOLVED: gcc.c-torture/execute/20040311-1.c execution,  -O1 
FAIL: gcc.c-torture/execute/20040311-1.c compilation,  -O2 
UNRESOLVED: gcc.c-torture/execute/20040311-1.c execution,  -O2 
FAIL: gcc.c-torture/execute/20040311-1.c compilation,  -O3 -fomit-frame-pointer 
UNRESOLVED: gcc.c-torture/execute/20040311-1.c execution,  -O3 -fomit-frame-pointer 
FAIL: gcc.c-torture/execute/20040311-1.c compilation,  -O3 -g 
UNRESOLVED: gcc.c-torture/execute/20040311-1.c execution,  -O3 -g 
FAIL: gcc.c-torture/execute/20040311-1.c compilation,  -Os 
UNRESOLVED: gcc.c-torture/execute/20040311-1.c execution,  -Os 
FAIL: gcc.c-torture/execute/20040311-1.c compilation,  -O2 -flto -fno-use-linker-plugin -flto-partition=none 
UNRESOLVED: gcc.c-torture/execute/20040311-1.c execution,  -O2 -flto -fno-use-linker-plugin -flto-partition=none 
FAIL: gcc.c-torture/execute/20040311-1.c compilation,  -O2 -flto -fuse-linker-plugin -fno-fat-lto-objects 
UNRESOLVED: gcc.c-torture/execute/20040311-1.c execution,  -O2 -flto -fuse-linker-plugin -fno-fat-lto-objects 
FAIL: gcc.c-torture/execute/20040313-1.c compilation,  -O0 
UNRESOLVED: gcc.c-torture/execute/20040313-1.c execution,  -O0 
FAIL: gcc.c-torture/execute/20040313-1.c compilation,  -O1 
UNRESOLVED: gcc.c-torture/execute/20040313-1.c execution,  -O1 
FAIL: gcc.c-torture/execute/20040313-1.c compilation,  -O2 
UNRESOLVED: gcc.c-torture/execute/20040313-1.c execution,  -O2 
FAIL: gcc.c-torture/execute/20040313-1.c compilation,  -O3 -fomit-frame-pointer 
UNRESOLVED: gcc.c-torture/execute/20040313-1.c execution,  -O3 -fomit-frame-pointer 
FAIL: gcc.c-torture/execute/20040313-1.c compilation,  -O3 -g 
UNRESOLVED: gcc.c-torture/execute/20040313-1.c execution,  -O3 -g 
FAIL: gcc.c-torture/execute/20040313-1.c compilation,  -Os 
UNRESOLVED: gcc.c-torture/execute/20040313-1.c execution,  -Os 
FAIL: gcc.c-torture/execute/20040313-1.c compilation,  -O2 -flto -fno-use-linker-plugin -flto-partition=none 
UNRESOLVED: gcc.c-torture/execute/20040313-1.c execution,  -O2 -flto -fno-use-linker-plugin -flto-partition=none 
FAIL: gcc.c-torture/execute/20040313-1.c compilation,  -O2 -flto -fuse-linker-plugin -fno-fat-lto-objects 
UNRESOLVED: gcc.c-torture/execute/20040313-1.c execution,  -O2 -flto -fuse-linker-plugin -fno-fat-lto-objects 
FAIL: gcc.c-torture/execute/20040319-1.c compilation,  -O0 
UNRESOLVED: gcc.c-torture/execute/20040319-1.c execution,  -O0 
FAIL: gcc.c-torture/execute/20040319-1.c compilation,  -O1 
UNRESOLVED: gcc.c-torture/execute/20040319-1.c execution,  -O1 
FAIL: gcc.c-torture/execute/20040319-1.c compilation,  -O2 
UNRESOLVED: gcc.c-torture/execute/20040319-1.c execution,  -O2 
FAIL: gcc.c-torture/execute/20040319-1.c compilation,  -O3 -fomit-frame-pointer 
UNRESOLVED: gcc.c-torture/execute/20040319-1.c execution,  -O3 -fomit-frame-pointer 
FAIL: gcc.c-torture/execute/20040319-1.c compilation,  -O3 -g 
UNRESOLVED: gcc.c-torture/execute/20040319-1.c execution,  -O3 -g 
FAIL: gcc.c-torture/execute/20040319-1.c compilation,  -Os 
UNRESOLVED: gcc.c-torture/execute/20040319-1.c execution,  -Os 
FAIL: gcc.c-torture/execute/20040319-1.c compilation,  -O2 -flto -fno-use-linker-plugin -flto-partition=none 
UNRESOLVED: gcc.c-torture/execute/20040319-1.c execution,  -O2 -flto -fno-use-linker-plugin -flto-partition=none 
FAIL: gcc.c-torture/execute/20040319-1.c compilation,  -O2 -flto -fuse-linker-plugin -fno-fat-lto-objects 
UNRESOLVED: gcc.c-torture/execute/20040319-1.c execution,  -O2 -flto -fuse-linker-plugin -fno-fat-lto-objects 
FAIL: gcc.c-torture/execute/20040331-1.c compilation,  -O0 
UNRESOLVED: gcc.c-torture/execute/20040331-1.c execution,  -O0 
FAIL: gcc.c-torture/execute/20040331-1.c compilation,  -O1 
UNRESOLVED: gcc.c-torture/execute/20040331-1.c execution,  -O1 
FAIL: gcc.c-torture/execute/20040331-1.c compilation,  -O2 
UNRESOLVED: gcc.c-torture/execute/20040331-1.c execution,  -O2 
FAIL: gcc.c-torture/execute/20040331-1.c compilation,  -O3 -fomit-frame-pointer 
UNRESOLVED: gcc.c-torture/execute/20040331-1.c execution,  -O3 -fomit-frame-pointer 
FAIL: gcc.c-torture/execute/20040331-1.c compilation,  -O3 -fomit-frame-pointer -funroll-loops 
UNRESOLVED: gcc.c-torture/execute/20040331-1.c execution,  -O3 -fomit-frame-pointer -funroll-loops 
FAIL: gcc.c-torture/execute/20040331-1.c compilation,  -O3 -fomit-frame-pointer -funroll-all-loops -finline-functions 
UNRESOLVED: gcc.c-torture/execute/20040331-1.c execution,  -O3 -fomit-frame-pointer -funroll-all-loops -finline-functions 
FAIL: gcc.c-torture/execute/20040331-1.c compilation,  -O3 -g 
UNRESOLVED: gcc.c-torture/execute/20040331-1.c execution,  -O3 -g 
FAIL: gcc.c-torture/execute/20040331-1.c compilation,  -Os 
UNRESOLVED: gcc.c-torture/execute/20040331-1.c execution,  -Os 
FAIL: gcc.c-torture/execute/20040331-1.c compilation,  -O2 -flto -fno-use-linker-plugin -flto-partition=none 
UNRESOLVED: gcc.c-torture/execute/20040331-1.c execution,  -O2 -flto -fno-use-linker-plugin -flto-partition=none 
FAIL: gcc.c-torture/execute/20040331-1.c compilation,  -O2 -flto -fuse-linker-plugin -fno-fat-lto-objects 
UNRESOLVED: gcc.c-torture/execute/20040331-1.c execution,  -O2 -flto -fuse-linker-plugin -fno-fat-lto-objects 
FAIL: gcc.c-torture/execute/20040409-1.c compilation,  -O0 
UNRESOLVED: gcc.c-torture/execute/20040409-1.c execution,  -O0 
FAIL: gcc.c-torture/execute/20040409-1.c compilation,  -O1 
UNRESOLVED: gcc.c-torture/execute/20040409-1.c execution,  -O1 
FAIL: gcc.c-torture/execute/20040409-1.c compilation,  -O2 
UNRESOLVED: gcc.c-torture/execute/20040409-1.c execution,  -O2 
FAIL: gcc.c-torture/execute/20040409-1.c compilation,  -O3 -fomit-frame-pointer 
UNRESOLVED: gcc.c-torture/execute/20040409-1.c execution,  -O3 -fomit-frame-pointer 
FAIL: gcc.c-torture/execute/20040409-1.c compilation,  -O3 -g 
UNRESOLVED: gcc.c-torture/execute/20040409-1.c execution,  -O3 -g 
FAIL: gcc.c-torture/execute/20040409-1.c compilation,  -Os 
UNRESOLVED: gcc.c-torture/execute/20040409-1.c execution,  -Os 
FAIL: gcc.c-torture/execute/20040409-1.c compilation,  -O2 -flto -fno-use-linker-plugin -flto-partition=none 
UNRESOLVED: gcc.c-torture/execute/20040409-1.c execution,  -O2 -flto -fno-use-linker-plugin -flto-partition=none 
FAIL: gcc.c-torture/execute/20040409-1.c compilation,  -O2 -flto -fuse-linker-plugin -fno-fat-lto-objects 
UNRESOLVED: gcc.c-torture/execute/20040409-1.c execution,  -O2 -flto -fuse-linker-plugin -fno-fat-lto-objects 
FAIL: gcc.c-torture/execute/20040409-2.c compilation,  -O0 
UNRESOLVED: gcc.c-torture/execute/20040409-2.c execution,  -O0 
FAIL: gcc.c-torture/execute/20040409-2.c compilation,  -O1 
UNRESOLVED: gcc.c-torture/execute/20040409-2.c execution,  -O1 
FAIL: gcc.c-torture/execute/20040409-2.c compilation,  -O2 
UNRESOLVED: gcc.c-torture/execute/20040409-2.c execution,  -O2 
FAIL: gcc.c-torture/execute/20040409-2.c compilation,  -O3 -fomit-frame-pointer 
UNRESOLVED: gcc.c-torture/execute/20040409-2.c execution,  -O3 -fomit-frame-pointer 
FAIL: gcc.c-torture/execute/20040409-2.c compilation,  -O3 -g 
UNRESOLVED: gcc.c-torture/execute/20040409-2.c execution,  -O3 -g 
FAIL: gcc.c-torture/execute/20040409-2.c compilation,  -Os 
UNRESOLVED: gcc.c-torture/execute/20040409-2.c execution,  -Os 
FAIL: gcc.c-torture/execute/20040409-2.c compilation,  -O2 -flto -fno-use-linker-plugin -flto-partition=none 
UNRESOLVED: gcc.c-torture/execute/20040409-2.c execution,  -O2 -flto -fno-use-linker-plugin -flto-partition=none 
FAIL: gcc.c-torture/execute/20040409-2.c compilation,  -O2 -flto -fuse-linker-plugin -fno-fat-lto-objects 
UNRESOLVED: gcc.c-torture/execute/20040409-2.c execution,  -O2 -flto -fuse-linker-plugin -fno-fat-lto-objects 
FAIL: gcc.c-torture/execute/20040409-3.c compilation,  -O0 
UNRESOLVED: gcc.c-torture/execute/20040409-3.c execution,  -O0 
FAIL: gcc.c-torture/execute/20040409-3.c compilation,  -O1 
UNRESOLVED: gcc.c-torture/execute/20040409-3.c execution,  -O1 
FAIL: gcc.c-torture/execute/20040409-3.c compilation,  -O2 
UNRESOLVED: gcc.c-torture/execute/20040409-3.c execution,  -O2 
FAIL: gcc.c-torture/execute/20040409-3.c compilation,  -O3 -fomit-frame-pointer 
UNRESOLVED: gcc.c-torture/execute/20040409-3.c execution,  -O3 -fomit-frame-pointer 
FAIL: gcc.c-torture/execute/20040409-3.c compilation,  -O3 -g 
UNRESOLVED: gcc.c-torture/execute/20040409-3.c execution,  -O3 -g 
FAIL: gcc.c-torture/execute/20040409-3.c compilation,  -Os 
UNRESOLVED: gcc.c-torture/execute/20040409-3.c execution,  -Os 
FAIL: gcc.c-torture/execute/20040409-3.c compilation,  -O2 -flto -fno-use-linker-plugin -flto-partition=none 
UNRESOLVED: gcc.c-torture/execute/20040409-3.c execution,  -O2 -flto -fno-use-linker-plugin -flto-partition=none 
FAIL: gcc.c-torture/execute/20040409-3.c compilation,  -O2 -flto -fuse-linker-plugin -fno-fat-lto-objects 
UNRESOLVED: gcc.c-torture/execute/20040409-3.c execution,  -O2 -flto -fuse-linker-plugin -fno-fat-lto-objects 
FAIL: gcc.c-torture/execute/20040411-1.c compilation,  -O0 
UNRESOLVED: gcc.c-torture/execute/20040411-1.c execution,  -O0 
FAIL: gcc.c-torture/execute/20040411-1.c compilation,  -O1 
UNRESOLVED: gcc.c-torture/execute/20040411-1.c execution,  -O1 
FAIL: gcc.c-torture/execute/20040411-1.c compilation,  -O2 
UNRESOLVED: gcc.c-torture/execute/20040411-1.c execution,  -O2 
FAIL: gcc.c-torture/execute/20040411-1.c compilation,  -O3 -fomit-frame-pointer 
UNRESOLVED: gcc.c-torture/execute/20040411-1.c execution,  -O3 -fomit-frame-pointer 
FAIL: gcc.c-torture/execute/20040411-1.c compilation,  -O3 -g 
UNRESOLVED: gcc.c-torture/execute/20040411-1.c execution,  -O3 -g 
FAIL: gcc.c-torture/execute/20040411-1.c compilation,  -Os 
UNRESOLVED: gcc.c-torture/execute/20040411-1.c execution,  -Os 
FAIL: gcc.c-torture/execute/20040411-1.c compilation,  -O2 -flto -fno-use-linker-plugin -flto-partition=none 
UNRESOLVED: gcc.c-torture/execute/20040411-1.c execution,  -O2 -flto -fno-use-linker-plugin -flto-partition=none 
FAIL: gcc.c-torture/execute/20040411-1.c compilation,  -O2 -flto -fuse-linker-plugin -fno-fat-lto-objects 
UNRESOLVED: gcc.c-torture/execute/20040411-1.c execution,  -O2 -flto -fuse-linker-plugin -fno-fat-lto-objects 
FAIL: gcc.c-torture/execute/20040423-1.c compilation,  -O0 
UNRESOLVED: gcc.c-torture/execute/20040423-1.c execution,  -O0 
FAIL: gcc.c-torture/execute/20040423-1.c compilation,  -O1 
UNRESOLVED: gcc.c-torture/execute/20040423-1.c execution,  -O1 
FAIL: gcc.c-torture/execute/20040423-1.c compilation,  -O2 
UNRESOLVED: gcc.c-torture/execute/20040423-1.c execution,  -O2 
FAIL: gcc.c-torture/execute/20040423-1.c compilation,  -O3 -fomit-frame-pointer 
UNRESOLVED: gcc.c-torture/execute/20040423-1.c execution,  -O3 -fomit-frame-pointer 
FAIL: gcc.c-torture/execute/20040423-1.c compilation,  -O3 -g 
UNRESOLVED: gcc.c-torture/execute/20040423-1.c execution,  -O3 -g 
FAIL: gcc.c-torture/execute/20040423-1.c compilation,  -Os 
UNRESOLVED: gcc.c-torture/execute/20040423-1.c execution,  -Os 
FAIL: gcc.c-torture/execute/20040423-1.c compilation,  -O2 -flto -fno-use-linker-plugin -flto-partition=none 
UNRESOLVED: gcc.c-torture/execute/20040423-1.c execution,  -O2 -flto -fno-use-linker-plugin -flto-partition=none 
FAIL: gcc.c-torture/execute/20040423-1.c compilation,  -O2 -flto -fuse-linker-plugin -fno-fat-lto-objects 
UNRESOLVED: gcc.c-torture/execute/20040423-1.c execution,  -O2 -flto -fuse-linker-plugin -fno-fat-lto-objects 
FAIL: gcc.c-torture/execute/20040520-1.c compilation,  -O0 
UNRESOLVED: gcc.c-torture/execute/20040520-1.c execution,  -O0 
FAIL: gcc.c-torture/execute/20040520-1.c compilation,  -O1 
UNRESOLVED: gcc.c-torture/execute/20040520-1.c execution,  -O1 
FAIL: gcc.c-torture/execute/20040520-1.c compilation,  -O2 
UNRESOLVED: gcc.c-torture/execute/20040520-1.c execution,  -O2 
FAIL: gcc.c-torture/execute/20040520-1.c compilation,  -O3 -fomit-frame-pointer 
UNRESOLVED: gcc.c-torture/execute/20040520-1.c execution,  -O3 -fomit-frame-pointer 
FAIL: gcc.c-torture/execute/20040520-1.c compilation,  -O3 -g 
UNRESOLVED: gcc.c-torture/execute/20040520-1.c execution,  -O3 -g 
FAIL: gcc.c-torture/execute/20040520-1.c compilation,  -Os 
UNRESOLVED: gcc.c-torture/execute/20040520-1.c execution,  -Os 
FAIL: gcc.c-torture/execute/20040520-1.c compilation,  -O2 -flto -fno-use-linker-plugin -flto-partition=none 
UNRESOLVED: gcc.c-torture/execute/20040520-1.c execution,  -O2 -flto -fno-use-linker-plugin -flto-partition=none 
FAIL: gcc.c-torture/execute/20040520-1.c compilation,  -O2 -flto -fuse-linker-plugin -fno-fat-lto-objects 
UNRESOLVED: gcc.c-torture/execute/20040520-1.c execution,  -O2 -flto -fuse-linker-plugin -fno-fat-lto-objects 
FAIL: gcc.c-torture/execute/20040625-1.c compilation,  -O0 
UNRESOLVED: gcc.c-torture/execute/20040625-1.c execution,  -O0 
FAIL: gcc.c-torture/execute/20040625-1.c compilation,  -O1 
UNRESOLVED: gcc.c-torture/execute/20040625-1.c execution,  -O1 
FAIL: gcc.c-torture/execute/20040625-1.c compilation,  -O2 
UNRESOLVED: gcc.c-torture/execute/20040625-1.c execution,  -O2 
FAIL: gcc.c-torture/execute/20040625-1.c compilation,  -O3 -fomit-frame-pointer 
UNRESOLVED: gcc.c-torture/execute/20040625-1.c execution,  -O3 -fomit-frame-pointer 
FAIL: gcc.c-torture/execute/20040625-1.c compilation,  -O3 -g 
UNRESOLVED: gcc.c-torture/execute/20040625-1.c execution,  -O3 -g 
FAIL: gcc.c-torture/execute/20040625-1.c compilation,  -Os 
UNRESOLVED: gcc.c-torture/execute/20040625-1.c execution,  -Os 
FAIL: gcc.c-torture/execute/20040625-1.c compilation,  -O2 -flto -fno-use-linker-plugin -flto-partition=none 
UNRESOLVED: gcc.c-torture/execute/20040625-1.c execution,  -O2 -flto -fno-use-linker-plugin -flto-partition=none 
FAIL: gcc.c-torture/execute/20040625-1.c compilation,  -O2 -flto -fuse-linker-plugin -fno-fat-lto-objects 
UNRESOLVED: gcc.c-torture/execute/20040625-1.c execution,  -O2 -flto -fuse-linker-plugin -fno-fat-lto-objects 
FAIL: gcc.c-torture/execute/20040629-1.c compilation,  -O0 
UNRESOLVED: gcc.c-torture/execute/20040629-1.c execution,  -O0 
FAIL: gcc.c-torture/execute/20040629-1.c compilation,  -O1 
UNRESOLVED: gcc.c-torture/execute/20040629-1.c execution,  -O1 
FAIL: gcc.c-torture/execute/20040629-1.c compilation,  -O2 
UNRESOLVED: gcc.c-torture/execute/20040629-1.c execution,  -O2 
FAIL: gcc.c-torture/execute/20040629-1.c compilation,  -O3 -fomit-frame-pointer 
UNRESOLVED: gcc.c-torture/execute/20040629-1.c execution,  -O3 -fomit-frame-pointer 
FAIL: gcc.c-torture/execute/20040629-1.c compilation,  -O3 -g 
UNRESOLVED: gcc.c-torture/execute/20040629-1.c execution,  -O3 -g 
FAIL: gcc.c-torture/execute/20040629-1.c compilation,  -Os 
UNRESOLVED: gcc.c-torture/execute/20040629-1.c execution,  -Os 
FAIL: gcc.c-torture/execute/20040629-1.c compilation,  -O2 -flto -fno-use-linker-plugin -flto-partition=none 
UNRESOLVED: gcc.c-torture/execute/20040629-1.c execution,  -O2 -flto -fno-use-linker-plugin -flto-partition=none 
FAIL: gcc.c-torture/execute/20040629-1.c compilation,  -O2 -flto -fuse-linker-plugin -fno-fat-lto-objects 
UNRESOLVED: gcc.c-torture/execute/20040629-1.c execution,  -O2 -flto -fuse-linker-plugin -fno-fat-lto-objects 
FAIL: gcc.c-torture/execute/20040703-1.c compilation,  -O0 
UNRESOLVED: gcc.c-torture/execute/20040703-1.c execution,  -O0 
FAIL: gcc.c-torture/execute/20040703-1.c compilation,  -O1 
UNRESOLVED: gcc.c-torture/execute/20040703-1.c execution,  -O1 
FAIL: gcc.c-torture/execute/20040703-1.c compilation,  -O2 
UNRESOLVED: gcc.c-torture/execute/20040703-1.c execution,  -O2 
FAIL: gcc.c-torture/execute/20040703-1.c compilation,  -O3 -fomit-frame-pointer 
UNRESOLVED: gcc.c-torture/execute/20040703-1.c execution,  -O3 -fomit-frame-pointer 
FAIL: gcc.c-torture/execute/20040703-1.c compilation,  -O3 -g 
UNRESOLVED: gcc.c-torture/execute/20040703-1.c execution,  -O3 -g 
FAIL: gcc.c-torture/execute/20040703-1.c compilation,  -Os 
UNRESOLVED: gcc.c-torture/execute/20040703-1.c execution,  -Os 
FAIL: gcc.c-torture/execute/20040703-1.c compilation,  -O2 -flto -fno-use-linker-plugin -flto-partition=none 
UNRESOLVED: gcc.c-torture/execute/20040703-1.c execution,  -O2 -flto -fno-use-linker-plugin -flto-partition=none 
FAIL: gcc.c-torture/execute/20040703-1.c compilation,  -O2 -flto -fuse-linker-plugin -fno-fat-lto-objects 
UNRESOLVED: gcc.c-torture/execute/20040703-1.c execution,  -O2 -flto -fuse-linker-plugin -fno-fat-lto-objects 
FAIL: gcc.c-torture/execute/20040704-1.c compilation,  -O0 
UNRESOLVED: gcc.c-torture/execute/20040704-1.c execution,  -O0 
FAIL: gcc.c-torture/execute/20040704-1.c compilation,  -O1 
UNRESOLVED: gcc.c-torture/execute/20040704-1.c execution,  -O1 
FAIL: gcc.c-torture/execute/20040704-1.c compilation,  -O2 
UNRESOLVED: gcc.c-torture/execute/20040704-1.c execution,  -O2 
FAIL: gcc.c-torture/execute/20040704-1.c compilation,  -O3 -fomit-frame-pointer 
UNRESOLVED: gcc.c-torture/execute/20040704-1.c execution,  -O3 -fomit-frame-pointer 
FAIL: gcc.c-torture/execute/20040704-1.c compilation,  -O3 -fomit-frame-pointer -funroll-loops 
UNRESOLVED: gcc.c-torture/execute/20040704-1.c execution,  -O3 -fomit-frame-pointer -funroll-loops 
FAIL: gcc.c-torture/execute/20040704-1.c compilation,  -O3 -fomit-frame-pointer -funroll-all-loops -finline-functions 
UNRESOLVED: gcc.c-torture/execute/20040704-1.c execution,  -O3 -fomit-frame-pointer -funroll-all-loops -finline-functions 
FAIL: gcc.c-torture/execute/20040704-1.c compilation,  -O3 -g 
UNRESOLVED: gcc.c-torture/execute/20040704-1.c execution,  -O3 -g 
FAIL: gcc.c-torture/execute/20040704-1.c compilation,  -Os 
UNRESOLVED: gcc.c-torture/execute/20040704-1.c execution,  -Os 
FAIL: gcc.c-torture/execute/20040704-1.c compilation,  -O2 -flto -fno-use-linker-plugin -flto-partition=none 
UNRESOLVED: gcc.c-torture/execute/20040704-1.c execution,  -O2 -flto -fno-use-linker-plugin -flto-partition=none 
FAIL: gcc.c-torture/execute/20040704-1.c compilation,  -O2 -flto -fuse-linker-plugin -fno-fat-lto-objects 
UNRESOLVED: gcc.c-torture/execute/20040704-1.c execution,  -O2 -flto -fuse-linker-plugin -fno-fat-lto-objects 
FAIL: gcc.c-torture/execute/20040705-1.c compilation,  -O0 
UNRESOLVED: gcc.c-torture/execute/20040705-1.c execution,  -O0 
FAIL: gcc.c-torture/execute/20040705-1.c compilation,  -O1 
UNRESOLVED: gcc.c-torture/execute/20040705-1.c execution,  -O1 
FAIL: gcc.c-torture/execute/20040705-1.c compilation,  -O2 
UNRESOLVED: gcc.c-torture/execute/20040705-1.c execution,  -O2 
FAIL: gcc.c-torture/execute/20040705-1.c compilation,  -O3 -fomit-frame-pointer 
UNRESOLVED: gcc.c-torture/execute/20040705-1.c execution,  -O3 -fomit-frame-pointer 
FAIL: gcc.c-torture/execute/20040705-1.c compilation,  -O3 -g 
UNRESOLVED: gcc.c-torture/execute/20040705-1.c execution,  -O3 -g 
FAIL: gcc.c-torture/execute/20040705-1.c compilation,  -Os 
UNRESOLVED: gcc.c-torture/execute/20040705-1.c execution,  -Os 
FAIL: gcc.c-torture/execute/20040705-1.c compilation,  -O2 -flto -fno-use-linker-plugin -flto-partition=none 
UNRESOLVED: gcc.c-torture/execute/20040705-1.c execution,  -O2 -flto -fno-use-linker-plugin -flto-partition=none 
FAIL: gcc.c-torture/execute/20040705-1.c compilation,  -O2 -flto -fuse-linker-plugin -fno-fat-lto-objects 
UNRESOLVED: gcc.c-torture/execute/20040705-1.c execution,  -O2 -flto -fuse-linker-plugin -fno-fat-lto-objects 
FAIL: gcc.c-torture/execute/20040705-2.c compilation,  -O0 
UNRESOLVED: gcc.c-torture/execute/20040705-2.c execution,  -O0 
FAIL: gcc.c-torture/execute/20040705-2.c compilation,  -O1 
UNRESOLVED: gcc.c-torture/execute/20040705-2.c execution,  -O1 
FAIL: gcc.c-torture/execute/20040705-2.c compilation,  -O2 
UNRESOLVED: gcc.c-torture/execute/20040705-2.c execution,  -O2 
FAIL: gcc.c-torture/execute/20040705-2.c compilation,  -O3 -fomit-frame-pointer 
UNRESOLVED: gcc.c-torture/execute/20040705-2.c execution,  -O3 -fomit-frame-pointer 
FAIL: gcc.c-torture/execute/20040705-2.c compilation,  -O3 -g 
UNRESOLVED: gcc.c-torture/execute/20040705-2.c execution,  -O3 -g 
FAIL: gcc.c-torture/execute/20040705-2.c compilation,  -Os 
UNRESOLVED: gcc.c-torture/execute/20040705-2.c execution,  -Os 
FAIL: gcc.c-torture/execute/20040705-2.c compilation,  -O2 -flto -fno-use-linker-plugin -flto-partition=none 
UNRESOLVED: gcc.c-torture/execute/20040705-2.c execution,  -O2 -flto -fno-use-linker-plugin -flto-partition=none 
FAIL: gcc.c-torture/execute/20040705-2.c compilation,  -O2 -flto -fuse-linker-plugin -fno-fat-lto-objects 
UNRESOLVED: gcc.c-torture/execute/20040705-2.c execution,  -O2 -flto -fuse-linker-plugin -fno-fat-lto-objects 
FAIL: gcc.c-torture/execute/20040706-1.c compilation,  -O0 
UNRESOLVED: gcc.c-torture/execute/20040706-1.c execution,  -O0 
FAIL: gcc.c-torture/execute/20040706-1.c compilation,  -O1 
UNRESOLVED: gcc.c-torture/execute/20040706-1.c execution,  -O1 
FAIL: gcc.c-torture/execute/20040706-1.c compilation,  -O2 
UNRESOLVED: gcc.c-torture/execute/20040706-1.c execution,  -O2 
FAIL: gcc.c-torture/execute/20040706-1.c compilation,  -O3 -fomit-frame-pointer 
UNRESOLVED: gcc.c-torture/execute/20040706-1.c execution,  -O3 -fomit-frame-pointer 
FAIL: gcc.c-torture/execute/20040706-1.c compilation,  -O3 -fomit-frame-pointer -funroll-loops 
UNRESOLVED: gcc.c-torture/execute/20040706-1.c execution,  -O3 -fomit-frame-pointer -funroll-loops 
FAIL: gcc.c-torture/execute/20040706-1.c compilation,  -O3 -fomit-frame-pointer -funroll-all-loops -finline-functions 
UNRESOLVED: gcc.c-torture/execute/20040706-1.c execution,  -O3 -fomit-frame-pointer -funroll-all-loops -finline-functions 
FAIL: gcc.c-torture/execute/20040706-1.c compilation,  -O3 -g 
UNRESOLVED: gcc.c-torture/execute/20040706-1.c execution,  -O3 -g 
FAIL: gcc.c-torture/execute/20040706-1.c compilation,  -Os 
UNRESOLVED: gcc.c-torture/execute/20040706-1.c execution,  -Os 
FAIL: gcc.c-torture/execute/20040706-1.c compilation,  -O2 -flto -fno-use-linker-plugin -flto-partition=none 
UNRESOLVED: gcc.c-torture/execute/20040706-1.c execution,  -O2 -flto -fno-use-linker-plugin -flto-partition=none 
FAIL: gcc.c-torture/execute/20040706-1.c compilation,  -O2 -flto -fuse-linker-plugin -fno-fat-lto-objects 
UNRESOLVED: gcc.c-torture/execute/20040706-1.c execution,  -O2 -flto -fuse-linker-plugin -fno-fat-lto-objects 
FAIL: gcc.c-torture/execute/20040707-1.c compilation,  -O0 
UNRESOLVED: gcc.c-torture/execute/20040707-1.c execution,  -O0 
FAIL: gcc.c-torture/execute/20040707-1.c compilation,  -O1 
UNRESOLVED: gcc.c-torture/execute/20040707-1.c execution,  -O1 
FAIL: gcc.c-torture/execute/20040707-1.c compilation,  -O2 
UNRESOLVED: gcc.c-torture/execute/20040707-1.c execution,  -O2 
FAIL: gcc.c-torture/execute/20040707-1.c compilation,  -O3 -fomit-frame-pointer 
UNRESOLVED: gcc.c-torture/execute/20040707-1.c execution,  -O3 -fomit-frame-pointer 
FAIL: gcc.c-torture/execute/20040707-1.c compilation,  -O3 -g 
UNRESOLVED: gcc.c-torture/execute/20040707-1.c execution,  -O3 -g 
FAIL: gcc.c-torture/execute/20040707-1.c compilation,  -Os 
UNRESOLVED: gcc.c-torture/execute/20040707-1.c execution,  -Os 
FAIL: gcc.c-torture/execute/20040707-1.c compilation,  -O2 -flto -fno-use-linker-plugin -flto-partition=none 
UNRESOLVED: gcc.c-torture/execute/20040707-1.c execution,  -O2 -flto -fno-use-linker-plugin -flto-partition=none 
FAIL: gcc.c-torture/execute/20040707-1.c compilation,  -O2 -flto -fuse-linker-plugin -fno-fat-lto-objects 
UNRESOLVED: gcc.c-torture/execute/20040707-1.c execution,  -O2 -flto -fuse-linker-plugin -fno-fat-lto-objects 
FAIL: gcc.c-torture/execute/20040709-1.c compilation,  -O0 
UNRESOLVED: gcc.c-torture/execute/20040709-1.c execution,  -O0 
FAIL: gcc.c-torture/execute/20040709-1.c compilation,  -O1 
UNRESOLVED: gcc.c-torture/execute/20040709-1.c execution,  -O1 
FAIL: gcc.c-torture/execute/20040709-1.c compilation,  -O2 
UNRESOLVED: gcc.c-torture/execute/20040709-1.c execution,  -O2 
FAIL: gcc.dg/c99-stdint-1.c (test for excess errors)
FAIL: gcc.dg/uninit-13.c unconditional (test for warnings, line 8)
FAIL: gcc.dg/uninit-13.c (test for excess errors)
UNRESOLVED: selfassign.c compilation, -I. -I/build/buildd-gcc-4.7_4.7.0~rc1-2-s390-2G4rdw/gcc-4.7-4.7.0~rc1/src/gcc/testsuite -I/build/buildd-gcc-4.7_4.7.0~rc1-2-s390-2G4rdw/gcc-4.7-4.7.0~rc1/src/gcc/testsuite/../../gcc -I/build/buildd-gcc-4.7_4.7.0~rc1-2-s390-2G4rdw/gcc-4.7-4.7.0~rc1/build/gcc/testsuite/gcc/../../../gcc  -I/build/buildd-gcc-4.7_4.7.0~rc1-2-s390-2G4rdw/gcc-4.7-4.7.0~rc1/src/gcc/testsuite/../../include -I/build/buildd-gcc-4.7_4.7.0~rc1-2-s390-2G4rdw/gcc-4.7-4.7.0~rc1/src/gcc/testsuite/../../libcpp/include   -I/build/buildd-gcc-4.7_4.7.0~rc1-2-s390-2G4rdw/gcc-4.7-4.7.0~rc1/build/gcc/testsuite/gcc/../../../intl -O -DIN_GCC -fPIC -shared
UNRESOLVED: ggcplug.c compilation, -I. -I/build/buildd-gcc-4.7_4.7.0~rc1-2-s390-2G4rdw/gcc-4.7-4.7.0~rc1/src/gcc/testsuite -I/build/buildd-gcc-4.7_4.7.0~rc1-2-s390-2G4rdw/gcc-4.7-4.7.0~rc1/src/gcc/testsuite/../../gcc -I/build/buildd-gcc-4.7_4.7.0~rc1-2-s390-2G4rdw/gcc-4.7-4.7.0~rc1/build/gcc/testsuite/gcc/../../../gcc  -I/build/buildd-gcc-4.7_4.7.0~rc1-2-s390-2G4rdw/gcc-4.7-4.7.0~rc1/src/gcc/testsuite/../../include -I/build/buildd-gcc-4.7_4.7.0~rc1-2-s390-2G4rdw/gcc-4.7-4.7.0~rc1/src/gcc/testsuite/../../libcpp/include   -I/build/buildd-gcc-4.7_4.7.0~rc1-2-s390-2G4rdw/gcc-4.7-4.7.0~rc1/build/gcc/testsuite/gcc/../../../intl -O -DIN_GCC -fPIC -shared
UNRESOLVED: one_time_plugin.c compilation, -I. -I/build/buildd-gcc-4.7_4.7.0~rc1-2-s390-2G4rdw/gcc-4.7-4.7.0~rc1/src/gcc/testsuite -I/build/buildd-gcc-4.7_4.7.0~rc1-2-s390-2G4rdw/gcc-4.7-4.7.0~rc1/src/gcc/testsuite/../../gcc -I/build/buildd-gcc-4.7_4.7.0~rc1-2-s390-2G4rdw/gcc-4.7-4.7.0~rc1/build/gcc/testsuite/gcc/../../../gcc  -I/build/buildd-gcc-4.7_4.7.0~rc1-2-s390-2G4rdw/gcc-4.7-4.7.0~rc1/src/gcc/testsuite/../../include -I/build/buildd-gcc-4.7_4.7.0~rc1-2-s390-2G4rdw/gcc-4.7-4.7.0~rc1/src/gcc/testsuite/../../libcpp/include   -I/build/buildd-gcc-4.7_4.7.0~rc1-2-s390-2G4rdw/gcc-4.7-4.7.0~rc1/build/gcc/testsuite/gcc/../../../intl  -DIN_GCC -fPIC -shared
UNRESOLVED: start_unit_plugin.c compilation, -I. -I/build/buildd-gcc-4.7_4.7.0~rc1-2-s390-2G4rdw/gcc-4.7-4.7.0~rc1/src/gcc/testsuite -I/build/buildd-gcc-4.7_4.7.0~rc1-2-s390-2G4rdw/gcc-4.7-4.7.0~rc1/src/gcc/testsuite/../../gcc -I/build/buildd-gcc-4.7_4.7.0~rc1-2-s390-2G4rdw/gcc-4.7-4.7.0~rc1/build/gcc/testsuite/gcc/../../../gcc  -I/build/buildd-gcc-4.7_4.7.0~rc1-2-s390-2G4rdw/gcc-4.7-4.7.0~rc1/src/gcc/testsuite/../../include -I/build/buildd-gcc-4.7_4.7.0~rc1-2-s390-2G4rdw/gcc-4.7-4.7.0~rc1/src/gcc/testsuite/../../libcpp/include   -I/build/buildd-gcc-4.7_4.7.0~rc1-2-s390-2G4rdw/gcc-4.7-4.7.0~rc1/build/gcc/testsuite/gcc/../../../intl  -DIN_GCC -fPIC -shared
UNRESOLVED: finish_unit_plugin.c compilation, -I. -I/build/buildd-gcc-4.7_4.7.0~rc1-2-s390-2G4rdw/gcc-4.7-4.7.0~rc1/src/gcc/testsuite -I/build/buildd-gcc-4.7_4.7.0~rc1-2-s390-2G4rdw/gcc-4.7-4.7.0~rc1/src/gcc/testsuite/../../gcc -I/build/buildd-gcc-4.7_4.7.0~rc1-2-s390-2G4rdw/gcc-4.7-4.7.0~rc1/build/gcc/testsuite/gcc/../../../gcc  -I/build/buildd-gcc-4.7_4.7.0~rc1-2-s390-2G4rdw/gcc-4.7-4.7.0~rc1/src/gcc/testsuite/../../include -I/build/buildd-gcc-4.7_4.7.0~rc1-2-s390-2G4rdw/gcc-4.7-4.7.0~rc1/src/gcc/testsuite/../../libcpp/include   -I/build/buildd-gcc-4.7_4.7.0~rc1-2-s390-2G4rdw/gcc-4.7-4.7.0~rc1/build/gcc/testsuite/gcc/../../../intl  -DIN_GCC -fPIC -shared
FAIL: gcc.dg/torture/tls/run-gd.c  -O0  (test for excess errors)
FAIL: gcc.dg/torture/tls/run-gd.c  -O0  execution test
FAIL: gcc.dg/torture/tls/run-gd.c  -O1  (test for excess errors)
FAIL: gcc.dg/torture/tls/run-gd.c  -O2  (test for excess errors)
FAIL: gcc.dg/torture/tls/run-gd.c  -O3 -fomit-frame-pointer  (test for excess errors)
FAIL: gcc.dg/torture/tls/run-gd.c  -O3 -g  (test for excess errors)
FAIL: gcc.dg/torture/tls/run-gd.c  -Os  (test for excess errors)
FAIL: gcc.dg/torture/tls/run-gd.c  -O2 -flto -fno-use-linker-plugin -flto-partition=none  (test for excess errors)
FAIL: gcc.dg/torture/tls/run-ld.c  -O0  (test for excess errors)
FAIL: gcc.dg/torture/tls/run-ld.c  -O0  execution test
FAIL: gcc.dg/torture/tls/run-ld.c  -O1  (test for excess errors)
FAIL: gcc.dg/torture/tls/run-ld.c  -O1  execution test
FAIL: gcc.dg/torture/tls/run-ld.c  -O2  (test for excess errors)
FAIL: gcc.dg/torture/tls/run-ld.c  -O2  execution test
FAIL: gcc.dg/torture/tls/run-ld.c  -O3 -fomit-frame-pointer  (test for excess errors)
FAIL: gcc.dg/torture/tls/run-ld.c  -O3 -fomit-frame-pointer  execution test
FAIL: gcc.dg/torture/tls/run-ld.c  -O3 -g  (test for excess errors)
FAIL: gcc.dg/torture/tls/run-ld.c  -O3 -g  execution test
FAIL: gcc.dg/torture/tls/run-ld.c  -Os  (test for excess errors)
FAIL: gcc.dg/torture/tls/run-ld.c  -Os  execution test
FAIL: gcc.dg/torture/tls/run-ld.c  -O2 -flto -fno-use-linker-plugin -flto-partition=none  (test for excess errors)
FAIL: gcc.dg/torture/tls/run-ld.c  -O2 -flto -fno-use-linker-plugin -flto-partition=none  execution test
XPASS: gcc.dg/tree-ssa/20040204-1.c scan-tree-dump-times optimized "link_error" 0

		=== gcc Summary for unix/-fstack-protector ===

# of expected passes		73162
# of unexpected failures	334
# of unexpected successes	1
# of expected failures		110
# of unresolved testcases	314
# of unsupported tests		1171

Running target unix/-m64
FAIL: gcc.dg/uninit-13.c unconditional (test for warnings, line 8)
FAIL: gcc.dg/uninit-13.c (test for excess errors)
UNRESOLVED: selfassign.c compilation, -I. -I/build/buildd-gcc-4.7_4.7.0~rc1-2-s390-2G4rdw/gcc-4.7-4.7.0~rc1/src/gcc/testsuite -I/build/buildd-gcc-4.7_4.7.0~rc1-2-s390-2G4rdw/gcc-4.7-4.7.0~rc1/src/gcc/testsuite/../../gcc -I/build/buildd-gcc-4.7_4.7.0~rc1-2-s390-2G4rdw/gcc-4.7-4.7.0~rc1/build/gcc/testsuite/gcc/../../../gcc  -I/build/buildd-gcc-4.7_4.7.0~rc1-2-s390-2G4rdw/gcc-4.7-4.7.0~rc1/src/gcc/testsuite/../../include -I/build/buildd-gcc-4.7_4.7.0~rc1-2-s390-2G4rdw/gcc-4.7-4.7.0~rc1/src/gcc/testsuite/../../libcpp/include   -I/build/buildd-gcc-4.7_4.7.0~rc1-2-s390-2G4rdw/gcc-4.7-4.7.0~rc1/build/gcc/testsuite/gcc/../../../intl -O -DIN_GCC -fPIC -shared
UNRESOLVED: ggcplug.c compilation, -I. -I/build/buildd-gcc-4.7_4.7.0~rc1-2-s390-2G4rdw/gcc-4.7-4.7.0~rc1/src/gcc/testsuite -I/build/buildd-gcc-4.7_4.7.0~rc1-2-s390-2G4rdw/gcc-4.7-4.7.0~rc1/src/gcc/testsuite/../../gcc -I/build/buildd-gcc-4.7_4.7.0~rc1-2-s390-2G4rdw/gcc-4.7-4.7.0~rc1/build/gcc/testsuite/gcc/../../../gcc  -I/build/buildd-gcc-4.7_4.7.0~rc1-2-s390-2G4rdw/gcc-4.7-4.7.0~rc1/src/gcc/testsuite/../../include -I/build/buildd-gcc-4.7_4.7.0~rc1-2-s390-2G4rdw/gcc-4.7-4.7.0~rc1/src/gcc/testsuite/../../libcpp/include   -I/build/buildd-gcc-4.7_4.7.0~rc1-2-s390-2G4rdw/gcc-4.7-4.7.0~rc1/build/gcc/testsuite/gcc/../../../intl -O -DIN_GCC -fPIC -shared
UNRESOLVED: one_time_plugin.c compilation, -I. -I/build/buildd-gcc-4.7_4.7.0~rc1-2-s390-2G4rdw/gcc-4.7-4.7.0~rc1/src/gcc/testsuite -I/build/buildd-gcc-4.7_4.7.0~rc1-2-s390-2G4rdw/gcc-4.7-4.7.0~rc1/src/gcc/testsuite/../../gcc -I/build/buildd-gcc-4.7_4.7.0~rc1-2-s390-2G4rdw/gcc-4.7-4.7.0~rc1/build/gcc/testsuite/gcc/../../../gcc  -I/build/buildd-gcc-4.7_4.7.0~rc1-2-s390-2G4rdw/gcc-4.7-4.7.0~rc1/src/gcc/testsuite/../../include -I/build/buildd-gcc-4.7_4.7.0~rc1-2-s390-2G4rdw/gcc-4.7-4.7.0~rc1/src/gcc/testsuite/../../libcpp/include   -I/build/buildd-gcc-4.7_4.7.0~rc1-2-s390-2G4rdw/gcc-4.7-4.7.0~rc1/build/gcc/testsuite/gcc/../../../intl  -DIN_GCC -fPIC -shared
UNRESOLVED: start_unit_plugin.c compilation, -I. -I/build/buildd-gcc-4.7_4.7.0~rc1-2-s390-2G4rdw/gcc-4.7-4.7.0~rc1/src/gcc/testsuite -I/build/buildd-gcc-4.7_4.7.0~rc1-2-s390-2G4rdw/gcc-4.7-4.7.0~rc1/src/gcc/testsuite/../../gcc -I/build/buildd-gcc-4.7_4.7.0~rc1-2-s390-2G4rdw/gcc-4.7-4.7.0~rc1/build/gcc/testsuite/gcc/../../../gcc  -I/build/buildd-gcc-4.7_4.7.0~rc1-2-s390-2G4rdw/gcc-4.7-4.7.0~rc1/src/gcc/testsuite/../../include -I/build/buildd-gcc-4.7_4.7.0~rc1-2-s390-2G4rdw/gcc-4.7-4.7.0~rc1/src/gcc/testsuite/../../libcpp/include   -I/build/buildd-gcc-4.7_4.7.0~rc1-2-s390-2G4rdw/gcc-4.7-4.7.0~rc1/build/gcc/testsuite/gcc/../../../intl  -DIN_GCC -fPIC -shared
UNRESOLVED: finish_unit_plugin.c compilation, -I. -I/build/buildd-gcc-4.7_4.7.0~rc1-2-s390-2G4rdw/gcc-4.7-4.7.0~rc1/src/gcc/testsuite -I/build/buildd-gcc-4.7_4.7.0~rc1-2-s390-2G4rdw/gcc-4.7-4.7.0~rc1/src/gcc/testsuite/../../gcc -I/build/buildd-gcc-4.7_4.7.0~rc1-2-s390-2G4rdw/gcc-4.7-4.7.0~rc1/build/gcc/testsuite/gcc/../../../gcc  -I/build/buildd-gcc-4.7_4.7.0~rc1-2-s390-2G4rdw/gcc-4.7-4.7.0~rc1/src/gcc/testsuite/../../include -I/build/buildd-gcc-4.7_4.7.0~rc1-2-s390-2G4rdw/gcc-4.7-4.7.0~rc1/src/gcc/testsuite/../../libcpp/include   -I/build/buildd-gcc-4.7_4.7.0~rc1-2-s390-2G4rdw/gcc-4.7-4.7.0~rc1/build/gcc/testsuite/gcc/../../../intl  -DIN_GCC -fPIC -shared
XPASS: gcc.dg/tree-ssa/20040204-1.c scan-tree-dump-times optimized "link_error" 0
FAIL: gcc.target/s390/20020926-1.c (test for excess errors)
UNRESOLVED: gcc.target/s390/20020926-1.c scan-assembler -4096
UNRESOLVED: gcc.target/s390/20020926-1.c scan-assembler-not ahi

		=== gcc Summary for unix/-m64 ===

# of expected passes		74467
# of unexpected failures	3
# of unexpected successes	1
# of expected failures		111
# of unresolved testcases	7
# of unsupported tests		1149

		=== gcc Summary ===

# of expected passes		221409
# of unexpected failures	362
# of unexpected successes	3
# of expected failures		331
# of unresolved testcases	326
# of unsupported tests		3491
/build/buildd-gcc-4.7_4.7.0~rc1-2-s390-2G4rdw/gcc-4.7-4.7.0~rc1/build/gcc/xgcc  version 4.7.0 20120310 (prerelease) (Debian 4.7.0~rc1-2) 

		=== gfortran tests ===


Running target unix
FAIL: gfortran.dg/bessel_7.f90  -O0  execution test
FAIL: gfortran.dg/bessel_7.f90  -O1  execution test
FAIL: gfortran.dg/bessel_7.f90  -O2  execution test
FAIL: gfortran.dg/bessel_7.f90  -O3 -fomit-frame-pointer  execution test
FAIL: gfortran.dg/bessel_7.f90  -O3 -fomit-frame-pointer -funroll-loops  execution test
FAIL: gfortran.dg/bessel_7.f90  -O3 -fomit-frame-pointer -funroll-all-loops -finline-functions  execution test
FAIL: gfortran.dg/bessel_7.f90  -O3 -g  execution test
FAIL: gfortran.dg/bessel_7.f90  -Os  execution test

		=== gfortran Summary for unix ===

# of expected passes		39978
# of unexpected failures	8
# of expected failures		56
# of unsupported tests		246

Running target unix/-fstack-protector
FAIL: gfortran.dg/bessel_7.f90  -O0  execution test
FAIL: gfortran.dg/bessel_7.f90  -O1  execution test
FAIL: gfortran.dg/bessel_7.f90  -O2  execution test
FAIL: gfortran.dg/bessel_7.f90  -O3 -fomit-frame-pointer  execution test
FAIL: gfortran.dg/bessel_7.f90  -O3 -fomit-frame-pointer -funroll-loops  execution test
FAIL: gfortran.dg/bessel_7.f90  -O3 -fomit-frame-pointer -funroll-all-loops -finline-functions  execution test
FAIL: gfortran.dg/bessel_7.f90  -O3 -g  execution test
FAIL: gfortran.dg/bessel_7.f90  -Os  execution test

		=== gfortran Summary for unix/-fstack-protector ===

# of expected passes		39978
# of unexpected failures	8
# of expected failures		56
# of unsupported tests		246

Running target unix/-m64
FAIL: gfortran.dg/bessel_7.f90  -O0  execution test
FAIL: gfortran.dg/bessel_7.f90  -O1  execution test
FAIL: gfortran.dg/bessel_7.f90  -O2  execution test
FAIL: gfortran.dg/bessel_7.f90  -O3 -fomit-frame-pointer  execution test
FAIL: gfortran.dg/bessel_7.f90  -O3 -fomit-frame-pointer -funroll-loops  execution test
FAIL: gfortran.dg/bessel_7.f90  -O3 -fomit-frame-pointer -funroll-all-loops -finline-functions  execution test
FAIL: gfortran.dg/bessel_7.f90  -O3 -g  execution test
FAIL: gfortran.dg/bessel_7.f90  -Os  execution test

		=== gfortran Summary for unix/-m64 ===

# of expected passes		40305
# of unexpected failures	8
# of expected failures		56
# of unsupported tests		85

		=== gfortran Summary ===

# of expected passes		120261
# of unexpected failures	24
# of expected failures		168
# of unsupported tests		577
/build/buildd-gcc-4.7_4.7.0~rc1-2-s390-2G4rdw/gcc-4.7-4.7.0~rc1/build/gcc/testsuite/gfortran/../../gfortran  version 4.7.0 20120310 (prerelease) (Debian 4.7.0~rc1-2) 

		=== go tests ===


Running target unix
FAIL: ./tmp.go execution,  -O0 -g 
UNRESOLVED: go.test/test/235.go compilation,  -O2 -g 
UNRESOLVED: go.test/test/64bit.go -O (test for excess errors)
UNRESOLVED: go.test/test/chan/doubleselect.go compilation,  -O2 -g 
FAIL: go.test/test/chan/select3.go execution,  -O2 -g 
FAIL: go.test/test/closedchan.go execution,  -O2 -g 
FAIL: go.test/test/cmp.go execution,  -O2 -g 
FAIL: go.test/test/env.go execution,  -O2 -g 
FAIL: go.test/test/fixedbugs/bug113.go execution,  -O2 -g 
FAIL: go.test/test/fixedbugs/bug148.go execution,  -O2 -g 
FAIL: go.test/test/fixedbugs/bug266.go execution,  -O2 -g 
FAIL: go.test/test/fixedbugs/bug272.go execution,  -O2 -g 
FAIL: go.test/test/fixedbugs/bug273.go execution,  -O2 -g 
FAIL: go.test/test/fixedbugs/bug324.go
UNRESOLVED: go.test/test/if.go compilation,  -O2 -g 
FAIL: go.test/test/interface/fail.go execution,  -O2 -g 
FAIL: go.test/test/interface/noeq.go execution,  -O2 -g 
FAIL: go.test/test/interface/returntype.go execution,  -O2 -g 
FAIL: go.test/test/nil.go execution,  -O2 -g 
FAIL: go.test/test/nilptr.go execution,  -O2 -g 
FAIL: go.test/test/recover.go execution,  -O2 -g 
FAIL: go.test/test/recover1.go execution,  -O2 -g 
FAIL: go.test/test/recover2.go execution,  -O2 -g 
FAIL: go.test/test/recover3.go execution,  -O2 -g 
FAIL: go.test/test/reorder.go execution,  -O2 -g 
ERROR: s390-ibm-linux-gnu: unhandled architecture
ERROR: s390-ibm-linux-gnu: unhandled architecture
ERROR: s390-ibm-linux-gnu: unhandled architecture
ERROR: s390-ibm-linux-gnu: unhandled architecture

		=== go Summary for unix ===

# of expected passes		3267
# of unexpected failures	21
# of expected failures		4
# of untested testcases		6
# of unresolved testcases	4

Running target unix/-fstack-protector
FAIL: ./tmp.go execution,  -O0 -g 
UNRESOLVED: go.test/test/235.go compilation,  -O2 -g 
UNRESOLVED: go.test/test/64bit.go -O (test for excess errors)
UNRESOLVED: go.test/test/chan/doubleselect.go compilation,  -O2 -g 
FAIL: go.test/test/chan/select3.go execution,  -O2 -g 
FAIL: go.test/test/closedchan.go execution,  -O2 -g 
FAIL: go.test/test/cmp.go execution,  -O2 -g 
FAIL: go.test/test/env.go execution,  -O2 -g 
FAIL: go.test/test/fixedbugs/bug113.go execution,  -O2 -g 
FAIL: go.test/test/fixedbugs/bug148.go execution,  -O2 -g 
FAIL: go.test/test/fixedbugs/bug266.go execution,  -O2 -g 
FAIL: go.test/test/fixedbugs/bug272.go execution,  -O2 -g 
FAIL: go.test/test/fixedbugs/bug273.go execution,  -O2 -g 
FAIL: go.test/test/fixedbugs/bug324.go
UNRESOLVED: go.test/test/if.go compilation,  -O2 -g 
FAIL: go.test/test/interface/fail.go execution,  -O2 -g 
FAIL: go.test/test/interface/noeq.go execution,  -O2 -g 
FAIL: go.test/test/interface/returntype.go execution,  -O2 -g 
FAIL: go.test/test/nil.go execution,  -O2 -g 
FAIL: go.test/test/nilptr.go execution,  -O2 -g 
FAIL: go.test/test/recover.go execution,  -O2 -g 
FAIL: go.test/test/recover1.go execution,  -O2 -g 
FAIL: go.test/test/recover2.go execution,  -O2 -g 
FAIL: go.test/test/recover3.go execution,  -O2 -g 
FAIL: go.test/test/reorder.go execution,  -O2 -g 
ERROR: s390-ibm-linux-gnu: unhandled architecture
ERROR: s390-ibm-linux-gnu: unhandled architecture
ERROR: s390-ibm-linux-gnu: unhandled architecture
ERROR: s390-ibm-linux-gnu: unhandled architecture

		=== go Summary for unix/-fstack-protector ===

# of expected passes		3267
# of unexpected failures	21
# of expected failures		4
# of untested testcases		6
# of unresolved testcases	4

Running target unix/-m64
UNRESOLVED: go.test/test/235.go compilation,  -O2 -g 
UNRESOLVED: go.test/test/64bit.go -O (test for excess errors)
UNRESOLVED: go.test/test/chan/doubleselect.go compilation,  -O2 -g 
FAIL: go.test/test/env.go execution,  -O2 -g 
UNRESOLVED: go.test/test/if.go compilation,  -O2 -g 
FAIL: go.test/test/nilptr.go execution,  -O2 -g 
ERROR: s390-ibm-linux-gnu: unhandled architecture
ERROR: s390-ibm-linux-gnu: unhandled architecture
ERROR: s390-ibm-linux-gnu: unhandled architecture
ERROR: s390-ibm-linux-gnu: unhandled architecture

		=== go Summary for unix/-m64 ===

# of expected passes		3286
# of unexpected failures	2
# of expected failures		4
# of untested testcases		6
# of unresolved testcases	4

		=== go Summary ===

# of expected passes		9820
# of unexpected failures	44
# of expected failures		12
# of untested testcases		18
# of unresolved testcases	12
/build/buildd-gcc-4.7_4.7.0~rc1-2-s390-2G4rdw/gcc-4.7-4.7.0~rc1/build/gcc/testsuite/go/../../gccgo  version 4.7.0 20120310 (prerelease) (Debian 4.7.0~rc1-2) 

		=== obj-c++ tests ===


Running target unix

		=== obj-c++ Summary for unix ===

# of expected passes		1450
# of expected failures		2
# of unsupported tests		86

Running target unix/-fstack-protector

		=== obj-c++ Summary for unix/-fstack-protector ===

# of expected passes		1450
# of expected failures		2
# of unsupported tests		86

Running target unix/-m64

		=== obj-c++ Summary for unix/-m64 ===

# of expected passes		1442
# of expected failures		10
# of unsupported tests		86

		=== obj-c++ Summary ===

# of expected passes		4342
# of expected failures		14
# of unsupported tests		258
/build/buildd-gcc-4.7_4.7.0~rc1-2-s390-2G4rdw/gcc-4.7-4.7.0~rc1/build/gcc/testsuite/obj-c++/../../g++  version 4.7.0 20120310 (prerelease) (Debian 4.7.0~rc1-2) 

		=== objc tests ===


Running target unix

		=== objc Summary for unix ===

# of expected passes		2994
# of unsupported tests		74

Running target unix/-fstack-protector

		=== objc Summary for unix/-fstack-protector ===

# of expected passes		2994
# of unsupported tests		74

Running target unix/-m64

		=== objc Summary for unix/-m64 ===

# of expected passes		2994
# of unsupported tests		74

		=== objc Summary ===

# of expected passes		8982
# of unsupported tests		222
/build/buildd-gcc-4.7_4.7.0~rc1-2-s390-2G4rdw/gcc-4.7-4.7.0~rc1/build/gcc/xgcc  version 4.7.0 20120310 (prerelease) (Debian 4.7.0~rc1-2) 

		=== boehm-gc tests ===


Running target unix

		=== boehm-gc Summary for unix ===

# of expected passes		12
# of unsupported tests		1

Running target unix/-fstack-protector

		=== boehm-gc Summary for unix/-fstack-protector ===

# of expected passes		12
# of unsupported tests		1

Running target unix/-m64

		=== boehm-gc Summary for unix/-m64 ===

# of expected passes		12
# of unsupported tests		1

		=== boehm-gc Summary ===

# of expected passes		36
# of unsupported tests		3
		=== libffi tests ===


Running target unix

		=== libffi Summary for unix ===

# of expected passes		1634
# of expected failures		10
# of unsupported tests		55

Running target unix/-fstack-protector

		=== libffi Summary for unix/-fstack-protector ===

# of expected passes		1634
# of expected failures		10
# of unsupported tests		55

Running target unix/-m64

		=== libffi Summary for unix/-m64 ===

# of expected passes		1634
# of expected failures		10
# of unsupported tests		55

		=== libffi Summary ===

# of expected passes		4902
# of expected failures		30
# of unsupported tests		165
		=== libgo tests ===


Running target unix
FAIL: fmt
FAIL: log
FAIL: net
FAIL: reflect
FAIL: sync
FAIL: time
FAIL: debug/dwarf
FAIL: encoding/gob
FAIL: encoding/json
FAIL: html/template
FAIL: math/big
FAIL: net/http
FAIL: net/rpc
FAIL: old/regexp
FAIL: old/template
FAIL: os/user
FAIL: text/template
FAIL: text/template/parse

		=== libgo Summary for unix ===

# of expected passes		105
# of unexpected failures	18

Running target unix/-m64
FAIL: log
FAIL: net
FAIL: debug/dwarf
FAIL: os/user
FAIL: testing/quick

		=== libgo Summary for unix/-m64 ===

# of expected passes		118
# of unexpected failures	5

		=== libgo Summary ===

# of expected passes		223
# of unexpected failures	23
/build/buildd-gcc-4.7_4.7.0~rc1-2-s390-2G4rdw/gcc-4.7-4.7.0~rc1/build/./gcc/gccgo version 4.7.0 20120310 (prerelease) (Debian 4.7.0~rc1-2)

		=== libgomp tests ===


Running target unix

		=== libgomp Summary for unix ===

# of expected passes		2994
# of unsupported tests		1

Running target unix/-fstack-protector

		=== libgomp Summary for unix/-fstack-protector ===

# of expected passes		2994
# of unsupported tests		1

Running target unix/-m64

		=== libgomp Summary for unix/-m64 ===

# of expected passes		2994
# of unsupported tests		1

		=== libgomp Summary ===

# of expected passes		8982
# of unsupported tests		3
		=== libmudflap tests ===


Running target unix

		=== libmudflap Summary for unix ===

# of expected passes		1906

Running target unix/-fstack-protector

		=== libmudflap Summary for unix/-fstack-protector ===

# of expected passes		1906

Running target unix/-m64

		=== libmudflap Summary for unix/-m64 ===

# of expected passes		1906

		=== libmudflap Summary ===

# of expected passes		5718
		=== libstdc++ tests ===


Running target unix
FAIL: 22_locale/time_get/get_date/wchar_t/4.cc execution test

		=== libstdc++ Summary for unix ===

# of expected passes		8839
# of unexpected failures	1
# of expected failures		43
# of unsupported tests		143

Running target unix/-fstack-protector
FAIL: 22_locale/time_get/get_date/wchar_t/4.cc execution test

		=== libstdc++ Summary for unix/-fstack-protector ===

# of expected passes		8839
# of unexpected failures	1
# of expected failures		43
# of unsupported tests		143

Running target unix/-m64
FAIL: libstdc++-abi/abi_check
FAIL: 22_locale/time_get/get_date/wchar_t/4.cc execution test

		=== libstdc++ Summary for unix/-m64 ===

# of expected passes		8838
# of unexpected failures	2
# of expected failures		43
# of unsupported tests		143

		=== libstdc++ Summary ===

# of expected passes		26516
# of unexpected failures	4
# of expected failures		129
# of unsupported tests		429

Compiler version: 4.7.0 20120310 (prerelease) (Debian 4.7.0~rc1-2) 
Platform: s390-ibm-linux-gnu
configure flags: -v --with-pkgversion='Debian 4.7.0~rc1-2' --with-bugurl=file:///usr/share/doc/gcc-4.7/README.Bugs --enable-languages=c,c++,fortran,objc,obj-c++,go --prefix=/usr --program-suffix=-4.7 --enable-shared --enable-linker-build-id --with-system-zlib --libexecdir=/usr/lib --without-included-gettext --enable-threads=posix --with-gxx-include-dir=/usr/include/c++/4.7 --libdir=/usr/lib --enable-nls --with-sysroot=/ --enable-clocale=gnu --enable-libstdcxx-debug --enable-libstdcxx-time=yes --enable-gnu-unique-object --disable-libitm --enable-plugin --enable-objc-gc --with-long-double-128 --enable-targets=all --enable-checking=release --build=s390-linux-gnu --host=s390-linux-gnu --target=s390-linux-gnu
BOOT_CFLAGS=


Build Dependencies:
Desired=Unknown/Install/Remove/Purge/Hold
| Status=Not/Inst/Conf-files/Unpacked/halF-conf/Half-inst/trig-aWait/Trig-pend
|/ Err?=(none)/Reinst-required (Status,Err: uppercase=bad)
||/ Name                               Version               Description
+++-==================================-=====================-=======================================================================
ii  binutils                           2.22-5                GNU assembler, linker and binary utilities
ii  g++-4.6                            4.6.3-1               GNU C++ compiler
ii  g++-4.6-multilib                   4.6.3-1               GNU C++ compiler (multilib files)
ii  g++-multilib                       4:4.6.2-4             GNU C++ compiler (multilib files)
ii  libc6                              2.13-27               Embedded GNU C Library: Shared libraries
ii  libcloog-ppl-dev                   0.15.11-4             Chunky Loop Generator (development files)
ii  libgmp-dev                         2:5.0.4+dfsg-1        Multiprecision arithmetic library developers tools
ii  libmpc-dev                         0.9-4                 multiple precision complex floating-point library development package
ii  libmpfr-dev                        3.1.0-4               multiple precision floating-point computation developers tools
ii  libppl0.11-dev                     0.11.2-6              Parma Polyhedra Library (development)


svn-updates:
  updates from the 4.7 branch upto 20120310 (r185183).

gcc-gfdl-build:
  Build a dummy s-tm-texi without access to the texinfo sources

gcc-textdomain:
  Set gettext's domain and textdomain to the versioned package name.

gcc-driver-extra-langs:
  Add options and specs for languages that are not built from a source
  (but built from separate sources).

gcc-hash-style-both:
  Link using --hash-style=both (alpha, amd64, armel, armhf, ia64, i386, powerpc, ppc64, s390, sparc)

libstdc++-pic:
  Build and install libstdc++_pic.a library.

libstdc++-doclink:
  adjust hrefs to point to the local documentation

libstdc++-man-3cxx:
  Install libstdc++ man pages with suffix .3cxx instead of .3

libstdc++-test-installed:
  Add support to run the libstdc++-v3 testsuite using the
  installed shared libraries.

libjava-stacktrace:
  libgcj: Lookup source file name and line number in separated
  debug files found in /usr/lib/debug

libjava-jnipath:
  - Add /usr/lib/jni and /usr/lib/<multiarch>/jni to java.library.path.
  - When running the i386 binaries on amd64, look in
  - /usr/lib32/gcj-x.y and /usr/lib32/jni instead.

libjava-sjlj:
  Don't try to use _Unwind_Backtrace on SJLJ targets.
  See bug #387875, #388505, GCC PR 29206.

libjava-disable-plugin:
  Don't build the gcjwebplugin, even when configured with --enable-plugin

alpha-no-ev4-directive:
  never emit .ev4 directive.

boehm-gc-getnprocs:
  boehm-gc/pthread_support.c (GC_get_nprocs): Use sysconf as fallback.

note-gnu-stack:
  Add .note.GNU-stack sections for gcc's crt files, libffi and boehm-gc
  Taken from FC.

libgomp-omp_h-multilib:
  Fix up omp.h for multilibs.

sparc-force-cpu:
  On sparc default to ultrasparc (v9a) in 32bit mode

pr24619:
  Proposed patch for PR mudflap/24619 (instrumentation of dlopen)

gccgo-version:
  Omit the subminor number from the go libdir

pr45078:
  Proposed patch for PR plugin/45078

pr47818:
  Fix PR ada/47818: Pragma Assert is rejected with No_Implementation_Pragmas restriction.

pr49940:
  Apply proposed patch for PR ada/49940.

pr49944:
  apply proposed patch for PR ada/49444.

libffi-kfreebsd:
  libffi:  Define FFI_MMAP_EXEC_WRIT on kfreebsd-*.

gcc-base-version:
  Set base version to 4.7, introduce full version 4.7.x.

libffi-powerpc-sf:

libffi-powerpc-sysv-without-string-ops:

mudflapth-link:
  Link libmudflapth.so with -lpthread

libffi-m68k:

gcc-d-lang:
  Add D options and specs for the gcc driver.

gcc-sysroot:

libgo-mksysinfo:
  libgo: Fix TIOCNOTTY and TIOCSCTTY definitions

arm-dynamic-linker:
  For ARM hard float, set the dynamic linker to
  /lib/arm-linux-gnueabihf/ld-linux.so.3.

arm-multilib:
  ARM hard/soft float multilib

gcc-ice-hack:
  Retry the build on an ice, save the calling options and preprocessed
  source when the ice is reproducible.

gcc-ice-apport:
  Report an ICE to apport (if apport is available
  and the environment variable GCC_NOAPPORT is not set)

libjava-fixed-symlinks:
  Remove unneed '..' elements from symlinks in JAVA_HOME

libstdc++-arm-wno-abi:
  Temporary work around:
  On arm-linux-gnueabi run the libstdc++v3 testsuite with -Wno-abi

ada-mips:
  Improve support for mips.

libffi-ro-eh_frame_sect:
  PR libffi/47248, force a read only eh frame section.

gcc-multiarch:
  Add multiarch support to GCC.
  
  Convert the multilib option to a target triplet,
  add multiarch include directories and libraries path:
  	/usr/local/include/<arch>-linux-gnu
  	/usr/include/<arch>-linux-gnu
  	/usr/lib/<arch>-linux-gnu
  to the system paths.

libjava-multiarch:
  Install libjava libraries to multiarch location

libjava-nobiarch-check:
  For biarch builds, disable the testsuite for the non-default architecture
  for runtime libraries, which are not built by default (libjava).

config-ml:
  disable some biarch libraries for biarch builds

gcc-powerpc-nof:
  Don't build nof multlib on powerpc.

gcc-powerpc-undef:
  Undefine LINK_EH_SPEC before redefining it
  http://gcc.gnu.org/ml/gcc-patches/2011-02/msg01082.html

gcc-no-add-needed:
  On linux targets pass --no-add-needed to the linker.

mips-fix-loongson2f-nop:
  On mips, pass -mfix-loongson2f-nop to as, if -mno-fix-loongson2f-nop
  is not passed.

libgomp-kfreebsd-testsuite:
  Disable lock-2.c test on kfreebsd-*

armhf-triplet:
  add support for arm-linux-*eabi* triplets; useful for armhf

Counting all warnings,
there are 0 warnings in stage3 of this bootstrap.

Number of warnings per file:

Number of warning types:


Index Nav: [Date Index] [Subject Index] [Author Index] [Thread Index]
Message Nav: [Date Prev] [Date Next] [Thread Prev] [Thread Next]