This is the mail archive of the gcc-testresults@gcc.gnu.org mailing list for the GCC project.


Index Nav: [Date Index] [Subject Index] [Author Index] [Thread Index]
Message Nav: [Date Prev] [Date Next] [Thread Prev] [Thread Next]
Other format: [Raw text]

Results for 4.7.0 20120302 (prerelease) [gcc-4_7-branch revision 184781] (GCC) testsuite on x86_64-apple-darwin10.8.0


LAST_UPDATED: Obtained from SVN: branches/gcc-4_7-branch revision 184781

		=== acats tests ===

		=== acats Summary ===
# of expected passes		2320
# of unexpected failures	0
Native configuration is x86_64-apple-darwin10.8.0

		=== g++ tests ===


Running target unix/-m32
WARNING: g++.dg/ext/label13.C -std=gnu++98 compilation failed to produce executable
WARNING: g++.dg/ext/label13.C -std=gnu++11 compilation failed to produce executable

		=== g++ Summary for unix/-m32 ===

# of expected passes		47066
# of expected failures		288
# of unsupported tests		369

Running target unix/-m64
WARNING: g++.dg/ext/label13.C -std=gnu++98 compilation failed to produce executable
WARNING: g++.dg/ext/label13.C -std=gnu++11 compilation failed to produce executable

		=== g++ Summary for unix/-m64 ===

# of expected passes		47863
# of expected failures		288
# of unsupported tests		595

		=== g++ Summary ===

# of expected passes		94929
# of expected failures		576
# of unsupported tests		964
/opt/gcc/rc1_build/gcc/testsuite/g++/../../g++  version 4.7.0 20120302 (prerelease) [gcc-4_7-branch revision 184781] (GCC) 

		=== gcc tests ===


Running target unix/-m32
FAIL: gcc.dg/tree-prof/pr44777.c execution,    -fprofile-generate -D_PROFILE_GENERATE
UNRESOLVED: gcc.dg/tree-prof/pr44777.c compilation,  -fprofile-use -D_PROFILE_USE
UNRESOLVED: gcc.dg/tree-prof/pr44777.c execution,    -fprofile-use -D_PROFILE_USE

		=== gcc Summary for unix/-m32 ===

# of expected passes		82028
# of unexpected failures	1
# of expected failures		258
# of unresolved testcases	2
# of unsupported tests		1927

Running target unix/-m64
FAIL: gcc.dg/matrix/transpose-3.c execution,    -fprofile-use -fipa-matrix-reorg -fdump-ipa-matrix-reorg -O3 -fwhole-program -fno-tree-fre
FAIL: gcc.target/i386/pr49866.c (test for excess errors)

		=== gcc Summary for unix/-m64 ===

# of expected passes		82264
# of unexpected failures	2
# of expected failures		259
# of unsupported tests		2259

		=== gcc Summary ===

# of expected passes		164292
# of unexpected failures	3
# of expected failures		517
# of unresolved testcases	2
# of unsupported tests		4186
/opt/gcc/rc1_build/gcc/xgcc  version 4.7.0 20120302 (prerelease) [gcc-4_7-branch revision 184781] (GCC) 

		=== gfortran tests ===


Running target unix/-m32

		=== gfortran Summary for unix/-m32 ===

# of expected passes		40571
# of expected failures		56
# of unsupported tests		209

Running target unix/-m64

		=== gfortran Summary for unix/-m64 ===

# of expected passes		40858
# of expected failures		56
# of unsupported tests		71

		=== gfortran Summary ===

# of expected passes		81429
# of expected failures		112
# of unsupported tests		280
/opt/gcc/rc1_build/gcc/testsuite/gfortran/../../gfortran  version 4.7.0 20120302 (prerelease) [gcc-4_7-branch revision 184781] (GCC) 

		=== gnat tests ===


Running target unix/-m32

		=== gnat Summary for unix/-m32 ===

# of expected passes		1080
# of expected failures		13
# of unsupported tests		4

Running target unix/-m64

		=== gnat Summary for unix/-m64 ===

# of expected passes		1080
# of expected failures		13
# of unsupported tests		4

		=== gnat Summary ===

# of expected passes		2160
# of expected failures		26
# of unsupported tests		8
/opt/gcc/rc1_build/gcc/gnatmake version 4.7.0 20120302 (prerelease) [gcc-4_7-branch revision 184781]

		=== obj-c++ tests ===


Running target unix/-m32

		=== obj-c++ Summary for unix/-m32 ===

# of expected passes		3159
# of expected failures		2
# of unsupported tests		68

Running target unix/-m64

		=== obj-c++ Summary for unix/-m64 ===

# of expected passes		3109
# of expected failures		19
# of unsupported tests		73

		=== obj-c++ Summary ===

# of expected passes		6268
# of expected failures		21
# of unsupported tests		141
/opt/gcc/rc1_build/gcc/testsuite/obj-c++/../../g++  version 4.7.0 20120302 (prerelease) [gcc-4_7-branch revision 184781] (GCC) 

		=== objc tests ===


Running target unix/-m32

		=== objc Summary for unix/-m32 ===

# of expected passes		6099
# of expected failures		6
# of unsupported tests		85

Running target unix/-m64

		=== objc Summary for unix/-m64 ===

# of expected passes		6051
# of expected failures		14
# of unsupported tests		91

		=== objc Summary ===

# of expected passes		12150
# of expected failures		20
# of unsupported tests		176
/opt/gcc/rc1_build/gcc/xgcc  version 4.7.0 20120302 (prerelease) [gcc-4_7-branch revision 184781] (GCC) 

		=== boehm-gc tests ===


Running target unix/-m32

		=== boehm-gc Summary for unix/-m32 ===

# of expected passes		12
# of unsupported tests		1

Running target unix/-m64

		=== boehm-gc Summary for unix/-m64 ===

# of expected passes		12
# of unsupported tests		1

		=== boehm-gc Summary ===

# of expected passes		24
# of unsupported tests		2
		=== libffi tests ===


Running target unix/-m32

		=== libffi Summary for unix/-m32 ===

# of expected passes		1634
# of expected failures		10
# of unsupported tests		55

Running target unix/-m64

		=== libffi Summary for unix/-m64 ===

# of expected passes		1634
# of expected failures		10
# of unsupported tests		55

		=== libffi Summary ===

# of expected passes		3268
# of expected failures		20
# of unsupported tests		110
		=== libgomp tests ===


Running target unix/-m32

		=== libgomp Summary for unix/-m32 ===

# of expected passes		2990
# of unsupported tests		3

Running target unix/-m64

		=== libgomp Summary for unix/-m64 ===

# of expected passes		2990
# of unsupported tests		3

		=== libgomp Summary ===

# of expected passes		5980
# of unsupported tests		6
		=== libitm tests ===


Running target unix/-m32
FAIL: libitm.c/memcpy-1.c (internal compiler error)
FAIL: libitm.c/memcpy-1.c (test for excess errors)
WARNING: libitm.c/memcpy-1.c compilation failed to produce executable

		=== libitm Summary for unix/-m32 ===

# of expected passes		24
# of unexpected failures	2
# of expected failures		3
# of unsupported tests		1

Running target unix/-m64

		=== libitm Summary for unix/-m64 ===

# of expected passes		26
# of expected failures		3
# of unsupported tests		1

		=== libitm Summary ===

# of expected passes		50
# of unexpected failures	2
# of expected failures		6
# of unsupported tests		2
		=== libjava tests ===


Running target unix/-m32

		=== libjava Summary for unix/-m32 ===

# of expected passes		2574

Running target unix/-m64

		=== libjava Summary for unix/-m64 ===

# of expected passes		2574

		=== libjava Summary ===

# of expected passes		5148
		=== libstdc++ tests ===


Running target unix/-m32

		=== libstdc++ Summary for unix/-m32 ===

# of expected passes		7724
# of expected failures		43
# of unsupported tests		569

Running target unix/-m64

		=== libstdc++ Summary for unix/-m64 ===

# of expected passes		7722
# of expected failures		43
# of unsupported tests		570

		=== libstdc++ Summary ===

# of expected passes		15446
# of expected failures		86
# of unsupported tests		1139

Compiler version: 4.7.0 20120302 (prerelease) [gcc-4_7-branch revision 184781] (GCC) 
Platform: x86_64-apple-darwin10.8.0
configure flags: --prefix=/opt/gcc/gcc4.7rc1 --enable-languages=c,c++,fortran,objc,obj-c++,java,ada,lto --with-gmp=/opt/mp --with-system-zlib --with-cloog=/opt/mp --enable-cloog-backend=isl --enable-lto


Index Nav: [Date Index] [Subject Index] [Author Index] [Thread Index]
Message Nav: [Date Prev] [Date Next] [Thread Prev] [Thread Next]