This is the mail archive of the gcc-testresults@gcc.gnu.org mailing list for the GCC project.


Index Nav: [Date Index] [Subject Index] [Author Index] [Thread Index]
Message Nav: [Date Prev] [Date Next] [Thread Prev] [Thread Next]
Other format: [Raw text]

Results for 4.8.0 20120310 (experimental) testsuite on x86_64-unknown-linux-gnu


LAST_UPDATED: Sat Mar 10 00:21:13 UTC 2012 (revision 185165)

		=== acats tests ===

		=== acats Summary ===
# of expected passes		2320
# of unexpected failures	0
Native configuration is x86_64-unknown-linux-gnu

		=== gcc tests ===


Running target unix
XPASS: gcc.dg/inline_3.c (test for excess errors)
XPASS: gcc.dg/inline_4.c (test for excess errors)
XPASS: gcc.dg/unroll_2.c (test for excess errors)
XPASS: gcc.dg/unroll_3.c (test for excess errors)
XPASS: gcc.dg/unroll_4.c (test for excess errors)
XPASS: gcc.dg/guality/example.c  -O0  execution test
XPASS: gcc.dg/guality/example.c  -O1  execution test
XPASS: gcc.dg/guality/guality.c  -O0  execution test
XPASS: gcc.dg/guality/inline-params.c  -O2  execution test
XPASS: gcc.dg/guality/inline-params.c  -O3 -fomit-frame-pointer  execution test
XPASS: gcc.dg/guality/inline-params.c  -O3 -g  execution test
XPASS: gcc.dg/guality/inline-params.c  -Os  execution test
XPASS: gcc.dg/guality/inline-params.c  -O2 -flto -fno-use-linker-plugin -flto-partition=none  execution test
XPASS: gcc.dg/guality/inline-params.c  -O2 -flto -fuse-linker-plugin -fno-fat-lto-objects  execution test
XPASS: gcc.dg/guality/pr41353-1.c  -O0  line 28 j == 28 + 37
XPASS: gcc.dg/guality/pr41353-1.c  -O1  line 28 j == 28 + 37
XPASS: gcc.dg/guality/pr41353-1.c  -O2  line 28 j == 28 + 37
XPASS: gcc.dg/guality/pr41353-1.c  -O3 -fomit-frame-pointer  line 28 j == 28 + 37
XPASS: gcc.dg/guality/pr41353-1.c  -O3 -g  line 28 j == 28 + 37
XPASS: gcc.dg/guality/pr41353-1.c  -Os  line 28 j == 28 + 37
XPASS: gcc.dg/guality/pr41353-1.c  -O2 -flto -fno-use-linker-plugin -flto-partition=none  line 28 j == 28 + 37
XPASS: gcc.dg/guality/pr41353-1.c  -O2 -flto -fuse-linker-plugin -fno-fat-lto-objects  line 28 j == 28 + 37
XPASS: gcc.dg/guality/pr41447-1.c  -O0  execution test
XPASS: gcc.dg/guality/pr41447-1.c  -O1  execution test
XPASS: gcc.dg/guality/pr41447-1.c  -O2  execution test
XPASS: gcc.dg/guality/pr41447-1.c  -O3 -fomit-frame-pointer  execution test
XPASS: gcc.dg/guality/pr41447-1.c  -O3 -g  execution test
XPASS: gcc.dg/guality/pr41447-1.c  -Os  execution test
XPASS: gcc.dg/guality/pr41447-1.c  -O2 -flto -fno-use-linker-plugin -flto-partition=none  execution test
XPASS: gcc.dg/guality/pr41447-1.c  -O2 -flto -fuse-linker-plugin -fno-fat-lto-objects  execution test
XPASS: gcc.dg/guality/pr41616-1.c  -O0  execution test
XPASS: gcc.dg/guality/pr41616-1.c  -O1  execution test
XPASS: gcc.dg/guality/pr41616-1.c  -O2  execution test
XPASS: gcc.dg/guality/pr41616-1.c  -O3 -fomit-frame-pointer  execution test
XPASS: gcc.dg/guality/pr41616-1.c  -O3 -g  execution test
XPASS: gcc.dg/guality/pr41616-1.c  -Os  execution test
XPASS: gcc.dg/guality/pr41616-1.c  -O2 -flto -fno-use-linker-plugin -flto-partition=none  execution test
FAIL: gcc.dg/guality/vla-1.c  -O0  line 17 sizeof (a) == 6
FAIL: gcc.dg/guality/vla-1.c  -O0  line 24 sizeof (a) == 17 * sizeof (short)
FAIL: gcc.dg/guality/vla-1.c  -O1  line 17 sizeof (a) == 6
FAIL: gcc.dg/guality/vla-1.c  -O1  line 24 sizeof (a) == 17 * sizeof (short)
FAIL: gcc.dg/guality/vla-1.c  -O2  line 17 sizeof (a) == 6
FAIL: gcc.dg/guality/vla-1.c  -O2  line 24 sizeof (a) == 17 * sizeof (short)
FAIL: gcc.dg/guality/vla-1.c  -O3 -fomit-frame-pointer  line 17 sizeof (a) == 6
FAIL: gcc.dg/guality/vla-1.c  -O3 -fomit-frame-pointer  line 24 sizeof (a) == 17 * sizeof (short)
FAIL: gcc.dg/guality/vla-1.c  -O3 -g  line 17 sizeof (a) == 6
FAIL: gcc.dg/guality/vla-1.c  -O3 -g  line 24 sizeof (a) == 17 * sizeof (short)
FAIL: gcc.dg/guality/vla-1.c  -Os  line 17 sizeof (a) == 6
FAIL: gcc.dg/guality/vla-1.c  -Os  line 24 sizeof (a) == 17 * sizeof (short)
FAIL: gcc.dg/guality/vla-1.c  -O2 -flto -fno-use-linker-plugin -flto-partition=none  line 17 sizeof (a) == 6
FAIL: gcc.dg/guality/vla-1.c  -O2 -flto -fno-use-linker-plugin -flto-partition=none  line 24 sizeof (a) == 17 * sizeof (short)
FAIL: gcc.dg/guality/vla-1.c  -O2 -flto -fuse-linker-plugin -fno-fat-lto-objects  line 17 sizeof (a) == 6
FAIL: gcc.dg/guality/vla-1.c  -O2 -flto -fuse-linker-plugin -fno-fat-lto-objects  line 24 sizeof (a) == 17 * sizeof (short)
FAIL: gcc.dg/guality/vla-2.c  -O0  line 16 sizeof (a) == 5 * sizeof (int)
FAIL: gcc.dg/guality/vla-2.c  -O0  line 25 sizeof (a) == 6 * sizeof (int)
FAIL: gcc.dg/guality/vla-2.c  -O1  line 16 sizeof (a) == 5 * sizeof (int)
FAIL: gcc.dg/guality/vla-2.c  -O1  line 25 sizeof (a) == 6 * sizeof (int)
FAIL: gcc.dg/guality/vla-2.c  -O2  line 16 sizeof (a) == 5 * sizeof (int)
FAIL: gcc.dg/guality/vla-2.c  -O2  line 25 sizeof (a) == 6 * sizeof (int)
FAIL: gcc.dg/guality/vla-2.c  -O3 -fomit-frame-pointer  line 16 sizeof (a) == 5 * sizeof (int)
FAIL: gcc.dg/guality/vla-2.c  -O3 -fomit-frame-pointer  line 25 sizeof (a) == 6 * sizeof (int)
FAIL: gcc.dg/guality/vla-2.c  -O3 -g  line 16 sizeof (a) == 5 * sizeof (int)
FAIL: gcc.dg/guality/vla-2.c  -O3 -g  line 25 sizeof (a) == 6 * sizeof (int)
FAIL: gcc.dg/guality/vla-2.c  -Os  line 16 sizeof (a) == 5 * sizeof (int)
FAIL: gcc.dg/guality/vla-2.c  -Os  line 25 sizeof (a) == 6 * sizeof (int)
FAIL: gcc.dg/guality/vla-2.c  -O2 -flto -fno-use-linker-plugin -flto-partition=none  line 16 sizeof (a) == 5 * sizeof (int)
FAIL: gcc.dg/guality/vla-2.c  -O2 -flto -fno-use-linker-plugin -flto-partition=none  line 25 sizeof (a) == 6 * sizeof (int)
FAIL: gcc.dg/guality/vla-2.c  -O2 -flto -fuse-linker-plugin -fno-fat-lto-objects  line 16 sizeof (a) == 5 * sizeof (int)
FAIL: gcc.dg/guality/vla-2.c  -O2 -flto -fuse-linker-plugin -fno-fat-lto-objects  line 25 sizeof (a) == 6 * sizeof (int)
FAIL: gcc.dg/tree-ssa/scev-3.c scan-tree-dump-times optimized "&a" 1
FAIL: gcc.dg/tree-ssa/scev-4.c scan-tree-dump-times optimized "&a" 1
FAIL: gcc.target/i386/sse4_2-popcntl.c (test for excess errors)
UNRESOLVED: gcc.target/i386/sse4_2-popcntl.c compilation failed to produce executable
FAIL: gcc.target/i386/sse4_2-popcntq.c (test for excess errors)
UNRESOLVED: gcc.target/i386/sse4_2-popcntq.c compilation failed to produce executable

		=== gcc Summary ===

# of expected passes		87136
# of unexpected failures	36
# of unexpected successes	37
# of expected failures		277
# of unresolved testcases	2
# of unsupported tests		1265
/home/toon/compilers/obj-t/gcc/xgcc  version 4.8.0 20120310 (experimental) (GCC) 

		=== gfortran tests ===


Running target unix
FAIL: gfortran.dg/alloc_comp_assign_2.f90  -O0  (internal compiler error)
FAIL: gfortran.dg/alloc_comp_assign_2.f90  -O0  (test for excess errors)
UNRESOLVED: gfortran.dg/alloc_comp_assign_2.f90  -O0  compilation failed to produce executable
FAIL: gfortran.dg/alloc_comp_assign_2.f90  -O1  (internal compiler error)
FAIL: gfortran.dg/alloc_comp_assign_2.f90  -O1  (test for excess errors)
UNRESOLVED: gfortran.dg/alloc_comp_assign_2.f90  -O1  compilation failed to produce executable
FAIL: gfortran.dg/alloc_comp_assign_2.f90  -O2  (internal compiler error)
FAIL: gfortran.dg/alloc_comp_assign_2.f90  -O2  (test for excess errors)
UNRESOLVED: gfortran.dg/alloc_comp_assign_2.f90  -O2  compilation failed to produce executable
FAIL: gfortran.dg/alloc_comp_assign_2.f90  -O3 -fomit-frame-pointer  (internal compiler error)
FAIL: gfortran.dg/alloc_comp_assign_2.f90  -O3 -fomit-frame-pointer  (test for excess errors)
UNRESOLVED: gfortran.dg/alloc_comp_assign_2.f90  -O3 -fomit-frame-pointer  compilation failed to produce executable
FAIL: gfortran.dg/alloc_comp_assign_2.f90  -O3 -fomit-frame-pointer -funroll-loops  (internal compiler error)
FAIL: gfortran.dg/alloc_comp_assign_2.f90  -O3 -fomit-frame-pointer -funroll-loops  (test for excess errors)
UNRESOLVED: gfortran.dg/alloc_comp_assign_2.f90  -O3 -fomit-frame-pointer -funroll-loops  compilation failed to produce executable
FAIL: gfortran.dg/alloc_comp_assign_2.f90  -O3 -fomit-frame-pointer -funroll-all-loops -finline-functions  (internal compiler error)
FAIL: gfortran.dg/alloc_comp_assign_2.f90  -O3 -fomit-frame-pointer -funroll-all-loops -finline-functions  (test for excess errors)
UNRESOLVED: gfortran.dg/alloc_comp_assign_2.f90  -O3 -fomit-frame-pointer -funroll-all-loops -finline-functions  compilation failed to produce executable
FAIL: gfortran.dg/alloc_comp_assign_2.f90  -O3 -g  (internal compiler error)
FAIL: gfortran.dg/alloc_comp_assign_2.f90  -O3 -g  (test for excess errors)
UNRESOLVED: gfortran.dg/alloc_comp_assign_2.f90  -O3 -g  compilation failed to produce executable
FAIL: gfortran.dg/alloc_comp_assign_2.f90  -Os  (internal compiler error)
FAIL: gfortran.dg/alloc_comp_assign_2.f90  -Os  (test for excess errors)
UNRESOLVED: gfortran.dg/alloc_comp_assign_2.f90  -Os  compilation failed to produce executable
FAIL: gfortran.dg/alloc_comp_assign_3.f90  -O0  (internal compiler error)
FAIL: gfortran.dg/alloc_comp_assign_3.f90  -O0  (test for excess errors)
UNRESOLVED: gfortran.dg/alloc_comp_assign_3.f90  -O0  compilation failed to produce executable
FAIL: gfortran.dg/alloc_comp_assign_3.f90  -O1  (internal compiler error)
FAIL: gfortran.dg/alloc_comp_assign_3.f90  -O1  (test for excess errors)
UNRESOLVED: gfortran.dg/alloc_comp_assign_3.f90  -O1  compilation failed to produce executable
FAIL: gfortran.dg/alloc_comp_assign_3.f90  -O2  (internal compiler error)
FAIL: gfortran.dg/alloc_comp_assign_3.f90  -O2  (test for excess errors)
UNRESOLVED: gfortran.dg/alloc_comp_assign_3.f90  -O2  compilation failed to produce executable
FAIL: gfortran.dg/alloc_comp_assign_3.f90  -O3 -fomit-frame-pointer  (internal compiler error)
FAIL: gfortran.dg/alloc_comp_assign_3.f90  -O3 -fomit-frame-pointer  (test for excess errors)
UNRESOLVED: gfortran.dg/alloc_comp_assign_3.f90  -O3 -fomit-frame-pointer  compilation failed to produce executable
FAIL: gfortran.dg/alloc_comp_assign_3.f90  -O3 -fomit-frame-pointer -funroll-loops  (internal compiler error)
FAIL: gfortran.dg/alloc_comp_assign_3.f90  -O3 -fomit-frame-pointer -funroll-loops  (test for excess errors)
UNRESOLVED: gfortran.dg/alloc_comp_assign_3.f90  -O3 -fomit-frame-pointer -funroll-loops  compilation failed to produce executable
FAIL: gfortran.dg/alloc_comp_assign_3.f90  -O3 -fomit-frame-pointer -funroll-all-loops -finline-functions  (internal compiler error)
FAIL: gfortran.dg/alloc_comp_assign_3.f90  -O3 -fomit-frame-pointer -funroll-all-loops -finline-functions  (test for excess errors)
UNRESOLVED: gfortran.dg/alloc_comp_assign_3.f90  -O3 -fomit-frame-pointer -funroll-all-loops -finline-functions  compilation failed to produce executable
FAIL: gfortran.dg/alloc_comp_assign_3.f90  -O3 -g  (internal compiler error)
FAIL: gfortran.dg/alloc_comp_assign_3.f90  -O3 -g  (test for excess errors)
UNRESOLVED: gfortran.dg/alloc_comp_assign_3.f90  -O3 -g  compilation failed to produce executable
FAIL: gfortran.dg/alloc_comp_assign_3.f90  -Os  (internal compiler error)
FAIL: gfortran.dg/alloc_comp_assign_3.f90  -Os  (test for excess errors)
UNRESOLVED: gfortran.dg/alloc_comp_assign_3.f90  -Os  compilation failed to produce executable
FAIL: gfortran.dg/any_all_2.f90  -O  (internal compiler error)
FAIL: gfortran.dg/any_all_2.f90  -O  (test for excess errors)
FAIL: gfortran.dg/block_name_1.f90  -O  (internal compiler error)
FAIL: gfortran.dg/block_name_1.f90  -O  (test for excess errors)
FAIL: gfortran.dg/do_concurrent_2.f90  -O0  (internal compiler error)
FAIL: gfortran.dg/do_concurrent_2.f90  -O0  (test for excess errors)
UNRESOLVED: gfortran.dg/do_concurrent_2.f90  -O0  compilation failed to produce executable
FAIL: gfortran.dg/do_concurrent_2.f90  -O1  (internal compiler error)
FAIL: gfortran.dg/do_concurrent_2.f90  -O1  (test for excess errors)
UNRESOLVED: gfortran.dg/do_concurrent_2.f90  -O1  compilation failed to produce executable
FAIL: gfortran.dg/do_concurrent_2.f90  -O2  (internal compiler error)
FAIL: gfortran.dg/do_concurrent_2.f90  -O2  (test for excess errors)
UNRESOLVED: gfortran.dg/do_concurrent_2.f90  -O2  compilation failed to produce executable
FAIL: gfortran.dg/do_concurrent_2.f90  -O3 -fomit-frame-pointer  (internal compiler error)
FAIL: gfortran.dg/do_concurrent_2.f90  -O3 -fomit-frame-pointer  (test for excess errors)
UNRESOLVED: gfortran.dg/do_concurrent_2.f90  -O3 -fomit-frame-pointer  compilation failed to produce executable
FAIL: gfortran.dg/do_concurrent_2.f90  -O3 -fomit-frame-pointer -funroll-loops  (internal compiler error)
FAIL: gfortran.dg/do_concurrent_2.f90  -O3 -fomit-frame-pointer -funroll-loops  (test for excess errors)
UNRESOLVED: gfortran.dg/do_concurrent_2.f90  -O3 -fomit-frame-pointer -funroll-loops  compilation failed to produce executable
FAIL: gfortran.dg/do_concurrent_2.f90  -O3 -fomit-frame-pointer -funroll-all-loops -finline-functions  (internal compiler error)
FAIL: gfortran.dg/do_concurrent_2.f90  -O3 -fomit-frame-pointer -funroll-all-loops -finline-functions  (test for excess errors)
UNRESOLVED: gfortran.dg/do_concurrent_2.f90  -O3 -fomit-frame-pointer -funroll-all-loops -finline-functions  compilation failed to produce executable
FAIL: gfortran.dg/do_concurrent_2.f90  -O3 -g  (internal compiler error)
FAIL: gfortran.dg/do_concurrent_2.f90  -O3 -g  (test for excess errors)
UNRESOLVED: gfortran.dg/do_concurrent_2.f90  -O3 -g  compilation failed to produce executable
FAIL: gfortran.dg/do_concurrent_2.f90  -Os  (internal compiler error)
FAIL: gfortran.dg/do_concurrent_2.f90  -Os  (test for excess errors)
UNRESOLVED: gfortran.dg/do_concurrent_2.f90  -Os  compilation failed to produce executable
FAIL: gfortran.dg/forall_1.f90  -O0  (internal compiler error)
FAIL: gfortran.dg/forall_1.f90  -O0  (test for excess errors)
UNRESOLVED: gfortran.dg/forall_1.f90  -O0  compilation failed to produce executable
FAIL: gfortran.dg/forall_1.f90  -O1  (internal compiler error)
FAIL: gfortran.dg/forall_1.f90  -O1  (test for excess errors)
UNRESOLVED: gfortran.dg/forall_1.f90  -O1  compilation failed to produce executable
FAIL: gfortran.dg/forall_1.f90  -O2  (internal compiler error)
FAIL: gfortran.dg/forall_1.f90  -O2  (test for excess errors)
UNRESOLVED: gfortran.dg/forall_1.f90  -O2  compilation failed to produce executable
FAIL: gfortran.dg/forall_1.f90  -O3 -fomit-frame-pointer  (internal compiler error)
FAIL: gfortran.dg/forall_1.f90  -O3 -fomit-frame-pointer  (test for excess errors)
UNRESOLVED: gfortran.dg/forall_1.f90  -O3 -fomit-frame-pointer  compilation failed to produce executable
FAIL: gfortran.dg/forall_1.f90  -O3 -fomit-frame-pointer -funroll-loops  (internal compiler error)
FAIL: gfortran.dg/forall_1.f90  -O3 -fomit-frame-pointer -funroll-loops  (test for excess errors)
UNRESOLVED: gfortran.dg/forall_1.f90  -O3 -fomit-frame-pointer -funroll-loops  compilation failed to produce executable
FAIL: gfortran.dg/forall_1.f90  -O3 -fomit-frame-pointer -funroll-all-loops -finline-functions  (internal compiler error)
FAIL: gfortran.dg/forall_1.f90  -O3 -fomit-frame-pointer -funroll-all-loops -finline-functions  (test for excess errors)
UNRESOLVED: gfortran.dg/forall_1.f90  -O3 -fomit-frame-pointer -funroll-all-loops -finline-functions  compilation failed to produce executable
FAIL: gfortran.dg/forall_1.f90  -O3 -g  (internal compiler error)
FAIL: gfortran.dg/forall_1.f90  -O3 -g  (test for excess errors)
UNRESOLVED: gfortran.dg/forall_1.f90  -O3 -g  compilation failed to produce executable
FAIL: gfortran.dg/forall_1.f90  -Os  (internal compiler error)
FAIL: gfortran.dg/forall_1.f90  -Os  (test for excess errors)
UNRESOLVED: gfortran.dg/forall_1.f90  -Os  compilation failed to produce executable
FAIL: gfortran.dg/forall_10.f90  -O0  (internal compiler error)
FAIL: gfortran.dg/forall_10.f90  -O0  (test for excess errors)
UNRESOLVED: gfortran.dg/forall_10.f90  -O0  compilation failed to produce executable
FAIL: gfortran.dg/forall_10.f90  -O1  (internal compiler error)
FAIL: gfortran.dg/forall_10.f90  -O1  (test for excess errors)
UNRESOLVED: gfortran.dg/forall_10.f90  -O1  compilation failed to produce executable
FAIL: gfortran.dg/forall_10.f90  -O2  (internal compiler error)
FAIL: gfortran.dg/forall_10.f90  -O2  (test for excess errors)
UNRESOLVED: gfortran.dg/forall_10.f90  -O2  compilation failed to produce executable
FAIL: gfortran.dg/forall_10.f90  -O3 -fomit-frame-pointer  (internal compiler error)
FAIL: gfortran.dg/forall_10.f90  -O3 -fomit-frame-pointer  (test for excess errors)
UNRESOLVED: gfortran.dg/forall_10.f90  -O3 -fomit-frame-pointer  compilation failed to produce executable
FAIL: gfortran.dg/forall_10.f90  -O3 -fomit-frame-pointer -funroll-loops  (internal compiler error)
FAIL: gfortran.dg/forall_10.f90  -O3 -fomit-frame-pointer -funroll-loops  (test for excess errors)
UNRESOLVED: gfortran.dg/forall_10.f90  -O3 -fomit-frame-pointer -funroll-loops  compilation failed to produce executable
FAIL: gfortran.dg/forall_10.f90  -O3 -fomit-frame-pointer -funroll-all-loops -finline-functions  (internal compiler error)
FAIL: gfortran.dg/forall_10.f90  -O3 -fomit-frame-pointer -funroll-all-loops -finline-functions  (test for excess errors)
UNRESOLVED: gfortran.dg/forall_10.f90  -O3 -fomit-frame-pointer -funroll-all-loops -finline-functions  compilation failed to produce executable
FAIL: gfortran.dg/forall_10.f90  -O3 -g  (internal compiler error)
FAIL: gfortran.dg/forall_10.f90  -O3 -g  (test for excess errors)
UNRESOLVED: gfortran.dg/forall_10.f90  -O3 -g  compilation failed to produce executable
FAIL: gfortran.dg/forall_10.f90  -Os  (internal compiler error)
FAIL: gfortran.dg/forall_10.f90  -Os  (test for excess errors)
UNRESOLVED: gfortran.dg/forall_10.f90  -Os  compilation failed to produce executable
FAIL: gfortran.dg/forall_4.f90  -O0  (internal compiler error)
FAIL: gfortran.dg/forall_4.f90  -O0  (test for excess errors)
UNRESOLVED: gfortran.dg/forall_4.f90  -O0  compilation failed to produce executable
FAIL: gfortran.dg/forall_4.f90  -O1  (internal compiler error)
FAIL: gfortran.dg/forall_4.f90  -O1  (test for excess errors)
UNRESOLVED: gfortran.dg/forall_4.f90  -O1  compilation failed to produce executable
FAIL: gfortran.dg/forall_4.f90  -O2  (internal compiler error)
FAIL: gfortran.dg/forall_4.f90  -O2  (test for excess errors)
UNRESOLVED: gfortran.dg/forall_4.f90  -O2  compilation failed to produce executable
FAIL: gfortran.dg/forall_4.f90  -O3 -fomit-frame-pointer  (internal compiler error)
FAIL: gfortran.dg/forall_4.f90  -O3 -fomit-frame-pointer  (test for excess errors)
UNRESOLVED: gfortran.dg/forall_4.f90  -O3 -fomit-frame-pointer  compilation failed to produce executable
FAIL: gfortran.dg/forall_4.f90  -O3 -fomit-frame-pointer -funroll-loops  (internal compiler error)
FAIL: gfortran.dg/forall_4.f90  -O3 -fomit-frame-pointer -funroll-loops  (test for excess errors)
UNRESOLVED: gfortran.dg/forall_4.f90  -O3 -fomit-frame-pointer -funroll-loops  compilation failed to produce executable
FAIL: gfortran.dg/forall_4.f90  -O3 -fomit-frame-pointer -funroll-all-loops -finline-functions  (internal compiler error)
FAIL: gfortran.dg/forall_4.f90  -O3 -fomit-frame-pointer -funroll-all-loops -finline-functions  (test for excess errors)
UNRESOLVED: gfortran.dg/forall_4.f90  -O3 -fomit-frame-pointer -funroll-all-loops -finline-functions  compilation failed to produce executable
FAIL: gfortran.dg/forall_4.f90  -O3 -g  (internal compiler error)
FAIL: gfortran.dg/forall_4.f90  -O3 -g  (test for excess errors)
UNRESOLVED: gfortran.dg/forall_4.f90  -O3 -g  compilation failed to produce executable
FAIL: gfortran.dg/forall_4.f90  -Os  (internal compiler error)
FAIL: gfortran.dg/forall_4.f90  -Os  (test for excess errors)
UNRESOLVED: gfortran.dg/forall_4.f90  -Os  compilation failed to produce executable
FAIL: gfortran.dg/forall_6.f90  -O0  (internal compiler error)
FAIL: gfortran.dg/forall_6.f90  -O0  (test for excess errors)
UNRESOLVED: gfortran.dg/forall_6.f90  -O0  compilation failed to produce executable
FAIL: gfortran.dg/forall_6.f90  -O1  (internal compiler error)
FAIL: gfortran.dg/forall_6.f90  -O1  (test for excess errors)
UNRESOLVED: gfortran.dg/forall_6.f90  -O1  compilation failed to produce executable
FAIL: gfortran.dg/forall_6.f90  -O2  (internal compiler error)
FAIL: gfortran.dg/forall_6.f90  -O2  (test for excess errors)
UNRESOLVED: gfortran.dg/forall_6.f90  -O2  compilation failed to produce executable
FAIL: gfortran.dg/forall_6.f90  -O3 -fomit-frame-pointer  (internal compiler error)
FAIL: gfortran.dg/forall_6.f90  -O3 -fomit-frame-pointer  (test for excess errors)
UNRESOLVED: gfortran.dg/forall_6.f90  -O3 -fomit-frame-pointer  compilation failed to produce executable
FAIL: gfortran.dg/forall_6.f90  -O3 -fomit-frame-pointer -funroll-loops  (internal compiler error)
FAIL: gfortran.dg/forall_6.f90  -O3 -fomit-frame-pointer -funroll-loops  (test for excess errors)
UNRESOLVED: gfortran.dg/forall_6.f90  -O3 -fomit-frame-pointer -funroll-loops  compilation failed to produce executable
FAIL: gfortran.dg/forall_6.f90  -O3 -fomit-frame-pointer -funroll-all-loops -finline-functions  (internal compiler error)
FAIL: gfortran.dg/forall_6.f90  -O3 -fomit-frame-pointer -funroll-all-loops -finline-functions  (test for excess errors)
UNRESOLVED: gfortran.dg/forall_6.f90  -O3 -fomit-frame-pointer -funroll-all-loops -finline-functions  compilation failed to produce executable
FAIL: gfortran.dg/forall_6.f90  -O3 -g  (internal compiler error)
FAIL: gfortran.dg/forall_6.f90  -O3 -g  (test for excess errors)
UNRESOLVED: gfortran.dg/forall_6.f90  -O3 -g  compilation failed to produce executable
FAIL: gfortran.dg/forall_6.f90  -Os  (internal compiler error)
FAIL: gfortran.dg/forall_6.f90  -Os  (test for excess errors)
UNRESOLVED: gfortran.dg/forall_6.f90  -Os  compilation failed to produce executable
FAIL: gfortran.dg/gnu_logical_1.F  -O0  (internal compiler error)
FAIL: gfortran.dg/gnu_logical_1.F  -O0  (test for excess errors)
UNRESOLVED: gfortran.dg/gnu_logical_1.F  -O0  compilation failed to produce executable
FAIL: gfortran.dg/gnu_logical_1.F  -O1  (internal compiler error)
FAIL: gfortran.dg/gnu_logical_1.F  -O1  (test for excess errors)
UNRESOLVED: gfortran.dg/gnu_logical_1.F  -O1  compilation failed to produce executable
FAIL: gfortran.dg/gnu_logical_1.F  -O2  (internal compiler error)
FAIL: gfortran.dg/gnu_logical_1.F  -O2  (test for excess errors)
UNRESOLVED: gfortran.dg/gnu_logical_1.F  -O2  compilation failed to produce executable
FAIL: gfortran.dg/gnu_logical_1.F  -O3 -fomit-frame-pointer  (internal compiler error)
FAIL: gfortran.dg/gnu_logical_1.F  -O3 -fomit-frame-pointer  (test for excess errors)
UNRESOLVED: gfortran.dg/gnu_logical_1.F  -O3 -fomit-frame-pointer  compilation failed to produce executable
FAIL: gfortran.dg/gnu_logical_1.F  -O3 -fomit-frame-pointer -funroll-loops  (internal compiler error)
FAIL: gfortran.dg/gnu_logical_1.F  -O3 -fomit-frame-pointer -funroll-loops  (test for excess errors)
UNRESOLVED: gfortran.dg/gnu_logical_1.F  -O3 -fomit-frame-pointer -funroll-loops  compilation failed to produce executable
FAIL: gfortran.dg/gnu_logical_1.F  -O3 -fomit-frame-pointer -funroll-all-loops -finline-functions  (internal compiler error)
FAIL: gfortran.dg/gnu_logical_1.F  -O3 -fomit-frame-pointer -funroll-all-loops -finline-functions  (test for excess errors)
UNRESOLVED: gfortran.dg/gnu_logical_1.F  -O3 -fomit-frame-pointer -funroll-all-loops -finline-functions  compilation failed to produce executable
FAIL: gfortran.dg/gnu_logical_1.F  -O3 -g  (internal compiler error)
FAIL: gfortran.dg/gnu_logical_1.F  -O3 -g  (test for excess errors)
UNRESOLVED: gfortran.dg/gnu_logical_1.F  -O3 -g  compilation failed to produce executable
FAIL: gfortran.dg/gnu_logical_1.F  -Os  (internal compiler error)
FAIL: gfortran.dg/gnu_logical_1.F  -Os  (test for excess errors)
UNRESOLVED: gfortran.dg/gnu_logical_1.F  -Os  compilation failed to produce executable
FAIL: gfortran.dg/sms-2.f90  -O0  (internal compiler error)
FAIL: gfortran.dg/sms-2.f90  -O0  (test for excess errors)
UNRESOLVED: gfortran.dg/sms-2.f90  -O0  compilation failed to produce executable
FAIL: gfortran.dg/sms-2.f90  -O1  (internal compiler error)
FAIL: gfortran.dg/sms-2.f90  -O1  (test for excess errors)
UNRESOLVED: gfortran.dg/sms-2.f90  -O1  compilation failed to produce executable
FAIL: gfortran.dg/sms-2.f90  -O2  (internal compiler error)
FAIL: gfortran.dg/sms-2.f90  -O2  (test for excess errors)
UNRESOLVED: gfortran.dg/sms-2.f90  -O2  compilation failed to produce executable
FAIL: gfortran.dg/sms-2.f90  -O3 -fomit-frame-pointer  (internal compiler error)
FAIL: gfortran.dg/sms-2.f90  -O3 -fomit-frame-pointer  (test for excess errors)
UNRESOLVED: gfortran.dg/sms-2.f90  -O3 -fomit-frame-pointer  compilation failed to produce executable
FAIL: gfortran.dg/sms-2.f90  -O3 -fomit-frame-pointer -funroll-loops  (internal compiler error)
FAIL: gfortran.dg/sms-2.f90  -O3 -fomit-frame-pointer -funroll-loops  (test for excess errors)
UNRESOLVED: gfortran.dg/sms-2.f90  -O3 -fomit-frame-pointer -funroll-loops  compilation failed to produce executable
FAIL: gfortran.dg/sms-2.f90  -O3 -fomit-frame-pointer -funroll-all-loops -finline-functions  (internal compiler error)
FAIL: gfortran.dg/sms-2.f90  -O3 -fomit-frame-pointer -funroll-all-loops -finline-functions  (test for excess errors)
UNRESOLVED: gfortran.dg/sms-2.f90  -O3 -fomit-frame-pointer -funroll-all-loops -finline-functions  compilation failed to produce executable
FAIL: gfortran.dg/sms-2.f90  -O3 -g  (internal compiler error)
FAIL: gfortran.dg/sms-2.f90  -O3 -g  (test for excess errors)
UNRESOLVED: gfortran.dg/sms-2.f90  -O3 -g  compilation failed to produce executable
FAIL: gfortran.dg/sms-2.f90  -Os  (internal compiler error)
FAIL: gfortran.dg/sms-2.f90  -Os  (test for excess errors)
UNRESOLVED: gfortran.dg/sms-2.f90  -Os  compilation failed to produce executable
FAIL: gfortran.dg/lto/pr45586-2 f_lto_pr45586-2_0.o-f_lto_pr45586-2_0.o link, -O0 -flto -flto-partition=none -fuse-linker-plugin (internal compiler error)
UNRESOLVED: gfortran.dg/lto/pr45586-2 f_lto_pr45586-2_0.o-f_lto_pr45586-2_0.o execute -O0 -flto -flto-partition=none -fuse-linker-plugin
FAIL: gfortran.dg/lto/pr45586-2 f_lto_pr45586-2_0.o-f_lto_pr45586-2_0.o link, -O0 -flto -flto-partition=1to1 -fno-use-linker-plugin  (internal compiler error)
UNRESOLVED: gfortran.dg/lto/pr45586-2 f_lto_pr45586-2_0.o-f_lto_pr45586-2_0.o execute -O0 -flto -flto-partition=1to1 -fno-use-linker-plugin 
FAIL: gfortran.dg/lto/pr45586-2 f_lto_pr45586-2_0.o-f_lto_pr45586-2_0.o link, -O0 -flto -fuse-linker-plugin -fno-fat-lto-objects  (internal compiler error)
UNRESOLVED: gfortran.dg/lto/pr45586-2 f_lto_pr45586-2_0.o-f_lto_pr45586-2_0.o execute -O0 -flto -fuse-linker-plugin -fno-fat-lto-objects 
FAIL: gfortran.dg/lto/pr45586 f_lto_pr45586_0.o-f_lto_pr45586_0.o link, -O0 -flto -flto-partition=none -fuse-linker-plugin (internal compiler error)
UNRESOLVED: gfortran.dg/lto/pr45586 f_lto_pr45586_0.o-f_lto_pr45586_0.o execute -O0 -flto -flto-partition=none -fuse-linker-plugin
FAIL: gfortran.dg/lto/pr45586 f_lto_pr45586_0.o-f_lto_pr45586_0.o link, -O0 -flto -flto-partition=1to1 -fno-use-linker-plugin  (internal compiler error)
UNRESOLVED: gfortran.dg/lto/pr45586 f_lto_pr45586_0.o-f_lto_pr45586_0.o execute -O0 -flto -flto-partition=1to1 -fno-use-linker-plugin 
FAIL: gfortran.dg/lto/pr45586 f_lto_pr45586_0.o-f_lto_pr45586_0.o link, -O0 -flto -fuse-linker-plugin -fno-fat-lto-objects  (internal compiler error)
UNRESOLVED: gfortran.dg/lto/pr45586 f_lto_pr45586_0.o-f_lto_pr45586_0.o execute -O0 -flto -fuse-linker-plugin -fno-fat-lto-objects 
FAIL: gfortran.fortran-torture/compile/forall-1.f90,  -O0   (internal compiler error)
FAIL: gfortran.fortran-torture/compile/forall-1.f90,  -O1   (internal compiler error)
FAIL: gfortran.fortran-torture/compile/forall-1.f90,  -O2   (internal compiler error)
FAIL: gfortran.fortran-torture/compile/forall-1.f90,  -O2 -fomit-frame-pointer -finline-functions   (internal compiler error)
FAIL: gfortran.fortran-torture/compile/forall-1.f90,  -O2 -fomit-frame-pointer -finline-functions -funroll-loops   (internal compiler error)
FAIL: gfortran.fortran-torture/compile/forall-1.f90,  -O2 -fbounds-check   (internal compiler error)
FAIL: gfortran.fortran-torture/compile/forall-1.f90,  -O3 -g   (internal compiler error)
FAIL: gfortran.fortran-torture/compile/forall-1.f90,  -Os   (internal compiler error)
FAIL: gfortran.fortran-torture/compile/forall-1.f90, -O2 -ftree-vectorize -msse2   (internal compiler error)
FAIL: gfortran.fortran-torture/compile/logical-1.f90,  -O0   (internal compiler error)
FAIL: gfortran.fortran-torture/compile/logical-1.f90,  -O1   (internal compiler error)
FAIL: gfortran.fortran-torture/compile/logical-1.f90,  -O2   (internal compiler error)
FAIL: gfortran.fortran-torture/compile/logical-1.f90,  -O2 -fomit-frame-pointer -finline-functions   (internal compiler error)
FAIL: gfortran.fortran-torture/compile/logical-1.f90,  -O2 -fomit-frame-pointer -finline-functions -funroll-loops   (internal compiler error)
FAIL: gfortran.fortran-torture/compile/logical-1.f90,  -O2 -fbounds-check   (internal compiler error)
FAIL: gfortran.fortran-torture/compile/logical-1.f90,  -O3 -g   (internal compiler error)
FAIL: gfortran.fortran-torture/compile/logical-1.f90,  -Os   (internal compiler error)
FAIL: gfortran.fortran-torture/compile/logical-1.f90, -O2 -ftree-vectorize -msse2   (internal compiler error)
FAIL: gfortran.fortran-torture/execute/forall_2.f90,  -O0  (internal compiler error)
FAIL: gfortran.fortran-torture/execute/forall_2.f90,  -O1  (internal compiler error)
FAIL: gfortran.fortran-torture/execute/forall_2.f90,  -O2  (internal compiler error)
FAIL: gfortran.fortran-torture/execute/forall_2.f90,  -O2 -fomit-frame-pointer -finline-functions  (internal compiler error)
FAIL: gfortran.fortran-torture/execute/forall_2.f90,  -O2 -fomit-frame-pointer -finline-functions -funroll-loops  (internal compiler error)
FAIL: gfortran.fortran-torture/execute/forall_2.f90,  -O2 -fbounds-check  (internal compiler error)
FAIL: gfortran.fortran-torture/execute/forall_2.f90,  -O3 -g  (internal compiler error)
FAIL: gfortran.fortran-torture/execute/forall_2.f90,  -Os  (internal compiler error)
FAIL: gfortran.fortran-torture/execute/forall_2.f90, -O2 -ftree-vectorize -msse2  (internal compiler error)
FAIL: gfortran.fortran-torture/execute/forall_3.f90,  -O0  (internal compiler error)
FAIL: gfortran.fortran-torture/execute/forall_3.f90,  -O1  (internal compiler error)
FAIL: gfortran.fortran-torture/execute/forall_3.f90,  -O2  (internal compiler error)
FAIL: gfortran.fortran-torture/execute/forall_3.f90,  -O2 -fomit-frame-pointer -finline-functions  (internal compiler error)
FAIL: gfortran.fortran-torture/execute/forall_3.f90,  -O2 -fomit-frame-pointer -finline-functions -funroll-loops  (internal compiler error)
FAIL: gfortran.fortran-torture/execute/forall_3.f90,  -O2 -fbounds-check  (internal compiler error)
FAIL: gfortran.fortran-torture/execute/forall_3.f90,  -O3 -g  (internal compiler error)
FAIL: gfortran.fortran-torture/execute/forall_3.f90,  -Os  (internal compiler error)
FAIL: gfortran.fortran-torture/execute/forall_3.f90, -O2 -ftree-vectorize -msse2  (internal compiler error)
FAIL: gfortran.fortran-torture/execute/forall_7.f90,  -O0  (internal compiler error)
FAIL: gfortran.fortran-torture/execute/forall_7.f90,  -O1  (internal compiler error)
FAIL: gfortran.fortran-torture/execute/forall_7.f90,  -O2  (internal compiler error)
FAIL: gfortran.fortran-torture/execute/forall_7.f90,  -O2 -fomit-frame-pointer -finline-functions  (internal compiler error)
FAIL: gfortran.fortran-torture/execute/forall_7.f90,  -O2 -fomit-frame-pointer -finline-functions -funroll-loops  (internal compiler error)
FAIL: gfortran.fortran-torture/execute/forall_7.f90,  -O2 -fbounds-check  (internal compiler error)
FAIL: gfortran.fortran-torture/execute/forall_7.f90,  -O3 -g  (internal compiler error)
FAIL: gfortran.fortran-torture/execute/forall_7.f90,  -Os  (internal compiler error)
FAIL: gfortran.fortran-torture/execute/forall_7.f90, -O2 -ftree-vectorize -msse2  (internal compiler error)
FAIL: gfortran.fortran-torture/execute/inquire_5.f90,  -O0  (internal compiler error)
FAIL: gfortran.fortran-torture/execute/inquire_5.f90,  -O1  (internal compiler error)
FAIL: gfortran.fortran-torture/execute/inquire_5.f90,  -O2  (internal compiler error)
FAIL: gfortran.fortran-torture/execute/inquire_5.f90,  -O2 -fomit-frame-pointer -finline-functions  (internal compiler error)
FAIL: gfortran.fortran-torture/execute/inquire_5.f90,  -O2 -fomit-frame-pointer -finline-functions -funroll-loops  (internal compiler error)
FAIL: gfortran.fortran-torture/execute/inquire_5.f90,  -O2 -fbounds-check  (internal compiler error)
FAIL: gfortran.fortran-torture/execute/inquire_5.f90,  -O3 -g  (internal compiler error)
FAIL: gfortran.fortran-torture/execute/inquire_5.f90,  -Os  (internal compiler error)
FAIL: gfortran.fortran-torture/execute/inquire_5.f90, -O2 -ftree-vectorize -msse2  (internal compiler error)
FAIL: gfortran.fortran-torture/execute/where_7.f90,  -O0  (internal compiler error)
FAIL: gfortran.fortran-torture/execute/where_7.f90,  -O1  (internal compiler error)
FAIL: gfortran.fortran-torture/execute/where_7.f90,  -O2  (internal compiler error)
FAIL: gfortran.fortran-torture/execute/where_7.f90,  -O2 -fomit-frame-pointer -finline-functions  (internal compiler error)
FAIL: gfortran.fortran-torture/execute/where_7.f90,  -O2 -fomit-frame-pointer -finline-functions -funroll-loops  (internal compiler error)
FAIL: gfortran.fortran-torture/execute/where_7.f90,  -O2 -fbounds-check  (internal compiler error)
FAIL: gfortran.fortran-torture/execute/where_7.f90,  -O3 -g  (internal compiler error)
FAIL: gfortran.fortran-torture/execute/where_7.f90,  -Os  (internal compiler error)
FAIL: gfortran.fortran-torture/execute/where_7.f90, -O2 -ftree-vectorize -msse2  (internal compiler error)
FAIL: gfortran.fortran-torture/execute/where_8.f90,  -O0  (internal compiler error)
FAIL: gfortran.fortran-torture/execute/where_8.f90,  -O1  (internal compiler error)
FAIL: gfortran.fortran-torture/execute/where_8.f90,  -O2  (internal compiler error)
FAIL: gfortran.fortran-torture/execute/where_8.f90,  -O2 -fomit-frame-pointer -finline-functions  (internal compiler error)
FAIL: gfortran.fortran-torture/execute/where_8.f90,  -O2 -fomit-frame-pointer -finline-functions -funroll-loops  (internal compiler error)
FAIL: gfortran.fortran-torture/execute/where_8.f90,  -O2 -fbounds-check  (internal compiler error)
FAIL: gfortran.fortran-torture/execute/where_8.f90,  -O3 -g  (internal compiler error)
FAIL: gfortran.fortran-torture/execute/where_8.f90,  -Os  (internal compiler error)
FAIL: gfortran.fortran-torture/execute/where_8.f90, -O2 -ftree-vectorize -msse2  (internal compiler error)

		=== gfortran Summary ===

# of expected passes		40946
# of unexpected failures	226
# of expected failures		56
# of unresolved testcases	78
# of unsupported tests		69
/home/toon/compilers/obj-t/gcc/testsuite/gfortran/../../gfortran  version 4.8.0 20120310 (experimental) (GCC) 

		=== g++ tests ===


Running target unix

		=== g++ Summary ===

# of expected passes		48525
# of expected failures		286
# of unsupported tests		552
/home/toon/compilers/obj-t/gcc/testsuite/g++/../../g++  version 4.8.0 20120310 (experimental) (GCC) 

		=== gnat tests ===


Running target unix

		=== gnat Summary ===

# of expected passes		1084
# of expected failures		13
# of unsupported tests		2
/home/toon/compilers/obj-t/gcc/gnatmake version 4.8.0 20120310 (experimental)

		=== libgomp tests ===


Running target unix
FAIL: libgomp.fortran/omp_parse4.f90  -O0  (internal compiler error)
FAIL: libgomp.fortran/omp_parse4.f90  -O0  (test for excess errors)
UNRESOLVED: libgomp.fortran/omp_parse4.f90  -O0  compilation failed to produce executable
FAIL: libgomp.fortran/omp_parse4.f90  -O1  (internal compiler error)
FAIL: libgomp.fortran/omp_parse4.f90  -O1  (test for excess errors)
UNRESOLVED: libgomp.fortran/omp_parse4.f90  -O1  compilation failed to produce executable
FAIL: libgomp.fortran/omp_parse4.f90  -O2  (internal compiler error)
FAIL: libgomp.fortran/omp_parse4.f90  -O2  (test for excess errors)
UNRESOLVED: libgomp.fortran/omp_parse4.f90  -O2  compilation failed to produce executable
FAIL: libgomp.fortran/omp_parse4.f90  -O3 -fomit-frame-pointer  (internal compiler error)
FAIL: libgomp.fortran/omp_parse4.f90  -O3 -fomit-frame-pointer  (test for excess errors)
UNRESOLVED: libgomp.fortran/omp_parse4.f90  -O3 -fomit-frame-pointer  compilation failed to produce executable
FAIL: libgomp.fortran/omp_parse4.f90  -O3 -fomit-frame-pointer -funroll-loops  (internal compiler error)
FAIL: libgomp.fortran/omp_parse4.f90  -O3 -fomit-frame-pointer -funroll-loops  (test for excess errors)
UNRESOLVED: libgomp.fortran/omp_parse4.f90  -O3 -fomit-frame-pointer -funroll-loops  compilation failed to produce executable
FAIL: libgomp.fortran/omp_parse4.f90  -O3 -fomit-frame-pointer -funroll-all-loops -finline-functions  (internal compiler error)
FAIL: libgomp.fortran/omp_parse4.f90  -O3 -fomit-frame-pointer -funroll-all-loops -finline-functions  (test for excess errors)
UNRESOLVED: libgomp.fortran/omp_parse4.f90  -O3 -fomit-frame-pointer -funroll-all-loops -finline-functions  compilation failed to produce executable
FAIL: libgomp.fortran/omp_parse4.f90  -O3 -g  (internal compiler error)
FAIL: libgomp.fortran/omp_parse4.f90  -O3 -g  (test for excess errors)
UNRESOLVED: libgomp.fortran/omp_parse4.f90  -O3 -g  compilation failed to produce executable
FAIL: libgomp.fortran/omp_parse4.f90  -Os  (internal compiler error)
FAIL: libgomp.fortran/omp_parse4.f90  -Os  (test for excess errors)
UNRESOLVED: libgomp.fortran/omp_parse4.f90  -Os  compilation failed to produce executable
FAIL: libgomp.fortran/task2.f90  -O  (internal compiler error)
FAIL: libgomp.fortran/task2.f90  -O  (test for excess errors)
UNRESOLVED: libgomp.fortran/task2.f90  -O  compilation failed to produce executable
FAIL: libgomp.fortran/vla1.f90  -O0  (internal compiler error)
FAIL: libgomp.fortran/vla1.f90  -O0  (test for excess errors)
UNRESOLVED: libgomp.fortran/vla1.f90  -O0  compilation failed to produce executable
FAIL: libgomp.fortran/vla1.f90  -O1  (internal compiler error)
FAIL: libgomp.fortran/vla1.f90  -O1  (test for excess errors)
UNRESOLVED: libgomp.fortran/vla1.f90  -O1  compilation failed to produce executable
FAIL: libgomp.fortran/vla1.f90  -O2  (internal compiler error)
FAIL: libgomp.fortran/vla1.f90  -O2  (test for excess errors)
UNRESOLVED: libgomp.fortran/vla1.f90  -O2  compilation failed to produce executable
FAIL: libgomp.fortran/vla1.f90  -O3 -fomit-frame-pointer  (internal compiler error)
FAIL: libgomp.fortran/vla1.f90  -O3 -fomit-frame-pointer  (test for excess errors)
UNRESOLVED: libgomp.fortran/vla1.f90  -O3 -fomit-frame-pointer  compilation failed to produce executable
FAIL: libgomp.fortran/vla1.f90  -O3 -fomit-frame-pointer -funroll-loops  (internal compiler error)
FAIL: libgomp.fortran/vla1.f90  -O3 -fomit-frame-pointer -funroll-loops  (test for excess errors)
UNRESOLVED: libgomp.fortran/vla1.f90  -O3 -fomit-frame-pointer -funroll-loops  compilation failed to produce executable
FAIL: libgomp.fortran/vla1.f90  -O3 -fomit-frame-pointer -funroll-all-loops -finline-functions  (internal compiler error)
FAIL: libgomp.fortran/vla1.f90  -O3 -fomit-frame-pointer -funroll-all-loops -finline-functions  (test for excess errors)
UNRESOLVED: libgomp.fortran/vla1.f90  -O3 -fomit-frame-pointer -funroll-all-loops -finline-functions  compilation failed to produce executable
FAIL: libgomp.fortran/vla1.f90  -O3 -g  (internal compiler error)
FAIL: libgomp.fortran/vla1.f90  -O3 -g  (test for excess errors)
UNRESOLVED: libgomp.fortran/vla1.f90  -O3 -g  compilation failed to produce executable
FAIL: libgomp.fortran/vla1.f90  -Os  (internal compiler error)
FAIL: libgomp.fortran/vla1.f90  -Os  (test for excess errors)
UNRESOLVED: libgomp.fortran/vla1.f90  -Os  compilation failed to produce executable
FAIL: libgomp.fortran/vla2.f90  -O0  (internal compiler error)
FAIL: libgomp.fortran/vla2.f90  -O0  (test for excess errors)
UNRESOLVED: libgomp.fortran/vla2.f90  -O0  compilation failed to produce executable
FAIL: libgomp.fortran/vla2.f90  -O1  (internal compiler error)
FAIL: libgomp.fortran/vla2.f90  -O1  (test for excess errors)
UNRESOLVED: libgomp.fortran/vla2.f90  -O1  compilation failed to produce executable
FAIL: libgomp.fortran/vla2.f90  -O2  (internal compiler error)
FAIL: libgomp.fortran/vla2.f90  -O2  (test for excess errors)
UNRESOLVED: libgomp.fortran/vla2.f90  -O2  compilation failed to produce executable
FAIL: libgomp.fortran/vla2.f90  -O3 -fomit-frame-pointer  (internal compiler error)
FAIL: libgomp.fortran/vla2.f90  -O3 -fomit-frame-pointer  (test for excess errors)
UNRESOLVED: libgomp.fortran/vla2.f90  -O3 -fomit-frame-pointer  compilation failed to produce executable
FAIL: libgomp.fortran/vla2.f90  -O3 -fomit-frame-pointer -funroll-loops  (internal compiler error)
FAIL: libgomp.fortran/vla2.f90  -O3 -fomit-frame-pointer -funroll-loops  (test for excess errors)
UNRESOLVED: libgomp.fortran/vla2.f90  -O3 -fomit-frame-pointer -funroll-loops  compilation failed to produce executable
FAIL: libgomp.fortran/vla2.f90  -O3 -fomit-frame-pointer -funroll-all-loops -finline-functions  (internal compiler error)
FAIL: libgomp.fortran/vla2.f90  -O3 -fomit-frame-pointer -funroll-all-loops -finline-functions  (test for excess errors)
UNRESOLVED: libgomp.fortran/vla2.f90  -O3 -fomit-frame-pointer -funroll-all-loops -finline-functions  compilation failed to produce executable
FAIL: libgomp.fortran/vla2.f90  -O3 -g  (internal compiler error)
FAIL: libgomp.fortran/vla2.f90  -O3 -g  (test for excess errors)
UNRESOLVED: libgomp.fortran/vla2.f90  -O3 -g  compilation failed to produce executable
FAIL: libgomp.fortran/vla2.f90  -Os  (internal compiler error)
FAIL: libgomp.fortran/vla2.f90  -Os  (test for excess errors)
UNRESOLVED: libgomp.fortran/vla2.f90  -Os  compilation failed to produce executable
FAIL: libgomp.fortran/vla3.f90  -O0  (internal compiler error)
FAIL: libgomp.fortran/vla3.f90  -O0  (test for excess errors)
UNRESOLVED: libgomp.fortran/vla3.f90  -O0  compilation failed to produce executable
FAIL: libgomp.fortran/vla3.f90  -O1  (internal compiler error)
FAIL: libgomp.fortran/vla3.f90  -O1  (test for excess errors)
UNRESOLVED: libgomp.fortran/vla3.f90  -O1  compilation failed to produce executable
FAIL: libgomp.fortran/vla3.f90  -O2  (internal compiler error)
FAIL: libgomp.fortran/vla3.f90  -O2  (test for excess errors)
UNRESOLVED: libgomp.fortran/vla3.f90  -O2  compilation failed to produce executable
FAIL: libgomp.fortran/vla3.f90  -O3 -fomit-frame-pointer  (internal compiler error)
FAIL: libgomp.fortran/vla3.f90  -O3 -fomit-frame-pointer  (test for excess errors)
UNRESOLVED: libgomp.fortran/vla3.f90  -O3 -fomit-frame-pointer  compilation failed to produce executable
FAIL: libgomp.fortran/vla3.f90  -O3 -fomit-frame-pointer -funroll-loops  (internal compiler error)
FAIL: libgomp.fortran/vla3.f90  -O3 -fomit-frame-pointer -funroll-loops  (test for excess errors)
UNRESOLVED: libgomp.fortran/vla3.f90  -O3 -fomit-frame-pointer -funroll-loops  compilation failed to produce executable
FAIL: libgomp.fortran/vla3.f90  -O3 -fomit-frame-pointer -funroll-all-loops -finline-functions  (internal compiler error)
FAIL: libgomp.fortran/vla3.f90  -O3 -fomit-frame-pointer -funroll-all-loops -finline-functions  (test for excess errors)
UNRESOLVED: libgomp.fortran/vla3.f90  -O3 -fomit-frame-pointer -funroll-all-loops -finline-functions  compilation failed to produce executable
FAIL: libgomp.fortran/vla3.f90  -O3 -g  (internal compiler error)
FAIL: libgomp.fortran/vla3.f90  -O3 -g  (test for excess errors)
UNRESOLVED: libgomp.fortran/vla3.f90  -O3 -g  compilation failed to produce executable
FAIL: libgomp.fortran/vla3.f90  -Os  (internal compiler error)
FAIL: libgomp.fortran/vla3.f90  -Os  (test for excess errors)
UNRESOLVED: libgomp.fortran/vla3.f90  -Os  compilation failed to produce executable
FAIL: libgomp.fortran/vla4.f90  -O0  (internal compiler error)
FAIL: libgomp.fortran/vla4.f90  -O0   (test for warnings, line 97)
FAIL: libgomp.fortran/vla4.f90  -O0  (test for excess errors)
UNRESOLVED: libgomp.fortran/vla4.f90  -O0  compilation failed to produce executable
FAIL: libgomp.fortran/vla4.f90  -O1  (internal compiler error)
FAIL: libgomp.fortran/vla4.f90  -O1   (test for warnings, line 97)
FAIL: libgomp.fortran/vla4.f90  -O1  (test for excess errors)
UNRESOLVED: libgomp.fortran/vla4.f90  -O1  compilation failed to produce executable
FAIL: libgomp.fortran/vla4.f90  -O2  (internal compiler error)
FAIL: libgomp.fortran/vla4.f90  -O2   (test for warnings, line 97)
FAIL: libgomp.fortran/vla4.f90  -O2  (test for excess errors)
UNRESOLVED: libgomp.fortran/vla4.f90  -O2  compilation failed to produce executable
FAIL: libgomp.fortran/vla4.f90  -O3 -fomit-frame-pointer  (internal compiler error)
FAIL: libgomp.fortran/vla4.f90  -O3 -fomit-frame-pointer   (test for warnings, line 97)
FAIL: libgomp.fortran/vla4.f90  -O3 -fomit-frame-pointer  (test for excess errors)
UNRESOLVED: libgomp.fortran/vla4.f90  -O3 -fomit-frame-pointer  compilation failed to produce executable
FAIL: libgomp.fortran/vla4.f90  -O3 -fomit-frame-pointer -funroll-loops  (internal compiler error)
FAIL: libgomp.fortran/vla4.f90  -O3 -fomit-frame-pointer -funroll-loops   (test for warnings, line 97)
FAIL: libgomp.fortran/vla4.f90  -O3 -fomit-frame-pointer -funroll-loops  (test for excess errors)
UNRESOLVED: libgomp.fortran/vla4.f90  -O3 -fomit-frame-pointer -funroll-loops  compilation failed to produce executable
FAIL: libgomp.fortran/vla4.f90  -O3 -fomit-frame-pointer -funroll-all-loops -finline-functions  (internal compiler error)
FAIL: libgomp.fortran/vla4.f90  -O3 -fomit-frame-pointer -funroll-all-loops -finline-functions   (test for warnings, line 97)
FAIL: libgomp.fortran/vla4.f90  -O3 -fomit-frame-pointer -funroll-all-loops -finline-functions  (test for excess errors)
UNRESOLVED: libgomp.fortran/vla4.f90  -O3 -fomit-frame-pointer -funroll-all-loops -finline-functions  compilation failed to produce executable
FAIL: libgomp.fortran/vla4.f90  -O3 -g  (internal compiler error)
FAIL: libgomp.fortran/vla4.f90  -O3 -g   (test for warnings, line 97)
FAIL: libgomp.fortran/vla4.f90  -O3 -g  (test for excess errors)
UNRESOLVED: libgomp.fortran/vla4.f90  -O3 -g  compilation failed to produce executable
FAIL: libgomp.fortran/vla4.f90  -Os  (internal compiler error)
FAIL: libgomp.fortran/vla4.f90  -Os   (test for warnings, line 97)
FAIL: libgomp.fortran/vla4.f90  -Os  (test for excess errors)
UNRESOLVED: libgomp.fortran/vla4.f90  -Os  compilation failed to produce executable
FAIL: libgomp.fortran/vla5.f90  -O0  (internal compiler error)
FAIL: libgomp.fortran/vla5.f90  -O0   (test for warnings, line 69)
FAIL: libgomp.fortran/vla5.f90  -O0  (test for excess errors)
UNRESOLVED: libgomp.fortran/vla5.f90  -O0  compilation failed to produce executable
FAIL: libgomp.fortran/vla5.f90  -O1  (internal compiler error)
FAIL: libgomp.fortran/vla5.f90  -O1   (test for warnings, line 69)
FAIL: libgomp.fortran/vla5.f90  -O1  (test for excess errors)
UNRESOLVED: libgomp.fortran/vla5.f90  -O1  compilation failed to produce executable
FAIL: libgomp.fortran/vla5.f90  -O2  (internal compiler error)
FAIL: libgomp.fortran/vla5.f90  -O2   (test for warnings, line 69)
FAIL: libgomp.fortran/vla5.f90  -O2  (test for excess errors)
UNRESOLVED: libgomp.fortran/vla5.f90  -O2  compilation failed to produce executable
FAIL: libgomp.fortran/vla5.f90  -O3 -fomit-frame-pointer  (internal compiler error)
FAIL: libgomp.fortran/vla5.f90  -O3 -fomit-frame-pointer   (test for warnings, line 69)
FAIL: libgomp.fortran/vla5.f90  -O3 -fomit-frame-pointer  (test for excess errors)
UNRESOLVED: libgomp.fortran/vla5.f90  -O3 -fomit-frame-pointer  compilation failed to produce executable
FAIL: libgomp.fortran/vla5.f90  -O3 -fomit-frame-pointer -funroll-loops  (internal compiler error)
FAIL: libgomp.fortran/vla5.f90  -O3 -fomit-frame-pointer -funroll-loops   (test for warnings, line 69)
FAIL: libgomp.fortran/vla5.f90  -O3 -fomit-frame-pointer -funroll-loops  (test for excess errors)
UNRESOLVED: libgomp.fortran/vla5.f90  -O3 -fomit-frame-pointer -funroll-loops  compilation failed to produce executable
FAIL: libgomp.fortran/vla5.f90  -O3 -fomit-frame-pointer -funroll-all-loops -finline-functions  (internal compiler error)
FAIL: libgomp.fortran/vla5.f90  -O3 -fomit-frame-pointer -funroll-all-loops -finline-functions   (test for warnings, line 69)
FAIL: libgomp.fortran/vla5.f90  -O3 -fomit-frame-pointer -funroll-all-loops -finline-functions  (test for excess errors)
UNRESOLVED: libgomp.fortran/vla5.f90  -O3 -fomit-frame-pointer -funroll-all-loops -finline-functions  compilation failed to produce executable
FAIL: libgomp.fortran/vla5.f90  -O3 -g  (internal compiler error)
FAIL: libgomp.fortran/vla5.f90  -O3 -g   (test for warnings, line 69)
FAIL: libgomp.fortran/vla5.f90  -O3 -g  (test for excess errors)
UNRESOLVED: libgomp.fortran/vla5.f90  -O3 -g  compilation failed to produce executable
FAIL: libgomp.fortran/vla5.f90  -Os  (internal compiler error)
FAIL: libgomp.fortran/vla5.f90  -Os   (test for warnings, line 69)
FAIL: libgomp.fortran/vla5.f90  -Os  (test for excess errors)
UNRESOLVED: libgomp.fortran/vla5.f90  -Os  compilation failed to produce executable
FAIL: libgomp.fortran/vla6.f90  -O0  (internal compiler error)
FAIL: libgomp.fortran/vla6.f90  -O0  (test for excess errors)
UNRESOLVED: libgomp.fortran/vla6.f90  -O0  compilation failed to produce executable
FAIL: libgomp.fortran/vla6.f90  -O1  (internal compiler error)
FAIL: libgomp.fortran/vla6.f90  -O1  (test for excess errors)
UNRESOLVED: libgomp.fortran/vla6.f90  -O1  compilation failed to produce executable
FAIL: libgomp.fortran/vla6.f90  -O2  (internal compiler error)
FAIL: libgomp.fortran/vla6.f90  -O2  (test for excess errors)
UNRESOLVED: libgomp.fortran/vla6.f90  -O2  compilation failed to produce executable
FAIL: libgomp.fortran/vla6.f90  -O3 -fomit-frame-pointer  (internal compiler error)
FAIL: libgomp.fortran/vla6.f90  -O3 -fomit-frame-pointer  (test for excess errors)
UNRESOLVED: libgomp.fortran/vla6.f90  -O3 -fomit-frame-pointer  compilation failed to produce executable
FAIL: libgomp.fortran/vla6.f90  -O3 -fomit-frame-pointer -funroll-loops  (internal compiler error)
FAIL: libgomp.fortran/vla6.f90  -O3 -fomit-frame-pointer -funroll-loops  (test for excess errors)
UNRESOLVED: libgomp.fortran/vla6.f90  -O3 -fomit-frame-pointer -funroll-loops  compilation failed to produce executable
FAIL: libgomp.fortran/vla6.f90  -O3 -fomit-frame-pointer -funroll-all-loops -finline-functions  (internal compiler error)
FAIL: libgomp.fortran/vla6.f90  -O3 -fomit-frame-pointer -funroll-all-loops -finline-functions  (test for excess errors)
UNRESOLVED: libgomp.fortran/vla6.f90  -O3 -fomit-frame-pointer -funroll-all-loops -finline-functions  compilation failed to produce executable
FAIL: libgomp.fortran/vla6.f90  -O3 -g  (internal compiler error)
FAIL: libgomp.fortran/vla6.f90  -O3 -g  (test for excess errors)
UNRESOLVED: libgomp.fortran/vla6.f90  -O3 -g  compilation failed to produce executable
FAIL: libgomp.fortran/vla6.f90  -Os  (internal compiler error)
FAIL: libgomp.fortran/vla6.f90  -Os  (test for excess errors)
UNRESOLVED: libgomp.fortran/vla6.f90  -Os  compilation failed to produce executable
FAIL: libgomp.fortran/vla8.f90  -O0  (internal compiler error)
FAIL: libgomp.fortran/vla8.f90  -O0  (test for excess errors)
UNRESOLVED: libgomp.fortran/vla8.f90  -O0  compilation failed to produce executable
FAIL: libgomp.fortran/vla8.f90  -O1  (internal compiler error)
FAIL: libgomp.fortran/vla8.f90  -O1  (test for excess errors)
UNRESOLVED: libgomp.fortran/vla8.f90  -O1  compilation failed to produce executable
FAIL: libgomp.fortran/vla8.f90  -O2  (internal compiler error)
FAIL: libgomp.fortran/vla8.f90  -O2  (test for excess errors)
UNRESOLVED: libgomp.fortran/vla8.f90  -O2  compilation failed to produce executable
FAIL: libgomp.fortran/vla8.f90  -O3 -fomit-frame-pointer  (internal compiler error)
FAIL: libgomp.fortran/vla8.f90  -O3 -fomit-frame-pointer  (test for excess errors)
UNRESOLVED: libgomp.fortran/vla8.f90  -O3 -fomit-frame-pointer  compilation failed to produce executable
FAIL: libgomp.fortran/vla8.f90  -O3 -fomit-frame-pointer -funroll-loops  (internal compiler error)
FAIL: libgomp.fortran/vla8.f90  -O3 -fomit-frame-pointer -funroll-loops  (test for excess errors)
UNRESOLVED: libgomp.fortran/vla8.f90  -O3 -fomit-frame-pointer -funroll-loops  compilation failed to produce executable
FAIL: libgomp.fortran/vla8.f90  -O3 -fomit-frame-pointer -funroll-all-loops -finline-functions  (internal compiler error)
FAIL: libgomp.fortran/vla8.f90  -O3 -fomit-frame-pointer -funroll-all-loops -finline-functions  (test for excess errors)
UNRESOLVED: libgomp.fortran/vla8.f90  -O3 -fomit-frame-pointer -funroll-all-loops -finline-functions  compilation failed to produce executable
FAIL: libgomp.fortran/vla8.f90  -O3 -g  (internal compiler error)
FAIL: libgomp.fortran/vla8.f90  -O3 -g  (test for excess errors)
UNRESOLVED: libgomp.fortran/vla8.f90  -O3 -g  compilation failed to produce executable
FAIL: libgomp.fortran/vla8.f90  -Os  (internal compiler error)
FAIL: libgomp.fortran/vla8.f90  -Os  (test for excess errors)
UNRESOLVED: libgomp.fortran/vla8.f90  -Os  compilation failed to produce executable
FAIL: libgomp.fortran/workshare2.f90  -O  (internal compiler error)
FAIL: libgomp.fortran/workshare2.f90  -O  (test for excess errors)
UNRESOLVED: libgomp.fortran/workshare2.f90  -O  compilation failed to produce executable
WARNING: program timed out.
FAIL: libgomp.graphite/force-parallel-6.c execution test

		=== libgomp Summary ===

# of expected passes		2847
# of unexpected failures	149
# of unresolved testcases	66
		=== libitm tests ===


Running target unix

		=== libitm Summary ===

# of expected passes		26
# of expected failures		3
# of unsupported tests		1
		=== libstdc++ tests ===


Running target unix

		=== libstdc++ Summary ===

# of expected passes		8235
# of expected failures		43
# of unsupported tests		476

Compiler version: 4.8.0 20120310 (experimental) 
Platform: x86_64-unknown-linux-gnu
configure flags: --prefix=/tmp/c --with-gnu-ld --enable-languages=ada,fortran --disable-libmudflap --disable-multilib --disable-nls --with-arch=native --with-tune=native


Index Nav: [Date Index] [Subject Index] [Author Index] [Thread Index]
Message Nav: [Date Prev] [Date Next] [Thread Prev] [Thread Next]