This is the mail archive of the gcc-testresults@gcc.gnu.org mailing list for the GCC project.


Index Nav: [Date Index] [Subject Index] [Author Index] [Thread Index]
Message Nav: [Date Prev] [Date Next] [Thread Prev] [Thread Next]
Other format: [Raw text]

Results for 4.8.0 20120302 (experimental) [trunk revision 184799] (GCC) testsuite on sparc-sun-solaris2.9


LAST_UPDATED: Fri Mar  2 17:01:24 UTC 2012 (revision 184799)

		=== acats tests ===

		=== acats Summary ===
# of expected passes		2320
# of unexpected failures	0
Native configuration is sparc-sun-solaris2.9

		=== g++ tests ===


Running target unix
WARNING: program timed out.
FAIL: g++.dg/torture/pr31863.C  -O2 -flto  (test for excess errors)

		=== g++ Summary for unix ===

# of expected passes		46078
# of unexpected failures	1
# of expected failures		288
# of unsupported tests		819

Running target unix/-m64
FAIL: g++.dg/torture/pr31863.C  -O2 -flto  (test for excess errors)

		=== g++ Summary for unix/-m64 ===

# of expected passes		47315
# of unexpected failures	1
# of expected failures		288
# of unsupported tests		812

		=== g++ Summary ===

# of expected passes		93393
# of unexpected failures	2
# of expected failures		576
# of unsupported tests		1631
/var/gcc/regression/trunk/9-gcc/build/gcc/testsuite/g++/../../g++  version 4.8.0 20120302 (experimental) [trunk revision 184799] (GCC) 

		=== gcc tests ===


Running target unix
WARNING: program timed out.
FAIL: gcc.dg/graphite/interchange-8.c (test for excess errors)
WARNING: gcc.dg/graphite/interchange-8.c compilation failed to produce executable
FAIL: gcc.dg/graphite/interchange-8.c scan-tree-dump-times graphite "will be interchanged" 2
FAIL: gcc.dg/simulate-thread/speculative-store.c  -O0 -g  thread simulation test

		=== gcc Summary for unix ===

# of expected passes		74968
# of unexpected failures	3
# of expected failures		320
# of unsupported tests		1690

Running target unix/-m64
FAIL: gcc.dg/pr44194-1.c scan-rtl-dump dse1 "global deletions = 2"
WARNING: program timed out.
FAIL: gcc.dg/graphite/interchange-8.c (test for excess errors)
WARNING: gcc.dg/graphite/interchange-8.c compilation failed to produce executable
FAIL: gcc.dg/graphite/interchange-8.c scan-tree-dump-times graphite "will be interchanged" 2

		=== gcc Summary for unix/-m64 ===

# of expected passes		75615
# of unexpected failures	3
# of expected failures		307
# of unsupported tests		1687

		=== gcc Summary ===

# of expected passes		150583
# of unexpected failures	6
# of expected failures		627
# of unsupported tests		3377
/var/gcc/regression/trunk/9-gcc/build/gcc/xgcc  version 4.8.0 20120302 (experimental) [trunk revision 184799] (GCC) 

		=== gfortran tests ===


Running target unix

		=== gfortran Summary for unix ===

# of expected passes		40221
# of expected failures		58
# of unsupported tests		408

Running target unix/-m64

		=== gfortran Summary for unix/-m64 ===

# of expected passes		40500
# of expected failures		58
# of unsupported tests		271

		=== gfortran Summary ===

# of expected passes		80721
# of expected failures		116
# of unsupported tests		679
/var/gcc/regression/trunk/9-gcc/build/gcc/testsuite/gfortran/../../gfortran  version 4.8.0 20120302 (experimental) [trunk revision 184799] (GCC) 

		=== gnat tests ===


Running target unix

		=== gnat Summary for unix ===

# of expected passes		1064
# of expected failures		13
# of unsupported tests		12

Running target unix/-m64

		=== gnat Summary for unix/-m64 ===

# of expected passes		1064
# of expected failures		13
# of unsupported tests		12

		=== gnat Summary ===

# of expected passes		2128
# of expected failures		26
# of unsupported tests		24
/var/gcc/regression/trunk/9-gcc/build/gcc/gnatmake version 4.8.0 20120302 (experimental) [trunk revision 184799]

		=== go tests ===


Running target unix
FAIL: ./64bit-out.go compilation,  -O0 -g 
FAIL: ./select5-out.go compilation,  -O0 -g 
FAIL: go.test/test/cmplxdivide.go
WARNING: program timed out.
WARNING: program timed out.
WARNING: program timed out.

		=== go Summary for unix ===

# of expected passes		3293
# of unexpected failures	3
# of expected failures		4
# of untested testcases		9

Running target unix/-m64
FAIL: ./64bit-out.go compilation,  -O0 -g 
FAIL: ./select5-out.go compilation,  -O0 -g 
FAIL: go.test/test/chan/doubleselect.go execution,  -O2 -g 
FAIL: go.test/test/cmplxdivide.go
WARNING: program timed out.
WARNING: program timed out.
WARNING: program timed out.
WARNING: program timed out.

		=== go Summary for unix/-m64 ===

# of expected passes		3292
# of unexpected failures	4
# of expected failures		4
# of untested testcases		9

		=== go Summary ===

# of expected passes		6585
# of unexpected failures	7
# of expected failures		8
# of untested testcases		18
/var/gcc/regression/trunk/9-gcc/build/gcc/testsuite/go/../../gccgo  version 4.8.0 20120302 (experimental) [trunk revision 184799] (GCC) 

		=== obj-c++ tests ===


Running target unix

		=== obj-c++ Summary for unix ===

# of expected passes		1450
# of expected failures		2
# of unsupported tests		86

Running target unix/-m64

		=== obj-c++ Summary for unix/-m64 ===

# of expected passes		1442
# of expected failures		10
# of unsupported tests		86

		=== obj-c++ Summary ===

# of expected passes		2892
# of expected failures		12
# of unsupported tests		172
/var/gcc/regression/trunk/9-gcc/build/gcc/testsuite/obj-c++/../../g++  version 4.8.0 20120302 (experimental) [trunk revision 184799] (GCC) 

		=== objc tests ===


Running target unix

		=== objc Summary for unix ===

# of expected passes		2994
# of unsupported tests		74

Running target unix/-m64

		=== objc Summary for unix/-m64 ===

# of expected passes		2994
# of unsupported tests		74

		=== objc Summary ===

# of expected passes		5988
# of unsupported tests		148
/var/gcc/regression/trunk/9-gcc/build/gcc/xgcc  version 4.8.0 20120302 (experimental) [trunk revision 184799] (GCC) 

		=== boehm-gc tests ===


Running target unix

		=== boehm-gc Summary for unix ===

# of expected passes		12
# of unsupported tests		1

Running target unix/-m64

		=== boehm-gc Summary for unix/-m64 ===

# of expected passes		12
# of unsupported tests		1

		=== boehm-gc Summary ===

# of expected passes		24
# of unsupported tests		2
		=== libffi tests ===


Running target unix

		=== libffi Summary for unix ===

# of expected passes		1634
# of expected failures		10
# of unsupported tests		55

Running target unix/-m64

		=== libffi Summary for unix/-m64 ===

# of expected passes		1634
# of expected failures		10
# of unsupported tests		55

		=== libffi Summary ===

# of expected passes		3268
# of expected failures		20
# of unsupported tests		110
		=== libgo tests ===


Running target unix
FAIL: math
FAIL: net
FAIL: time
FAIL: crypto/rand
FAIL: net/http
FAIL: net/http/httputil

		=== libgo Summary for unix ===

# of expected passes		117
# of unexpected failures	6

Running target unix/-m64
FAIL: math
FAIL: net
FAIL: time
FAIL: crypto/rand
FAIL: net/http
FAIL: net/http/httputil

		=== libgo Summary for unix/-m64 ===

# of expected passes		117
# of unexpected failures	6

		=== libgo Summary ===

# of expected passes		234
# of unexpected failures	12
		=== libgomp tests ===


Running target unix

		=== libgomp Summary for unix ===

# of expected passes		2976
# of unsupported tests		10

Running target unix/-m64

		=== libgomp Summary for unix/-m64 ===

# of expected passes		2976
# of unsupported tests		10

		=== libgomp Summary ===

# of expected passes		5952
# of unsupported tests		20
		=== libitm tests ===


Running target unix

		=== libitm Summary for unix ===

# of expected passes		26
# of expected failures		3
# of unsupported tests		1

Running target unix/-m64
FAIL: libitm.c/memcpy-1.c (internal compiler error)
FAIL: libitm.c/memcpy-1.c (test for excess errors)
WARNING: libitm.c/memcpy-1.c compilation failed to produce executable

		=== libitm Summary for unix/-m64 ===

# of expected passes		24
# of unexpected failures	2
# of expected failures		3
# of unsupported tests		1

		=== libitm Summary ===

# of expected passes		50
# of unexpected failures	2
# of expected failures		6
# of unsupported tests		2
		=== libjava tests ===


Running target unix
FAIL: InvokeInterface execution - source compiled test
FAIL: InvokeInterface -O3 execution - source compiled test

		=== libjava Summary for unix ===

# of expected passes		2570
# of unexpected failures	2
# of untested testcases		2

Running target unix/-m64
FAIL: InvokeInterface execution - source compiled test
FAIL: InvokeInterface -O3 execution - source compiled test

		=== libjava Summary for unix/-m64 ===

# of expected passes		2570
# of unexpected failures	2
# of untested testcases		2

		=== libjava Summary ===

# of expected passes		5140
# of unexpected failures	4
# of untested testcases		4
		=== libstdc++ tests ===


Running target unix

		=== libstdc++ Summary for unix ===

# of expected passes		7302
# of expected failures		45
# of unsupported tests		801

Running target unix/-m64

		=== libstdc++ Summary for unix/-m64 ===

# of expected passes		7302
# of expected failures		45
# of unsupported tests		801

		=== libstdc++ Summary ===

# of expected passes		14604
# of expected failures		90
# of unsupported tests		1602

Compiler version: 4.8.0 20120302 (experimental) [trunk revision 184799] (GCC) 
Platform: sparc-sun-solaris2.9
configure flags: --prefix=/vol/gcc --target=sparc-sun-solaris2.9 --enable-objc-gc --with-host-libstdcxx='-L/vol/gcc-4.4/lib -Wl,-Bstatic -lstdc++ -Wl,-Bdynamic -lm' --with-boot-ldflags='-static-libstdc++ -static-libgcc -L/vol/gcc-4.4/lib' --with-gmp-include=/vol/gcc/include --with-gmp-lib=/vol/gcc/lib --with-mpfr-include=/vol/gcc/include --with-mpfr-lib=/vol/gcc/lib --with-mpc-include=/vol/gcc/include --with-mpc-lib=/vol/gcc/lib --enable-languages=all,ada,obj-c++,go --with-ppl-include=/vol/gcc/include --with-ppl-lib=/vol/gcc/lib --with-cloog-include=/vol/gcc/include --with-cloog-lib=/vol/gcc/lib --enable-cloog-backend=ppl
BOOT_CFLAGS=-g -O2


Index Nav: [Date Index] [Subject Index] [Author Index] [Thread Index]
Message Nav: [Date Prev] [Date Next] [Thread Prev] [Thread Next]