This is the mail archive of the
gcc-testresults@gcc.gnu.org
mailing list for the GCC project.
Results for 4.7.0 20120302 (prerelease) [gcc-4_7-branch revision 184779] (GCC) testsuite on sparc-sun-solaris2.9
- From: Rainer Orth <ro at CeBiTec dot Uni-Bielefeld dot DE>
- To: gcc-testresults at gcc dot gnu dot org
- Date: Mon, 5 Mar 2012 11:23:48 +0100 (MET)
- Subject: Results for 4.7.0 20120302 (prerelease) [gcc-4_7-branch revision 184779] (GCC) testsuite on sparc-sun-solaris2.9
LAST_UPDATED: Fri Mar 2 17:02:25 UTC 2012 (revision 184779)
=== acats tests ===
=== acats Summary ===
# of expected passes 2320
# of unexpected failures 0
Native configuration is sparc-sun-solaris2.9
=== g++ tests ===
Running target unix
FAIL: g++.dg/torture/pr31863.C -O2 -flto (test for excess errors)
=== g++ Summary for unix ===
# of expected passes 46077
# of unexpected failures 1
# of expected failures 288
# of unsupported tests 819
Running target unix/-m64
FAIL: g++.dg/torture/pr31863.C -O2 -flto (test for excess errors)
=== g++ Summary for unix/-m64 ===
# of expected passes 47314
# of unexpected failures 1
# of expected failures 288
# of unsupported tests 812
=== g++ Summary ===
# of expected passes 93391
# of unexpected failures 2
# of expected failures 576
# of unsupported tests 1631
/var/gcc/regression/gcc-4.7-branch/9-gcc/build/gcc/testsuite/g++/../../g++ version 4.7.0 20120302 (prerelease) [gcc-4_7-branch revision 184779] (GCC)
=== gcc tests ===
Running target unix
FAIL: gcc.dg/simulate-thread/speculative-store.c -O0 -g thread simulation test
=== gcc Summary for unix ===
# of expected passes 74951
# of unexpected failures 1
# of expected failures 320
# of unsupported tests 1690
Running target unix/-m64
FAIL: gcc.dg/pr44194-1.c scan-rtl-dump dse1 "global deletions = 2"
WARNING: program timed out.
FAIL: gcc.dg/graphite/interchange-8.c (test for excess errors)
WARNING: gcc.dg/graphite/interchange-8.c compilation failed to produce executable
FAIL: gcc.dg/graphite/interchange-8.c scan-tree-dump-times graphite "will be interchanged" 2
=== gcc Summary for unix/-m64 ===
# of expected passes 75595
# of unexpected failures 3
# of expected failures 307
# of unsupported tests 1687
=== gcc Summary ===
# of expected passes 150546
# of unexpected failures 4
# of expected failures 627
# of unsupported tests 3377
/var/gcc/regression/gcc-4.7-branch/9-gcc/build/gcc/xgcc version 4.7.0 20120302 (prerelease) [gcc-4_7-branch revision 184779] (GCC)
=== gfortran tests ===
Running target unix
=== gfortran Summary for unix ===
# of expected passes 40213
# of expected failures 58
# of unsupported tests 408
Running target unix/-m64
=== gfortran Summary for unix/-m64 ===
# of expected passes 40492
# of expected failures 58
# of unsupported tests 271
=== gfortran Summary ===
# of expected passes 80705
# of expected failures 116
# of unsupported tests 679
/var/gcc/regression/gcc-4.7-branch/9-gcc/build/gcc/testsuite/gfortran/../../gfortran version 4.7.0 20120302 (prerelease) [gcc-4_7-branch revision 184779] (GCC)
=== gnat tests ===
Running target unix
=== gnat Summary for unix ===
# of expected passes 1064
# of expected failures 13
# of unsupported tests 12
Running target unix/-m64
=== gnat Summary for unix/-m64 ===
# of expected passes 1064
# of expected failures 13
# of unsupported tests 12
=== gnat Summary ===
# of expected passes 2128
# of expected failures 26
# of unsupported tests 24
/var/gcc/regression/gcc-4.7-branch/9-gcc/build/gcc/gnatmake version 4.7.0 20120302 (prerelease) [gcc-4_7-branch revision 184779]
=== go tests ===
Running target unix
=== go Summary for unix ===
# of expected passes 3297
# of expected failures 4
# of untested testcases 7
Running target unix/-m64
FAIL: go.test/test/chan/doubleselect.go execution, -O2 -g
WARNING: program timed out.
=== go Summary for unix/-m64 ===
# of expected passes 3296
# of unexpected failures 1
# of expected failures 4
# of untested testcases 7
=== go Summary ===
# of expected passes 6593
# of unexpected failures 1
# of expected failures 8
# of untested testcases 14
/var/gcc/regression/gcc-4.7-branch/9-gcc/build/gcc/testsuite/go/../../gccgo version 4.7.0 20120302 (prerelease) [gcc-4_7-branch revision 184779] (GCC)
=== obj-c++ tests ===
Running target unix
=== obj-c++ Summary for unix ===
# of expected passes 1450
# of expected failures 2
# of unsupported tests 86
Running target unix/-m64
=== obj-c++ Summary for unix/-m64 ===
# of expected passes 1442
# of expected failures 10
# of unsupported tests 86
=== obj-c++ Summary ===
# of expected passes 2892
# of expected failures 12
# of unsupported tests 172
/var/gcc/regression/gcc-4.7-branch/9-gcc/build/gcc/testsuite/obj-c++/../../g++ version 4.7.0 20120302 (prerelease) [gcc-4_7-branch revision 184779] (GCC)
=== objc tests ===
Running target unix
=== objc Summary for unix ===
# of expected passes 2994
# of unsupported tests 74
Running target unix/-m64
=== objc Summary for unix/-m64 ===
# of expected passes 2994
# of unsupported tests 74
=== objc Summary ===
# of expected passes 5988
# of unsupported tests 148
/var/gcc/regression/gcc-4.7-branch/9-gcc/build/gcc/xgcc version 4.7.0 20120302 (prerelease) [gcc-4_7-branch revision 184779] (GCC)
=== boehm-gc tests ===
Running target unix
=== boehm-gc Summary for unix ===
# of expected passes 12
# of unsupported tests 1
Running target unix/-m64
=== boehm-gc Summary for unix/-m64 ===
# of expected passes 12
# of unsupported tests 1
=== boehm-gc Summary ===
# of expected passes 24
# of unsupported tests 2
=== libffi tests ===
Running target unix
=== libffi Summary for unix ===
# of expected passes 1634
# of expected failures 10
# of unsupported tests 55
Running target unix/-m64
=== libffi Summary for unix/-m64 ===
# of expected passes 1634
# of expected failures 10
# of unsupported tests 55
=== libffi Summary ===
# of expected passes 3268
# of expected failures 20
# of unsupported tests 110
=== libgo tests ===
Running target unix
FAIL: math
FAIL: time
FAIL: crypto/rand
FAIL: net/http
=== libgo Summary for unix ===
# of expected passes 119
# of unexpected failures 4
Running target unix/-m64
FAIL: math
FAIL: time
FAIL: crypto/rand
FAIL: net/http
=== libgo Summary for unix/-m64 ===
# of expected passes 119
# of unexpected failures 4
=== libgo Summary ===
# of expected passes 238
# of unexpected failures 8
=== libgomp tests ===
Running target unix
=== libgomp Summary for unix ===
# of expected passes 2976
# of unsupported tests 10
Running target unix/-m64
=== libgomp Summary for unix/-m64 ===
# of expected passes 2976
# of unsupported tests 10
=== libgomp Summary ===
# of expected passes 5952
# of unsupported tests 20
=== libitm tests ===
Running target unix
=== libitm Summary for unix ===
# of expected passes 26
# of expected failures 3
# of unsupported tests 1
Running target unix/-m64
=== libitm Summary for unix/-m64 ===
# of expected passes 26
# of expected failures 3
# of unsupported tests 1
=== libitm Summary ===
# of expected passes 52
# of expected failures 6
# of unsupported tests 2
=== libjava tests ===
Running target unix
FAIL: InvokeInterface execution - source compiled test
FAIL: InvokeInterface -O3 execution - source compiled test
=== libjava Summary for unix ===
# of expected passes 2570
# of unexpected failures 2
# of untested testcases 2
Running target unix/-m64
FAIL: InvokeInterface execution - source compiled test
FAIL: InvokeInterface -O3 execution - source compiled test
=== libjava Summary for unix/-m64 ===
# of expected passes 2570
# of unexpected failures 2
# of untested testcases 2
=== libjava Summary ===
# of expected passes 5140
# of unexpected failures 4
# of untested testcases 4
=== libstdc++ tests ===
Running target unix
=== libstdc++ Summary for unix ===
# of expected passes 7302
# of expected failures 45
# of unsupported tests 801
Running target unix/-m64
=== libstdc++ Summary for unix/-m64 ===
# of expected passes 7302
# of expected failures 45
# of unsupported tests 801
=== libstdc++ Summary ===
# of expected passes 14604
# of expected failures 90
# of unsupported tests 1602
Compiler version: 4.7.0 20120302 (prerelease) [gcc-4_7-branch revision 184779] (GCC)
Platform: sparc-sun-solaris2.9
configure flags: --prefix=/vol/gcc --target=sparc-sun-solaris2.9 --enable-objc-gc --with-host-libstdcxx='-L/vol/gcc-4.4/lib -Wl,-Bstatic -lstdc++ -Wl,-Bdynamic -lm' --with-boot-ldflags='-static-libstdc++ -static-libgcc -L/vol/gcc-4.4/lib' --with-gmp-include=/vol/gcc/include --with-gmp-lib=/vol/gcc/lib --with-mpfr-include=/vol/gcc/include --with-mpfr-lib=/vol/gcc/lib --with-mpc-include=/vol/gcc/include --with-mpc-lib=/vol/gcc/lib --enable-languages=all,ada,obj-c++,go --with-ppl-include=/vol/gcc/include --with-ppl-lib=/vol/gcc/lib --with-cloog-include=/vol/gcc/include --with-cloog-lib=/vol/gcc/lib --enable-cloog-backend=ppl
BOOT_CFLAGS=-g -O2