This is the mail archive of the gcc-testresults@gcc.gnu.org mailing list for the GCC project.


Index Nav: [Date Index] [Subject Index] [Author Index] [Thread Index]
Message Nav: [Date Prev] [Date Next] [Thread Prev] [Thread Next]
Other format: [Raw text]

Results for 4.6.4 20120302 (prerelease) [gcc-4_6-branch revision 184787] (GCC) testsuite on sparc-sun-solaris2.9


LAST_UPDATED: Fri Mar  2 17:03:18 UTC 2012 (revision 184787)

		=== acats tests ===

		=== acats Summary ===
# of expected passes		2321
# of unexpected failures	0
Native configuration is sparc-sun-solaris2.9

		=== g++ tests ===


Running target unix
XPASS: g++.dg/uninit-pred-3_b.C (test for excess errors)

		=== g++ Summary for unix ===

# of expected passes		26613
# of unexpected successes	1
# of expected failures		169
# of unsupported tests		440

Running target unix/-m64
XPASS: g++.dg/uninit-pred-3_b.C (test for excess errors)

		=== g++ Summary for unix/-m64 ===

# of expected passes		27225
# of unexpected successes	1
# of expected failures		169
# of unsupported tests		437

		=== g++ Summary ===

# of expected passes		53838
# of unexpected successes	2
# of expected failures		338
# of unsupported tests		877
/var/gcc/regression/gcc-4.6-branch/9-gcc-gas/build/gcc/testsuite/g++/../../g++  version 4.6.4 20120302 (prerelease) [gcc-4_6-branch revision 184787] (GCC) 

		=== gcc tests ===


Running target unix
FAIL: gcc.dg/lto/20110201-1 c_lto_20110201-1_0.o-c_lto_20110201-1_0.o link,  -O0 -flto 
UNRESOLVED: gcc.dg/lto/20110201-1 c_lto_20110201-1_0.o-c_lto_20110201-1_0.o execute  -O0 -flto 

		=== gcc Summary for unix ===

# of expected passes		70515
# of unexpected failures	1
# of expected failures		237
# of unresolved testcases	1
# of unsupported tests		1205

Running target unix/-m64

		=== gcc Summary for unix/-m64 ===

# of expected passes		71105
# of expected failures		228
# of unsupported tests		1207

		=== gcc Summary ===

# of expected passes		141620
# of unexpected failures	1
# of expected failures		465
# of unresolved testcases	1
# of unsupported tests		2412
/var/gcc/regression/gcc-4.6-branch/9-gcc-gas/build/gcc/xgcc  version 4.6.4 20120302 (prerelease) [gcc-4_6-branch revision 184787] (GCC) 

		=== gfortran tests ===


Running target unix

		=== gfortran Summary for unix ===

# of expected passes		38402
# of expected failures		43
# of unsupported tests		402

Running target unix/-m64

		=== gfortran Summary for unix/-m64 ===

# of expected passes		38688
# of expected failures		43
# of unsupported tests		258

		=== gfortran Summary ===

# of expected passes		77090
# of expected failures		86
# of unsupported tests		660
/var/gcc/regression/gcc-4.6-branch/9-gcc-gas/build/gcc/testsuite/gfortran/../../gfortran  version 4.6.4 20120302 (prerelease) [gcc-4_6-branch revision 184787] (GCC) 

		=== gnat tests ===


Running target unix

		=== gnat Summary for unix ===

# of expected passes		873
# of expected failures		10
# of unsupported tests		4

Running target unix/-m64

		=== gnat Summary for unix/-m64 ===

# of expected passes		873
# of expected failures		10
# of unsupported tests		4

		=== gnat Summary ===

# of expected passes		1746
# of expected failures		20
# of unsupported tests		8
/var/gcc/regression/gcc-4.6-branch/9-gcc-gas/build/gcc/gnatmake version 4.6.4 20120302 (prerelease) [gcc-4_6-branch revision 184787]

		=== objc tests ===


Running target unix

		=== objc Summary for unix ===

# of expected passes		2868
# of expected failures		10
# of unsupported tests		98

Running target unix/-m64

		=== objc Summary for unix/-m64 ===

# of expected passes		2868
# of expected failures		10
# of unsupported tests		98

		=== objc Summary ===

# of expected passes		5736
# of expected failures		20
# of unsupported tests		196
/var/gcc/regression/gcc-4.6-branch/9-gcc-gas/build/gcc/xgcc  version 4.6.4 20120302 (prerelease) [gcc-4_6-branch revision 184787] (GCC) 

		=== libffi tests ===


Running target unix

		=== libffi Summary for unix ===

# of expected passes		1634
# of expected failures		10
# of unsupported tests		15

Running target unix/-m64

		=== libffi Summary for unix/-m64 ===

# of expected passes		1634
# of expected failures		10
# of unsupported tests		15

		=== libffi Summary ===

# of expected passes		3268
# of expected failures		20
# of unsupported tests		30
		=== libgomp tests ===


Running target unix

		=== libgomp Summary for unix ===

# of expected passes		2614
# of unsupported tests		10

Running target unix/-m64

		=== libgomp Summary for unix/-m64 ===

# of expected passes		2614
# of unsupported tests		10

		=== libgomp Summary ===

# of expected passes		5228
# of unsupported tests		20
		=== libjava tests ===


Running target unix

		=== libjava Summary for unix ===

# of expected passes		2574

Running target unix/-m64

		=== libjava Summary for unix/-m64 ===

# of expected passes		2574

		=== libjava Summary ===

# of expected passes		5148
		=== libstdc++ tests ===


Running target unix

		=== libstdc++ Summary for unix ===

# of expected passes		6906
# of expected failures		84
# of unsupported tests		743

Running target unix/-m64

		=== libstdc++ Summary for unix/-m64 ===

# of expected passes		6906
# of expected failures		84
# of unsupported tests		743

		=== libstdc++ Summary ===

# of expected passes		13812
# of expected failures		168
# of unsupported tests		1486

Compiler version: 4.6.4 20120302 (prerelease) [gcc-4_6-branch revision 184787] (GCC) 
Platform: sparc-sun-solaris2.9
configure flags: --prefix=/vol/gcc --target=sparc-sun-solaris2.9 --with-as=/vol/gcc/bin/gas-2.22 --with-gnu-as --with-gmp-include=/vol/gcc/include --with-gmp-lib=/vol/gcc/lib --with-mpfr-include=/vol/gcc/include --with-mpfr-lib=/vol/gcc/lib --with-mpc-include=/vol/gcc/include --with-mpc-lib=/vol/gcc/lib --enable-languages=all,ada --without-ppl --without-cloog
BOOT_CFLAGS=-g -O2


Index Nav: [Date Index] [Subject Index] [Author Index] [Thread Index]
Message Nav: [Date Prev] [Date Next] [Thread Prev] [Thread Next]