This is the mail archive of the gcc-testresults@gcc.gnu.org mailing list for the GCC project.


Index Nav: [Date Index] [Subject Index] [Author Index] [Thread Index]
Message Nav: [Date Prev] [Date Next] [Thread Prev] [Thread Next]
Other format: [Raw text]

Results for 4.7.0 20120302 (prerelease) [gcc-4_7-branch revision 184779] (GCC) testsuite on i386-pc-solaris2.9


LAST_UPDATED: Fri Mar  2 17:02:25 UTC 2012 (revision 184779)

		=== acats tests ===

		=== acats Summary ===
# of expected passes		2320
# of unexpected failures	0
Native configuration is i386-pc-solaris2.9

		=== g++ tests ===


Running target unix
FAIL: g++.dg/init/cleanup3.C scan-assembler-not _tcf
FAIL: g++.dg/init/cleanup3.C scan-assembler-not _tcf
FAIL: g++.old-deja/g++.other/init5.C -std=c++98 execution test
FAIL: g++.old-deja/g++.other/init5.C -std=c++11 execution test

		=== g++ Summary ===

# of expected passes		47055
# of unexpected failures	4
# of expected failures		286
# of unsupported tests		365
/var/gcc/regression/gcc-4.7-branch/9-gcc-gas-gld/build/gcc/testsuite/g++/../../g++  version 4.7.0 20120302 (prerelease) [gcc-4_7-branch revision 184779] (GCC) 

		=== gcc tests ===


Running target unix

		=== gcc Summary ===

# of expected passes		83551
# of expected failures		260
# of unsupported tests		1070
/var/gcc/regression/gcc-4.7-branch/9-gcc-gas-gld/build/gcc/xgcc  version 4.7.0 20120302 (prerelease) [gcc-4_7-branch revision 184779] (GCC) 

		=== gfortran tests ===


Running target unix
FAIL: gfortran.dg/static_linking_1.f  -O0  execution test
FAIL: gfortran.dg/static_linking_1.f  -O1  execution test
FAIL: gfortran.dg/static_linking_1.f  -O2  execution test
FAIL: gfortran.dg/static_linking_1.f  -O3 -fomit-frame-pointer  execution test
FAIL: gfortran.dg/static_linking_1.f  -O3 -fomit-frame-pointer -funroll-loops  execution test
FAIL: gfortran.dg/static_linking_1.f  -O3 -fomit-frame-pointer -funroll-all-loops -finline-functions  execution test
FAIL: gfortran.dg/static_linking_1.f  -O3 -g  execution test
FAIL: gfortran.dg/static_linking_1.f  -Os  execution test

		=== gfortran Summary ===

# of expected passes		40309
# of unexpected failures	8
# of expected failures		56
# of unsupported tests		364
/var/gcc/regression/gcc-4.7-branch/9-gcc-gas-gld/build/gcc/testsuite/gfortran/../../gfortran  version 4.7.0 20120302 (prerelease) [gcc-4_7-branch revision 184779] (GCC) 

		=== gnat tests ===


Running target unix
FAIL: gnat.dg/lto8.adb (test for excess errors)
WARNING: gnat.dg/lto8.adb compilation failed to produce executable

		=== gnat Summary ===

# of expected passes		1076
# of unexpected failures	1
# of expected failures		13
# of unsupported tests		5
/var/gcc/regression/gcc-4.7-branch/9-gcc-gas-gld/build/gcc/gnatmake version 4.7.0 20120302 (prerelease) [gcc-4_7-branch revision 184779]

		=== go tests ===


Running target unix

		=== go Summary ===

# of expected passes		3299
# of expected failures		4
# of untested testcases		6
/var/gcc/regression/gcc-4.7-branch/9-gcc-gas-gld/build/gcc/testsuite/go/../../gccgo  version 4.7.0 20120302 (prerelease) [gcc-4_7-branch revision 184779] (GCC) 

		=== obj-c++ tests ===


Running target unix

		=== obj-c++ Summary ===

# of expected passes		1450
# of expected failures		2
# of unsupported tests		86
/var/gcc/regression/gcc-4.7-branch/9-gcc-gas-gld/build/gcc/testsuite/obj-c++/../../g++  version 4.7.0 20120302 (prerelease) [gcc-4_7-branch revision 184779] (GCC) 

		=== objc tests ===


Running target unix

		=== objc Summary ===

# of expected passes		2988
# of expected failures		6
# of unsupported tests		74
/var/gcc/regression/gcc-4.7-branch/9-gcc-gas-gld/build/gcc/xgcc  version 4.7.0 20120302 (prerelease) [gcc-4_7-branch revision 184779] (GCC) 

		=== boehm-gc tests ===


Running target unix

		=== boehm-gc Summary ===

# of expected passes		12
# of unsupported tests		1
		=== libffi tests ===


Running target unix

		=== libffi Summary ===

# of expected passes		1634
# of expected failures		10
# of unsupported tests		55
		=== libgo tests ===


Running target unix
FAIL: math
FAIL: time
FAIL: crypto/rand
FAIL: database/sql
FAIL: net/http

		=== libgo Summary ===

# of expected passes		118
# of unexpected failures	5
		=== libgomp tests ===


Running target unix

		=== libgomp Summary ===

# of expected passes		2990
# of unsupported tests		3
		=== libitm tests ===


Running target unix
FAIL: libitm.c/memcpy-1.c (internal compiler error)
FAIL: libitm.c/memcpy-1.c (test for excess errors)
WARNING: libitm.c/memcpy-1.c compilation failed to produce executable

		=== libitm Summary ===

# of expected passes		24
# of unexpected failures	2
# of expected failures		3
# of unsupported tests		1
		=== libjava tests ===


Running target unix
FAIL: Divide_1 output - source compiled test
FAIL: Divide_1 -findirect-dispatch output - source compiled test
FAIL: Divide_1 -O3 output - source compiled test
FAIL: Divide_1 -O3 -findirect-dispatch output - source compiled test

		=== libjava Summary ===

# of expected passes		2570
# of unexpected failures	4
		=== libstdc++ tests ===


Running target unix

		=== libstdc++ Summary ===

# of expected passes		7312
# of expected failures		47
# of unsupported tests		795

Compiler version: 4.7.0 20120302 (prerelease) [gcc-4_7-branch revision 184779] (GCC) 
Platform: i386-pc-solaris2.9
configure flags: --prefix=/vol/gcc --target=i386-pc-solaris2.9 --enable-objc-gc --with-host-libstdcxx='-L/vol/gcc-4.4/lib -Wl,-Bstatic -lstdc++ -Wl,-Bdynamic -lm' --with-boot-ldflags='-static-libstdc++ -static-libgcc -L/vol/gcc-4.4/lib' --with-as=/vol/gcc/bin/gas-2.22 --with-gnu-as --with-ld=/vol/gcc/bin/gld-2.22 --with-gnu-ld --with-gmp-include=/vol/gcc/include --with-gmp-lib=/vol/gcc/lib --with-mpfr-include=/vol/gcc/include --with-mpfr-lib=/vol/gcc/lib --with-mpc-include=/vol/gcc/include --with-mpc-lib=/vol/gcc/lib --enable-languages=all,ada,obj-c++,go --with-ppl-include=/vol/gcc/include --with-ppl-lib=/vol/gcc/lib --with-cloog-include=/vol/gcc/include --with-cloog-lib=/vol/gcc/lib --enable-cloog-backend=ppl
BOOT_CFLAGS=-g -O2


Index Nav: [Date Index] [Subject Index] [Author Index] [Thread Index]
Message Nav: [Date Prev] [Date Next] [Thread Prev] [Thread Next]