This is the mail archive of the gcc-testresults@gcc.gnu.org mailing list for the GCC project.


Index Nav: [Date Index] [Subject Index] [Author Index] [Thread Index]
Message Nav: [Date Prev] [Date Next] [Thread Prev] [Thread Next]
Other format: [Raw text]

Results for 4.6.4 20120302 (prerelease) [gcc-4_6-branch revision 184787] (GCC) testsuite on i386-pc-solaris2.8


LAST_UPDATED: Fri Mar  2 17:03:18 UTC 2012 (revision 184787)

		=== acats tests ===

		=== acats Summary ===
# of expected passes		2321
# of unexpected failures	0
Native configuration is i386-pc-solaris2.8

		=== g++ tests ===


Running target unix
XPASS: g++.dg/uninit-pred-3_b.C (test for excess errors)

		=== g++ Summary ===

# of expected passes		27062
# of unexpected successes	1
# of expected failures		170
# of unsupported tests		204
/var/gcc/regression/gcc-4.6-branch/8-gcc-gas/build/gcc/testsuite/g++/../../g++  version 4.6.4 20120302 (prerelease) [gcc-4_6-branch revision 184787] (GCC) 

		=== gcc tests ===


Running target unix
FAIL: gcc.dg/lto/20110201-1 c_lto_20110201-1_0.o-c_lto_20110201-1_0.o link,  -O0 -flto 
UNRESOLVED: gcc.dg/lto/20110201-1 c_lto_20110201-1_0.o-c_lto_20110201-1_0.o execute  -O0 -flto 
FAIL: gcc.dg/vect/pr48172.c execution test
FAIL: gcc.dg/vect/pr48377.c execution test

		=== gcc Summary ===

# of expected passes		75929
# of unexpected failures	3
# of expected failures		212
# of unresolved testcases	1
# of unsupported tests		1044
/var/gcc/regression/gcc-4.6-branch/8-gcc-gas/build/gcc/xgcc  version 4.6.4 20120302 (prerelease) [gcc-4_6-branch revision 184787] (GCC) 

		=== gfortran tests ===


Running target unix

		=== gfortran Summary ===

# of expected passes		37950
# of expected failures		41
# of unsupported tests		371
/var/gcc/regression/gcc-4.6-branch/8-gcc-gas/build/gcc/testsuite/gfortran/../../gfortran  version 4.6.4 20120302 (prerelease) [gcc-4_6-branch revision 184787] (GCC) 

		=== gnat tests ===


Running target unix

		=== gnat Summary ===

# of expected passes		872
# of expected failures		10
# of unsupported tests		4
/var/gcc/regression/gcc-4.6-branch/8-gcc-gas/build/gcc/gnatmake version 4.6.4 20120302 (prerelease) [gcc-4_6-branch revision 184787]

		=== objc tests ===


Running target unix

		=== objc Summary ===

# of expected passes		2872
# of expected failures		6
# of unsupported tests		98
/var/gcc/regression/gcc-4.6-branch/8-gcc-gas/build/gcc/xgcc  version 4.6.4 20120302 (prerelease) [gcc-4_6-branch revision 184787] (GCC) 

		=== libffi tests ===


Running target unix

		=== libffi Summary ===

# of expected passes		1634
# of expected failures		10
# of unsupported tests		15
		=== libgomp tests ===


Running target unix

		=== libgomp Summary ===

# of expected passes		2628
# of unsupported tests		3
		=== libjava tests ===


Running target unix
FAIL: PR16923 run
FAIL: Divide_1 output - source compiled test
FAIL: Divide_1 -findirect-dispatch output - source compiled test
FAIL: Divide_1 -O3 output - source compiled test
FAIL: Divide_1 -O3 -findirect-dispatch output - source compiled test

		=== libjava Summary ===

# of expected passes		2569
# of unexpected failures	5
# of untested testcases		1
		=== libstdc++ tests ===


Running target unix

		=== libstdc++ Summary ===

# of expected passes		6893
# of expected failures		83
# of unsupported tests		750

Compiler version: 4.6.4 20120302 (prerelease) [gcc-4_6-branch revision 184787] (GCC) 
Platform: i386-pc-solaris2.8
configure flags: --prefix=/vol/gcc --target=i386-pc-solaris2.8 --with-as=/vol/gcc/bin/gas-2.22 --with-gnu-as --with-gmp-include=/vol/gcc/include --with-gmp-lib=/vol/gcc/lib --with-mpfr-include=/vol/gcc/include --with-mpfr-lib=/vol/gcc/lib --with-mpc-include=/vol/gcc/include --with-mpc-lib=/vol/gcc/lib --enable-languages=all,ada --without-ppl --without-cloog
BOOT_CFLAGS=-g -O2


Index Nav: [Date Index] [Subject Index] [Author Index] [Thread Index]
Message Nav: [Date Prev] [Date Next] [Thread Prev] [Thread Next]