This is the mail archive of the gcc-testresults@gcc.gnu.org mailing list for the GCC project.


Index Nav: [Date Index] [Subject Index] [Author Index] [Thread Index]
Message Nav: [Date Prev] [Date Next] [Thread Prev] [Thread Next]
Other format: [Raw text]

Results for 4.8.0 20120304 (experimental) (GCC) testsuite on x86_64-unknown-freebsd8.3


Native configuration is x86_64-unknown-freebsd8.3

		=== g++ tests ===


Running target unix
FAIL: g++.dg/eh/gcsec1.C -std=gnu++98 (test for excess errors)
FAIL: g++.dg/eh/gcsec1.C -std=gnu++11 (test for excess errors)
UNRESOLVED: attribute_plugin.c compilation, -I. -I/scratch/tmp/gerald/gcc-HEAD/gcc/testsuite -I/scratch/tmp/gerald/gcc-HEAD/gcc/testsuite/../../gcc -I/scratch2/scratch/gerald/OBJ-0304-1848/gcc/testsuite/g++/../../../gcc  -I/scratch/tmp/gerald/gcc-HEAD/gcc/testsuite/../../include -I/scratch/tmp/gerald/gcc-HEAD/gcc/testsuite/../../libcpp/include  -I/home/gerald/8-amd64/include  -I/scratch2/scratch/gerald/OBJ-0304-1848/gcc/testsuite/g++/../../../intl  -DIN_GCC -fPIC -shared
UNRESOLVED: pragma_plugin.c compilation, -I. -I/scratch/tmp/gerald/gcc-HEAD/gcc/testsuite -I/scratch/tmp/gerald/gcc-HEAD/gcc/testsuite/../../gcc -I/scratch2/scratch/gerald/OBJ-0304-1848/gcc/testsuite/g++/../../../gcc  -I/scratch/tmp/gerald/gcc-HEAD/gcc/testsuite/../../include -I/scratch/tmp/gerald/gcc-HEAD/gcc/testsuite/../../libcpp/include  -I/home/gerald/8-amd64/include  -I/scratch2/scratch/gerald/OBJ-0304-1848/gcc/testsuite/g++/../../../intl  -DIN_GCC -fPIC -shared
UNRESOLVED: selfassign.c compilation, -I. -I/scratch/tmp/gerald/gcc-HEAD/gcc/testsuite -I/scratch/tmp/gerald/gcc-HEAD/gcc/testsuite/../../gcc -I/scratch2/scratch/gerald/OBJ-0304-1848/gcc/testsuite/g++/../../../gcc  -I/scratch/tmp/gerald/gcc-HEAD/gcc/testsuite/../../include -I/scratch/tmp/gerald/gcc-HEAD/gcc/testsuite/../../libcpp/include  -I/home/gerald/8-amd64/include  -I/scratch2/scratch/gerald/OBJ-0304-1848/gcc/testsuite/g++/../../../intl -O -DIN_GCC -fPIC -shared
UNRESOLVED: dumb_plugin.c compilation, -I. -I/scratch/tmp/gerald/gcc-HEAD/gcc/testsuite -I/scratch/tmp/gerald/gcc-HEAD/gcc/testsuite/../../gcc -I/scratch2/scratch/gerald/OBJ-0304-1848/gcc/testsuite/g++/../../../gcc  -I/scratch/tmp/gerald/gcc-HEAD/gcc/testsuite/../../include -I/scratch/tmp/gerald/gcc-HEAD/gcc/testsuite/../../libcpp/include  -I/home/gerald/8-amd64/include  -I/scratch2/scratch/gerald/OBJ-0304-1848/gcc/testsuite/g++/../../../intl  -DIN_GCC -fPIC -shared
UNRESOLVED: header_plugin.c compilation, -I. -I/scratch/tmp/gerald/gcc-HEAD/gcc/testsuite -I/scratch/tmp/gerald/gcc-HEAD/gcc/testsuite/../../gcc -I/scratch2/scratch/gerald/OBJ-0304-1848/gcc/testsuite/g++/../../../gcc  -I/scratch/tmp/gerald/gcc-HEAD/gcc/testsuite/../../include -I/scratch/tmp/gerald/gcc-HEAD/gcc/testsuite/../../libcpp/include  -I/home/gerald/8-amd64/include  -I/scratch2/scratch/gerald/OBJ-0304-1848/gcc/testsuite/g++/../../../intl  -DIN_GCC -fPIC -shared
UNRESOLVED: decl_plugin.c compilation, -I. -I/scratch/tmp/gerald/gcc-HEAD/gcc/testsuite -I/scratch/tmp/gerald/gcc-HEAD/gcc/testsuite/../../gcc -I/scratch2/scratch/gerald/OBJ-0304-1848/gcc/testsuite/g++/../../../gcc  -I/scratch/tmp/gerald/gcc-HEAD/gcc/testsuite/../../include -I/scratch/tmp/gerald/gcc-HEAD/gcc/testsuite/../../libcpp/include  -I/home/gerald/8-amd64/include  -I/scratch2/scratch/gerald/OBJ-0304-1848/gcc/testsuite/g++/../../../intl  -DIN_GCC -fPIC -shared
FAIL: g++.old-deja/g++.other/init18.C -std=c++98 execution test
FAIL: g++.old-deja/g++.other/init18.C -std=c++11 execution test
FAIL: g++.old-deja/g++.other/init19.C -std=c++98 execution test
FAIL: g++.old-deja/g++.other/init19.C -std=c++11 execution test

		=== g++ Summary ===

# of expected passes		47731
# of unexpected failures	6
# of expected failures		286
# of unresolved testcases	6
# of unsupported tests		622
/scratch2/scratch/gerald/OBJ-0304-1848/gcc/testsuite/g++/../../g++  version 4.8.0 20120304 (experimental) (GCC) 

		=== gcc tests ===


Running target unix
FAIL: gcc.c-torture/compile/20030219-1.c  -O1  (test for excess errors)
FAIL: gcc.c-torture/compile/20030219-1.c  -O2  (test for excess errors)
FAIL: gcc.c-torture/compile/20030219-1.c  -O3 -fomit-frame-pointer  (test for excess errors)
FAIL: gcc.c-torture/compile/20030219-1.c  -O3 -g  (test for excess errors)
FAIL: gcc.c-torture/compile/20030219-1.c  -Os  (test for excess errors)
FAIL: gcc.c-torture/compile/20030219-1.c  -O2 -flto -flto-partition=none  (test for excess errors)
FAIL: gcc.c-torture/compile/20030219-1.c  -O2 -flto  (test for excess errors)
FAIL: gcc.dg/atomic-compare-exchange-5.c (test for excess errors)
UNRESOLVED: gcc.dg/atomic-compare-exchange-5.c compilation failed to produce executable
FAIL: gcc.dg/atomic-exchange-5.c (test for excess errors)
UNRESOLVED: gcc.dg/atomic-exchange-5.c compilation failed to produce executable
FAIL: gcc.dg/atomic-load-5.c (test for excess errors)
UNRESOLVED: gcc.dg/atomic-load-5.c compilation failed to produce executable
FAIL: gcc.dg/atomic-op-5.c (test for excess errors)
UNRESOLVED: gcc.dg/atomic-op-5.c compilation failed to produce executable
FAIL: gcc.dg/atomic-store-5.c (test for excess errors)
UNRESOLVED: gcc.dg/atomic-store-5.c compilation failed to produce executable
FAIL: gcc.dg/c99-stdint-1.c (test for excess errors)
FAIL: gcc.dg/c99-stdint-2.c (test for excess errors)
FAIL: gcc.dg/c99-stdint-5.c (test for excess errors)
FAIL: gcc.dg/c99-stdint-6.c (test for excess errors)
FAIL: gcc.dg/mallign.c execution test
FAIL: gcc.dg/utf-array-short-wchar.c  (test for errors, line 39)
FAIL: gcc.dg/utf-array-short-wchar.c  (test for errors, line 41)
FAIL: gcc.dg/utf-array-short-wchar.c (test for excess errors)
UNRESOLVED: selfassign.c compilation, -I. -I/scratch/tmp/gerald/gcc-HEAD/gcc/testsuite -I/scratch/tmp/gerald/gcc-HEAD/gcc/testsuite/../../gcc -I/scratch2/scratch/gerald/OBJ-0304-1848/gcc/testsuite/gcc/../../../gcc  -I/scratch/tmp/gerald/gcc-HEAD/gcc/testsuite/../../include -I/scratch/tmp/gerald/gcc-HEAD/gcc/testsuite/../../libcpp/include  -I/home/gerald/8-amd64/include  -I/scratch2/scratch/gerald/OBJ-0304-1848/gcc/testsuite/gcc/../../../intl -O -DIN_GCC -fPIC -shared
UNRESOLVED: ggcplug.c compilation, -I. -I/scratch/tmp/gerald/gcc-HEAD/gcc/testsuite -I/scratch/tmp/gerald/gcc-HEAD/gcc/testsuite/../../gcc -I/scratch2/scratch/gerald/OBJ-0304-1848/gcc/testsuite/gcc/../../../gcc  -I/scratch/tmp/gerald/gcc-HEAD/gcc/testsuite/../../include -I/scratch/tmp/gerald/gcc-HEAD/gcc/testsuite/../../libcpp/include  -I/home/gerald/8-amd64/include  -I/scratch2/scratch/gerald/OBJ-0304-1848/gcc/testsuite/gcc/../../../intl -O -DIN_GCC -fPIC -shared
UNRESOLVED: one_time_plugin.c compilation, -I. -I/scratch/tmp/gerald/gcc-HEAD/gcc/testsuite -I/scratch/tmp/gerald/gcc-HEAD/gcc/testsuite/../../gcc -I/scratch2/scratch/gerald/OBJ-0304-1848/gcc/testsuite/gcc/../../../gcc  -I/scratch/tmp/gerald/gcc-HEAD/gcc/testsuite/../../include -I/scratch/tmp/gerald/gcc-HEAD/gcc/testsuite/../../libcpp/include  -I/home/gerald/8-amd64/include  -I/scratch2/scratch/gerald/OBJ-0304-1848/gcc/testsuite/gcc/../../../intl  -DIN_GCC -fPIC -shared
UNRESOLVED: start_unit_plugin.c compilation, -I. -I/scratch/tmp/gerald/gcc-HEAD/gcc/testsuite -I/scratch/tmp/gerald/gcc-HEAD/gcc/testsuite/../../gcc -I/scratch2/scratch/gerald/OBJ-0304-1848/gcc/testsuite/gcc/../../../gcc  -I/scratch/tmp/gerald/gcc-HEAD/gcc/testsuite/../../include -I/scratch/tmp/gerald/gcc-HEAD/gcc/testsuite/../../libcpp/include  -I/home/gerald/8-amd64/include  -I/scratch2/scratch/gerald/OBJ-0304-1848/gcc/testsuite/gcc/../../../intl  -DIN_GCC -fPIC -shared
UNRESOLVED: finish_unit_plugin.c compilation, -I. -I/scratch/tmp/gerald/gcc-HEAD/gcc/testsuite -I/scratch/tmp/gerald/gcc-HEAD/gcc/testsuite/../../gcc -I/scratch2/scratch/gerald/OBJ-0304-1848/gcc/testsuite/gcc/../../../gcc  -I/scratch/tmp/gerald/gcc-HEAD/gcc/testsuite/../../include -I/scratch/tmp/gerald/gcc-HEAD/gcc/testsuite/../../libcpp/include  -I/home/gerald/8-amd64/include  -I/scratch2/scratch/gerald/OBJ-0304-1848/gcc/testsuite/gcc/../../../intl  -DIN_GCC -fPIC -shared
FAIL: gcc.dg/simulate-thread/atomic-load-int128.c  -O0 -g  (test for excess errors)
FAIL: gcc.dg/simulate-thread/atomic-load-int128.c  -O2 -g  (test for excess errors)
FAIL: gcc.dg/simulate-thread/atomic-load-int128.c  -O3 -g  (test for excess errors)
FAIL: gcc.dg/simulate-thread/atomic-other-int128.c  -O0 -g  (test for excess errors)
FAIL: gcc.dg/simulate-thread/atomic-other-int128.c  -O2 -g  (test for excess errors)
FAIL: gcc.dg/simulate-thread/atomic-other-int128.c  -O3 -g  (test for excess errors)
FAIL: gcc.dg/torture/tls/run-gd.c  -O0  (test for excess errors)
FAIL: gcc.dg/torture/tls/run-gd.c  -O1  (test for excess errors)
FAIL: gcc.dg/torture/tls/run-gd.c  -O2  (test for excess errors)
FAIL: gcc.dg/torture/tls/run-gd.c  -O3 -fomit-frame-pointer  (test for excess errors)
FAIL: gcc.dg/torture/tls/run-gd.c  -O3 -g  (test for excess errors)
FAIL: gcc.dg/torture/tls/run-gd.c  -Os  (test for excess errors)
FAIL: gcc.dg/torture/tls/run-gd.c  -O2 -flto -flto-partition=none  (test for excess errors)
FAIL: gcc.dg/torture/tls/run-gd.c  -O2 -flto  (test for excess errors)
FAIL: gcc.dg/torture/tls/run-ld.c  -O0  (test for excess errors)
FAIL: gcc.dg/torture/tls/run-ld.c  -O1  (test for excess errors)
FAIL: gcc.dg/torture/tls/run-ld.c  -O2  (test for excess errors)
FAIL: gcc.dg/torture/tls/run-ld.c  -O3 -fomit-frame-pointer  (test for excess errors)
FAIL: gcc.dg/torture/tls/run-ld.c  -O3 -g  (test for excess errors)
FAIL: gcc.dg/torture/tls/run-ld.c  -Os  (test for excess errors)
FAIL: gcc.dg/torture/tls/run-ld.c  -O2 -flto -flto-partition=none  (test for excess errors)
FAIL: gcc.dg/torture/tls/run-ld.c  -O2 -flto  (test for excess errors)

		=== gcc Summary ===

# of expected passes		81682
# of unexpected failures	42
# of expected failures		256
# of unresolved testcases	10
# of unsupported tests		2311
/scratch2/scratch/gerald/OBJ-0304-1848/gcc/xgcc  version 4.8.0 20120304 (experimental) (GCC) 

		=== gfortran tests ===


Running target unix
UNRESOLVED: gfortran.dg/large_real_kind_2.F90  -O0  compilation failed to produce executable
UNRESOLVED: gfortran.dg/large_real_kind_2.F90  -O1  compilation failed to produce executable
UNRESOLVED: gfortran.dg/large_real_kind_2.F90  -O2  compilation failed to produce executable
UNRESOLVED: gfortran.dg/large_real_kind_2.F90  -O3 -fomit-frame-pointer  compilation failed to produce executable
UNRESOLVED: gfortran.dg/large_real_kind_2.F90  -O3 -fomit-frame-pointer -funroll-loops  compilation failed to produce executable
UNRESOLVED: gfortran.dg/large_real_kind_2.F90  -O3 -fomit-frame-pointer -funroll-all-loops -finline-functions  compilation failed to produce executable
UNRESOLVED: gfortran.dg/large_real_kind_2.F90  -O3 -g  compilation failed to produce executable
UNRESOLVED: gfortran.dg/large_real_kind_2.F90  -Os  compilation failed to produce executable
UNRESOLVED: gfortran.dg/large_real_kind_3.F90  -O0  compilation failed to produce executable
XPASS: gfortran.dg/large_real_kind_3.F90  -O1  (test for excess errors)
XPASS: gfortran.dg/large_real_kind_3.F90  -O2  (test for excess errors)
XPASS: gfortran.dg/large_real_kind_3.F90  -O3 -fomit-frame-pointer  (test for excess errors)
XPASS: gfortran.dg/large_real_kind_3.F90  -O3 -fomit-frame-pointer -funroll-loops  (test for excess errors)
XPASS: gfortran.dg/large_real_kind_3.F90  -O3 -fomit-frame-pointer -funroll-all-loops -finline-functions  (test for excess errors)
XPASS: gfortran.dg/large_real_kind_3.F90  -O3 -g  (test for excess errors)
XPASS: gfortran.dg/large_real_kind_3.F90  -Os  (test for excess errors)

		=== gfortran Summary ===

# of expected passes		41093
# of unexpected successes	7
# of expected failures		51
# of unresolved testcases	9
# of unsupported tests		64
/scratch2/scratch/gerald/OBJ-0304-1848/gcc/testsuite/gfortran/../../gfortran  version 4.8.0 20120304 (experimental) (GCC) 

		=== objc tests ===


Running target unix

		=== objc Summary ===

# of expected passes		2988
# of expected failures		6
# of unsupported tests		74
/scratch2/scratch/gerald/OBJ-0304-1848/gcc/xgcc  version 4.8.0 20120304 (experimental) (GCC) 

		=== boehm-gc tests ===


Running target unix

		=== boehm-gc Summary ===

# of expected passes		12
# of unsupported tests		1
		=== libffi tests ===


Running target unix

		=== libffi Summary ===

# of expected passes		1634
# of expected failures		10
# of unsupported tests		55
		=== libgomp tests ===


Running target unix
FAIL: libgomp.c/atomic-2.c (test for excess errors)
UNRESOLVED: libgomp.c/atomic-2.c compilation failed to produce executable
FAIL: libgomp.c/atomic-5.c (test for excess errors)
UNRESOLVED: libgomp.c/atomic-5.c compilation failed to produce executable
FAIL: libgomp.fortran/pr25162.f  -O3 -fomit-frame-pointer  execution test
FAIL: libgomp.fortran/pr25162.f  -O3 -fomit-frame-pointer -funroll-loops  execution test
FAIL: libgomp.fortran/pr25162.f  -O3 -fomit-frame-pointer -funroll-all-loops -finline-functions  execution test
FAIL: libgomp.fortran/pr25162.f  -O3 -g  execution test

		=== libgomp Summary ===

# of expected passes		2936
# of unexpected failures	6
# of unresolved testcases	2
# of unsupported tests		3
		=== libitm tests ===


Running target unix

		=== libitm Summary ===

# of expected passes		26
# of expected failures		3
# of unsupported tests		1
		=== libjava tests ===


Running target unix
FAIL: PR16923.c compilation
FAIL: Throw_2 execution - source compiled test
FAIL: Throw_2 -findirect-dispatch execution - source compiled test
FAIL: Throw_2 -O3 execution - source compiled test
FAIL: Throw_2 -O3 -findirect-dispatch execution - source compiled test

		=== libjava Summary ===

# of expected passes		2564
# of unexpected failures	5
# of untested testcases		4
		=== libmudflap tests ===


Running target unix
FAIL: libmudflap.c++/pass55-frag.cxx ( -O) execution test

		=== libmudflap Summary ===

# of expected passes		1905
# of unexpected failures	1
		=== libstdc++ tests ===


Running target unix
FAIL: 22_locale/locale/cons/12438.cc execution test
FAIL: 26_numerics/headers/cmath/c99_classification_macros_c.cc (test for excess errors)
FAIL: 27_io/basic_istream/extractors_arithmetic/char/12.cc execution test
FAIL: 27_io/basic_istream/extractors_arithmetic/wchar_t/12.cc execution test
FAIL: 27_io/objects/wchar_t/9662.cc execution test

		=== libstdc++ Summary ===

# of expected passes		7747
# of unexpected failures	5
# of expected failures		42
# of unsupported tests		555

		=== libstdc++ Summary ===


Compiler version: 4.8.0 20120304 (experimental) (GCC) 
Platform: x86_64-unknown-freebsd8.3
configure flags: --prefix=/scratch/tmp/gerald/gcc-ref8-amd64 --with-gmp=/home/gerald/8-amd64


Index Nav: [Date Index] [Subject Index] [Author Index] [Thread Index]
Message Nav: [Date Prev] [Date Next] [Thread Prev] [Thread Next]