This is the mail archive of the gcc-testresults@gcc.gnu.org mailing list for the GCC project.


Index Nav: [Date Index] [Subject Index] [Author Index] [Thread Index]
Message Nav: [Date Prev] [Date Next] [Thread Prev] [Thread Next]
Other format: [Raw text]

Results for 4.6.3 (Debian 4.6.3-1) testsuite on mips-unknown-linux-gnu


LAST_UPDATED: Obtained from SVN: tags/gcc_4_6_3_release revision 184738

Target: mips-linux-gnu
gcc version 4.6.3 (Debian 4.6.3-1) 
Native configuration is mips-unknown-linux-gnu

		=== g++ tests ===


Running target unix
FAIL: g++.dg/debug/dwarf2/lineno-simple1.C scan-assembler main:[^\\\\t]*(\\\\t.(fnstart|frame|mask|file)[^\\\\t]*)*\\\\t[^:]+:12\\\\n
FAIL: g++.dg/debug/dwarf2/pr46527.C scan-assembler _ZN6StructIdE13defined_laterEv:[^\\\\t]*(\\\\t.(fnstart|frame|mask|file)[^\\\\t]*)*\\\\t[^:]+:12\\\\n
XPASS: g++.dg/uninit-pred-3_b.C (test for excess errors)
UNRESOLVED: attribute_plugin.c compilation, -I. -I/build/buildd-gcc-4.6_4.6.3-1-mips-fhntu5/gcc-4.6-4.6.3/src/gcc/testsuite -I/build/buildd-gcc-4.6_4.6.3-1-mips-fhntu5/gcc-4.6-4.6.3/src/gcc/testsuite/../../gcc -I/build/buildd-gcc-4.6_4.6.3-1-mips-fhntu5/gcc-4.6-4.6.3/build/gcc/testsuite/g++/../../../gcc  -I/build/buildd-gcc-4.6_4.6.3-1-mips-fhntu5/gcc-4.6-4.6.3/src/gcc/testsuite/../../include -I/build/buildd-gcc-4.6_4.6.3-1-mips-fhntu5/gcc-4.6-4.6.3/src/gcc/testsuite/../../libcpp/include   -I/build/buildd-gcc-4.6_4.6.3-1-mips-fhntu5/gcc-4.6-4.6.3/build/gcc/testsuite/g++/../../../intl  -DIN_GCC -fPIC -shared
UNRESOLVED: pragma_plugin.c compilation, -I. -I/build/buildd-gcc-4.6_4.6.3-1-mips-fhntu5/gcc-4.6-4.6.3/src/gcc/testsuite -I/build/buildd-gcc-4.6_4.6.3-1-mips-fhntu5/gcc-4.6-4.6.3/src/gcc/testsuite/../../gcc -I/build/buildd-gcc-4.6_4.6.3-1-mips-fhntu5/gcc-4.6-4.6.3/build/gcc/testsuite/g++/../../../gcc  -I/build/buildd-gcc-4.6_4.6.3-1-mips-fhntu5/gcc-4.6-4.6.3/src/gcc/testsuite/../../include -I/build/buildd-gcc-4.6_4.6.3-1-mips-fhntu5/gcc-4.6-4.6.3/src/gcc/testsuite/../../libcpp/include   -I/build/buildd-gcc-4.6_4.6.3-1-mips-fhntu5/gcc-4.6-4.6.3/build/gcc/testsuite/g++/../../../intl  -DIN_GCC -fPIC -shared
UNRESOLVED: selfassign.c compilation, -I. -I/build/buildd-gcc-4.6_4.6.3-1-mips-fhntu5/gcc-4.6-4.6.3/src/gcc/testsuite -I/build/buildd-gcc-4.6_4.6.3-1-mips-fhntu5/gcc-4.6-4.6.3/src/gcc/testsuite/../../gcc -I/build/buildd-gcc-4.6_4.6.3-1-mips-fhntu5/gcc-4.6-4.6.3/build/gcc/testsuite/g++/../../../gcc  -I/build/buildd-gcc-4.6_4.6.3-1-mips-fhntu5/gcc-4.6-4.6.3/src/gcc/testsuite/../../include -I/build/buildd-gcc-4.6_4.6.3-1-mips-fhntu5/gcc-4.6-4.6.3/src/gcc/testsuite/../../libcpp/include   -I/build/buildd-gcc-4.6_4.6.3-1-mips-fhntu5/gcc-4.6-4.6.3/build/gcc/testsuite/g++/../../../intl -O -DIN_GCC -fPIC -shared
UNRESOLVED: dumb_plugin.c compilation, -I. -I/build/buildd-gcc-4.6_4.6.3-1-mips-fhntu5/gcc-4.6-4.6.3/src/gcc/testsuite -I/build/buildd-gcc-4.6_4.6.3-1-mips-fhntu5/gcc-4.6-4.6.3/src/gcc/testsuite/../../gcc -I/build/buildd-gcc-4.6_4.6.3-1-mips-fhntu5/gcc-4.6-4.6.3/build/gcc/testsuite/g++/../../../gcc  -I/build/buildd-gcc-4.6_4.6.3-1-mips-fhntu5/gcc-4.6-4.6.3/src/gcc/testsuite/../../include -I/build/buildd-gcc-4.6_4.6.3-1-mips-fhntu5/gcc-4.6-4.6.3/src/gcc/testsuite/../../libcpp/include   -I/build/buildd-gcc-4.6_4.6.3-1-mips-fhntu5/gcc-4.6-4.6.3/build/gcc/testsuite/g++/../../../intl  -DIN_GCC -fPIC -shared
UNRESOLVED: header_plugin.c compilation, -I. -I/build/buildd-gcc-4.6_4.6.3-1-mips-fhntu5/gcc-4.6-4.6.3/src/gcc/testsuite -I/build/buildd-gcc-4.6_4.6.3-1-mips-fhntu5/gcc-4.6-4.6.3/src/gcc/testsuite/../../gcc -I/build/buildd-gcc-4.6_4.6.3-1-mips-fhntu5/gcc-4.6-4.6.3/build/gcc/testsuite/g++/../../../gcc  -I/build/buildd-gcc-4.6_4.6.3-1-mips-fhntu5/gcc-4.6-4.6.3/src/gcc/testsuite/../../include -I/build/buildd-gcc-4.6_4.6.3-1-mips-fhntu5/gcc-4.6-4.6.3/src/gcc/testsuite/../../libcpp/include   -I/build/buildd-gcc-4.6_4.6.3-1-mips-fhntu5/gcc-4.6-4.6.3/build/gcc/testsuite/g++/../../../intl  -DIN_GCC -fPIC -shared

		=== g++ Summary for unix ===

# of expected passes		26625
# of unexpected failures	2
# of unexpected successes	1
# of expected failures		168
# of unresolved testcases	5
# of unsupported tests		411

Running target unix/-fstack-protector
FAIL: g++.dg/debug/dwarf2/lineno-simple1.C scan-assembler main:[^\\\\t]*(\\\\t.(fnstart|frame|mask|file)[^\\\\t]*)*\\\\t[^:]+:12\\\\n
FAIL: g++.dg/debug/dwarf2/pr46527.C scan-assembler _ZN6StructIdE13defined_laterEv:[^\\\\t]*(\\\\t.(fnstart|frame|mask|file)[^\\\\t]*)*\\\\t[^:]+:12\\\\n
XPASS: g++.dg/uninit-pred-3_b.C (test for excess errors)
UNRESOLVED: attribute_plugin.c compilation, -I. -I/build/buildd-gcc-4.6_4.6.3-1-mips-fhntu5/gcc-4.6-4.6.3/src/gcc/testsuite -I/build/buildd-gcc-4.6_4.6.3-1-mips-fhntu5/gcc-4.6-4.6.3/src/gcc/testsuite/../../gcc -I/build/buildd-gcc-4.6_4.6.3-1-mips-fhntu5/gcc-4.6-4.6.3/build/gcc/testsuite/g++/../../../gcc  -I/build/buildd-gcc-4.6_4.6.3-1-mips-fhntu5/gcc-4.6-4.6.3/src/gcc/testsuite/../../include -I/build/buildd-gcc-4.6_4.6.3-1-mips-fhntu5/gcc-4.6-4.6.3/src/gcc/testsuite/../../libcpp/include   -I/build/buildd-gcc-4.6_4.6.3-1-mips-fhntu5/gcc-4.6-4.6.3/build/gcc/testsuite/g++/../../../intl  -DIN_GCC -fPIC -shared
UNRESOLVED: pragma_plugin.c compilation, -I. -I/build/buildd-gcc-4.6_4.6.3-1-mips-fhntu5/gcc-4.6-4.6.3/src/gcc/testsuite -I/build/buildd-gcc-4.6_4.6.3-1-mips-fhntu5/gcc-4.6-4.6.3/src/gcc/testsuite/../../gcc -I/build/buildd-gcc-4.6_4.6.3-1-mips-fhntu5/gcc-4.6-4.6.3/build/gcc/testsuite/g++/../../../gcc  -I/build/buildd-gcc-4.6_4.6.3-1-mips-fhntu5/gcc-4.6-4.6.3/src/gcc/testsuite/../../include -I/build/buildd-gcc-4.6_4.6.3-1-mips-fhntu5/gcc-4.6-4.6.3/src/gcc/testsuite/../../libcpp/include   -I/build/buildd-gcc-4.6_4.6.3-1-mips-fhntu5/gcc-4.6-4.6.3/build/gcc/testsuite/g++/../../../intl  -DIN_GCC -fPIC -shared
UNRESOLVED: selfassign.c compilation, -I. -I/build/buildd-gcc-4.6_4.6.3-1-mips-fhntu5/gcc-4.6-4.6.3/src/gcc/testsuite -I/build/buildd-gcc-4.6_4.6.3-1-mips-fhntu5/gcc-4.6-4.6.3/src/gcc/testsuite/../../gcc -I/build/buildd-gcc-4.6_4.6.3-1-mips-fhntu5/gcc-4.6-4.6.3/build/gcc/testsuite/g++/../../../gcc  -I/build/buildd-gcc-4.6_4.6.3-1-mips-fhntu5/gcc-4.6-4.6.3/src/gcc/testsuite/../../include -I/build/buildd-gcc-4.6_4.6.3-1-mips-fhntu5/gcc-4.6-4.6.3/src/gcc/testsuite/../../libcpp/include   -I/build/buildd-gcc-4.6_4.6.3-1-mips-fhntu5/gcc-4.6-4.6.3/build/gcc/testsuite/g++/../../../intl -O -DIN_GCC -fPIC -shared
UNRESOLVED: dumb_plugin.c compilation, -I. -I/build/buildd-gcc-4.6_4.6.3-1-mips-fhntu5/gcc-4.6-4.6.3/src/gcc/testsuite -I/build/buildd-gcc-4.6_4.6.3-1-mips-fhntu5/gcc-4.6-4.6.3/src/gcc/testsuite/../../gcc -I/build/buildd-gcc-4.6_4.6.3-1-mips-fhntu5/gcc-4.6-4.6.3/build/gcc/testsuite/g++/../../../gcc  -I/build/buildd-gcc-4.6_4.6.3-1-mips-fhntu5/gcc-4.6-4.6.3/src/gcc/testsuite/../../include -I/build/buildd-gcc-4.6_4.6.3-1-mips-fhntu5/gcc-4.6-4.6.3/src/gcc/testsuite/../../libcpp/include   -I/build/buildd-gcc-4.6_4.6.3-1-mips-fhntu5/gcc-4.6-4.6.3/build/gcc/testsuite/g++/../../../intl  -DIN_GCC -fPIC -shared
UNRESOLVED: header_plugin.c compilation, -I. -I/build/buildd-gcc-4.6_4.6.3-1-mips-fhntu5/gcc-4.6-4.6.3/src/gcc/testsuite -I/build/buildd-gcc-4.6_4.6.3-1-mips-fhntu5/gcc-4.6-4.6.3/src/gcc/testsuite/../../gcc -I/build/buildd-gcc-4.6_4.6.3-1-mips-fhntu5/gcc-4.6-4.6.3/build/gcc/testsuite/g++/../../../gcc  -I/build/buildd-gcc-4.6_4.6.3-1-mips-fhntu5/gcc-4.6-4.6.3/src/gcc/testsuite/../../include -I/build/buildd-gcc-4.6_4.6.3-1-mips-fhntu5/gcc-4.6-4.6.3/src/gcc/testsuite/../../libcpp/include   -I/build/buildd-gcc-4.6_4.6.3-1-mips-fhntu5/gcc-4.6-4.6.3/build/gcc/testsuite/g++/../../../intl  -DIN_GCC -fPIC -shared

		=== g++ Summary for unix/-fstack-protector ===

# of expected passes		26625
# of unexpected failures	2
# of unexpected successes	1
# of expected failures		168
# of unresolved testcases	5
# of unsupported tests		411

Running target unix/-mabi=64
FAIL: g++.dg/debug/dwarf2/icf.C scan-assembler \\\\.section.*.debug_dcall
FAIL: g++.dg/debug/dwarf2/icf.C scan-assembler New caller
FAIL: g++.dg/debug/dwarf2/icf.C scan-assembler Caller DIE offset
FAIL: g++.dg/debug/dwarf2/icf.C scan-assembler Callee DIE offset
FAIL: g++.dg/debug/dwarf2/lineno-simple1.C scan-assembler main:[^\\\\t]*(\\\\t.(fnstart|frame|mask|file)[^\\\\t]*)*\\\\t[^:]+:12\\\\n
FAIL: g++.dg/debug/dwarf2/pr46527.C scan-assembler _ZN6StructIdE13defined_laterEv:[^\\\\t]*(\\\\t.(fnstart|frame|mask|file)[^\\\\t]*)*\\\\t[^:]+:12\\\\n
XPASS: g++.dg/uninit-pred-3_b.C (test for excess errors)
UNRESOLVED: attribute_plugin.c compilation, -I. -I/build/buildd-gcc-4.6_4.6.3-1-mips-fhntu5/gcc-4.6-4.6.3/src/gcc/testsuite -I/build/buildd-gcc-4.6_4.6.3-1-mips-fhntu5/gcc-4.6-4.6.3/src/gcc/testsuite/../../gcc -I/build/buildd-gcc-4.6_4.6.3-1-mips-fhntu5/gcc-4.6-4.6.3/build/gcc/testsuite/g++/../../../gcc  -I/build/buildd-gcc-4.6_4.6.3-1-mips-fhntu5/gcc-4.6-4.6.3/src/gcc/testsuite/../../include -I/build/buildd-gcc-4.6_4.6.3-1-mips-fhntu5/gcc-4.6-4.6.3/src/gcc/testsuite/../../libcpp/include   -I/build/buildd-gcc-4.6_4.6.3-1-mips-fhntu5/gcc-4.6-4.6.3/build/gcc/testsuite/g++/../../../intl  -DIN_GCC -fPIC -shared
UNRESOLVED: pragma_plugin.c compilation, -I. -I/build/buildd-gcc-4.6_4.6.3-1-mips-fhntu5/gcc-4.6-4.6.3/src/gcc/testsuite -I/build/buildd-gcc-4.6_4.6.3-1-mips-fhntu5/gcc-4.6-4.6.3/src/gcc/testsuite/../../gcc -I/build/buildd-gcc-4.6_4.6.3-1-mips-fhntu5/gcc-4.6-4.6.3/build/gcc/testsuite/g++/../../../gcc  -I/build/buildd-gcc-4.6_4.6.3-1-mips-fhntu5/gcc-4.6-4.6.3/src/gcc/testsuite/../../include -I/build/buildd-gcc-4.6_4.6.3-1-mips-fhntu5/gcc-4.6-4.6.3/src/gcc/testsuite/../../libcpp/include   -I/build/buildd-gcc-4.6_4.6.3-1-mips-fhntu5/gcc-4.6-4.6.3/build/gcc/testsuite/g++/../../../intl  -DIN_GCC -fPIC -shared
UNRESOLVED: selfassign.c compilation, -I. -I/build/buildd-gcc-4.6_4.6.3-1-mips-fhntu5/gcc-4.6-4.6.3/src/gcc/testsuite -I/build/buildd-gcc-4.6_4.6.3-1-mips-fhntu5/gcc-4.6-4.6.3/src/gcc/testsuite/../../gcc -I/build/buildd-gcc-4.6_4.6.3-1-mips-fhntu5/gcc-4.6-4.6.3/build/gcc/testsuite/g++/../../../gcc  -I/build/buildd-gcc-4.6_4.6.3-1-mips-fhntu5/gcc-4.6-4.6.3/src/gcc/testsuite/../../include -I/build/buildd-gcc-4.6_4.6.3-1-mips-fhntu5/gcc-4.6-4.6.3/src/gcc/testsuite/../../libcpp/include   -I/build/buildd-gcc-4.6_4.6.3-1-mips-fhntu5/gcc-4.6-4.6.3/build/gcc/testsuite/g++/../../../intl -O -DIN_GCC -fPIC -shared
UNRESOLVED: dumb_plugin.c compilation, -I. -I/build/buildd-gcc-4.6_4.6.3-1-mips-fhntu5/gcc-4.6-4.6.3/src/gcc/testsuite -I/build/buildd-gcc-4.6_4.6.3-1-mips-fhntu5/gcc-4.6-4.6.3/src/gcc/testsuite/../../gcc -I/build/buildd-gcc-4.6_4.6.3-1-mips-fhntu5/gcc-4.6-4.6.3/build/gcc/testsuite/g++/../../../gcc  -I/build/buildd-gcc-4.6_4.6.3-1-mips-fhntu5/gcc-4.6-4.6.3/src/gcc/testsuite/../../include -I/build/buildd-gcc-4.6_4.6.3-1-mips-fhntu5/gcc-4.6-4.6.3/src/gcc/testsuite/../../libcpp/include   -I/build/buildd-gcc-4.6_4.6.3-1-mips-fhntu5/gcc-4.6-4.6.3/build/gcc/testsuite/g++/../../../intl  -DIN_GCC -fPIC -shared
UNRESOLVED: header_plugin.c compilation, -I. -I/build/buildd-gcc-4.6_4.6.3-1-mips-fhntu5/gcc-4.6-4.6.3/src/gcc/testsuite -I/build/buildd-gcc-4.6_4.6.3-1-mips-fhntu5/gcc-4.6-4.6.3/src/gcc/testsuite/../../gcc -I/build/buildd-gcc-4.6_4.6.3-1-mips-fhntu5/gcc-4.6-4.6.3/build/gcc/testsuite/g++/../../../gcc  -I/build/buildd-gcc-4.6_4.6.3-1-mips-fhntu5/gcc-4.6-4.6.3/src/gcc/testsuite/../../include -I/build/buildd-gcc-4.6_4.6.3-1-mips-fhntu5/gcc-4.6-4.6.3/src/gcc/testsuite/../../libcpp/include   -I/build/buildd-gcc-4.6_4.6.3-1-mips-fhntu5/gcc-4.6-4.6.3/build/gcc/testsuite/g++/../../../intl  -DIN_GCC -fPIC -shared

		=== g++ Summary for unix/-mabi=64 ===

# of expected passes		27237
# of unexpected failures	6
# of unexpected successes	1
# of expected failures		168
# of unresolved testcases	5
# of unsupported tests		408

Running target unix/-mabi=n32
FAIL: g++.dg/debug/dwarf2/lineno-simple1.C scan-assembler main:[^\\\\t]*(\\\\t.(fnstart|frame|mask|file)[^\\\\t]*)*\\\\t[^:]+:12\\\\n
FAIL: g++.dg/debug/dwarf2/pr46527.C scan-assembler _ZN6StructIdE13defined_laterEv:[^\\\\t]*(\\\\t.(fnstart|frame|mask|file)[^\\\\t]*)*\\\\t[^:]+:12\\\\n
XPASS: g++.dg/uninit-pred-3_b.C (test for excess errors)
UNRESOLVED: attribute_plugin.c compilation, -I. -I/build/buildd-gcc-4.6_4.6.3-1-mips-fhntu5/gcc-4.6-4.6.3/src/gcc/testsuite -I/build/buildd-gcc-4.6_4.6.3-1-mips-fhntu5/gcc-4.6-4.6.3/src/gcc/testsuite/../../gcc -I/build/buildd-gcc-4.6_4.6.3-1-mips-fhntu5/gcc-4.6-4.6.3/build/gcc/testsuite/g++/../../../gcc  -I/build/buildd-gcc-4.6_4.6.3-1-mips-fhntu5/gcc-4.6-4.6.3/src/gcc/testsuite/../../include -I/build/buildd-gcc-4.6_4.6.3-1-mips-fhntu5/gcc-4.6-4.6.3/src/gcc/testsuite/../../libcpp/include   -I/build/buildd-gcc-4.6_4.6.3-1-mips-fhntu5/gcc-4.6-4.6.3/build/gcc/testsuite/g++/../../../intl  -DIN_GCC -fPIC -shared
UNRESOLVED: pragma_plugin.c compilation, -I. -I/build/buildd-gcc-4.6_4.6.3-1-mips-fhntu5/gcc-4.6-4.6.3/src/gcc/testsuite -I/build/buildd-gcc-4.6_4.6.3-1-mips-fhntu5/gcc-4.6-4.6.3/src/gcc/testsuite/../../gcc -I/build/buildd-gcc-4.6_4.6.3-1-mips-fhntu5/gcc-4.6-4.6.3/build/gcc/testsuite/g++/../../../gcc  -I/build/buildd-gcc-4.6_4.6.3-1-mips-fhntu5/gcc-4.6-4.6.3/src/gcc/testsuite/../../include -I/build/buildd-gcc-4.6_4.6.3-1-mips-fhntu5/gcc-4.6-4.6.3/src/gcc/testsuite/../../libcpp/include   -I/build/buildd-gcc-4.6_4.6.3-1-mips-fhntu5/gcc-4.6-4.6.3/build/gcc/testsuite/g++/../../../intl  -DIN_GCC -fPIC -shared
UNRESOLVED: selfassign.c compilation, -I. -I/build/buildd-gcc-4.6_4.6.3-1-mips-fhntu5/gcc-4.6-4.6.3/src/gcc/testsuite -I/build/buildd-gcc-4.6_4.6.3-1-mips-fhntu5/gcc-4.6-4.6.3/src/gcc/testsuite/../../gcc -I/build/buildd-gcc-4.6_4.6.3-1-mips-fhntu5/gcc-4.6-4.6.3/build/gcc/testsuite/g++/../../../gcc  -I/build/buildd-gcc-4.6_4.6.3-1-mips-fhntu5/gcc-4.6-4.6.3/src/gcc/testsuite/../../include -I/build/buildd-gcc-4.6_4.6.3-1-mips-fhntu5/gcc-4.6-4.6.3/src/gcc/testsuite/../../libcpp/include   -I/build/buildd-gcc-4.6_4.6.3-1-mips-fhntu5/gcc-4.6-4.6.3/build/gcc/testsuite/g++/../../../intl -O -DIN_GCC -fPIC -shared
UNRESOLVED: dumb_plugin.c compilation, -I. -I/build/buildd-gcc-4.6_4.6.3-1-mips-fhntu5/gcc-4.6-4.6.3/src/gcc/testsuite -I/build/buildd-gcc-4.6_4.6.3-1-mips-fhntu5/gcc-4.6-4.6.3/src/gcc/testsuite/../../gcc -I/build/buildd-gcc-4.6_4.6.3-1-mips-fhntu5/gcc-4.6-4.6.3/build/gcc/testsuite/g++/../../../gcc  -I/build/buildd-gcc-4.6_4.6.3-1-mips-fhntu5/gcc-4.6-4.6.3/src/gcc/testsuite/../../include -I/build/buildd-gcc-4.6_4.6.3-1-mips-fhntu5/gcc-4.6-4.6.3/src/gcc/testsuite/../../libcpp/include   -I/build/buildd-gcc-4.6_4.6.3-1-mips-fhntu5/gcc-4.6-4.6.3/build/gcc/testsuite/g++/../../../intl  -DIN_GCC -fPIC -shared
UNRESOLVED: header_plugin.c compilation, -I. -I/build/buildd-gcc-4.6_4.6.3-1-mips-fhntu5/gcc-4.6-4.6.3/src/gcc/testsuite -I/build/buildd-gcc-4.6_4.6.3-1-mips-fhntu5/gcc-4.6-4.6.3/src/gcc/testsuite/../../gcc -I/build/buildd-gcc-4.6_4.6.3-1-mips-fhntu5/gcc-4.6-4.6.3/build/gcc/testsuite/g++/../../../gcc  -I/build/buildd-gcc-4.6_4.6.3-1-mips-fhntu5/gcc-4.6-4.6.3/src/gcc/testsuite/../../include -I/build/buildd-gcc-4.6_4.6.3-1-mips-fhntu5/gcc-4.6-4.6.3/src/gcc/testsuite/../../libcpp/include   -I/build/buildd-gcc-4.6_4.6.3-1-mips-fhntu5/gcc-4.6-4.6.3/build/gcc/testsuite/g++/../../../intl  -DIN_GCC -fPIC -shared

		=== g++ Summary for unix/-mabi=n32 ===

# of expected passes		27280
# of unexpected failures	2
# of unexpected successes	1
# of expected failures		168
# of unresolved testcases	5
# of unsupported tests		407

		=== g++ Summary ===

# of expected passes		107767
# of unexpected failures	12
# of unexpected successes	4
# of expected failures		672
# of unresolved testcases	20
# of unsupported tests		1637
/build/buildd-gcc-4.6_4.6.3-1-mips-fhntu5/gcc-4.6-4.6.3/build/gcc/testsuite/g++/../../g++  version 4.6.3 (Debian 4.6.3-1) 

		=== gcc tests ===


Running target unix
FAIL: gcc.dg/pr48774.c (test for excess errors)
FAIL: gcc.dg/uninit-pred-7_a.c bogus warning (test for bogus messages, line 26)
FAIL: gcc.dg/uninit-pred-8_a.c bogus warning (test for bogus messages, line 26)
FAIL: gcc.dg/graphite/id-pr46845.c (internal compiler error)
FAIL: gcc.dg/graphite/id-pr46845.c (test for excess errors)
WARNING: program timed out.
FAIL: gcc.dg/graphite/block-3.c (test for excess errors)
UNRESOLVED: gcc.dg/graphite/block-3.c compilation failed to produce executable
FAIL: gcc.dg/graphite/block-3.c scan-tree-dump-times graphite "will be loop blocked" 1
WARNING: program timed out.
FAIL: gcc.dg/graphite/block-4.c (test for excess errors)
UNRESOLVED: gcc.dg/graphite/block-4.c compilation failed to produce executable
WARNING: program timed out.
FAIL: gcc.dg/graphite/block-7.c (test for excess errors)
UNRESOLVED: gcc.dg/graphite/block-7.c compilation failed to produce executable
FAIL: gcc.dg/graphite/block-7.c scan-tree-dump-times graphite "will be loop blocked" 1
WARNING: program timed out.
FAIL: gcc.dg/graphite/block-8.c (test for excess errors)
UNRESOLVED: gcc.dg/graphite/block-8.c compilation failed to produce executable
FAIL: gcc.dg/graphite/block-8.c scan-tree-dump-times graphite "will be loop blocked" 1
UNRESOLVED: selfassign.c compilation, -I. -I/build/buildd-gcc-4.6_4.6.3-1-mips-fhntu5/gcc-4.6-4.6.3/src/gcc/testsuite -I/build/buildd-gcc-4.6_4.6.3-1-mips-fhntu5/gcc-4.6-4.6.3/src/gcc/testsuite/../../gcc -I/build/buildd-gcc-4.6_4.6.3-1-mips-fhntu5/gcc-4.6-4.6.3/build/gcc/testsuite/gcc/../../../gcc  -I/build/buildd-gcc-4.6_4.6.3-1-mips-fhntu5/gcc-4.6-4.6.3/src/gcc/testsuite/../../include -I/build/buildd-gcc-4.6_4.6.3-1-mips-fhntu5/gcc-4.6-4.6.3/src/gcc/testsuite/../../libcpp/include   -I/build/buildd-gcc-4.6_4.6.3-1-mips-fhntu5/gcc-4.6-4.6.3/build/gcc/testsuite/gcc/../../../intl -O -DIN_GCC -fPIC -shared
UNRESOLVED: ggcplug.c compilation, -I. -I/build/buildd-gcc-4.6_4.6.3-1-mips-fhntu5/gcc-4.6-4.6.3/src/gcc/testsuite -I/build/buildd-gcc-4.6_4.6.3-1-mips-fhntu5/gcc-4.6-4.6.3/src/gcc/testsuite/../../gcc -I/build/buildd-gcc-4.6_4.6.3-1-mips-fhntu5/gcc-4.6-4.6.3/build/gcc/testsuite/gcc/../../../gcc  -I/build/buildd-gcc-4.6_4.6.3-1-mips-fhntu5/gcc-4.6-4.6.3/src/gcc/testsuite/../../include -I/build/buildd-gcc-4.6_4.6.3-1-mips-fhntu5/gcc-4.6-4.6.3/src/gcc/testsuite/../../libcpp/include   -I/build/buildd-gcc-4.6_4.6.3-1-mips-fhntu5/gcc-4.6-4.6.3/build/gcc/testsuite/gcc/../../../intl -O -DIN_GCC -fPIC -shared
UNRESOLVED: one_time_plugin.c compilation, -I. -I/build/buildd-gcc-4.6_4.6.3-1-mips-fhntu5/gcc-4.6-4.6.3/src/gcc/testsuite -I/build/buildd-gcc-4.6_4.6.3-1-mips-fhntu5/gcc-4.6-4.6.3/src/gcc/testsuite/../../gcc -I/build/buildd-gcc-4.6_4.6.3-1-mips-fhntu5/gcc-4.6-4.6.3/build/gcc/testsuite/gcc/../../../gcc  -I/build/buildd-gcc-4.6_4.6.3-1-mips-fhntu5/gcc-4.6-4.6.3/src/gcc/testsuite/../../include -I/build/buildd-gcc-4.6_4.6.3-1-mips-fhntu5/gcc-4.6-4.6.3/src/gcc/testsuite/../../libcpp/include   -I/build/buildd-gcc-4.6_4.6.3-1-mips-fhntu5/gcc-4.6-4.6.3/build/gcc/testsuite/gcc/../../../intl  -DIN_GCC -fPIC -shared
UNRESOLVED: start_unit_plugin.c compilation, -I. -I/build/buildd-gcc-4.6_4.6.3-1-mips-fhntu5/gcc-4.6-4.6.3/src/gcc/testsuite -I/build/buildd-gcc-4.6_4.6.3-1-mips-fhntu5/gcc-4.6-4.6.3/src/gcc/testsuite/../../gcc -I/build/buildd-gcc-4.6_4.6.3-1-mips-fhntu5/gcc-4.6-4.6.3/build/gcc/testsuite/gcc/../../../gcc  -I/build/buildd-gcc-4.6_4.6.3-1-mips-fhntu5/gcc-4.6-4.6.3/src/gcc/testsuite/../../include -I/build/buildd-gcc-4.6_4.6.3-1-mips-fhntu5/gcc-4.6-4.6.3/src/gcc/testsuite/../../libcpp/include   -I/build/buildd-gcc-4.6_4.6.3-1-mips-fhntu5/gcc-4.6-4.6.3/build/gcc/testsuite/gcc/../../../intl  -DIN_GCC -fPIC -shared
UNRESOLVED: finish_unit_plugin.c compilation, -I. -I/build/buildd-gcc-4.6_4.6.3-1-mips-fhntu5/gcc-4.6-4.6.3/src/gcc/testsuite -I/build/buildd-gcc-4.6_4.6.3-1-mips-fhntu5/gcc-4.6-4.6.3/src/gcc/testsuite/../../gcc -I/build/buildd-gcc-4.6_4.6.3-1-mips-fhntu5/gcc-4.6-4.6.3/build/gcc/testsuite/gcc/../../../gcc  -I/build/buildd-gcc-4.6_4.6.3-1-mips-fhntu5/gcc-4.6-4.6.3/src/gcc/testsuite/../../include -I/build/buildd-gcc-4.6_4.6.3-1-mips-fhntu5/gcc-4.6-4.6.3/src/gcc/testsuite/../../libcpp/include   -I/build/buildd-gcc-4.6_4.6.3-1-mips-fhntu5/gcc-4.6-4.6.3/build/gcc/testsuite/gcc/../../../intl  -DIN_GCC -fPIC -shared
FAIL: gcc.target/mips/dspr2-MULT.c scan-assembler ac2
FAIL: gcc.target/mips/dspr2-MULTU.c scan-assembler ac2

		=== gcc Summary for unix ===

# of expected passes		71923
# of unexpected failures	14
# of expected failures		134
# of unresolved testcases	9
# of unsupported tests		919

Running target unix/-fstack-protector
FAIL: gcc.dg/pr48774.c (test for excess errors)
FAIL: gcc.dg/stack-usage-1.c scan-file foo\\t(256|264)\\tstatic
FAIL: gcc.dg/uninit-pred-7_a.c bogus warning (test for bogus messages, line 26)
FAIL: gcc.dg/uninit-pred-8_a.c bogus warning (test for bogus messages, line 26)
FAIL: gcc.dg/graphite/id-pr46845.c (internal compiler error)
FAIL: gcc.dg/graphite/id-pr46845.c (test for excess errors)
WARNING: program timed out.
FAIL: gcc.dg/graphite/block-3.c (test for excess errors)
UNRESOLVED: gcc.dg/graphite/block-3.c compilation failed to produce executable
FAIL: gcc.dg/graphite/block-3.c scan-tree-dump-times graphite "will be loop blocked" 1
WARNING: program timed out.
FAIL: gcc.dg/graphite/block-4.c (test for excess errors)
UNRESOLVED: gcc.dg/graphite/block-4.c compilation failed to produce executable
WARNING: program timed out.
FAIL: gcc.dg/graphite/block-7.c (test for excess errors)
UNRESOLVED: gcc.dg/graphite/block-7.c compilation failed to produce executable
FAIL: gcc.dg/graphite/block-7.c scan-tree-dump-times graphite "will be loop blocked" 1
WARNING: program timed out.
FAIL: gcc.dg/graphite/block-8.c (test for excess errors)
UNRESOLVED: gcc.dg/graphite/block-8.c compilation failed to produce executable
FAIL: gcc.dg/graphite/block-8.c scan-tree-dump-times graphite "will be loop blocked" 1
UNRESOLVED: selfassign.c compilation, -I. -I/build/buildd-gcc-4.6_4.6.3-1-mips-fhntu5/gcc-4.6-4.6.3/src/gcc/testsuite -I/build/buildd-gcc-4.6_4.6.3-1-mips-fhntu5/gcc-4.6-4.6.3/src/gcc/testsuite/../../gcc -I/build/buildd-gcc-4.6_4.6.3-1-mips-fhntu5/gcc-4.6-4.6.3/build/gcc/testsuite/gcc/../../../gcc  -I/build/buildd-gcc-4.6_4.6.3-1-mips-fhntu5/gcc-4.6-4.6.3/src/gcc/testsuite/../../include -I/build/buildd-gcc-4.6_4.6.3-1-mips-fhntu5/gcc-4.6-4.6.3/src/gcc/testsuite/../../libcpp/include   -I/build/buildd-gcc-4.6_4.6.3-1-mips-fhntu5/gcc-4.6-4.6.3/build/gcc/testsuite/gcc/../../../intl -O -DIN_GCC -fPIC -shared
UNRESOLVED: ggcplug.c compilation, -I. -I/build/buildd-gcc-4.6_4.6.3-1-mips-fhntu5/gcc-4.6-4.6.3/src/gcc/testsuite -I/build/buildd-gcc-4.6_4.6.3-1-mips-fhntu5/gcc-4.6-4.6.3/src/gcc/testsuite/../../gcc -I/build/buildd-gcc-4.6_4.6.3-1-mips-fhntu5/gcc-4.6-4.6.3/build/gcc/testsuite/gcc/../../../gcc  -I/build/buildd-gcc-4.6_4.6.3-1-mips-fhntu5/gcc-4.6-4.6.3/src/gcc/testsuite/../../include -I/build/buildd-gcc-4.6_4.6.3-1-mips-fhntu5/gcc-4.6-4.6.3/src/gcc/testsuite/../../libcpp/include   -I/build/buildd-gcc-4.6_4.6.3-1-mips-fhntu5/gcc-4.6-4.6.3/build/gcc/testsuite/gcc/../../../intl -O -DIN_GCC -fPIC -shared
UNRESOLVED: one_time_plugin.c compilation, -I. -I/build/buildd-gcc-4.6_4.6.3-1-mips-fhntu5/gcc-4.6-4.6.3/src/gcc/testsuite -I/build/buildd-gcc-4.6_4.6.3-1-mips-fhntu5/gcc-4.6-4.6.3/src/gcc/testsuite/../../gcc -I/build/buildd-gcc-4.6_4.6.3-1-mips-fhntu5/gcc-4.6-4.6.3/build/gcc/testsuite/gcc/../../../gcc  -I/build/buildd-gcc-4.6_4.6.3-1-mips-fhntu5/gcc-4.6-4.6.3/src/gcc/testsuite/../../include -I/build/buildd-gcc-4.6_4.6.3-1-mips-fhntu5/gcc-4.6-4.6.3/src/gcc/testsuite/../../libcpp/include   -I/build/buildd-gcc-4.6_4.6.3-1-mips-fhntu5/gcc-4.6-4.6.3/build/gcc/testsuite/gcc/../../../intl  -DIN_GCC -fPIC -shared
UNRESOLVED: start_unit_plugin.c compilation, -I. -I/build/buildd-gcc-4.6_4.6.3-1-mips-fhntu5/gcc-4.6-4.6.3/src/gcc/testsuite -I/build/buildd-gcc-4.6_4.6.3-1-mips-fhntu5/gcc-4.6-4.6.3/src/gcc/testsuite/../../gcc -I/build/buildd-gcc-4.6_4.6.3-1-mips-fhntu5/gcc-4.6-4.6.3/build/gcc/testsuite/gcc/../../../gcc  -I/build/buildd-gcc-4.6_4.6.3-1-mips-fhntu5/gcc-4.6-4.6.3/src/gcc/testsuite/../../include -I/build/buildd-gcc-4.6_4.6.3-1-mips-fhntu5/gcc-4.6-4.6.3/src/gcc/testsuite/../../libcpp/include   -I/build/buildd-gcc-4.6_4.6.3-1-mips-fhntu5/gcc-4.6-4.6.3/build/gcc/testsuite/gcc/../../../intl  -DIN_GCC -fPIC -shared
UNRESOLVED: finish_unit_plugin.c compilation, -I. -I/build/buildd-gcc-4.6_4.6.3-1-mips-fhntu5/gcc-4.6-4.6.3/src/gcc/testsuite -I/build/buildd-gcc-4.6_4.6.3-1-mips-fhntu5/gcc-4.6-4.6.3/src/gcc/testsuite/../../gcc -I/build/buildd-gcc-4.6_4.6.3-1-mips-fhntu5/gcc-4.6-4.6.3/build/gcc/testsuite/gcc/../../../gcc  -I/build/buildd-gcc-4.6_4.6.3-1-mips-fhntu5/gcc-4.6-4.6.3/src/gcc/testsuite/../../include -I/build/buildd-gcc-4.6_4.6.3-1-mips-fhntu5/gcc-4.6-4.6.3/src/gcc/testsuite/../../libcpp/include   -I/build/buildd-gcc-4.6_4.6.3-1-mips-fhntu5/gcc-4.6-4.6.3/build/gcc/testsuite/gcc/../../../intl  -DIN_GCC -fPIC -shared
FAIL: gcc.target/mips/dspr2-MULT.c scan-assembler ac2
FAIL: gcc.target/mips/dspr2-MULTU.c scan-assembler ac2

		=== gcc Summary for unix/-fstack-protector ===

# of expected passes		71922
# of unexpected failures	15
# of expected failures		134
# of unresolved testcases	9
# of unsupported tests		919

Running target unix/-mabi=64
FAIL: gcc.dg/uninit-pred-7_a.c bogus warning (test for bogus messages, line 26)
FAIL: gcc.dg/uninit-pred-8_a.c bogus warning (test for bogus messages, line 26)
FAIL: gcc.dg/graphite/id-pr46845.c (internal compiler error)
FAIL: gcc.dg/graphite/id-pr46845.c (test for excess errors)
WARNING: program timed out.
FAIL: gcc.dg/graphite/block-3.c (test for excess errors)
UNRESOLVED: gcc.dg/graphite/block-3.c compilation failed to produce executable
FAIL: gcc.dg/graphite/block-3.c scan-tree-dump-times graphite "will be loop blocked" 1
WARNING: program timed out.
FAIL: gcc.dg/graphite/block-4.c (test for excess errors)
UNRESOLVED: gcc.dg/graphite/block-4.c compilation failed to produce executable
WARNING: program timed out.
FAIL: gcc.dg/graphite/block-7.c (test for excess errors)
UNRESOLVED: gcc.dg/graphite/block-7.c compilation failed to produce executable
FAIL: gcc.dg/graphite/block-7.c scan-tree-dump-times graphite "will be loop blocked" 1
WARNING: program timed out.
FAIL: gcc.dg/graphite/block-8.c (test for excess errors)
UNRESOLVED: gcc.dg/graphite/block-8.c compilation failed to produce executable
FAIL: gcc.dg/graphite/block-8.c scan-tree-dump-times graphite "will be loop blocked" 1
UNRESOLVED: selfassign.c compilation, -I. -I/build/buildd-gcc-4.6_4.6.3-1-mips-fhntu5/gcc-4.6-4.6.3/src/gcc/testsuite -I/build/buildd-gcc-4.6_4.6.3-1-mips-fhntu5/gcc-4.6-4.6.3/src/gcc/testsuite/../../gcc -I/build/buildd-gcc-4.6_4.6.3-1-mips-fhntu5/gcc-4.6-4.6.3/build/gcc/testsuite/gcc/../../../gcc  -I/build/buildd-gcc-4.6_4.6.3-1-mips-fhntu5/gcc-4.6-4.6.3/src/gcc/testsuite/../../include -I/build/buildd-gcc-4.6_4.6.3-1-mips-fhntu5/gcc-4.6-4.6.3/src/gcc/testsuite/../../libcpp/include   -I/build/buildd-gcc-4.6_4.6.3-1-mips-fhntu5/gcc-4.6-4.6.3/build/gcc/testsuite/gcc/../../../intl -O -DIN_GCC -fPIC -shared
UNRESOLVED: ggcplug.c compilation, -I. -I/build/buildd-gcc-4.6_4.6.3-1-mips-fhntu5/gcc-4.6-4.6.3/src/gcc/testsuite -I/build/buildd-gcc-4.6_4.6.3-1-mips-fhntu5/gcc-4.6-4.6.3/src/gcc/testsuite/../../gcc -I/build/buildd-gcc-4.6_4.6.3-1-mips-fhntu5/gcc-4.6-4.6.3/build/gcc/testsuite/gcc/../../../gcc  -I/build/buildd-gcc-4.6_4.6.3-1-mips-fhntu5/gcc-4.6-4.6.3/src/gcc/testsuite/../../include -I/build/buildd-gcc-4.6_4.6.3-1-mips-fhntu5/gcc-4.6-4.6.3/src/gcc/testsuite/../../libcpp/include   -I/build/buildd-gcc-4.6_4.6.3-1-mips-fhntu5/gcc-4.6-4.6.3/build/gcc/testsuite/gcc/../../../intl -O -DIN_GCC -fPIC -shared
UNRESOLVED: one_time_plugin.c compilation, -I. -I/build/buildd-gcc-4.6_4.6.3-1-mips-fhntu5/gcc-4.6-4.6.3/src/gcc/testsuite -I/build/buildd-gcc-4.6_4.6.3-1-mips-fhntu5/gcc-4.6-4.6.3/src/gcc/testsuite/../../gcc -I/build/buildd-gcc-4.6_4.6.3-1-mips-fhntu5/gcc-4.6-4.6.3/build/gcc/testsuite/gcc/../../../gcc  -I/build/buildd-gcc-4.6_4.6.3-1-mips-fhntu5/gcc-4.6-4.6.3/src/gcc/testsuite/../../include -I/build/buildd-gcc-4.6_4.6.3-1-mips-fhntu5/gcc-4.6-4.6.3/src/gcc/testsuite/../../libcpp/include   -I/build/buildd-gcc-4.6_4.6.3-1-mips-fhntu5/gcc-4.6-4.6.3/build/gcc/testsuite/gcc/../../../intl  -DIN_GCC -fPIC -shared
UNRESOLVED: start_unit_plugin.c compilation, -I. -I/build/buildd-gcc-4.6_4.6.3-1-mips-fhntu5/gcc-4.6-4.6.3/src/gcc/testsuite -I/build/buildd-gcc-4.6_4.6.3-1-mips-fhntu5/gcc-4.6-4.6.3/src/gcc/testsuite/../../gcc -I/build/buildd-gcc-4.6_4.6.3-1-mips-fhntu5/gcc-4.6-4.6.3/build/gcc/testsuite/gcc/../../../gcc  -I/build/buildd-gcc-4.6_4.6.3-1-mips-fhntu5/gcc-4.6-4.6.3/src/gcc/testsuite/../../include -I/build/buildd-gcc-4.6_4.6.3-1-mips-fhntu5/gcc-4.6-4.6.3/src/gcc/testsuite/../../libcpp/include   -I/build/buildd-gcc-4.6_4.6.3-1-mips-fhntu5/gcc-4.6-4.6.3/build/gcc/testsuite/gcc/../../../intl  -DIN_GCC -fPIC -shared
UNRESOLVED: finish_unit_plugin.c compilation, -I. -I/build/buildd-gcc-4.6_4.6.3-1-mips-fhntu5/gcc-4.6-4.6.3/src/gcc/testsuite -I/build/buildd-gcc-4.6_4.6.3-1-mips-fhntu5/gcc-4.6-4.6.3/src/gcc/testsuite/../../gcc -I/build/buildd-gcc-4.6_4.6.3-1-mips-fhntu5/gcc-4.6-4.6.3/build/gcc/testsuite/gcc/../../../gcc  -I/build/buildd-gcc-4.6_4.6.3-1-mips-fhntu5/gcc-4.6-4.6.3/src/gcc/testsuite/../../include -I/build/buildd-gcc-4.6_4.6.3-1-mips-fhntu5/gcc-4.6-4.6.3/src/gcc/testsuite/../../libcpp/include   -I/build/buildd-gcc-4.6_4.6.3-1-mips-fhntu5/gcc-4.6-4.6.3/build/gcc/testsuite/gcc/../../../intl  -DIN_GCC -fPIC -shared
FAIL: gcc.target/mips/dspr2-MULT.c scan-assembler ac2
FAIL: gcc.target/mips/dspr2-MULTU.c scan-assembler ac2
FAIL: gcc.target/mips/mult-1.c scan-assembler \\tdins\\t
FAIL: gcc.target/mips/octeon-bbit-2.c scan-assembler \\tbnel\\t
FAIL: gcc.target/mips/octeon-bbit-2.c scan-assembler-not \\tbne\\t

		=== gcc Summary for unix/-mabi=64 ===

# of expected passes		72543
# of unexpected failures	16
# of expected failures		135
# of unresolved testcases	9
# of unsupported tests		919

Running target unix/-mabi=n32
FAIL: gcc.dg/uninit-pred-7_a.c bogus warning (test for bogus messages, line 26)
FAIL: gcc.dg/uninit-pred-8_a.c bogus warning (test for bogus messages, line 26)
FAIL: gcc.dg/graphite/id-pr46845.c (internal compiler error)
FAIL: gcc.dg/graphite/id-pr46845.c (test for excess errors)
WARNING: program timed out.
FAIL: gcc.dg/graphite/block-3.c (test for excess errors)
UNRESOLVED: gcc.dg/graphite/block-3.c compilation failed to produce executable
FAIL: gcc.dg/graphite/block-3.c scan-tree-dump-times graphite "will be loop blocked" 1
WARNING: program timed out.
FAIL: gcc.dg/graphite/block-4.c (test for excess errors)
UNRESOLVED: gcc.dg/graphite/block-4.c compilation failed to produce executable
WARNING: program timed out.
FAIL: gcc.dg/graphite/block-7.c (test for excess errors)
UNRESOLVED: gcc.dg/graphite/block-7.c compilation failed to produce executable
FAIL: gcc.dg/graphite/block-7.c scan-tree-dump-times graphite "will be loop blocked" 1
WARNING: program timed out.
FAIL: gcc.dg/graphite/block-8.c (test for excess errors)
UNRESOLVED: gcc.dg/graphite/block-8.c compilation failed to produce executable
FAIL: gcc.dg/graphite/block-8.c scan-tree-dump-times graphite "will be loop blocked" 1
UNRESOLVED: selfassign.c compilation, -I. -I/build/buildd-gcc-4.6_4.6.3-1-mips-fhntu5/gcc-4.6-4.6.3/src/gcc/testsuite -I/build/buildd-gcc-4.6_4.6.3-1-mips-fhntu5/gcc-4.6-4.6.3/src/gcc/testsuite/../../gcc -I/build/buildd-gcc-4.6_4.6.3-1-mips-fhntu5/gcc-4.6-4.6.3/build/gcc/testsuite/gcc/../../../gcc  -I/build/buildd-gcc-4.6_4.6.3-1-mips-fhntu5/gcc-4.6-4.6.3/src/gcc/testsuite/../../include -I/build/buildd-gcc-4.6_4.6.3-1-mips-fhntu5/gcc-4.6-4.6.3/src/gcc/testsuite/../../libcpp/include   -I/build/buildd-gcc-4.6_4.6.3-1-mips-fhntu5/gcc-4.6-4.6.3/build/gcc/testsuite/gcc/../../../intl -O -DIN_GCC -fPIC -shared
UNRESOLVED: ggcplug.c compilation, -I. -I/build/buildd-gcc-4.6_4.6.3-1-mips-fhntu5/gcc-4.6-4.6.3/src/gcc/testsuite -I/build/buildd-gcc-4.6_4.6.3-1-mips-fhntu5/gcc-4.6-4.6.3/src/gcc/testsuite/../../gcc -I/build/buildd-gcc-4.6_4.6.3-1-mips-fhntu5/gcc-4.6-4.6.3/build/gcc/testsuite/gcc/../../../gcc  -I/build/buildd-gcc-4.6_4.6.3-1-mips-fhntu5/gcc-4.6-4.6.3/src/gcc/testsuite/../../include -I/build/buildd-gcc-4.6_4.6.3-1-mips-fhntu5/gcc-4.6-4.6.3/src/gcc/testsuite/../../libcpp/include   -I/build/buildd-gcc-4.6_4.6.3-1-mips-fhntu5/gcc-4.6-4.6.3/build/gcc/testsuite/gcc/../../../intl -O -DIN_GCC -fPIC -shared
UNRESOLVED: one_time_plugin.c compilation, -I. -I/build/buildd-gcc-4.6_4.6.3-1-mips-fhntu5/gcc-4.6-4.6.3/src/gcc/testsuite -I/build/buildd-gcc-4.6_4.6.3-1-mips-fhntu5/gcc-4.6-4.6.3/src/gcc/testsuite/../../gcc -I/build/buildd-gcc-4.6_4.6.3-1-mips-fhntu5/gcc-4.6-4.6.3/build/gcc/testsuite/gcc/../../../gcc  -I/build/buildd-gcc-4.6_4.6.3-1-mips-fhntu5/gcc-4.6-4.6.3/src/gcc/testsuite/../../include -I/build/buildd-gcc-4.6_4.6.3-1-mips-fhntu5/gcc-4.6-4.6.3/src/gcc/testsuite/../../libcpp/include   -I/build/buildd-gcc-4.6_4.6.3-1-mips-fhntu5/gcc-4.6-4.6.3/build/gcc/testsuite/gcc/../../../intl  -DIN_GCC -fPIC -shared
UNRESOLVED: start_unit_plugin.c compilation, -I. -I/build/buildd-gcc-4.6_4.6.3-1-mips-fhntu5/gcc-4.6-4.6.3/src/gcc/testsuite -I/build/buildd-gcc-4.6_4.6.3-1-mips-fhntu5/gcc-4.6-4.6.3/src/gcc/testsuite/../../gcc -I/build/buildd-gcc-4.6_4.6.3-1-mips-fhntu5/gcc-4.6-4.6.3/build/gcc/testsuite/gcc/../../../gcc  -I/build/buildd-gcc-4.6_4.6.3-1-mips-fhntu5/gcc-4.6-4.6.3/src/gcc/testsuite/../../include -I/build/buildd-gcc-4.6_4.6.3-1-mips-fhntu5/gcc-4.6-4.6.3/src/gcc/testsuite/../../libcpp/include   -I/build/buildd-gcc-4.6_4.6.3-1-mips-fhntu5/gcc-4.6-4.6.3/build/gcc/testsuite/gcc/../../../intl  -DIN_GCC -fPIC -shared
UNRESOLVED: finish_unit_plugin.c compilation, -I. -I/build/buildd-gcc-4.6_4.6.3-1-mips-fhntu5/gcc-4.6-4.6.3/src/gcc/testsuite -I/build/buildd-gcc-4.6_4.6.3-1-mips-fhntu5/gcc-4.6-4.6.3/src/gcc/testsuite/../../gcc -I/build/buildd-gcc-4.6_4.6.3-1-mips-fhntu5/gcc-4.6-4.6.3/build/gcc/testsuite/gcc/../../../gcc  -I/build/buildd-gcc-4.6_4.6.3-1-mips-fhntu5/gcc-4.6-4.6.3/src/gcc/testsuite/../../include -I/build/buildd-gcc-4.6_4.6.3-1-mips-fhntu5/gcc-4.6-4.6.3/src/gcc/testsuite/../../libcpp/include   -I/build/buildd-gcc-4.6_4.6.3-1-mips-fhntu5/gcc-4.6-4.6.3/build/gcc/testsuite/gcc/../../../intl  -DIN_GCC -fPIC -shared
FAIL: gcc.target/mips/dspr2-MULT.c scan-assembler ac2
FAIL: gcc.target/mips/dspr2-MULTU.c scan-assembler ac2

		=== gcc Summary for unix/-mabi=n32 ===

# of expected passes		72564
# of unexpected failures	13
# of expected failures		134
# of unresolved testcases	9
# of unsupported tests		918

		=== gcc Summary ===

# of expected passes		288952
# of unexpected failures	58
# of expected failures		537
# of unresolved testcases	36
# of unsupported tests		3675
/build/buildd-gcc-4.6_4.6.3-1-mips-fhntu5/gcc-4.6-4.6.3/build/gcc/xgcc  version 4.6.3 (Debian 4.6.3-1) 

		=== gfortran tests ===


Running target unix
FAIL: gfortran.dg/pr45636.f90  -O  scan-tree-dump-times forwprop2 "memset" 0

		=== gfortran Summary for unix ===

# of expected passes		37972
# of unexpected failures	1
# of expected failures		53
# of unsupported tests		390

Running target unix/-fstack-protector
FAIL: gfortran.dg/pr45636.f90  -O  scan-tree-dump-times forwprop2 "memset" 0

		=== gfortran Summary for unix/-fstack-protector ===

# of expected passes		37972
# of unexpected failures	1
# of expected failures		53
# of unsupported tests		390

Running target unix/-mabi=64
FAIL: gfortran.dg/pr45636.f90  -O  scan-tree-dump-times forwprop2 "memset" 0

		=== gfortran Summary for unix/-mabi=64 ===

# of expected passes		38596
# of unexpected failures	1
# of expected failures		53
# of unsupported tests		84

Running target unix/-mabi=n32
FAIL: gfortran.dg/pr45636.f90  -O  scan-tree-dump-times forwprop2 "memset" 0

		=== gfortran Summary for unix/-mabi=n32 ===

# of expected passes		38596
# of unexpected failures	1
# of expected failures		53
# of unsupported tests		84

		=== gfortran Summary ===

# of expected passes		153136
# of unexpected failures	4
# of expected failures		212
# of unsupported tests		948
/build/buildd-gcc-4.6_4.6.3-1-mips-fhntu5/gcc-4.6-4.6.3/build/gcc/testsuite/gfortran/../../gfortran  version 4.6.3 (Debian 4.6.3-1) 

		=== obj-c++ tests ===


Running target unix

		=== obj-c++ Summary for unix ===

# of expected passes		1388
# of expected failures		2
# of unsupported tests		86

Running target unix/-fstack-protector

		=== obj-c++ Summary for unix/-fstack-protector ===

# of expected passes		1388
# of expected failures		2
# of unsupported tests		86

Running target unix/-mabi=64

		=== obj-c++ Summary for unix/-mabi=64 ===

# of expected passes		1380
# of expected failures		10
# of unsupported tests		86

Running target unix/-mabi=n32

		=== obj-c++ Summary for unix/-mabi=n32 ===

# of expected passes		1388
# of expected failures		2
# of unsupported tests		86

		=== obj-c++ Summary ===

# of expected passes		5544
# of expected failures		16
# of unsupported tests		344
/build/buildd-gcc-4.6_4.6.3-1-mips-fhntu5/gcc-4.6-4.6.3/build/gcc/testsuite/obj-c++/../../g++  version 4.6.3 (Debian 4.6.3-1) 

		=== objc tests ===


Running target unix

		=== objc Summary for unix ===

# of expected passes		2916
# of expected failures		10
# of unsupported tests		74

Running target unix/-fstack-protector

		=== objc Summary for unix/-fstack-protector ===

# of expected passes		2916
# of expected failures		10
# of unsupported tests		74

Running target unix/-mabi=64

		=== objc Summary for unix/-mabi=64 ===

# of expected passes		2916
# of expected failures		10
# of unsupported tests		74

Running target unix/-mabi=n32

		=== objc Summary for unix/-mabi=n32 ===

# of expected passes		2916
# of expected failures		10
# of unsupported tests		74

		=== objc Summary ===

# of expected passes		11664
# of expected failures		40
# of unsupported tests		296
/build/buildd-gcc-4.6_4.6.3-1-mips-fhntu5/gcc-4.6-4.6.3/build/gcc/xgcc  version 4.6.3 (Debian 4.6.3-1) 

		=== libgomp tests ===


Running target unix
WARNING: program timed out.
FAIL: libgomp.fortran/strassen.f90  -O  execution test

		=== libgomp Summary for unix ===

# of expected passes		2677
# of unexpected failures	1
# of unsupported tests		1

Running target unix/-fstack-protector
WARNING: program timed out.
FAIL: libgomp.fortran/strassen.f90  -O  execution test

		=== libgomp Summary for unix/-fstack-protector ===

# of expected passes		2677
# of unexpected failures	1
# of unsupported tests		1

Running target unix/-mabi=64
WARNING: program timed out.
FAIL: libgomp.fortran/strassen.f90  -O  execution test

		=== libgomp Summary for unix/-mabi=64 ===

# of expected passes		2677
# of unexpected failures	1
# of unsupported tests		1

Running target unix/-mabi=n32
WARNING: program timed out.
FAIL: libgomp.fortran/strassen.f90  -O  execution test

		=== libgomp Summary for unix/-mabi=n32 ===

# of expected passes		2677
# of unexpected failures	1
# of unsupported tests		1

		=== libgomp Summary ===

# of expected passes		10708
# of unexpected failures	4
# of unsupported tests		4
		=== libmudflap tests ===


Running target unix
FAIL: libmudflap.c/fail40-frag.c output pattern test
FAIL: libmudflap.c/pass51-frag.c execution test
FAIL: libmudflap.c/pass51-frag.c execution test
FAIL: libmudflap.c/fail40-frag.c (-static) output pattern test
FAIL: libmudflap.c/pass51-frag.c (-static) execution test
FAIL: libmudflap.c/pass51-frag.c (-static) execution test
FAIL: libmudflap.c/fail40-frag.c (-O2) output pattern test
FAIL: libmudflap.c/pass51-frag.c (-O2) execution test
FAIL: libmudflap.c/pass51-frag.c (-O2) execution test
FAIL: libmudflap.c/fail40-frag.c (-O3) output pattern test
FAIL: libmudflap.c/pass51-frag.c (-O3) execution test
FAIL: libmudflap.c/pass51-frag.c (-O3) execution test

		=== libmudflap Summary for unix ===

# of expected passes		1894
# of unexpected failures	12

Running target unix/-fstack-protector
FAIL: libmudflap.c/fail40-frag.c output pattern test
FAIL: libmudflap.c/pass51-frag.c execution test
FAIL: libmudflap.c/pass51-frag.c execution test
FAIL: libmudflap.c/fail40-frag.c (-static) output pattern test
FAIL: libmudflap.c/pass51-frag.c (-static) execution test
FAIL: libmudflap.c/pass51-frag.c (-static) execution test
FAIL: libmudflap.c/fail40-frag.c (-O2) output pattern test
FAIL: libmudflap.c/pass51-frag.c (-O2) execution test
FAIL: libmudflap.c/pass51-frag.c (-O2) execution test
FAIL: libmudflap.c/fail40-frag.c (-O3) output pattern test
FAIL: libmudflap.c/pass51-frag.c (-O3) execution test
FAIL: libmudflap.c/pass51-frag.c (-O3) execution test

		=== libmudflap Summary for unix/-fstack-protector ===

# of expected passes		1894
# of unexpected failures	12

Running target unix/-mabi=64
FAIL: libmudflap.c/fail40-frag.c output pattern test
FAIL: libmudflap.c/pass51-frag.c execution test
FAIL: libmudflap.c/pass51-frag.c execution test
FAIL: libmudflap.c/fail40-frag.c (-static) output pattern test
FAIL: libmudflap.c/pass51-frag.c (-static) execution test
FAIL: libmudflap.c/pass51-frag.c (-static) execution test
FAIL: libmudflap.c/fail40-frag.c (-O2) output pattern test
FAIL: libmudflap.c/pass51-frag.c (-O2) execution test
FAIL: libmudflap.c/pass51-frag.c (-O2) execution test
FAIL: libmudflap.c/fail40-frag.c (-O3) output pattern test
FAIL: libmudflap.c/pass51-frag.c (-O3) execution test
FAIL: libmudflap.c/pass51-frag.c (-O3) execution test

		=== libmudflap Summary for unix/-mabi=64 ===

# of expected passes		1894
# of unexpected failures	12

Running target unix/-mabi=n32
FAIL: libmudflap.c/fail40-frag.c output pattern test
FAIL: libmudflap.c/pass51-frag.c execution test
FAIL: libmudflap.c/pass51-frag.c execution test
FAIL: libmudflap.c/fail40-frag.c (-static) output pattern test
FAIL: libmudflap.c/pass51-frag.c (-static) execution test
FAIL: libmudflap.c/pass51-frag.c (-static) execution test
FAIL: libmudflap.c/fail40-frag.c (-O2) output pattern test
FAIL: libmudflap.c/pass51-frag.c (-O2) execution test
FAIL: libmudflap.c/pass51-frag.c (-O2) execution test
FAIL: libmudflap.c/fail40-frag.c (-O3) output pattern test
FAIL: libmudflap.c/pass51-frag.c (-O3) execution test
FAIL: libmudflap.c/pass51-frag.c (-O3) execution test

		=== libmudflap Summary for unix/-mabi=n32 ===

# of expected passes		1894
# of unexpected failures	12

		=== libmudflap Summary ===

# of expected passes		7576
# of unexpected failures	48
		=== libstdc++ tests ===


Running target unix
FAIL: 22_locale/time_get/get_date/wchar_t/4.cc execution test

		=== libstdc++ Summary for unix ===

# of expected passes		8105
# of unexpected failures	1
# of expected failures		82
# of unsupported tests		126

Running target unix/-fstack-protector
FAIL: 22_locale/time_get/get_date/wchar_t/4.cc execution test

		=== libstdc++ Summary for unix/-fstack-protector ===

# of expected passes		8105
# of unexpected failures	1
# of expected failures		82
# of unsupported tests		126

Running target unix/-mabi=64
FAIL: libstdc++-abi/abi_check
FAIL: 22_locale/time_get/get_date/wchar_t/4.cc execution test

		=== libstdc++ Summary for unix/-mabi=64 ===

# of expected passes		8104
# of unexpected failures	2
# of expected failures		82
# of unsupported tests		126

Running target unix/-mabi=n32
FAIL: 22_locale/time_get/get_date/wchar_t/4.cc execution test

		=== libstdc++ Summary for unix/-mabi=n32 ===

# of expected passes		8105
# of unexpected failures	1
# of expected failures		82
# of unsupported tests		126

		=== libstdc++ Summary ===

# of expected passes		32419
# of unexpected failures	5
# of expected failures		328
# of unsupported tests		504

Compiler version: 4.6.3 (Debian 4.6.3-1) 
Platform: mips-unknown-linux-gnu
configure flags: -v --with-pkgversion='Debian 4.6.3-1' --with-bugurl=file:///usr/share/doc/gcc-4.6/README.Bugs --enable-languages=c,c++,fortran,objc,obj-c++ --prefix=/usr --program-suffix=-4.6 --enable-shared --enable-linker-build-id --with-system-zlib --libexecdir=/usr/lib --without-included-gettext --enable-threads=posix --with-gxx-include-dir=/usr/include/c++/4.6 --libdir=/usr/lib --enable-nls --with-sysroot=/ --enable-clocale=gnu --enable-libstdcxx-debug --enable-libstdcxx-time=yes --enable-plugin --with-mips-plt --with-arch-32=mips2 --with-tune-32=mips32 --enable-targets=all --with-arch-64=mips3 --with-tune-64=mips64 --enable-checking=release --build=mips-linux-gnu --host=mips-linux-gnu --target=mips-linux-gnu
BOOT_CFLAGS=


Build Dependencies:
Desired=Unknown/Install/Remove/Purge/Hold
| Status=Not/Inst/Conf-files/Unpacked/halF-conf/Half-inst/trig-aWait/Trig-pend
|/ Err?=(none)/Reinst-required (Status,Err: uppercase=bad)
||/ Name                            Version               Description
+++-===============================-=====================-=======================================================================
ii  binutils                        2.22-5                GNU assembler, linker and binary utilities
ii  g++-4.6                         4.6.2-16              GNU C++ compiler
ii  g++-4.6-multilib                4.6.2-16              GNU C++ compiler (multilib files)
ii  g++-multilib                    4:4.6.2-4             GNU C++ compiler (multilib files)
ii  libc6                           2.13-27               Embedded GNU C Library: Shared libraries
ii  libcloog-ppl-dev                0.15.11-4             Chunky Loop Generator (development files)
ii  libgmp-dev                      2:5.0.4+dfsg-1        Multiprecision arithmetic library developers tools
ii  libmpc-dev                      0.9-4                 multiple precision complex floating-point library development package
ii  libmpfr-dev                     3.1.0-3               multiple precision floating-point computation developers tools
ii  libppl0.11-dev                  0.11.2-6              Parma Polyhedra Library (development)


gcc-gfdl-build:
  Build a dummy s-tm-texi without access to the texinfo sources

gcc-textdomain:
  Set gettext's domain and textdomain to the versioned package name.

gcc-driver-extra-langs:
  Add options and specs for languages that are not built from a source
  (but built from separate sources).

gcc-hash-style-both:
  Link using --hash-style=both (alpha, amd64, armel, armhf, ia64, i386, powerpc, ppc64, s390, sparc)

libstdc++-pic:
  Build and install libstdc++_pic.a library.

libstdc++-doclink:
  adjust hrefs to point to the local documentation

libstdc++-man-3cxx:
  Install libstdc++ man pages with suffix .3cxx instead of .3

libstdc++-test-installed:
  Add support to run the libstdc++-v3 testsuite using the
  installed shared libraries.

libjava-stacktrace:
  libgcj: Lookup source file name and line number in separated
  debug files found in /usr/lib/debug

libjava-jnipath:
  - Add /usr/lib/jni and /usr/lib/<multiarch>/jni to java.library.path.
  - When running the i386 binaries on amd64, look in
  - /usr/lib32/gcj-x.y and /usr/lib32/jni instead.

libjava-sjlj:
  Don't try to use _Unwind_Backtrace on SJLJ targets.
  See bug #387875, #388505, GCC PR 29206.

libjava-disable-plugin:
  Don't build the gcjwebplugin, even when configured with --enable-plugin

alpha-no-ev4-directive:
  never emit .ev4 directive.

boehm-gc-getnprocs:
  boehm-gc/pthread_support.c (GC_get_nprocs): Use sysconf as fallback.

note-gnu-stack:
  Add .note.GNU-stack sections for gcc's crt files, libffi and boehm-gc
  Taken from FC.

libgomp-omp_h-multilib:
  Fix up omp.h for multilibs.

sparc-force-cpu:
  On sparc default to ultrasparc (v9a) in 32bit mode

pr24619:
  Proposed patch for PR mudflap/24619 (instrumentation of dlopen)

pr45979:

gccgo-version:
  Omit the subminor number from the go libdir

no_fpr_in_libgcc:
  It does not really harm by including them since nobody should use them
  but gas does not wont to assmebly hard float since they are not
  available on this cpu. Upstream did not respond.

pr48226:
  Fix PR target/48226, Allow Iterator::vector vector on powerpc with VSX.

pr47487:
  Fix PR target/47487 powerpc64 ICE building libgo

mudflap-varargs:
  Add mudflap support for varargs

mudflapth-link:
  Link libmudflapth.so with -lpthread

pr45078:
  Proposed patch for PR plugin/45078

pr43804:
  Fix for PR target/43804 backported from SVN

pr47818:
  Fix PR ada/47818: Pragma Assert is rejected with No_Implementation_Pragmas restriction.

pr48830:
  Fix for PR rtl-optimization/{48830,48808,48792}, taken from the trunk.

pr49169:
  * Fix PR tree-optimization/49169, optimisations strip the Thumb/ARM mode bit
  off function pointers (Richard Sandiford).

pr49756:
  Fix PR c++/49756, backport from trunk

pr49940:
  Apply proposed patch for PR ada/49940.

pr49944:
  apply proposed patch for PR ada/49444.

gcc-cloog-dl:
  Link against -ldl instead of -lcloog -lppl. Exit with an error when using
  the Graphite loop transformation infrastructure without having the
  libcloog-ppl0 package installed. Packages using these optimizations
  should build-depend on libcloog-ppl0.

libffi-kfreebsd:
  libffi:  Define FFI_MMAP_EXEC_WRIT on kfreebsd-*.

gcc-base-version:
  Set base version to 4.6, introduce full version 4.6.x.

pr49696:

libffi-powerpc-sf:

libffi-powerpc-sysv-without-string-ops:

pr49030:
  Fix PR target/49030 (ARM), taken from Linaro

pr50193:
  Fix PR target/50193 (ARM), taken from Linaro.

pr50114:
  Fix PR c++/50114, backport from trunk.

pr50946:
  Fix PR target/50946, taken from the trunk.

gcc-d-lang:
  Add D options and specs for the gcc driver.

libjava-disable-static:
  Disable building the static libjava.

s390-biarch:
  Build a bi-arch compiler on s390-linux-gnu.
  http://gcc.gnu.org/ml/gcc-patches/2009-03/msg01044.html

mips-triarch:
  Build a tri-arch compiler on mips-linux-gnu.
  http://gcc.gnu.org/ml/gcc-patches/2009-03/msg01047.html

arm-dynamic-linker:
  For ARM hard float, set the dynamic linker to
  /lib/arm-linux-gnueabihf/ld-linux.so.3.

arm-multilib:
  ARM hard/soft float multilib

gcc-ice-hack:
  Retry the build on an ice, save the calling options and preprocessed
  source when the ice is reproducible.

gcc-ice-apport:
  Report an ICE to apport (if apport is available
  and the environment variable GCC_NOAPPORT is not set)

libjava-fixed-symlinks:
  Remove unneed '..' elements from symlinks in JAVA_HOME

libstdc++-arm-wno-abi:
  Temporary work around:
  On arm-linux-gnueabi run the libstdc++v3 testsuite with -Wno-abi

ada-mips:
  Improve support for mips.

libffi-ro-eh_frame_sect:
  PR libffi/47248, force a read only eh frame section.

gcc-multiarch:
  Add multiarch support to GCC.
  
  Convert the multilib option to a target triplet,
  add multiarch include directories and libraries path:
  	/usr/local/include/<arch>-linux-gnu
  	/usr/include/<arch>-linux-gnu
  	/usr/lib/<arch>-linux-gnu
  to the system paths.

libjava-multiarch:
  Install libjava libraries to multiarch location

libjava-nobiarch-check:
  For biarch builds, disable the testsuite for the non-default architecture
  for runtime libraries, which are not built by default (libjava).

config-ml:
  disable some biarch libraries for biarch builds

gcc-powerpc-nof:
  Don't build nof multlib on powerpc.

gcc-powerpc-undef:
  Undefine LINK_EH_SPEC before redefining it
  http://gcc.gnu.org/ml/gcc-patches/2011-02/msg01082.html

gcc-no-add-needed:
  On linux targets pass --no-add-needed to the linker.

mips-fix-loongson2f-nop:
  On mips, pass -mfix-loongson2f-nop to as, if -mno-fix-loongson2f-nop
  is not passed.

gcc-system-root:
  Remove trailing slash from system root directory

libgomp-kfreebsd-testsuite:
  Disable lock-2.c test on kfreebsd-*

armhf-triplet:
  add support for arm-linux-*eabi* triplets; useful for armhf

Counting all warnings,
there are 0 warnings in stage3 of this bootstrap.

Number of warnings per file:

Number of warning types:


Index Nav: [Date Index] [Subject Index] [Author Index] [Thread Index]
Message Nav: [Date Prev] [Date Next] [Thread Prev] [Thread Next]