This is the mail archive of the gcc-testresults@gcc.gnu.org mailing list for the GCC project.


Index Nav: [Date Index] [Subject Index] [Author Index] [Thread Index]
Message Nav: [Date Prev] [Date Next] [Thread Prev] [Thread Next]
Other format: [Raw text]

Results for 4.8.0 20120304 (experimental) [trunk revision 184872] (GCC) testsuite on x86_64-apple-darwin10.8.0


LAST_UPDATED: Sun Mar  4 09:10:44 UTC 2012 (revision 184872)

Native configuration is x86_64-apple-darwin10.8.0

		=== g++ tests ===


Running target unix/-m32
UNRESOLVED: g++.dg/ext/label13.C -std=gnu++98 compilation failed to produce executable
UNRESOLVED: g++.dg/ext/label13.C -std=gnu++11 compilation failed to produce executable

		=== g++ Summary for unix/-m32 ===

# of expected passes		47066
# of expected failures		288
# of unresolved testcases	2
# of unsupported tests		371

Running target unix/-m64
UNRESOLVED: g++.dg/ext/label13.C -std=gnu++98 compilation failed to produce executable
UNRESOLVED: g++.dg/ext/label13.C -std=gnu++11 compilation failed to produce executable

		=== g++ Summary for unix/-m64 ===

# of expected passes		47863
# of expected failures		288
# of unresolved testcases	2
# of unsupported tests		597

		=== g++ Summary ===

# of expected passes		94929
# of expected failures		576
# of unresolved testcases	4
# of unsupported tests		968
/BUILD/gcc/obj-184872/gcc/testsuite/g++/../../g++  version 4.8.0 20120304 (experimental) [trunk revision 184872] (GCC) 

		=== gcc tests ===


Running target unix/-m32
FAIL: gcc.dg/tree-prof/pr44777.c execution,    -fprofile-generate -D_PROFILE_GENERATE
UNRESOLVED: gcc.dg/tree-prof/pr44777.c compilation,  -fprofile-use -D_PROFILE_USE
UNRESOLVED: gcc.dg/tree-prof/pr44777.c execution,    -fprofile-use -D_PROFILE_USE

		=== gcc Summary for unix/-m32 ===

# of expected passes		82052
# of unexpected failures	1
# of expected failures		258
# of unresolved testcases	2
# of unsupported tests		1927

Running target unix/-m64
FAIL: gcc.dg/matrix/transpose-3.c execution,    -fprofile-use -fipa-matrix-reorg -fdump-ipa-matrix-reorg -O3 -fwhole-program -fno-tree-fre
FAIL: gcc.target/i386/pr49866.c (test for excess errors)

		=== gcc Summary for unix/-m64 ===

# of expected passes		82288
# of unexpected failures	2
# of expected failures		259
# of unsupported tests		2259

		=== gcc Summary ===

# of expected passes		164340
# of unexpected failures	3
# of expected failures		517
# of unresolved testcases	2
# of unsupported tests		4186
/BUILD/gcc/obj-184872/gcc/xgcc  version 4.8.0 20120304 (experimental) [trunk revision 184872] (GCC) 

		=== libgomp tests ===


Running target unix/-m64

		=== libgomp Summary for unix/-m64 ===

# of expected passes		1285
# of unsupported tests		3

Running target unix/-m32

		=== libgomp Summary for unix/-m32 ===

# of expected passes		1285
# of unsupported tests		3

		=== libgomp Summary ===

# of expected passes		2570
# of unsupported tests		6
		=== libitm tests ===


Running target unix/-m64

		=== libitm Summary for unix/-m64 ===

# of expected passes		26
# of expected failures		3
# of unsupported tests		1

Running target unix/-m32

		=== libitm Summary for unix/-m32 ===

# of expected passes		26
# of expected failures		3
# of unsupported tests		1

		=== libitm Summary ===

# of expected passes		52
# of expected failures		6
# of unsupported tests		2
		=== libstdc++ tests ===


Running target unix/-m32

		=== libstdc++ Summary for unix/-m32 ===

# of expected passes		7725
# of expected failures		43
# of unsupported tests		568

Running target unix/-m64

		=== libstdc++ Summary for unix/-m64 ===

# of expected passes		7723
# of expected failures		43
# of unsupported tests		569

		=== libstdc++ Summary ===

# of expected passes		15448
# of expected failures		86
# of unsupported tests		1137

		=== libstdc++ Summary ===


Compiler version: 4.8.0 20120304 (experimental) [trunk revision 184872] (GCC) 
Platform: x86_64-apple-darwin10.8.0
configure flags: --prefix=/BUILD/gcc/184872 --target=x86_64-apple-darwin10.8.0 --host=x86_64-apple-darwin10.8.0 --build=x86_64-apple-darwin10.8.0 --with-tune=core2 --with-gmp=/opt/gnu --with-mpfr=/opt/gnu --with-mpc=/opt/gnu --with-ppl=/opt/gnu --with-cloog=/opt/gnu --enable-cloog-backend=isl --enable-languages=c,c++,lto --program-suffix=-trunk
BOOT_CFLAGS=-g -O2


Index Nav: [Date Index] [Subject Index] [Author Index] [Thread Index]
Message Nav: [Date Prev] [Date Next] [Thread Prev] [Thread Next]