This is the mail archive of the gcc-testresults@gcc.gnu.org mailing list for the GCC project.


Index Nav: [Date Index] [Subject Index] [Author Index] [Thread Index]
Message Nav: [Date Prev] [Date Next] [Thread Prev] [Thread Next]
Other format: [Raw text]

Results for 4.5.4 20120301 (prerelease) (GCC) testsuite on armv5tel-unknown-linux-gnueabi


LAST_UPDATED: Obtained from SVN: branches/gcc-4_5-branch revision 184762

Native configuration is armv5tel-unknown-linux-gnueabi

		=== libgomp tests ===


Running target unix

		=== libgomp Summary ===

# of expected passes		2558
		=== libstdc++ tests ===


Running target unix

		=== libstdc++ Summary ===

# of expected passes		7443
# of expected failures		93
# of unsupported tests		60
		=== acats tests ===

		=== acats Summary ===
# of expected passes		2321
# of unexpected failures	0

		=== g++ tests ===


Running target unix
FAIL: g++.dg/abi/local1.C execution test
FAIL: g++.dg/abi/packed1.C (test for excess errors)
FAIL: g++.dg/opt/pr30965.C scan-tree-dump-times optimized "variable_..D. = v_..D." 2
FAIL: g++.dg/tree-ssa/new1.C scan-tree-dump-not forwprop1 "= .* \\+ -"
FAIL: g++.dg/pch/externc-1.C  -O2 -g -I. (test for excess errors)
FAIL: g++.dg/pch/externc-1.C  -O2 -g assembly comparison
FAIL: g++.dg/torture/pr51344.C  -O0  (test for excess errors)
FAIL: g++.dg/torture/pr51344.C  -O1  (test for excess errors)
FAIL: g++.dg/torture/pr51344.C  -O2  (test for excess errors)
FAIL: g++.dg/torture/pr51344.C  -O3 -fomit-frame-pointer  (test for excess errors)
FAIL: g++.dg/torture/pr51344.C  -O3 -g  (test for excess errors)
FAIL: g++.dg/torture/pr51344.C  -Os  (test for excess errors)

		=== g++ Summary ===

# of expected passes		21743
# of unexpected failures	12
# of expected failures		151
# of unsupported tests		187
/mnt/scratch/objdir45/gcc/testsuite/g++/../../g++  version 4.5.4 20120301 (prerelease) (GCC) 

		=== gcc tests ===


Running target unix
FAIL: gcc.c-torture/compile/limits-exprparen.c  -O0  (test for excess errors)
FAIL: gcc.c-torture/compile/limits-exprparen.c  -O1  (test for excess errors)
FAIL: gcc.c-torture/compile/limits-exprparen.c  -O2  (test for excess errors)
FAIL: gcc.c-torture/compile/limits-exprparen.c  -O3 -fomit-frame-pointer  (test for excess errors)
FAIL: gcc.c-torture/compile/limits-exprparen.c  -O3 -g  (test for excess errors)
FAIL: gcc.c-torture/compile/limits-exprparen.c  -Os  (test for excess errors)
FAIL: gcc.dg/c99-stdint-1.c (test for excess errors)
FAIL: gcc.dg/c99-stdint-7.c (test for excess errors)
FAIL: gcc.dg/pr43058.c (test for excess errors)
FAIL: gcc.dg/uninit-13.c unconditional (test for warnings, line 8)
FAIL: gcc.dg/uninit-13.c (test for excess errors)
XPASS: gcc.dg/guality/example.c  -O0  execution test
XPASS: gcc.dg/guality/guality.c  -O0  execution test
FAIL: gcc.dg/guality/inline-params.c  -O1  execution test
FAIL: gcc.dg/guality/pr36728-1.c  -O1  line 12 arg3 == 3
FAIL: gcc.dg/guality/pr36728-1.c  -O1  line 12 arg4 == 4
FAIL: gcc.dg/guality/pr36728-1.c  -O1  line 14 arg3 == 3
FAIL: gcc.dg/guality/pr36728-1.c  -O1  line 14 arg4 == 4
FAIL: gcc.dg/guality/pr36728-1.c  -O2  line 12 arg3 == 3
FAIL: gcc.dg/guality/pr36728-1.c  -O2  line 12 arg4 == 4
FAIL: gcc.dg/guality/pr36728-1.c  -O2  line 14 arg3 == 3
FAIL: gcc.dg/guality/pr36728-1.c  -O2  line 14 arg4 == 4
FAIL: gcc.dg/guality/pr36728-1.c  -O3 -fomit-frame-pointer  line 12 arg3 == 3
FAIL: gcc.dg/guality/pr36728-1.c  -O3 -fomit-frame-pointer  line 12 arg4 == 4
FAIL: gcc.dg/guality/pr36728-1.c  -O3 -fomit-frame-pointer  line 14 arg3 == 3
FAIL: gcc.dg/guality/pr36728-1.c  -O3 -fomit-frame-pointer  line 14 arg4 == 4
FAIL: gcc.dg/guality/pr36728-1.c  -O3 -g  line 12 arg3 == 3
FAIL: gcc.dg/guality/pr36728-1.c  -O3 -g  line 12 arg4 == 4
FAIL: gcc.dg/guality/pr36728-1.c  -O3 -g  line 14 arg3 == 3
FAIL: gcc.dg/guality/pr36728-1.c  -O3 -g  line 14 arg4 == 4
FAIL: gcc.dg/guality/pr36728-1.c  -Os  line 12 arg3 == 3
FAIL: gcc.dg/guality/pr36728-1.c  -Os  line 12 arg4 == 4
FAIL: gcc.dg/guality/pr36728-1.c  -Os  line 14 arg3 == 3
FAIL: gcc.dg/guality/pr36728-1.c  -Os  line 14 arg4 == 4
FAIL: gcc.dg/guality/pr36728-2.c  -O1  line 12 arg4 == 4
FAIL: gcc.dg/guality/pr36728-2.c  -O1  line 14 arg4 == 4
FAIL: gcc.dg/guality/pr36728-2.c  -O2  line 12 arg4 == 4
FAIL: gcc.dg/guality/pr36728-2.c  -O2  line 12 y == 2
FAIL: gcc.dg/guality/pr36728-2.c  -O2  line 14 arg4 == 4
FAIL: gcc.dg/guality/pr36728-2.c  -O2  line 14 y == 2
FAIL: gcc.dg/guality/pr36728-2.c  -O3 -fomit-frame-pointer  line 12 arg4 == 4
FAIL: gcc.dg/guality/pr36728-2.c  -O3 -fomit-frame-pointer  line 12 y == 2
FAIL: gcc.dg/guality/pr36728-2.c  -O3 -fomit-frame-pointer  line 14 arg4 == 4
FAIL: gcc.dg/guality/pr36728-2.c  -O3 -fomit-frame-pointer  line 14 y == 2
FAIL: gcc.dg/guality/pr36728-2.c  -O3 -g  line 12 arg4 == 4
FAIL: gcc.dg/guality/pr36728-2.c  -O3 -g  line 12 y == 2
FAIL: gcc.dg/guality/pr36728-2.c  -O3 -g  line 14 arg4 == 4
FAIL: gcc.dg/guality/pr36728-2.c  -O3 -g  line 14 y == 2
FAIL: gcc.dg/guality/pr36728-2.c  -Os  line 12 arg4 == 4
FAIL: gcc.dg/guality/pr36728-2.c  -Os  line 12 y == 2
FAIL: gcc.dg/guality/pr36728-2.c  -Os  line 14 arg4 == 4
FAIL: gcc.dg/guality/pr36728-2.c  -Os  line 14 y == 2
XPASS: gcc.dg/guality/pr41353-1.c  -O0  line 28 j == 28 + 37
XPASS: gcc.dg/guality/pr41353-1.c  -O1  line 28 j == 28 + 37
XPASS: gcc.dg/guality/pr41353-1.c  -O2  line 28 j == 28 + 37
XPASS: gcc.dg/guality/pr41353-1.c  -O3 -fomit-frame-pointer  line 28 j == 28 + 37
XPASS: gcc.dg/guality/pr41353-1.c  -O3 -g  line 28 j == 28 + 37
XPASS: gcc.dg/guality/pr41353-1.c  -Os  line 28 j == 28 + 37
XPASS: gcc.dg/guality/pr41447-1.c  -O0  execution test
XPASS: gcc.dg/guality/pr41616-1.c  -O0  execution test
FAIL: gcc.dg/guality/pr43051-1.c  -O1  line 39 c == &a[0]
FAIL: gcc.dg/guality/pr43051-1.c  -O2  line 39 c == &a[0]
FAIL: gcc.dg/guality/pr43051-1.c  -O3 -fomit-frame-pointer  line 39 c == &a[0]
FAIL: gcc.dg/guality/pr43051-1.c  -O3 -g  line 39 c == &a[0]
FAIL: gcc.dg/guality/pr43077-1.c  -O1  line 42 b == 2
FAIL: gcc.dg/guality/pr43077-1.c  -O1  line 42 c == 3
FAIL: gcc.dg/guality/pr43077-1.c  -O1  line 42 varb == 2
FAIL: gcc.dg/guality/pr43077-1.c  -O2  line 42 b == 2
FAIL: gcc.dg/guality/pr43077-1.c  -O2  line 42 c == 3
FAIL: gcc.dg/guality/pr43077-1.c  -O2  line 42 varb == 2
FAIL: gcc.dg/guality/pr43077-1.c  -O3 -fomit-frame-pointer  line 42 b == 2
FAIL: gcc.dg/guality/pr43077-1.c  -O3 -fomit-frame-pointer  line 42 c == 3
FAIL: gcc.dg/guality/pr43077-1.c  -O3 -fomit-frame-pointer  line 42 varb == 2
FAIL: gcc.dg/guality/pr43077-1.c  -O3 -g  line 42 b == 2
FAIL: gcc.dg/guality/pr43077-1.c  -O3 -g  line 42 c == 3
FAIL: gcc.dg/guality/pr43077-1.c  -O3 -g  line 42 varb == 2
FAIL: gcc.dg/guality/pr43077-1.c  -Os  line 42 b == 2
FAIL: gcc.dg/guality/pr43077-1.c  -Os  line 42 c == 3
FAIL: gcc.dg/guality/pr43077-1.c  -Os  line 42 varb == 2
FAIL: gcc.dg/guality/pr43077-1.c  -Os  line 42 varc == 3
FAIL: gcc.dg/guality/vla-1.c  -O1  line 17 i == 5
FAIL: gcc.dg/guality/vla-1.c  -O1  line 17 sizeof (a) == 6
FAIL: gcc.dg/guality/vla-1.c  -O2  line 17 i == 5
FAIL: gcc.dg/guality/vla-1.c  -O2  line 17 sizeof (a) == 6
FAIL: gcc.dg/guality/vla-1.c  -O3 -fomit-frame-pointer  line 17 i == 5
FAIL: gcc.dg/guality/vla-1.c  -O3 -fomit-frame-pointer  line 17 sizeof (a) == 6
FAIL: gcc.dg/guality/vla-1.c  -O3 -g  line 17 i == 5
FAIL: gcc.dg/guality/vla-1.c  -O3 -g  line 17 sizeof (a) == 6
FAIL: gcc.dg/guality/vla-1.c  -Os  line 17 i == 5
FAIL: gcc.dg/guality/vla-1.c  -Os  line 17 sizeof (a) == 6
FAIL: gcc.dg/pch/counter-1.c   -O0  -I. (test for excess errors)
FAIL: gcc.dg/pch/counter-1.c   -O0  assembly comparison
FAIL: gcc.dg/pch/counter-1.c   -O3 -g  -I. (test for excess errors)
FAIL: gcc.dg/pch/counter-1.c   -O3 -g  assembly comparison
FAIL: gcc.dg/pch/counter-3.c  -O0 -g -I. (test for excess errors)
FAIL: gcc.dg/pch/counter-3.c  -O0 -g assembly comparison
FAIL: gcc.dg/pch/counter-3.c   -O3 -fomit-frame-pointer  -I. (test for excess errors)
FAIL: gcc.dg/pch/counter-3.c   -O3 -fomit-frame-pointer  assembly comparison
FAIL: gcc.dg/pch/cpp-1.c   -O1  -I. (test for excess errors)
FAIL: gcc.dg/pch/cpp-1.c   -O1  assembly comparison
FAIL: gcc.dg/pch/cpp-2.c   -O3 -g  -I. (test for excess errors)
FAIL: gcc.dg/pch/cpp-2.c   -O3 -g  assembly comparison
FAIL: gcc.dg/pch/cpp-3.c   -O1  -I.  (test for warnings, line )
FAIL: gcc.dg/pch/cpp-3.c   -O1  -I. (test for excess errors)
FAIL: gcc.dg/pch/cpp-3.c   -O1  assembly comparison
FAIL: gcc.dg/pch/except-1.c  -O0 -g -I. (test for excess errors)
FAIL: gcc.dg/pch/except-1.c  -O0 -g assembly comparison
FAIL: gcc.dg/pch/except-1.c   -O3 -g  -I. (test for excess errors)
FAIL: gcc.dg/pch/except-1.c   -O3 -g  assembly comparison
FAIL: gcc.dg/pch/except-1.c   -Os  -I. (test for excess errors)
FAIL: gcc.dg/pch/except-1.c   -Os  assembly comparison
FAIL: gcc.dg/pch/global-1.c   -O3 -fomit-frame-pointer  -I. (test for excess errors)
FAIL: gcc.dg/pch/global-1.c   -O3 -fomit-frame-pointer  assembly comparison
FAIL: gcc.dg/pch/import-1.c  -O0 -g -I. (test for excess errors)
FAIL: gcc.dg/pch/import-1.c  -O0 -g assembly comparison
FAIL: gcc.dg/pch/inline-2.c  -O0 -g -I. (test for excess errors)
FAIL: gcc.dg/pch/inline-2.c  -O0 -g assembly comparison
FAIL: gcc.dg/pch/inline-3.c   -O3 -g  -I. (test for excess errors)
FAIL: gcc.dg/pch/inline-3.c   -O3 -g  assembly comparison
FAIL: gcc.dg/pch/inline-4.c   -O1  -I. (test for excess errors)
FAIL: gcc.dg/pch/inline-4.c   -O1  assembly comparison
FAIL: gcc.dg/pch/inline-4.c   -O3 -g  -I. (test for excess errors)
FAIL: gcc.dg/pch/inline-4.c   -O3 -g  assembly comparison
FAIL: gcc.dg/pch/macro-2.c   -O3 -fomit-frame-pointer  -I. (test for excess errors)
FAIL: gcc.dg/pch/macro-2.c   -O3 -fomit-frame-pointer  assembly comparison
FAIL: gcc.dg/pch/macro-3.c   -O3 -g  -I. (test for excess errors)
FAIL: gcc.dg/pch/macro-3.c   -O3 -g  assembly comparison
FAIL: gcc.dg/pch/macro-4.c   -O3 -fomit-frame-pointer  -I. (test for excess errors)
FAIL: gcc.dg/pch/macro-4.c   -O3 -fomit-frame-pointer  assembly comparison
FAIL: gcc.dg/pch/save-temps-1.c   -O3 -g  -I. (test for excess errors)
FAIL: gcc.dg/pch/save-temps-1.c   -O3 -g  assembly comparison
FAIL: gcc.dg/pch/struct-1.c   -O0  -I. (test for excess errors)
FAIL: gcc.dg/pch/struct-1.c   -O0  assembly comparison
FAIL: gcc.dg/pch/valid-1b.c   -O0  -I. (test for excess errors)
FAIL: gcc.dg/pch/valid-1b.c   -O0  assembly comparison
FAIL: gcc.dg/pch/valid-5.c  -O0 -g -I. (test for excess errors)
FAIL: gcc.dg/pch/valid-5.c  -O0 -g assembly comparison
FAIL: gcc.dg/pch/valid-6.c   -O3 -g  -I. (test for excess errors)
FAIL: gcc.dg/pch/valid-6.c   -O3 -g  assembly comparison
FAIL: largefile.c   -O2  -I. (test for excess errors)
FAIL: gcc.dg/pch/largefile.c   -O2  assembly comparison
FAIL: largefile.c   -O3 -g  -I. (test for excess errors)
FAIL: gcc.dg/pch/largefile.c   -O3 -g  assembly comparison
FAIL: gcc.dg/vect/pr48172.c execution test
FAIL: gcc.dg/vect/vect-35.c scan-tree-dump-times vect "vectorized 2 loops" 1
ERROR: gcc.target/arm/neon-modes-1.c: Unrecognized option type: arm_neon for " dg-add-options 4 arm_neon "
UNRESOLVED: gcc.target/arm/neon-modes-1.c: Unrecognized option type: arm_neon for " dg-add-options 4 arm_neon "
ERROR: gcc.target/arm/neon-vld-1.c: Unrecognized option type: arm_neon for " dg-add-options 4 arm_neon "
UNRESOLVED: gcc.target/arm/neon-vld-1.c: Unrecognized option type: arm_neon for " dg-add-options 4 arm_neon "
ERROR: gcc.target/arm/neon-vset_lanes8.c: Unrecognized option type: arm_neon for " dg-add-options 6 arm_neon "
UNRESOLVED: gcc.target/arm/neon-vset_lanes8.c: Unrecognized option type: arm_neon for " dg-add-options 6 arm_neon "
ERROR: gcc.target/arm/pr48252.c: Unrecognized option type: arm_neon for " dg-add-options 4 arm_neon "
UNRESOLVED: gcc.target/arm/pr48252.c: Unrecognized option type: arm_neon for " dg-add-options 4 arm_neon "

		=== gcc Summary ===

# of expected passes		60255
# of unexpected failures	135
# of unexpected successes	10
# of expected failures		239
# of unresolved testcases	4
# of unsupported tests		672
/mnt/scratch/objdir45/gcc/xgcc  version 4.5.4 20120301 (prerelease) (GCC) 

		=== gfortran tests ===


Running target unix
FAIL: gfortran.dg/vect/fast-math-pr38968.f90 scan-tree-dump vect "vectorized 1 loops"

		=== gfortran Summary ===

# of expected passes		33539
# of unexpected failures	1
# of expected failures		28
# of unsupported tests		286
/mnt/scratch/objdir45/gcc/testsuite/gfortran/../../gfortran  version 4.5.4 20120301 (prerelease) (GCC) 

		=== gnat tests ===


Running target unix

		=== gnat Summary ===

# of expected passes		769
# of expected failures		8
# of unsupported tests		1

Compiler version: 4.5.4 20120301 (prerelease) (GCC) 
Platform: armv5tel-unknown-linux-gnueabi
configure flags: --prefix=/mnt/scratch/install45 --enable-bootstrap --enable-shared --enable-threads=posix --enable-checking=release --with-system-zlib --enable-__cxa_atexit --disable-libunwind-exceptions --enable-languages=c,c++,fortran,ada --disable-dssi --with-java-home=/usr/lib/jvm/java-1.5.0-gcj-1.5.0.0/jre --enable-libgcj-multifile --disable-java-maintainer-mode --with-ecj-jar=/usr/share/java/eclipse-ecj.jar --disable-libjava-multilib --disable-sjlj-exceptions --with-arch=armv5te --with-tune=xscale --build=armv5tel-unknown-linux-gnueabi --disable-plugin --disable-lto --disable-libmudflap
BOOT_CFLAGS=-g -O2


Index Nav: [Date Index] [Subject Index] [Author Index] [Thread Index]
Message Nav: [Date Prev] [Date Next] [Thread Prev] [Thread Next]