This is the mail archive of the
gcc-testresults@gcc.gnu.org
mailing list for the GCC project.
Results for 4.7.0 20120225 (experimental) [trunk revision 184575] (GCC) testsuite on hppa64-hp-hpux11.11
- From: John David Anglin <dave at hiauly3 dot hia dot nrc dot ca>
- To: dave at hiauly3 dot hia dot nrc dot ca, gcc-testresults at gcc dot gnu dot org
- Date: Sun, 26 Feb 2012 15:18:11 -0500 (EST)
- Subject: Results for 4.7.0 20120225 (experimental) [trunk revision 184575] (GCC) testsuite on hppa64-hp-hpux11.11
Native configuration is hppa64-hp-hpux11.11
=== g++ tests ===
Running target unix
WARNING: program timed out.
=== g++ Summary ===
# of expected passes 44726
# of expected failures 290
# of unsupported tests 873
/test/gnu/gcc/objdir/gcc/testsuite/g++/../../g++ version 4.7.0 20120225 (experimental) [trunk revision 184575] (GCC)
=== gcc tests ===
Running target unix
WARNING: program timed out.
FAIL: gcc.dg/lto/trans-mem-1 c_lto_trans-mem-1_0.o-c_lto_trans-mem-1_1.o link, -flto -fgnu-tm
UNRESOLVED: gcc.dg/lto/trans-mem-1 c_lto_trans-mem-1_0.o-c_lto_trans-mem-1_1.o execute -flto -fgnu-tm
FAIL: gcc.dg/lto/trans-mem-2 c_lto_trans-mem-2_0.o-c_lto_trans-mem-2_1.o link, -flto -fgnu-tm
UNRESOLVED: gcc.dg/lto/trans-mem-2 c_lto_trans-mem-2_0.o-c_lto_trans-mem-2_1.o execute -flto -fgnu-tm
FAIL: gcc.dg/lto/trans-mem-4 c_lto_trans-mem-4_0.o-c_lto_trans-mem-4_1.o link, -flto -fgnu-tm
UNRESOLVED: gcc.dg/lto/trans-mem-4 c_lto_trans-mem-4_0.o-c_lto_trans-mem-4_1.o execute -flto -fgnu-tm
=== gcc Summary ===
# of expected passes 70282
# of unexpected failures 3
# of expected failures 119
# of unresolved testcases 3
# of unsupported tests 1502
/test/gnu/gcc/objdir/gcc/xgcc version 4.7.0 20120225 (experimental) [trunk revision 184575] (GCC)
=== gfortran tests ===
Running target unix
=== gfortran Summary ===
# of expected passes 39497
# of expected failures 42
# of unsupported tests 375
/test/gnu/gcc/objdir/gcc/testsuite/gfortran/../../gfortran version 4.7.0 20120225 (experimental) [trunk revision 184575] (GCC)
=== obj-c++ tests ===
Running target unix
=== obj-c++ Summary ===
# of expected passes 1442
# of expected failures 10
# of unsupported tests 86
/test/gnu/gcc/objdir/gcc/testsuite/obj-c++/../../g++ version 4.7.0 20120225 (experimental) [trunk revision 184575] (GCC)
=== objc tests ===
Running target unix
=== objc Summary ===
# of expected passes 2992
# of unsupported tests 75
/test/gnu/gcc/objdir/gcc/xgcc version 4.7.0 20120225 (experimental) [trunk revision 184575] (GCC)
=== libgomp tests ===
Running target unix
=== libgomp Summary ===
# of expected passes 2930
# of unsupported tests 10
=== libstdc++ tests ===
Running target unix
=== libstdc++ Summary ===
# of expected passes 7282
# of expected failures 43
# of unsupported tests 796
Compiler version: 4.7.0 20120225 (experimental) [trunk revision 184575] (GCC)
Platform: hppa64-hp-hpux11.11
configure flags:Test Run By dave on Sun Feb 26 00:05:11 2012