This is the mail archive of the
gcc-testresults@gcc.gnu.org
mailing list for the GCC project.
Results for 4.7.0 20120222 (experimental) [trunk revision 184496] (GCC) testsuite on hppa2.0w-hp-hpux11.11
- From: John David Anglin <dave at hiauly3 dot hia dot nrc dot ca>
- To: dave at hiauly3 dot hia dot nrc dot ca, gcc-testresults at gcc dot gnu dot org
- Date: Fri, 24 Feb 2012 07:41:51 -0500 (EST)
- Subject: Results for 4.7.0 20120222 (experimental) [trunk revision 184496] (GCC) testsuite on hppa2.0w-hp-hpux11.11
=== acats tests ===
FAIL: c974013
FAIL: c9a011b
=== acats Summary ===
# of expected passes 2318
# of unexpected failures 2
Native configuration is hppa2.0w-hp-hpux11.11
=== g++ tests ===
Running target unix
UNRESOLVED: g++.dg/ext/label13.C -std=gnu++98 compilation failed to produce executable
UNRESOLVED: g++.dg/ext/label13.C -std=gnu++11 compilation failed to produce executable
WARNING: program timed out.
FAIL: c-c++-common/simulate-thread/bitfields-2.c -Os -g thread simulation test
=== g++ Summary ===
# of expected passes 42335
# of unexpected failures 1
# of expected failures 290
# of unresolved testcases 2
# of unsupported tests 940
/test/gnu/gcc/objdir/gcc/testsuite/g++/../../g++ version 4.7.0 20120222 (experimental) [trunk revision 184496] (GCC)
=== gcc tests ===
Running target unix
WARNING: program timed out.
=== gcc Summary ===
# of expected passes 58853
# of expected failures 114
# of unsupported tests 1395
/test/gnu/gcc/objdir/gcc/xgcc version 4.7.0 20120222 (experimental) [trunk revision 184496] (GCC)
=== gfortran tests ===
Running target unix
FAIL: gfortran.dg/pr45636.f90 -O scan-tree-dump-times forwprop2 "memset" 0
=== gfortran Summary ===
# of expected passes 39265
# of unexpected failures 1
# of expected failures 42
# of unsupported tests 396
/test/gnu/gcc/objdir/gcc/testsuite/gfortran/../../gfortran version 4.7.0 20120222 (experimental) [trunk revision 184496] (GCC)
=== gnat tests ===
Running target unix
=== gnat Summary ===
# of expected passes 1062
# of expected failures 13
# of unsupported tests 11
/test/gnu/gcc/objdir/gcc/gnatmake version 4.7.0 20120222 (experimental) [trunk revision 184496]
=== obj-c++ tests ===
Running target unix
=== obj-c++ Summary ===
# of expected passes 1408
# of expected failures 2
# of unsupported tests 69
/test/gnu/gcc/objdir/gcc/testsuite/obj-c++/../../g++ version 4.7.0 20120222 (experimental) [trunk revision 184496] (GCC)
=== objc tests ===
Running target unix
=== objc Summary ===
# of expected passes 2920
# of unsupported tests 65
/test/gnu/gcc/objdir/gcc/xgcc version 4.7.0 20120222 (experimental) [trunk revision 184496] (GCC)
=== boehm-gc tests ===
Running target unix
=== boehm-gc Summary ===
# of expected passes 12
# of unsupported tests 1
=== libffi tests ===
Running target unix
=== libffi Summary ===
# of expected passes 1634
# of expected failures 10
# of unsupported tests 55
=== libgomp tests ===
Running target unix
=== libgomp Summary ===
# of expected passes 2930
# of unsupported tests 10
=== libjava tests ===
Running target unix
FAIL: LargeFile execution - source compiled test
FAIL: LargeFile -findirect-dispatch execution - source compiled test
FAIL: LargeFile -O3 execution - source compiled test
FAIL: LargeFile -O3 -findirect-dispatch execution - source compiled test
FAIL: Throw_3 output - source compiled test
=== libjava Summary ===
# of expected passes 2565
# of unexpected failures 5
# of untested testcases 4
=== libstdc++ tests ===
Running target unix
FAIL: 29_atomics/atomic/operators/51811.cc (test for excess errors)
UNRESOLVED: 29_atomics/atomic/operators/51811.cc compilation failed to produce executable
FAIL: 29_atomics/atomic/operators/pointer_partial_void.cc (test for excess errors)
UNRESOLVED: 29_atomics/atomic/operators/pointer_partial_void.cc compilation failed to produce executable
=== libstdc++ Summary ===
# of expected passes 7287
# of unexpected failures 2
# of expected failures 43
# of unresolved testcases 2
# of unsupported tests 798
Compiler version: 4.7.0 20120222 (experimental) [trunk revision 184496] (GCC)
Platform: hppa2.0w-hp-hpux11.11
configure flags:Test Run By dave on Thu Feb 23 06:11:22 EST 2012