This is the mail archive of the
gcc-testresults@gcc.gnu.org
mailing list for the GCC project.
Results for 4.7.0 20120210 (experimental) [trunk revision 184103] (GCC) testsuite on i386-pc-solaris2.8
- From: <ro at smtp-relay dot CeBiTec dot Uni-Bielefeld dot DE>
- To: gcc-testresults at gcc dot gnu dot org
- Date: Mon, 13 Feb 2012 12:19:54 +0100 (MET)
- Subject: Results for 4.7.0 20120210 (experimental) [trunk revision 184103] (GCC) testsuite on i386-pc-solaris2.8
LAST_UPDATED: Fri Feb 10 17:31:56 UTC 2012 (revision 184103)
=== acats tests ===
=== acats Summary ===
# of expected passes 2320
# of unexpected failures 0
Native configuration is i386-pc-solaris2.8
=== g++ tests ===
Running target unix
FAIL: g++.dg/tree-ssa/pr44706.C -std=gnu++98 scan-tree-dump-not fnsplit "Splitting function"
FAIL: g++.dg/tree-ssa/pr44706.C -std=gnu++11 scan-tree-dump-not fnsplit "Splitting function"
FAIL: g++.dg/torture/pr31863.C -O2 -flto (test for excess errors)
=== g++ Summary ===
# of expected passes 46578
# of unexpected failures 3
# of expected failures 290
# of unsupported tests 524
/var/gcc/regression/trunk/8-gcc/build/gcc/testsuite/g++/../../g++ version 4.7.0 20120210 (experimental) [trunk revision 184103] (GCC)
=== gcc tests ===
Running target unix
FAIL: gcc.dg/pr51867.c (test for excess errors)
=== gcc Summary ===
# of expected passes 79449
# of unexpected failures 1
# of expected failures 260
# of unsupported tests 2470
/var/gcc/regression/trunk/8-gcc/build/gcc/xgcc version 4.7.0 20120210 (experimental) [trunk revision 184103] (GCC)
=== gfortran tests ===
Running target unix
=== gfortran Summary ===
# of expected passes 39810
# of expected failures 56
# of unsupported tests 368
/var/gcc/regression/trunk/8-gcc/build/gcc/testsuite/gfortran/../../gfortran version 4.7.0 20120210 (experimental) [trunk revision 184103] (GCC)
=== gnat tests ===
Running target unix
=== gnat Summary ===
# of expected passes 1069
# of expected failures 12
# of unsupported tests 6
/var/gcc/regression/trunk/8-gcc/build/gcc/gnatmake version 4.7.0 20120210 (experimental) [trunk revision 184103]
=== go tests ===
Running target unix
FAIL: go.test/test/chan/doubleselect.go execution, -O2 -g
FAIL: go.test/test/chan/nonblock.go execution, -O2 -g
FAIL: go.test/test/chan/select3.go execution, -O2 -g
FAIL: go.test/test/mallocfin.go execution, -O2 -g
=== go Summary ===
# of expected passes 3295
# of unexpected failures 4
# of expected failures 4
# of untested testcases 6
/var/gcc/regression/trunk/8-gcc/build/gcc/testsuite/go/../../gccgo version 4.7.0 20120210 (experimental) [trunk revision 184103] (GCC)
=== obj-c++ tests ===
Running target unix
=== obj-c++ Summary ===
# of expected passes 1450
# of expected failures 2
# of unsupported tests 86
/var/gcc/regression/trunk/8-gcc/build/gcc/testsuite/obj-c++/../../g++ version 4.7.0 20120210 (experimental) [trunk revision 184103] (GCC)
=== objc tests ===
Running target unix
=== objc Summary ===
# of expected passes 2988
# of expected failures 6
# of unsupported tests 74
/var/gcc/regression/trunk/8-gcc/build/gcc/xgcc version 4.7.0 20120210 (experimental) [trunk revision 184103] (GCC)
=== boehm-gc tests ===
Running target unix
=== boehm-gc Summary ===
# of expected passes 12
# of unsupported tests 1
=== libffi tests ===
Running target unix
=== libffi Summary ===
# of expected passes 1634
# of expected failures 10
# of unsupported tests 55
=== libgo tests ===
Running target unix
FAIL: math
FAIL: net
FAIL: os
FAIL: sync
FAIL: time
FAIL: archive/tar
FAIL: archive/zip
FAIL: compress/lzw
FAIL: compress/zlib
FAIL: crypto/rand
FAIL: debug/dwarf
FAIL: debug/elf
FAIL: debug/macho
FAIL: image/png
FAIL: log/syslog
FAIL: net/http
FAIL: net/http/httputil
FAIL: net/rpc
FAIL: net/rpc/jsonrpc
FAIL: old/netchan
FAIL: os/exec
FAIL: sync/atomic
=== libgo Summary ===
# of expected passes 101
# of unexpected failures 22
=== libgomp tests ===
Running target unix
=== libgomp Summary ===
# of expected passes 2990
# of unsupported tests 3
=== libitm tests ===
Running target unix
=== libitm Summary ===
# of expected passes 26
# of expected failures 3
# of unsupported tests 1
=== libjava tests ===
Running target unix
FAIL: PR16923 run
FAIL: Divide_1 output - source compiled test
FAIL: Divide_1 -findirect-dispatch output - source compiled test
FAIL: Divide_1 -O3 output - source compiled test
FAIL: Divide_1 -O3 -findirect-dispatch output - source compiled test
FAIL: InvokeInterface execution - source compiled test
FAIL: InvokeInterface -O3 execution - source compiled test
=== libjava Summary ===
# of expected passes 2565
# of unexpected failures 7
# of untested testcases 3
=== libstdc++ tests ===
Running target unix
=== libstdc++ Summary ===
# of expected passes 7601
# of expected failures 44
# of unsupported tests 637
Compiler version: 4.7.0 20120210 (experimental) [trunk revision 184103] (GCC)
Platform: i386-pc-solaris2.8
configure flags: --prefix=/vol/gcc --target=i386-pc-solaris2.8 --enable-obsolete --enable-objc-gc --with-host-libstdcxx='-L/vol/gcc-4.4/lib -Wl,-Bstatic -lstdc++ -Wl,-Bdynamic -lm' --with-boot-ldflags='-static-libstdc++ -static-libgcc -L/vol/gcc-4.4/lib' --with-gmp-include=/vol/gcc/include --with-gmp-lib=/vol/gcc/lib --with-mpfr-include=/vol/gcc/include --with-mpfr-lib=/vol/gcc/lib --with-mpc-include=/vol/gcc/include --with-mpc-lib=/vol/gcc/lib --enable-languages=all,ada,obj-c++,go --with-ppl-include=/vol/gcc/include --with-ppl-lib=/vol/gcc/lib --with-cloog-include=/vol/gcc/include --with-cloog-lib=/vol/gcc/lib --enable-cloog-backend=ppl
BOOT_CFLAGS=-g -O2