This is the mail archive of the
gcc-testresults@gcc.gnu.org
mailing list for the GCC project.
Results for 4.7.0 20120207 (experimental) (GCC) testsuite on mipsisa32-unknown-elf
- From: Richard Sandiford <rdsandiford at googlemail dot com>
- To: gcc-testresults at gcc dot gnu dot org
- Date: Wed, 08 Feb 2012 18:39:30 +0000
- Subject: Results for 4.7.0 20120207 (experimental) (GCC) testsuite on mipsisa32-unknown-elf
Target is mipsisa32-unknown-elf
=== gcc tests ===
Running target mips-sim-idt32/-EB
FAIL: gcc.dg/ipa/inline-5.c scan-ipa-dump-times inline "Will be eliminated" 4
FAIL: gcc.dg/tree-ssa/sra-8.c scan-tree-dump-times esra "Created a replacement" 0
=== gcc Summary for mips-sim-idt32/-EB ===
# of expected passes 73135
# of unexpected failures 2
# of expected failures 103
# of unsupported tests 1386
Running target mips-sim-idt32/-EB/-msoft-float
FAIL: gcc.dg/ipa/inline-5.c scan-ipa-dump-times inline "Will be eliminated" 4
FAIL: gcc.dg/tree-ssa/sra-8.c scan-tree-dump-times esra "Created a replacement" 0
=== gcc Summary for mips-sim-idt32/-EB/-msoft-float ===
# of expected passes 73147
# of unexpected failures 2
# of expected failures 101
# of unsupported tests 1388
Running target mips-sim-idt32/-EL
FAIL: gcc.dg/ipa/inline-5.c scan-ipa-dump-times inline "Will be eliminated" 4
FAIL: gcc.dg/tree-ssa/sra-8.c scan-tree-dump-times esra "Created a replacement" 0
=== gcc Summary for mips-sim-idt32/-EL ===
# of expected passes 73135
# of unexpected failures 2
# of expected failures 103
# of unsupported tests 1386
Running target mips-sim-idt32/-EL/-msoft-float
FAIL: gcc.dg/ipa/inline-5.c scan-ipa-dump-times inline "Will be eliminated" 4
FAIL: gcc.dg/tree-ssa/sra-8.c scan-tree-dump-times esra "Created a replacement" 0
=== gcc Summary for mips-sim-idt32/-EL/-msoft-float ===
# of expected passes 73147
# of unexpected failures 2
# of expected failures 101
# of unsupported tests 1388
=== gcc Summary ===
# of expected passes 292564
# of unexpected failures 8
# of expected failures 408
# of unsupported tests 5548
/home/rsandifo/gcc/HEAD/mipsisa32-elf/x86_64-unknown-linux-gnu/gcc/xgcc version 4.7.0 20120207 (experimental) (GCC)
=== g++ tests ===
Running target mips-sim-idt32/-EB
=== g++ Summary for mips-sim-idt32/-EB ===
# of expected passes 44685
# of expected failures 279
# of unsupported tests 777
Running target mips-sim-idt32/-EB/-msoft-float
=== g++ Summary for mips-sim-idt32/-EB/-msoft-float ===
# of expected passes 44685
# of expected failures 279
# of unsupported tests 777
Running target mips-sim-idt32/-EL
=== g++ Summary for mips-sim-idt32/-EL ===
# of expected passes 44685
# of expected failures 279
# of unsupported tests 777
Running target mips-sim-idt32/-EL/-msoft-float
=== g++ Summary for mips-sim-idt32/-EL/-msoft-float ===
# of expected passes 44685
# of expected failures 279
# of unsupported tests 777
=== g++ Summary ===
# of expected passes 178740
# of expected failures 1116
# of unsupported tests 3108
/home/rsandifo/gcc/HEAD/mipsisa32-elf/x86_64-unknown-linux-gnu/gcc/testsuite/g++/../../g++ version 4.7.0 20120207 (experimental) (GCC)
=== objc tests ===
Running target mips-sim-idt32/-EB
=== objc Summary for mips-sim-idt32/-EB ===
# of expected passes 2945
# of expected failures 1
# of unsupported tests 98
Running target mips-sim-idt32/-EB/-msoft-float
=== objc Summary for mips-sim-idt32/-EB/-msoft-float ===
# of expected passes 2945
# of expected failures 1
# of unsupported tests 98
Running target mips-sim-idt32/-EL
=== objc Summary for mips-sim-idt32/-EL ===
# of expected passes 2945
# of expected failures 1
# of unsupported tests 98
Running target mips-sim-idt32/-EL/-msoft-float
=== objc Summary for mips-sim-idt32/-EL/-msoft-float ===
# of expected passes 2945
# of expected failures 1
# of unsupported tests 98
=== objc Summary ===
# of expected passes 11780
# of expected failures 4
# of unsupported tests 392
/home/rsandifo/gcc/HEAD/mipsisa32-elf/x86_64-unknown-linux-gnu/gcc/xgcc version 4.7.0 20120207 (experimental) (GCC)
=== libstdc++ tests ===
Running target mips-sim-idt32/-EB
=== libstdc++ Summary for mips-sim-idt32/-EB ===
# of expected passes 6788
# of expected failures 42
# of unsupported tests 580
Running target mips-sim-idt32/-EB/-msoft-float
=== libstdc++ Summary for mips-sim-idt32/-EB/-msoft-float ===
# of expected passes 6788
# of expected failures 42
# of unsupported tests 580
Running target mips-sim-idt32/-EL
=== libstdc++ Summary for mips-sim-idt32/-EL ===
# of expected passes 6788
# of expected failures 42
# of unsupported tests 580
Running target mips-sim-idt32/-EL/-msoft-float
=== libstdc++ Summary for mips-sim-idt32/-EL/-msoft-float ===
# of expected passes 6788
# of expected failures 42
# of unsupported tests 580
=== libstdc++ Summary ===
# of expected passes 27152
# of expected failures 168
# of unsupported tests 2320
=== libstdc++ Summary ===
Compiler version: 4.7.0 20120207 (experimental) (GCC)
Platform: mipsisa32-unknown-elf
configure flags: --enable-languages=c,c++,objc --with-newlib