This is the mail archive of the
gcc-testresults@gcc.gnu.org
mailing list for the GCC project.
Results for 4.6.3 20120207 (prerelease) (GCC) testsuite on arm-none-linux-gnueabi
- From: CodeSourcery Automatic Testing System <gcc at codesourcery dot com>
- To: <gcc-testresults at gcc dot gnu dot org>
- Date: Tue, 7 Feb 2012 17:22:34 -0800
- Subject: Results for 4.6.3 20120207 (prerelease) (GCC) testsuite on arm-none-linux-gnueabi
LAST_UPDATED: Tue Feb 7 17:51:56 UTC 2012 (/branches/gcc-4_6-branch revision 183953)
Target is arm-none-linux-gnueabi
Host is i686-pc-linux-gnu
=== g++ tests ===
Running target qemu-default
FAIL: g++.dg/abi/local1.C execution test
UNRESOLVED: g++.dg/abi/mangle60.C scan-assembler _Z3barIiEvP1AIXszcl3foocvT__ELCi0_42EEEE
UNRESOLVED: g++.dg/abi/mangle60.C scan-assembler _Z3bazIiEvP1AIXszcl3foocvT__ELCf00000000_00000000EEEE
XPASS: g++.dg/uninit-pred-3_b.C (test for excess errors)
FAIL: g++.dg/vect/pr36648.cc scan-tree-dump-times vect "vectorized 1 loops" 1
FAIL: g++.dg/vect/pr36648.cc scan-tree-dump-times vect "vectorizing stmts using SLP" 1
=== g++ Summary ===
# of expected passes 26606
# of unexpected failures 3
# of unexpected successes 1
# of expected failures 168
# of unresolved testcases 2
# of unsupported tests 403
/scratch/gcc/nightly-2012-02-07-4.6/arm-none-linux-gnueabi/obj/test-4.6-0-arm-none-linux-gnueabi/host-i686-pc-linux-gnu/fsf-4.6/bin/arm-none-linux-gnueabi-g++ version 4.6.3 20120207 (prerelease) (GCC)
=== Summary adjusted for local xfails ===
# of unexpected failures 3
# of expected passes 26606
# of unexpected successes 1
# of expected failures 168
# of unresolved testcases 2
# of unsupported tests 403
Host is i686-pc-linux-gnu
=== gcc tests ===
Running target qemu-default
FAIL: gcc.dg/uninit-13.c unconditional (test for warnings, line 8)
FAIL: gcc.dg/uninit-13.c (test for excess errors)
FAIL: gcc.dg/lto/20110201-1 c_lto_20110201-1_0.o-c_lto_20110201-1_0.o link, -O0 -flto
UNRESOLVED: gcc.dg/lto/20110201-1 c_lto_20110201-1_0.o-c_lto_20110201-1_0.o execute -O0 -flto
XPASS: gcc.dg/tree-ssa/20040204-1.c scan-tree-dump-times optimized "link_error" 0
FAIL: gcc.dg/vect/pr48172.c execution test
XPASS: gcc.dg/vect/vect-16.c scan-tree-dump-times vect "vectorized 1 loops" 1
FAIL: gcc.dg/vect/vect-72.c scan-tree-dump-times vect "Alignment of access forced using peeling" 0
FAIL: gcc.dg/vect/vect-multitypes-11.c scan-tree-dump-times vect "vectorized 1 loops" 1
FAIL: gcc.dg/vect/vect-multitypes-12.c scan-tree-dump-times vect "vectorized 1 loops" 1
FAIL: gcc.dg/vect/vect-peel-3.c scan-tree-dump-times vect "Vectorizing an unaligned access" 1
FAIL: gcc.dg/vect/vect-peel-4.c scan-tree-dump-times vect "Vectorizing an unaligned access" 1
FAIL: gcc.dg/vect/vect-reduc-dot-s16b.c scan-tree-dump-times vect "vectorized 1 loops" 0
FAIL: gcc.dg/vect/vect-reduc-pattern-1a.c scan-tree-dump-times vect "vectorized 1 loops" 0
FAIL: gcc.dg/vect/vect-reduc-pattern-1b.c scan-tree-dump-times vect "vectorized 1 loops" 0
FAIL: gcc.dg/vect/vect-reduc-pattern-1c.c scan-tree-dump-times vect "vectorized 1 loops" 0
FAIL: gcc.dg/vect/vect-reduc-pattern-2a.c scan-tree-dump-times vect "vectorized 1 loops" 0
FAIL: gcc.dg/vect/vect-reduc-pattern-2b.c scan-tree-dump-times vect "vectorized 1 loops" 0
XPASS: gcc.dg/vect/slp-reduc-3.c scan-tree-dump-times vect "vectorizing stmts using SLP" 1
FAIL: gcc.dg/vect/bb-slp-10.c scan-tree-dump-times slp "unsupported alignment in basic block." 1
FAIL: gcc.dg/vect/wrapv-vect-reduc-pattern-2c.c scan-tree-dump-times vect "vectorized 1 loops" 0
XPASS: gcc.dg/vect/no-scevccp-outer-16.c scan-tree-dump-times vect "OUTER LOOP VECTORIZED." 1
XPASS: gcc.dg/vect/no-scevccp-outer-17.c scan-tree-dump-times vect "OUTER LOOP VECTORIZED." 1
XPASS: gcc.dg/vect/no-scevccp-outer-19.c scan-tree-dump-times vect "OUTER LOOP VECTORIZED." 1
XPASS: gcc.dg/vect/no-scevccp-outer-21.c scan-tree-dump-times vect "OUTER LOOP VECTORIZED." 1
FAIL: gcc.target/arm/pr42575.c scan-assembler-not mov
FAIL: gcc.target/arm/sync-1.c execution test
=== gcc Summary ===
# of expected passes 74882
# of unexpected failures 19
# of unexpected successes 7
# of expected failures 201
# of unresolved testcases 1
# of unsupported tests 1028
/scratch/gcc/nightly-2012-02-07-4.6/arm-none-linux-gnueabi/obj/test-4.6-0-arm-none-linux-gnueabi/host-i686-pc-linux-gnu/fsf-4.6/bin/arm-none-linux-gnueabi-gcc version 4.6.3 20120207 (prerelease) (GCC)
=== Summary adjusted for local xfails ===
# of unexpected failures 19
# of expected passes 74882
# of unexpected successes 7
# of expected failures 201
# of unresolved testcases 1
# of unsupported tests 1028
Host is i686-pc-linux-gnu
=== gfortran tests ===
Running target qemu-default
FAIL: gfortran.dg/pr45636.f90 -O scan-tree-dump-times forwprop2 "memset" 0
FAIL: gfortran.dg/vect/fast-math-pr38968.f90 scan-tree-dump vect "vectorized 1 loops"
=== gfortran Summary ===
# of expected passes 37994
# of unexpected failures 2
# of expected failures 53
# of unsupported tests 381
/scratch/gcc/nightly-2012-02-07-4.6/arm-none-linux-gnueabi/obj/test-4.6-0-arm-none-linux-gnueabi/host-i686-pc-linux-gnu/fsf-4.6/bin/arm-none-linux-gnueabi-gfortran version 4.6.3 20120207 (prerelease) (GCC)
=== Summary adjusted for local xfails ===
# of unexpected failures 2
# of expected passes 37994
# of expected failures 53
# of unsupported tests 381
Host is i686-pc-linux-gnu
=== libstdc++ tests ===
Running target qemu-default
FAIL: 21_strings/basic_string/inserters_extractors/wchar_t/28277.cc execution test
FAIL: 22_locale/num_put/put/char/9780-2.cc execution test
FAIL: 27_io/basic_ostream/inserters_character/wchar_t/28277-3.cc execution test
FAIL: 27_io/basic_ostream/inserters_character/wchar_t/28277-4.cc execution test
FAIL: ext/vstring/inserters_extractors/wchar_t/28277.cc execution test
=== libstdc++ Summary ===
# of expected passes 8081
# of unexpected failures 5
# of expected failures 82
# of unsupported tests 135
=== Summary adjusted for local xfails ===
# of unexpected failures 5
# of expected passes 8081
# of expected failures 82
# of unsupported tests 135
Host is i686-pc-linux-gnu
=== g++ tests ===
Running target qemu-default-thumb/-mthumb
FAIL: g++.dg/abi/local1.C execution test
UNRESOLVED: g++.dg/abi/mangle60.C scan-assembler _Z3barIiEvP1AIXszcl3foocvT__ELCi0_42EEEE
UNRESOLVED: g++.dg/abi/mangle60.C scan-assembler _Z3bazIiEvP1AIXszcl3foocvT__ELCf00000000_00000000EEEE
XPASS: g++.dg/uninit-pred-3_b.C (test for excess errors)
=== g++ Summary ===
# of expected passes 26542
# of unexpected failures 1
# of unexpected successes 1
# of expected failures 168
# of unresolved testcases 2
# of unsupported tests 411
/scratch/gcc/nightly-2012-02-07-4.6/arm-none-linux-gnueabi/obj/test-4.6-0-arm-none-linux-gnueabi/host-i686-pc-linux-gnu/fsf-4.6/bin/arm-none-linux-gnueabi-g++ version 4.6.3 20120207 (prerelease) (GCC)
=== Summary adjusted for local xfails ===
# of unexpected failures 1
# of expected passes 26542
# of unexpected successes 1
# of expected failures 168
# of unresolved testcases 2
# of unsupported tests 411
Host is i686-pc-linux-gnu
=== gcc tests ===
Running target qemu-default-thumb/-mthumb
XPASS: gcc.c-torture/execute/941014-1.c execution, -O0
FAIL: gcc.c-torture/execute/pr45070.c execution, -Os
FAIL: gcc.dg/uninit-13.c unconditional (test for warnings, line 8)
FAIL: gcc.dg/uninit-13.c (test for excess errors)
FAIL: gcc.dg/lto/20110201-1 c_lto_20110201-1_0.o-c_lto_20110201-1_0.o link, -O0 -flto
UNRESOLVED: gcc.dg/lto/20110201-1 c_lto_20110201-1_0.o-c_lto_20110201-1_0.o execute -O0 -flto
XPASS: gcc.dg/tree-ssa/20040204-1.c scan-tree-dump-times optimized "link_error" 0
FAIL: gcc.target/arm/pr42172-1.c scan-assembler-times ldr 1
FAIL: gcc.target/arm/sync-1.c execution test
=== gcc Summary ===
# of expected passes 69890
# of unexpected failures 6
# of unexpected successes 2
# of expected failures 136
# of unresolved testcases 1
# of unsupported tests 2907
/scratch/gcc/nightly-2012-02-07-4.6/arm-none-linux-gnueabi/obj/test-4.6-0-arm-none-linux-gnueabi/host-i686-pc-linux-gnu/fsf-4.6/bin/arm-none-linux-gnueabi-gcc version 4.6.3 20120207 (prerelease) (GCC)
=== Summary adjusted for local xfails ===
# of unexpected failures 6
# of expected passes 69890
# of unexpected successes 2
# of expected failures 136
# of unresolved testcases 1
# of unsupported tests 2907
Host is i686-pc-linux-gnu
=== gfortran tests ===
Running target qemu-default-thumb/-mthumb
FAIL: gfortran.dg/pr45636.f90 -O scan-tree-dump-times forwprop2 "memset" 0
=== gfortran Summary ===
# of expected passes 37953
# of unexpected failures 1
# of expected failures 53
# of unsupported tests 374
/scratch/gcc/nightly-2012-02-07-4.6/arm-none-linux-gnueabi/obj/test-4.6-0-arm-none-linux-gnueabi/host-i686-pc-linux-gnu/fsf-4.6/bin/arm-none-linux-gnueabi-gfortran version 4.6.3 20120207 (prerelease) (GCC)
=== Summary adjusted for local xfails ===
# of unexpected failures 1
# of expected passes 37953
# of expected failures 53
# of unsupported tests 374
Host is i686-pc-linux-gnu
=== libstdc++ tests ===
Running target qemu-default-thumb/-mthumb
FAIL: 21_strings/basic_string/inserters_extractors/wchar_t/28277.cc execution test
FAIL: 22_locale/num_put/put/char/9780-2.cc execution test
FAIL: 27_io/basic_ostream/inserters_character/wchar_t/28277-3.cc execution test
FAIL: 27_io/basic_ostream/inserters_character/wchar_t/28277-4.cc execution test
FAIL: ext/vstring/inserters_extractors/wchar_t/28277.cc execution test
=== libstdc++ Summary ===
# of expected passes 8081
# of unexpected failures 5
# of expected failures 82
# of unsupported tests 135
=== Summary adjusted for local xfails ===
# of unexpected failures 5
# of expected passes 8081
# of expected failures 82
# of unsupported tests 135
Compiler version: 4.6.3 20120207 (prerelease) (GCC)
Platform: arm-none-linux-gnueabi
configure flags: --build=i686-pc-linux-gnu --host=i686-pc-linux-gnu --target=arm-none-linux-gnueabi --enable-threads --disable-libmudflap --disable-libssp --disable-libstdcxx-pch --with-gnu-as --with-gnu-ld --enable-languages=c,c++,fortran --enable-shared --enable-lto --enable-symvers=gnu --enable-__cxa_atexit --disable-nls --prefix=/opt/codesourcery --with-sysroot=/opt/codesourcery/arm-none-linux-gnueabi/libc --with-build-sysroot=/scratch/gcc/nightly-2012-02-07-4.6/arm-none-linux-gnueabi/install/arm-none-linux-gnueabi/libc --with-gmp=/scratch/gcc/nightly-2012-02-07-4.6/arm-none-linux-gnueabi/obj/host-libs-4.6-0-arm-none-linux-gnueabi-i686-pc-linux-gnu/usr --with-mpfr=/scratch/gcc/nightly-2012-02-07-4.6/arm-none-linux-gnueabi/obj/host-libs-4.6-0-arm-none-linux-gnueabi-i686-pc-linux-gnu/usr --with-mpc=/scratch/gcc/nightly-2012-02-07-4.6/arm-none-linux-gnueabi/obj/host-libs-4.6-0-arm-none-linux-gnueabi-i686-pc-linux-gnu/usr --with-ppl=/scratch/gcc/nightly-2012-02-07-4.6/arm-non
e-linux-gnueabi/obj/host-libs-4.6-0-arm-none-linux-gnueabi-i686-pc-linux-gnu/usr --with-host-libstdcxx='-static-libgcc -Wl,-Bstatic,-lstdc++,-Bdynamic -lm' --with-cloog=/scratch/gcc/nightly-2012-02-07-4.6/arm-none-linux-gnueabi/obj/host-libs-4.6-0-arm-none-linux-gnueabi-i686-pc-linux-gnu/usr --with-libelf=/scratch/gcc/nightly-2012-02-07-4.6/arm-none-linux-gnueabi/obj/host-libs-4.6-0-arm-none-linux-gnueabi-i686-pc-linux-gnu/usr --disable-libgomp --enable-poison-system-directories --with-build-time-tools=/scratch/gcc/nightly-2012-02-07-4.6/arm-none-linux-gnueabi/install/arm-none-linux-gnueabi/bin --with-build-time-tools=/scratch/gcc/nightly-2012-02-07-4.6/arm-none-linux-gnueabi/install/arm-none-linux-gnueabi/bin