This is the mail archive of the
gcc-testresults@gcc.gnu.org
mailing list for the GCC project.
Results for 4.7.0 20120201 (experimental) [trunk revision 183805] (GCC) testsuite on mipsel-unknown-linux-gnu
- From: David Daney <ddaney dot cavm at gmail dot com>
- To: gcc-testresults at gcc dot gnu dot org
- Date: Wed, 01 Feb 2012 18:17:14 -0800
- Subject: Results for 4.7.0 20120201 (experimental) [trunk revision 183805] (GCC) testsuite on mipsel-unknown-linux-gnu
LAST_UPDATED: Wed Feb 1 17:19:09 UTC 2012 (revision 183805)
Native configuration is mipsel-unknown-linux-gnu
=== g++ tests ===
Running target unix
FAIL: g++.dg/guality/redeclaration1.C -O0 line 17 i == 24
FAIL: g++.dg/guality/redeclaration1.C -O1 line 17 i == 24
FAIL: g++.dg/guality/redeclaration1.C -O2 line 17 i == 24
FAIL: g++.dg/guality/redeclaration1.C -O3 -fomit-frame-pointer line 17 i == 24
FAIL: g++.dg/guality/redeclaration1.C -O3 -g line 17 i == 24
FAIL: g++.dg/guality/redeclaration1.C -Os line 17 i == 24
=== g++ Summary ===
# of expected passes 46416
# of unexpected failures 6
# of expected failures 287
# of unsupported tests 696
/home/daney/gccsvn/build/gcc/testsuite/g++/../../g++ version 4.7.0 20120201 (experimental) [trunk revision 183805] (GCC)
=== gcc tests ===
Running target unix
FAIL: gcc.dg/cproj-fails-with-broken-glibc.c execution test
FAIL: gcc.dg/pr48774.c (test for excess errors)
WARNING: program timed out.
WARNING: program timed out.
WARNING: program timed out.
WARNING: program timed out.
WARNING: program timed out.
WARNING: program timed out.
WARNING: program timed out.
XPASS: gcc.dg/guality/guality.c -O3 -fomit-frame-pointer execution test
XPASS: gcc.dg/guality/guality.c -O3 -g execution test
XPASS: gcc.dg/guality/guality.c -Os execution test
XPASS: gcc.dg/guality/guality.c -O2 -flto -flto-partition=none execution test
XPASS: gcc.dg/guality/guality.c -O2 -flto execution test
XPASS: gcc.dg/guality/inline-params.c -O2 execution test
WARNING: program timed out.
XPASS: gcc.dg/guality/inline-params.c -O3 -g execution test
XPASS: gcc.dg/guality/inline-params.c -Os execution test
XPASS: gcc.dg/guality/inline-params.c -O2 -flto -flto-partition=none execution test
XPASS: gcc.dg/guality/inline-params.c -O2 -flto execution test
XPASS: gcc.dg/guality/pr41353-1.c -O0 line 28 j == 28 + 37
FAIL: gcc.dg/guality/pr41353-1.c -O1 line 39 i1 == 2 * 12
FAIL: gcc.dg/guality/pr41353-1.c -O1 line 39 i2 == 2 * 12
FAIL: gcc.dg/guality/pr41353-1.c -O1 line 39 i3 == 3 * 12
FAIL: gcc.dg/guality/pr41353-1.c -O2 line 39 i1 == 2 * 12
FAIL: gcc.dg/guality/pr41353-1.c -O2 line 39 i2 == 2 * 12
FAIL: gcc.dg/guality/pr41353-1.c -O2 line 39 i3 == 3 * 12
FAIL: gcc.dg/guality/pr41353-1.c -O3 -fomit-frame-pointer line 39 i1 == 2 * 12
FAIL: gcc.dg/guality/pr41353-1.c -O3 -fomit-frame-pointer line 39 i2 == 2 * 12
FAIL: gcc.dg/guality/pr41353-1.c -O3 -fomit-frame-pointer line 39 i3 == 3 * 12
FAIL: gcc.dg/guality/pr41353-1.c -O3 -g line 39 i1 == 2 * 12
FAIL: gcc.dg/guality/pr41353-1.c -O3 -g line 39 i2 == 2 * 12
FAIL: gcc.dg/guality/pr41353-1.c -O3 -g line 39 i3 == 3 * 12
FAIL: gcc.dg/guality/pr41353-1.c -Os line 39 i1 == 2 * 12
FAIL: gcc.dg/guality/pr41353-1.c -Os line 39 i2 == 2 * 12
FAIL: gcc.dg/guality/pr41353-1.c -Os line 39 i3 == 3 * 12
FAIL: gcc.dg/guality/pr41353-1.c -O2 -flto -flto-partition=none line 39 i1 == 2 * 12
FAIL: gcc.dg/guality/pr41353-1.c -O2 -flto -flto-partition=none line 39 i2 == 2 * 12
FAIL: gcc.dg/guality/pr41353-1.c -O2 -flto -flto-partition=none line 39 i3 == 3 * 12
FAIL: gcc.dg/guality/pr41353-1.c -O2 -flto line 39 i1 == 2 * 12
FAIL: gcc.dg/guality/pr41353-1.c -O2 -flto line 39 i2 == 2 * 12
FAIL: gcc.dg/guality/pr41353-1.c -O2 -flto line 39 i3 == 3 * 12
XPASS: gcc.dg/guality/pr41447-1.c -O0 execution test
XPASS: gcc.dg/guality/pr41447-1.c -O1 execution test
XPASS: gcc.dg/guality/pr41447-1.c -O2 execution test
XPASS: gcc.dg/guality/pr41447-1.c -O3 -fomit-frame-pointer execution test
XPASS: gcc.dg/guality/pr41447-1.c -O3 -g execution test
XPASS: gcc.dg/guality/pr41447-1.c -Os execution test
XPASS: gcc.dg/guality/pr41616-1.c -O0 execution test
XPASS: gcc.dg/guality/pr41616-1.c -O1 execution test
XPASS: gcc.dg/guality/pr41616-1.c -O2 execution test
XPASS: gcc.dg/guality/pr41616-1.c -O3 -fomit-frame-pointer execution test
XPASS: gcc.dg/guality/pr41616-1.c -O3 -g execution test
XPASS: gcc.dg/guality/pr41616-1.c -Os execution test
XPASS: gcc.dg/guality/pr41616-1.c -O2 -flto -flto-partition=none execution test
XPASS: gcc.dg/guality/pr41616-1.c -O2 -flto execution test
FAIL: gcc.dg/guality/pr43077-1.c -O3 -fomit-frame-pointer line 19 varb == 3
FAIL: gcc.dg/guality/sra-1.c -O1 line 21 a.j == 14
FAIL: gcc.dg/guality/sra-1.c -O2 line 21 a.j == 14
FAIL: gcc.dg/guality/sra-1.c -O3 -fomit-frame-pointer line 21 a.j == 14
FAIL: gcc.dg/guality/sra-1.c -O3 -g line 21 a.j == 14
FAIL: gcc.dg/guality/sra-1.c -Os line 21 a.j == 14
FAIL: gcc.dg/guality/sra-1.c -O2 -flto -flto-partition=none line 21 a.j == 14
FAIL: gcc.dg/guality/sra-1.c -O2 -flto line 21 a.j == 14
FAIL: gcc.dg/guality/vla-1.c -O0 line 17 sizeof (a) == 6
FAIL: gcc.dg/guality/vla-1.c -O0 line 24 sizeof (a) == 17 * sizeof (short)
FAIL: gcc.dg/guality/vla-1.c -O1 line 17 sizeof (a) == 6
FAIL: gcc.dg/guality/vla-1.c -O1 line 24 sizeof (a) == 17 * sizeof (short)
FAIL: gcc.dg/guality/vla-1.c -O2 line 17 sizeof (a) == 6
FAIL: gcc.dg/guality/vla-1.c -O2 line 24 sizeof (a) == 17 * sizeof (short)
FAIL: gcc.dg/guality/vla-1.c -O3 -fomit-frame-pointer line 17 sizeof (a) == 6
FAIL: gcc.dg/guality/vla-1.c -O3 -fomit-frame-pointer line 24 sizeof (a) == 17 * sizeof (short)
FAIL: gcc.dg/guality/vla-1.c -O3 -g line 17 sizeof (a) == 6
FAIL: gcc.dg/guality/vla-1.c -O3 -g line 24 sizeof (a) == 17 * sizeof (short)
FAIL: gcc.dg/guality/vla-1.c -Os line 17 sizeof (a) == 6
FAIL: gcc.dg/guality/vla-1.c -Os line 24 sizeof (a) == 17 * sizeof (short)
FAIL: gcc.dg/guality/vla-1.c -O2 -flto -flto-partition=none line 17 sizeof (a) == 6
FAIL: gcc.dg/guality/vla-1.c -O2 -flto -flto-partition=none line 24 sizeof (a) == 17 * sizeof (short)
FAIL: gcc.dg/guality/vla-1.c -O2 -flto line 17 sizeof (a) == 6
FAIL: gcc.dg/guality/vla-1.c -O2 -flto line 24 sizeof (a) == 17 * sizeof (short)
FAIL: gcc.dg/guality/vla-2.c -O0 line 16 sizeof (a) == 5 * sizeof (int)
FAIL: gcc.dg/guality/vla-2.c -O0 line 25 sizeof (a) == 6 * sizeof (int)
FAIL: gcc.dg/guality/vla-2.c -O1 line 16 sizeof (a) == 5 * sizeof (int)
FAIL: gcc.dg/guality/vla-2.c -O1 line 25 sizeof (a) == 6 * sizeof (int)
FAIL: gcc.dg/guality/vla-2.c -O2 line 16 sizeof (a) == 5 * sizeof (int)
FAIL: gcc.dg/guality/vla-2.c -O2 line 25 sizeof (a) == 6 * sizeof (int)
FAIL: gcc.dg/guality/vla-2.c -O3 -fomit-frame-pointer line 16 sizeof (a) == 5 * sizeof (int)
FAIL: gcc.dg/guality/vla-2.c -O3 -fomit-frame-pointer line 25 sizeof (a) == 6 * sizeof (int)
FAIL: gcc.dg/guality/vla-2.c -O3 -g line 16 sizeof (a) == 5 * sizeof (int)
FAIL: gcc.dg/guality/vla-2.c -O3 -g line 25 sizeof (a) == 6 * sizeof (int)
FAIL: gcc.dg/guality/vla-2.c -Os line 16 sizeof (a) == 5 * sizeof (int)
FAIL: gcc.dg/guality/vla-2.c -Os line 25 sizeof (a) == 6 * sizeof (int)
FAIL: gcc.dg/guality/vla-2.c -O2 -flto -flto-partition=none line 16 sizeof (a) == 5 * sizeof (int)
FAIL: gcc.dg/guality/vla-2.c -O2 -flto -flto-partition=none line 25 sizeof (a) == 6 * sizeof (int)
FAIL: gcc.dg/guality/vla-2.c -O2 -flto line 16 sizeof (a) == 5 * sizeof (int)
FAIL: gcc.dg/guality/vla-2.c -O2 -flto line 25 sizeof (a) == 6 * sizeof (int)
=== gcc Summary ===
# of expected passes 75784
# of unexpected failures 63
# of unexpected successes 25
# of expected failures 134
# of unsupported tests 1381
/home/daney/gccsvn/build/gcc/xgcc version 4.7.0 20120201 (experimental) [trunk revision 183805] (GCC)
=== gfortran tests ===
Running target unix
=== gfortran Summary ===
# of expected passes 39548
# of expected failures 42
# of unsupported tests 384
/home/daney/gccsvn/build/gcc/testsuite/gfortran/../../gfortran version 4.7.0 20120201 (experimental) [trunk revision 183805] (GCC)
=== objc tests ===
Running target unix
=== objc Summary ===
# of expected passes 2994
# of unsupported tests 74
/home/daney/gccsvn/build/gcc/xgcc version 4.7.0 20120201 (experimental) [trunk revision 183805] (GCC)
=== boehm-gc tests ===
Running target unix
FAIL: boehm-gc.c/gctest.c -O2 execution test
FAIL: boehm-gc.c/thread_leak_test.c -O2 (test for excess errors)
=== boehm-gc Summary ===
# of expected passes 10
# of unexpected failures 2
# of unsupported tests 1
=== libffi tests ===
Running target unix
=== libffi Summary ===
# of expected passes 1634
# of expected failures 10
# of unsupported tests 50
=== libgomp tests ===
Running target unix
WARNING: program timed out.
FAIL: libgomp.fortran/strassen.f90 -O execution test
=== libgomp Summary ===
# of expected passes 2945
# of unexpected failures 1
# of unsupported tests 1
=== libjava tests ===
Running target unix
=== libjava Summary ===
# of expected passes 2574
=== libmudflap tests ===
Running target unix
=== libmudflap Summary ===
# of expected passes 1906
=== libstdc++ tests ===
Running target unix
=== libstdc++ Summary ===
# of expected passes 7943
# of expected failures 44
# of unsupported tests 491
Compiler version: 4.7.0 20120201 (experimental) [trunk revision 183805] (GCC)
Platform: mipsel-unknown-linux-gnu
configure flags: --enable-languages=all