This is the mail archive of the
gcc-testresults@gcc.gnu.org
mailing list for the GCC project.
Results for 4.7.0 20111224 (experimental) [trunk revision 182673] (GCC) testsuite on i686-apple-darwin9
- From: Dave Anglin <dave dot anglin at bell dot net>
- To: dave at MACPRO dot localhost, gcc-testresults at gcc dot gnu dot org
- Date: Sat, 24 Dec 2011 09:40:46 -0500
- Subject: Results for 4.7.0 20111224 (experimental) [trunk revision 182673] (GCC) testsuite on i686-apple-darwin9
LAST_UPDATED: Sat Dec 24 01:22:29 UTC 2011 (revision 182673)
=== acats tests ===
=== acats Summary ===
# of expected passes 2321
# of unexpected failures 0
Native configuration is i686-apple-darwin9
=== g++ tests ===
Running target unix
WARNING: Could not compile g++.dg/compat/struct-layout-1 generator
WARNING: g++.dg/ext/label13.C -std=gnu++98 compilation failed to produce executable
WARNING: g++.dg/ext/label13.C -std=gnu++11 compilation failed to produce executable
FAIL: c-c++-common/cxxbitfields-3.c scan-assembler movl.*, var
FAIL: c-c++-common/cxxbitfields-3.c scan-assembler movl.*, var
FAIL: g++.dg/simulate-thread/atomics-1.C -O0 -g thread simulation test
FAIL: g++.dg/simulate-thread/atomics-2.C -O0 -g thread simulation test
=== g++ Summary ===
# of expected passes 44875
# of unexpected failures 4
# of expected failures 288
# of unsupported tests 411
/Users/dave/gnu/gcc/objdir/gcc/testsuite/g++/../../g++ version 4.7.0 20111224 (experimental) [trunk revision 182673] (GCC)
=== gcc tests ===
Running target unix
WARNING: Could not compile gcc.dg/compat/struct-layout-1 generator
FAIL: c-c++-common/cxxbitfields-3.c scan-assembler movl.*, var
FAIL: gcc.dg/simulate-thread/atomic-load-longlong.c -O1 -g thread simulation test
FAIL: gcc.dg/simulate-thread/atomic-other-longlong.c -O1 -g thread simulation test
FAIL: gcc.dg/simulate-thread/atomic-other-longlong.c -O2 -g thread simulation test
FAIL: gcc.dg/simulate-thread/atomic-other-longlong.c -O3 -g thread simulation test
XPASS: gcc.dg/vect/vect-multitypes-1.c scan-tree-dump-times vect "Alignment of access forced using peeling" 2
XPASS: gcc.dg/vect/vect-multitypes-1.c scan-tree-dump-times vect "Vectorizing an unaligned access" 4
XPASS: gcc.dg/vect/vect-peel-3.c scan-tree-dump-times vect "Vectorizing an unaligned access" 1
XPASS: gcc.dg/vect/vect-peel-3.c scan-tree-dump-times vect "Alignment of access forced using peeling" 1
XPASS: gcc.dg/vect/no-section-anchors-vect-69.c scan-tree-dump-times vect "Alignment of access forced using peeling" 2
=== gcc Summary ===
# of expected passes 67329
# of unexpected failures 5
# of unexpected successes 5
# of expected failures 201
# of unsupported tests 1828
/Users/dave/gnu/gcc/objdir/gcc/xgcc version 4.7.0 20111224 (experimental) [trunk revision 182673] (GCC)
=== gfortran tests ===
Running target unix
=== gfortran Summary ===
# of expected passes 39773
# of expected failures 50
# of unsupported tests 213
/Users/dave/gnu/gcc/objdir/gcc/testsuite/gfortran/../../gfortran version 4.7.0 20111224 (experimental) [trunk revision 182673] (GCC)
=== gnat tests ===
Running target unix
=== gnat Summary ===
# of expected passes 1058
# of expected failures 12
# of unsupported tests 4
/Users/dave/gnu/gcc/objdir/gcc/gnatmake version 4.7.0 20111224 (experimental) [trunk revision 182673]
=== obj-c++ tests ===
Running target unix
=== obj-c++ Summary ===
# of expected passes 3023
# of expected failures 2
# of unsupported tests 56
/Users/dave/gnu/gcc/objdir/gcc/testsuite/obj-c++/../../g++ version 4.7.0 20111224 (experimental) [trunk revision 182673] (GCC)
=== objc tests ===
Running target unix
WARNING: Could not compile objc.dg/gnu-encoding/struct-layout-encoding-1 generator
=== objc Summary ===
# of expected passes 5875
# of unsupported tests 73
/Users/dave/gnu/gcc/objdir/gcc/xgcc version 4.7.0 20111224 (experimental) [trunk revision 182673] (GCC)
=== boehm-gc tests ===
Running target unix
=== boehm-gc Summary ===
# of expected passes 12
# of unsupported tests 1
=== libffi tests ===
Running target unix
=== libffi Summary ===
# of expected passes 1634
# of expected failures 10
# of unsupported tests 15
=== libgomp tests ===
Running target unix
=== libgomp Summary ===
# of expected passes 2942
# of unsupported tests 3
=== libitm tests ===
Running target unix
FAIL: libitm.c/memcpy-1.c execution test
FAIL: libitm.c/memset-1.c execution test
WARNING: libitm.c++/static_ctor.C compilation failed to produce executable
=== libitm Summary ===
# of expected passes 21
# of unexpected failures 2
# of expected failures 5
=== libjava tests ===
Running target unix
=== libjava Summary ===
# of expected passes 2574
=== libstdc++ tests ===
Running target unix
FAIL: 27_io/basic_istream/extractors_arithmetic/char/dr696.cc execution test
FAIL: 27_io/basic_istream/extractors_arithmetic/wchar_t/dr696.cc execution test
FAIL: 27_io/basic_ostream/inserters_arithmetic/char/7.cc execution test
FAIL: 27_io/basic_ostream/inserters_arithmetic/wchar_t/7.cc execution test
FAIL: ext/mt_allocator/deallocate_global_thread-1.cc execution test
FAIL: ext/mt_allocator/deallocate_global_thread-3.cc execution test
=== libstdc++ Summary ===
# of expected passes 7700
# of unexpected failures 6
# of expected failures 44
# of unsupported tests 565
Compiler version: 4.7.0 20111224 (experimental) [trunk revision 182673] (GCC)
Platform: i686-apple-darwin9
configure flags: --build=i686-apple-darwin9 --host=i686-apple-darwin9 --target=i686-apple-darwin9 --with-tune=generic --prefix=/opt/gnu/gcc/gcc-4.7.0 --with-gmp=/opt/gnu/gcc/gcc-4.7.0 --enable-debug=no --disable-nls --disable-multilib --disable-lto --enable-languages=c,c++,objc,fortran,obj-c++,java,ada --enable-threads=posix --enable-__cxa_atexit --enable-java-gc=boehm