This is the mail archive of the
gcc-testresults@gcc.gnu.org
mailing list for the GCC project.
Results for 4.7.0 20111219 (experimental) [trunk revision 182487] (GCC) testsuite on hppa64-hp-hpux11.11
- From: John David Anglin <dave at hiauly3 dot hia dot nrc dot ca>
- To: dave at hiauly3 dot hia dot nrc dot ca, gcc-testresults at gcc dot gnu dot org
- Date: Tue, 20 Dec 2011 16:50:31 -0500 (EST)
- Subject: Results for 4.7.0 20111219 (experimental) [trunk revision 182487] (GCC) testsuite on hppa64-hp-hpux11.11
Native configuration is hppa64-hp-hpux11.11
=== g++ tests ===
Running target unix
FAIL: g++.dg/cpp0x/alias-decl-debug-0.C (test for excess errors)
WARNING: program timed out.
=== g++ Summary ===
# of expected passes 44280
# of unexpected failures 1
# of expected failures 292
# of unsupported tests 859
/test/gnu/gcc/objdir/gcc/testsuite/g++/../../g++ version 4.7.0 20111219 (experimental) [trunk revision 182487] (GCC)
=== gcc tests ===
Running target unix
WARNING: program timed out.
FAIL: gcc.dg/lto/20090116 c_lto_20090116_0.o-c_lto_20090116_0.o link, -O1 -flto -flto-partition=1to1 -fPIC (internal compiler error)
UNRESOLVED: gcc.dg/lto/20090116 c_lto_20090116_0.o-c_lto_20090116_0.o execute -O1 -flto -flto-partition=1to1 -fPIC
=== gcc Summary ===
# of expected passes 69677
# of unexpected failures 1
# of expected failures 130
# of unresolved testcases 1
# of unsupported tests 1509
/test/gnu/gcc/objdir/gcc/xgcc version 4.7.0 20111219 (experimental) [trunk revision 182487] (GCC)
=== gfortran tests ===
Running target unix
FAIL: gfortran.dg/class_to_type_1.f03 -O0 execution test
FAIL: gfortran.dg/class_to_type_1.f03 -O1 execution test
FAIL: gfortran.dg/class_to_type_1.f03 -O2 execution test
FAIL: gfortran.dg/class_to_type_1.f03 -O3 -fomit-frame-pointer execution test
FAIL: gfortran.dg/class_to_type_1.f03 -O3 -fomit-frame-pointer -funroll-loops execution test
FAIL: gfortran.dg/class_to_type_1.f03 -O3 -fomit-frame-pointer -funroll-all-loops -finline-functions execution test
FAIL: gfortran.dg/class_to_type_1.f03 -O3 -g execution test
FAIL: gfortran.dg/class_to_type_1.f03 -Os execution test
FAIL: gfortran.dg/quad_2.f90 -O0 (test for excess errors)
WARNING: gfortran.dg/quad_2.f90 -O0 compilation failed to produce executable
FAIL: gfortran.dg/quad_2.f90 -O1 (test for excess errors)
WARNING: gfortran.dg/quad_2.f90 -O1 compilation failed to produce executable
FAIL: gfortran.dg/quad_2.f90 -O2 (test for excess errors)
WARNING: gfortran.dg/quad_2.f90 -O2 compilation failed to produce executable
FAIL: gfortran.dg/quad_2.f90 -O3 -fomit-frame-pointer (test for excess errors)
WARNING: gfortran.dg/quad_2.f90 -O3 -fomit-frame-pointer compilation failed to produce executable
FAIL: gfortran.dg/quad_2.f90 -O3 -fomit-frame-pointer -funroll-loops (test for excess errors)
WARNING: gfortran.dg/quad_2.f90 -O3 -fomit-frame-pointer -funroll-loops compilation failed to produce executable
FAIL: gfortran.dg/quad_2.f90 -O3 -fomit-frame-pointer -funroll-all-loops -finline-functions (test for excess errors)
WARNING: gfortran.dg/quad_2.f90 -O3 -fomit-frame-pointer -funroll-all-loops -finline-functions compilation failed to produce executable
FAIL: gfortran.dg/quad_2.f90 -O3 -g (test for excess errors)
WARNING: gfortran.dg/quad_2.f90 -O3 -g compilation failed to produce executable
FAIL: gfortran.dg/quad_2.f90 -Os (test for excess errors)
WARNING: gfortran.dg/quad_2.f90 -Os compilation failed to produce executable
=== gfortran Summary ===
# of expected passes 39038
# of unexpected failures 16
# of expected failures 42
# of unsupported tests 364
/test/gnu/gcc/objdir/gcc/testsuite/gfortran/../../gfortran version 4.7.0 20111219 (experimental) [trunk revision 182487] (GCC)
=== obj-c++ tests ===
Running target unix
=== obj-c++ Summary ===
# of expected passes 1442
# of expected failures 10
# of unsupported tests 86
/test/gnu/gcc/objdir/gcc/testsuite/obj-c++/../../g++ version 4.7.0 20111219 (experimental) [trunk revision 182487] (GCC)
=== objc tests ===
Running target unix
=== objc Summary ===
# of expected passes 2992
# of unsupported tests 75
/test/gnu/gcc/objdir/gcc/xgcc version 4.7.0 20111219 (experimental) [trunk revision 182487] (GCC)
=== libgomp tests ===
Running target unix
=== libgomp Summary ===
# of expected passes 2928
# of unsupported tests 10
=== libstdc++ tests ===
Running target unix
=== libstdc++ Summary ===
# of expected passes 7266
# of expected failures 45
# of unsupported tests 790
Compiler version: 4.7.0 20111219 (experimental) [trunk revision 182487] (GCC)
Platform: hppa64-hp-hpux11.11
configure flags:Test Run By dave on Tue Dec 20 03:57:22 2011