This is the mail archive of the
gcc-testresults@gcc.gnu.org
mailing list for the GCC project.
Results for 4.7.0 20111218 (experimental) [trunk revision 182454] (GCC) testsuite on armv7l-unknown-linux-gnueabi
- From: Robert Nelson <robertcnelson at gmail dot com>
- To: gcc-testresults at gcc dot gnu dot org
- Date: Sun, 18 Dec 2011 16:44:19 -0600
- Subject: Results for 4.7.0 20111218 (experimental) [trunk revision 182454] (GCC) testsuite on armv7l-unknown-linux-gnueabi
LAST_UPDATED: Sun Dec 18 07:31:28 UTC 2011 (revision 182454)
Native configuration is armv7l-unknown-linux-gnueabi
=== libgomp tests ===
Running target unix
=== libgomp Summary ===
# of expected passes 1287
# of unsupported tests 1
=== libitm tests ===
Running target unix
UNRESOLVED: libitm.c++/static_ctor.C compilation failed to produce executable
=== libitm Summary ===
# of expected passes 23
# of expected failures 5
# of unresolved testcases 1
=== libmudflap tests ===
Running target unix
FAIL: libmudflap.c++/pass55-frag.cxx ( -O) execution test
=== libmudflap Summary ===
# of expected passes 1893
# of unexpected failures 1
=== libstdc++ tests ===
Running target unix
=== libstdc++ Summary ===
# of expected passes 7970
# of expected failures 45
# of unsupported tests 468
=== gcc tests ===
Running target unix
FAIL: gcc.c-torture/compile/920928-2.c -Os (internal compiler error)
FAIL: gcc.c-torture/compile/920928-2.c -Os (test for excess errors)
FAIL: gcc.dg/20021014-1.c (test for excess errors)
UNRESOLVED: gcc.dg/20021014-1.c compilation failed to produce executable
FAIL: gcc.dg/c99-stdint-1.c (test for excess errors)
FAIL: gcc.dg/c99-stdint-7.c (test for excess errors)
FAIL: gcc.dg/nest.c (test for excess errors)
UNRESOLVED: gcc.dg/nest.c compilation failed to produce executable
FAIL: gcc.dg/nested-func-4.c (test for excess errors)
UNRESOLVED: gcc.dg/nested-func-4.c compilation failed to produce executable
FAIL: gcc.dg/pr32450.c (test for excess errors)
UNRESOLVED: gcc.dg/pr32450.c compilation failed to produce executable
FAIL: gcc.dg/pr43643.c (test for excess errors)
UNRESOLVED: gcc.dg/pr43643.c compilation failed to produce executable
FAIL: gcc.dg/pr45416.c scan-assembler and
FAIL: gcc.dg/pr49994-3.c (test for excess errors)
ERROR: (DejaGnu) proc "cleanup-treee-dump ccp1" does not exist.
=== gcc Summary ===
# of expected passes 51591
# of unexpected failures 11
# of expected failures 37
# of unresolved testcases 5
# of unsupported tests 248
/var/builds/opt/trunk/objdir/gcc/xgcc version 4.7.0 20111218 (experimental) [trunk revision 182454] (GCC)
=== g++ tests ===
Running target unix
FAIL: g++.dg/template/sfinae19.C -std=c++11 (test for excess errors)
FAIL: g++.dg/gcov/gcov-2.C:23:is 1:should be 2
FAIL: g++.dg/gcov/gcov-2.C gcov: 1 failures in line counts, 0 in branch percentages, 0 in return percentages
FAIL: g++.dg/gcov/gcov-2.C:23:is 1:should be 2
FAIL: g++.dg/gcov/gcov-2.C gcov: 1 failures in line counts, 0 in branch percentages, 0 in return percentages
FAIL: g++.old-deja/g++.law/profile1.C -std=gnu++98 (test for excess errors)
UNRESOLVED: g++.old-deja/g++.law/profile1.C -std=gnu++98 compilation failed to produce executable
FAIL: g++.old-deja/g++.law/profile1.C -std=gnu++11 (test for excess errors)
UNRESOLVED: g++.old-deja/g++.law/profile1.C -std=gnu++11 compilation failed to produce executable
FAIL: g++.old-deja/g++.pt/ptrmem6.C -std=c++11 (test for errors, line 28)
=== g++ Summary ===
# of expected passes 46037
# of unexpected failures 8
# of expected failures 288
# of unresolved testcases 2
# of unsupported tests 600
/var/builds/opt/trunk/objdir/gcc/testsuite/g++/../../g++ version 4.7.0 20111218 (experimental) [trunk revision 182454] (GCC)
Compiler version: 4.7.0 20111218 (experimental) [trunk revision 182454] (GCC)
Platform: armv7l-unknown-linux-gnueabi
configure flags: --prefix=/opt/install-gcc-trunk --enable-languages=c,c++ --with-cpu=cortex-a9 --with-fpu=vfpv3 --with-float=softfp
Build Logs: http://rcn-ee.homeip.net:81/dl/gcc/