This is the mail archive of the
gcc-testresults@gcc.gnu.org
mailing list for the GCC project.
Results for 4.7.0 20111216 (experimental) (GCC) testsuite on x86_64-unknown-linux-gnu
- From: tester <gcctester at yahoo dot co dot jp>
- To: gcc-testresults at gcc dot gnu dot org
- Date: Fri, 16 Dec 2011 16:54:48 +0900 (JST)
- Subject: Results for 4.7.0 20111216 (experimental) (GCC) testsuite on x86_64-unknown-linux-gnu
=== acats tests ===
=== acats Summary ===
# of expected passes 2321
# of unexpected failures 0
Native configuration is x86_64-unknown-linux-gnu
=== g++ tests ===
Running target unix
=== g++ Summary ===
# of expected passes 47942
# of expected failures 288
# of unsupported tests 517
/home/tester/gcc/tmp/gcc/testsuite/g++/../../g++ version 4.7.0 20111216 (experimental) (GCC)
=== gcc tests ===
Running target unix
XPASS: gcc.dg/inline_3.c (test for excess errors)
XPASS: gcc.dg/inline_4.c (test for excess errors)
XPASS: gcc.dg/unroll_2.c (test for excess errors)
XPASS: gcc.dg/unroll_3.c (test for excess errors)
XPASS: gcc.dg/unroll_4.c (test for excess errors)
=== gcc Summary ===
# of expected passes 84672
# of unexpected successes 5
# of expected failures 270
# of unsupported tests 1233
/home/tester/gcc/tmp/gcc/xgcc version 4.7.0 20111216 (experimental) (GCC)
=== gfortran tests ===
Running target unix
=== gfortran Summary ===
# of expected passes 40434
# of expected failures 53
# of unsupported tests 69
/home/tester/gcc/tmp/gcc/testsuite/gfortran/../../gfortran version 4.7.0 20111216 (experimental) (GCC)
=== gnat tests ===
Running target unix
=== gnat Summary ===
# of expected passes 1061
# of expected failures 11
# of unsupported tests 2
/home/tester/gcc/tmp/gcc/gnatmake version 4.7.0 20111216 (experimental)
=== obj-c++ tests ===
Running target unix
=== obj-c++ Summary ===
# of expected passes 1442
# of expected failures 10
# of unsupported tests 86
/home/tester/gcc/tmp/gcc/testsuite/obj-c++/../../g++ version 4.7.0 20111216 (experimental) (GCC)
=== objc tests ===
Running target unix
=== objc Summary ===
# of expected passes 2988
# of expected failures 6
# of unsupported tests 74
/home/tester/gcc/tmp/gcc/xgcc version 4.7.0 20111216 (experimental) (GCC)
=== boehm-gc tests ===
Running target unix
FAIL: boehm-gc.c/thread_leak_test.c -O2 (test for excess errors)
=== boehm-gc Summary ===
# of expected passes 11
# of unexpected failures 1
# of unsupported tests 1
=== libffi tests ===
Running target unix
=== libffi Summary ===
# of expected passes 1634
# of expected failures 10
# of unsupported tests 15
=== libgomp tests ===
Running target unix
=== libgomp Summary ===
# of expected passes 2994
=== libitm tests ===
Running target unix
UNRESOLVED: libitm.c++/static_ctor.C compilation failed to produce executable
=== libitm Summary ===
# of expected passes 23
# of expected failures 5
# of unresolved testcases 1
=== libjava tests ===
Running target unix
=== libjava Summary ===
# of expected passes 2574
=== libmudflap tests ===
Running target unix
FAIL: libmudflap.c++/pass55-frag.cxx ( -O) execution test
=== libmudflap Summary ===
# of expected passes 1426
# of unexpected failures 1
=== libstdc++ tests ===
Running target unix
=== libstdc++ Summary ===
# of expected passes 8200
# of expected failures 45
# of unsupported tests 449
Compiler version: 4.7.0 20111216 (experimental) (GCC)
Platform: x86_64-unknown-linux-gnu
configure flags: --prefix=/home/tester/build/gcc-svn --with-gmp=/home/tester/build/gmp-5.0.2 --with-mpfr=/home/tester/build/mpfr-3.1.0 --with-mpc=/home/tester/build/mpc-0.9 --with-ppl=/home/tester/build/ppl-0.11.2 --with-cloog=/home/tester/build/cloog-ppl-0.15.11 --enable-languages=c,c++,fortran,objc,obj-c++,java,ada