This is the mail archive of the gcc-testresults@gcc.gnu.org mailing list for the GCC project.


Index Nav: [Date Index] [Subject Index] [Author Index] [Thread Index]
Message Nav: [Date Prev] [Date Next] [Thread Prev] [Thread Next]
Other format: [Raw text]

Results for 4.7.0 20111214 (experimental) [trunk revision 182321] (GCC) testsuite on x86_64-unknown-linux-gnu


LAST_UPDATED: Wed Dec 14 05:28:13 UTC 2011 (revision 182321)

Native configuration is x86_64-unknown-linux-gnu

		=== g++ tests ===


Running target unix
FAIL: g++.dg/abi/covariant5.C -std=c++98 (internal compiler error)
FAIL: g++.dg/abi/covariant5.C -std=c++98 (test for excess errors)
WARNING: g++.dg/abi/covariant5.C -std=c++98 compilation failed to produce executable
FAIL: g++.dg/abi/covariant5.C -std=c++11 (internal compiler error)
FAIL: g++.dg/abi/covariant5.C -std=c++11 (test for excess errors)
WARNING: g++.dg/abi/covariant5.C -std=c++11 compilation failed to produce executable
FAIL: g++.dg/inherit/covariant11.C -std=c++98 (internal compiler error)
FAIL: g++.dg/inherit/covariant11.C -std=c++98 (test for excess errors)
FAIL: g++.dg/inherit/covariant11.C -std=c++11 (internal compiler error)
FAIL: g++.dg/inherit/covariant11.C -std=c++11 (test for excess errors)
FAIL: g++.dg/inherit/covariant18.C -std=c++98 (internal compiler error)
FAIL: g++.dg/inherit/covariant18.C -std=c++98 (test for excess errors)
WARNING: g++.dg/inherit/covariant18.C -std=c++98 compilation failed to produce executable
FAIL: g++.dg/inherit/covariant18.C -std=c++11 (internal compiler error)
FAIL: g++.dg/inherit/covariant18.C -std=c++11 (test for excess errors)
WARNING: g++.dg/inherit/covariant18.C -std=c++11 compilation failed to produce executable
FAIL: g++.dg/inherit/covariant5.C -std=c++98 (internal compiler error)
FAIL: g++.dg/inherit/covariant5.C -std=c++98 (test for excess errors)
FAIL: g++.dg/inherit/covariant5.C -std=c++11 (internal compiler error)
FAIL: g++.dg/inherit/covariant5.C -std=c++11 (test for excess errors)
FAIL: g++.dg/inherit/covariant6.C -std=c++98 (internal compiler error)
FAIL: g++.dg/inherit/covariant6.C -std=c++98 (test for excess errors)
FAIL: g++.dg/inherit/covariant6.C -std=c++11 (internal compiler error)
FAIL: g++.dg/inherit/covariant6.C -std=c++11 (test for excess errors)
FAIL: g++.dg/inherit/covariant8.C -std=c++98 (internal compiler error)
FAIL: g++.dg/inherit/covariant8.C -std=c++98 (test for excess errors)
FAIL: g++.dg/inherit/covariant8.C -std=c++11 (internal compiler error)
FAIL: g++.dg/inherit/covariant8.C -std=c++11 (test for excess errors)
FAIL: g++.dg/inherit/covariant9.C -std=gnu++98 (internal compiler error)
FAIL: g++.dg/inherit/covariant9.C -std=gnu++98 (test for excess errors)
FAIL: g++.dg/inherit/covariant9.C -std=gnu++11 (internal compiler error)
FAIL: g++.dg/inherit/covariant9.C -std=gnu++11 (test for excess errors)

		=== g++ Summary for unix ===

# of expected passes		40917
# of unexpected failures	28
# of expected failures		280
# of unsupported tests		335

Running target unix/-m32
FAIL: g++.dg/abi/covariant5.C -std=c++98 (internal compiler error)
FAIL: g++.dg/abi/covariant5.C -std=c++98 (test for excess errors)
WARNING: g++.dg/abi/covariant5.C -std=c++98 compilation failed to produce executable
FAIL: g++.dg/abi/covariant5.C -std=c++11 (internal compiler error)
FAIL: g++.dg/abi/covariant5.C -std=c++11 (test for excess errors)
WARNING: g++.dg/abi/covariant5.C -std=c++11 compilation failed to produce executable
FAIL: g++.dg/inherit/covariant11.C -std=c++98 (internal compiler error)
FAIL: g++.dg/inherit/covariant11.C -std=c++98 (test for excess errors)
FAIL: g++.dg/inherit/covariant11.C -std=c++11 (internal compiler error)
FAIL: g++.dg/inherit/covariant11.C -std=c++11 (test for excess errors)
FAIL: g++.dg/inherit/covariant18.C -std=c++98 (internal compiler error)
FAIL: g++.dg/inherit/covariant18.C -std=c++98 (test for excess errors)
WARNING: g++.dg/inherit/covariant18.C -std=c++98 compilation failed to produce executable
FAIL: g++.dg/inherit/covariant18.C -std=c++11 (internal compiler error)
FAIL: g++.dg/inherit/covariant18.C -std=c++11 (test for excess errors)
WARNING: g++.dg/inherit/covariant18.C -std=c++11 compilation failed to produce executable
FAIL: g++.dg/inherit/covariant5.C -std=c++98 (internal compiler error)
FAIL: g++.dg/inherit/covariant5.C -std=c++98 (test for excess errors)
FAIL: g++.dg/inherit/covariant5.C -std=c++11 (internal compiler error)
FAIL: g++.dg/inherit/covariant5.C -std=c++11 (test for excess errors)
FAIL: g++.dg/inherit/covariant6.C -std=c++98 (internal compiler error)
FAIL: g++.dg/inherit/covariant6.C -std=c++98 (test for excess errors)
FAIL: g++.dg/inherit/covariant6.C -std=c++11 (internal compiler error)
FAIL: g++.dg/inherit/covariant6.C -std=c++11 (test for excess errors)
FAIL: g++.dg/inherit/covariant8.C -std=c++98 (internal compiler error)
FAIL: g++.dg/inherit/covariant8.C -std=c++98 (test for excess errors)
FAIL: g++.dg/inherit/covariant8.C -std=c++11 (internal compiler error)
FAIL: g++.dg/inherit/covariant8.C -std=c++11 (test for excess errors)
FAIL: g++.dg/inherit/covariant9.C -std=gnu++98 (internal compiler error)
FAIL: g++.dg/inherit/covariant9.C -std=gnu++98 (test for excess errors)
FAIL: g++.dg/inherit/covariant9.C -std=gnu++11 (internal compiler error)
FAIL: g++.dg/inherit/covariant9.C -std=gnu++11 (test for excess errors)

		=== g++ Summary for unix/-m32 ===

# of expected passes		39832
# of unexpected failures	28
# of expected failures		280
# of unsupported tests		265

		=== g++ Summary ===

# of expected passes		80749
# of unexpected failures	56
# of expected failures		560
# of unsupported tests		600
/export/gnu/import/svn/gcc-test-intel64corei7/bld/gcc/testsuite/g++/../../g++  version 4.7.0 20111214 (experimental) [trunk revision 182321] (GCC) 

		=== gcc tests ===


Running target unix
XPASS: gcc.dg/inline_3.c (test for excess errors)
XPASS: gcc.dg/inline_4.c (test for excess errors)
XPASS: gcc.dg/unroll_2.c (test for excess errors)
XPASS: gcc.dg/unroll_3.c (test for excess errors)
XPASS: gcc.dg/unroll_4.c (test for excess errors)
XPASS: gcc.dg/guality/example.c  -O0  execution test
XPASS: gcc.dg/guality/example.c  -O1  execution test
XPASS: gcc.dg/guality/guality.c  -O0  execution test
XPASS: gcc.dg/guality/inline-params.c  -O2  execution test
XPASS: gcc.dg/guality/inline-params.c  -O3 -fomit-frame-pointer  execution test
XPASS: gcc.dg/guality/inline-params.c  -O3 -g  execution test
XPASS: gcc.dg/guality/inline-params.c  -Os  execution test
XPASS: gcc.dg/guality/pr41353-1.c  -O0  line 28 j == 28 + 37
XPASS: gcc.dg/guality/pr41353-1.c  -O1  line 28 j == 28 + 37
XPASS: gcc.dg/guality/pr41353-1.c  -O2  line 28 j == 28 + 37
XPASS: gcc.dg/guality/pr41353-1.c  -O3 -fomit-frame-pointer  line 28 j == 28 + 37
XPASS: gcc.dg/guality/pr41353-1.c  -O3 -g  line 28 j == 28 + 37
XPASS: gcc.dg/guality/pr41353-1.c  -Os  line 28 j == 28 + 37
XPASS: gcc.dg/guality/pr41353-1.c  -O2 -flto -fno-use-linker-plugin -flto-partition=none  line 28 j == 28 + 37
XPASS: gcc.dg/guality/pr41353-1.c  -O2 -flto -fuse-linker-plugin -fno-fat-lto-objects  line 28 j == 28 + 37
XPASS: gcc.dg/guality/pr41447-1.c  -O0  execution test
XPASS: gcc.dg/guality/pr41447-1.c  -O1  execution test
XPASS: gcc.dg/guality/pr41447-1.c  -O2  execution test
XPASS: gcc.dg/guality/pr41447-1.c  -O3 -fomit-frame-pointer  execution test
XPASS: gcc.dg/guality/pr41447-1.c  -O3 -g  execution test
XPASS: gcc.dg/guality/pr41447-1.c  -Os  execution test
XPASS: gcc.dg/guality/pr41616-1.c  -O0  execution test
XPASS: gcc.dg/guality/pr41616-1.c  -O1  execution test
XPASS: gcc.dg/guality/pr41616-1.c  -O2  execution test
XPASS: gcc.dg/guality/pr41616-1.c  -O3 -fomit-frame-pointer  execution test
XPASS: gcc.dg/guality/pr41616-1.c  -O3 -g  execution test
XPASS: gcc.dg/guality/pr41616-1.c  -Os  execution test
FAIL: gcc.dg/guality/pr43177.c  -O1  line 15 x == 7
FAIL: gcc.dg/guality/pr43177.c  -O1  line 24 x == 7
FAIL: gcc.dg/guality/pr43177.c  -O2  line 15 x == 7
FAIL: gcc.dg/guality/pr43177.c  -O2  line 24 x == 7
FAIL: gcc.dg/guality/pr43177.c  -O3 -fomit-frame-pointer  line 15 x == 7
FAIL: gcc.dg/guality/pr43177.c  -O3 -fomit-frame-pointer  line 24 x == 7
FAIL: gcc.dg/guality/pr43177.c  -O3 -g  line 15 x == 7
FAIL: gcc.dg/guality/pr43177.c  -O3 -g  line 24 x == 7
FAIL: gcc.dg/guality/pr43177.c  -Os  line 15 x == 7
FAIL: gcc.dg/guality/pr43177.c  -Os  line 24 x == 7
FAIL: gcc.dg/guality/pr43177.c  -O2 -flto -fno-use-linker-plugin -flto-partition=none  line 15 x == 7
FAIL: gcc.dg/guality/pr43177.c  -O2 -flto -fno-use-linker-plugin -flto-partition=none  line 24 x == 7
FAIL: gcc.dg/guality/pr43177.c  -O2 -flto -fuse-linker-plugin -fno-fat-lto-objects  line 15 x == 7
FAIL: gcc.dg/guality/pr43177.c  -O2 -flto -fuse-linker-plugin -fno-fat-lto-objects  line 24 x == 7
FAIL: gcc.dg/guality/pr45003-2.c  -O1  line 10 a == 0x8078
FAIL: gcc.dg/guality/pr45003-2.c  -O1  line 19 a == 0xffff8078
FAIL: gcc.dg/guality/pr45003-2.c  -O2  line 10 a == 0x8078
FAIL: gcc.dg/guality/pr45003-2.c  -O2  line 19 a == 0xffff8078
FAIL: gcc.dg/guality/pr45003-2.c  -O3 -fomit-frame-pointer  line 10 a == 0x8078
FAIL: gcc.dg/guality/pr45003-2.c  -O3 -fomit-frame-pointer  line 19 a == 0xffff8078
FAIL: gcc.dg/guality/pr45003-2.c  -O3 -g  line 10 a == 0x8078
FAIL: gcc.dg/guality/pr45003-2.c  -O3 -g  line 19 a == 0xffff8078
FAIL: gcc.dg/guality/pr45003-2.c  -Os  line 10 a == 0x8078
FAIL: gcc.dg/guality/pr45003-2.c  -Os  line 19 a == 0xffff8078
FAIL: gcc.dg/guality/pr45003-2.c  -O2 -flto -fno-use-linker-plugin -flto-partition=none  line 10 a == 0x8078
FAIL: gcc.dg/guality/pr45003-2.c  -O2 -flto -fno-use-linker-plugin -flto-partition=none  line 19 a == 0xffff8078
FAIL: gcc.dg/guality/pr45003-2.c  -O2 -flto -fuse-linker-plugin -fno-fat-lto-objects  line 10 a == 0x8078
FAIL: gcc.dg/guality/pr45003-2.c  -O2 -flto -fuse-linker-plugin -fno-fat-lto-objects  line 19 a == 0xffff8078
FAIL: gcc.dg/guality/pr45003-3.c  -O1  line 10 a == -32648
FAIL: gcc.dg/guality/pr45003-3.c  -O1  line 19 a == 0x8078
FAIL: gcc.dg/guality/pr45003-3.c  -O2  line 10 a == -32648
FAIL: gcc.dg/guality/pr45003-3.c  -O2  line 19 a == 0x8078
FAIL: gcc.dg/guality/pr45003-3.c  -O3 -fomit-frame-pointer  line 10 a == -32648
FAIL: gcc.dg/guality/pr45003-3.c  -O3 -fomit-frame-pointer  line 19 a == 0x8078
FAIL: gcc.dg/guality/pr45003-3.c  -O3 -g  line 10 a == -32648
FAIL: gcc.dg/guality/pr45003-3.c  -O3 -g  line 19 a == 0x8078
FAIL: gcc.dg/guality/pr45003-3.c  -Os  line 10 a == -32648
FAIL: gcc.dg/guality/pr45003-3.c  -Os  line 19 a == 0x8078
FAIL: gcc.dg/guality/pr45003-3.c  -O2 -flto -fno-use-linker-plugin -flto-partition=none  line 10 a == -32648
FAIL: gcc.dg/guality/pr45003-3.c  -O2 -flto -fno-use-linker-plugin -flto-partition=none  line 19 a == 0x8078
FAIL: gcc.dg/guality/pr45003-3.c  -O2 -flto -fuse-linker-plugin -fno-fat-lto-objects  line 10 a == -32648
FAIL: gcc.dg/guality/pr45003-3.c  -O2 -flto -fuse-linker-plugin -fno-fat-lto-objects  line 19 a == 0x8078
FAIL: gcc.dg/guality/sra-1.c  -O1  line 43 a.i == 4
FAIL: gcc.dg/guality/sra-1.c  -O1  line 43 a.j == 14
FAIL: gcc.dg/tree-ssa/vrp47.c scan-tree-dump-times dom1 "x[^ ]* & y" 1

		=== gcc Summary for unix ===

# of expected passes		91881
# of unexpected failures	2
# of unexpected successes	5
# of expected failures		338
# of unsupported tests		1569

Running target unix/-m32
XPASS: gcc.dg/inline_3.c (test for excess errors)
XPASS: gcc.dg/inline_4.c (test for excess errors)
XPASS: gcc.dg/unroll_2.c (test for excess errors)
XPASS: gcc.dg/unroll_3.c (test for excess errors)
XPASS: gcc.dg/unroll_4.c (test for excess errors)
XPASS: gcc.dg/guality/example.c  -O0  execution test
XPASS: gcc.dg/guality/example.c  -O1  execution test
XPASS: gcc.dg/guality/guality.c  -O0  execution test
XPASS: gcc.dg/guality/guality.c  -O1  execution test
XPASS: gcc.dg/guality/guality.c  -O2  execution test
XPASS: gcc.dg/guality/guality.c  -O3 -fomit-frame-pointer  execution test
XPASS: gcc.dg/guality/guality.c  -O3 -g  execution test
XPASS: gcc.dg/guality/guality.c  -Os  execution test
XPASS: gcc.dg/guality/inline-params.c  -O2  execution test
XPASS: gcc.dg/guality/inline-params.c  -O3 -fomit-frame-pointer  execution test
XPASS: gcc.dg/guality/inline-params.c  -O3 -g  execution test
XPASS: gcc.dg/guality/inline-params.c  -Os  execution test
FAIL: gcc.dg/guality/pr36728-1.c  -O2 -flto -fuse-linker-plugin -fno-fat-lto-objects  line 12 arg1 == 1
FAIL: gcc.dg/guality/pr36728-1.c  -O2 -flto -fuse-linker-plugin -fno-fat-lto-objects  line 14 arg1 == 1
XPASS: gcc.dg/guality/pr41353-1.c  -O0  line 28 j == 28 + 37
XPASS: gcc.dg/guality/pr41353-1.c  -O1  line 28 j == 28 + 37
XPASS: gcc.dg/guality/pr41353-1.c  -O2  line 28 j == 28 + 37
XPASS: gcc.dg/guality/pr41353-1.c  -O3 -fomit-frame-pointer  line 28 j == 28 + 37
XPASS: gcc.dg/guality/pr41353-1.c  -O3 -g  line 28 j == 28 + 37
XPASS: gcc.dg/guality/pr41353-1.c  -Os  line 28 j == 28 + 37
XPASS: gcc.dg/guality/pr41353-1.c  -O2 -flto -fno-use-linker-plugin -flto-partition=none  line 28 j == 28 + 37
XPASS: gcc.dg/guality/pr41353-1.c  -O2 -flto -fuse-linker-plugin -fno-fat-lto-objects  line 28 j == 28 + 37
XPASS: gcc.dg/guality/pr41447-1.c  -O0  execution test
XPASS: gcc.dg/guality/pr41447-1.c  -O1  execution test
XPASS: gcc.dg/guality/pr41447-1.c  -Os  execution test
XPASS: gcc.dg/guality/pr41616-1.c  -O0  execution test
XPASS: gcc.dg/guality/pr41616-1.c  -O1  execution test
XPASS: gcc.dg/guality/pr41616-1.c  -O2  execution test
XPASS: gcc.dg/guality/pr41616-1.c  -O3 -fomit-frame-pointer  execution test
XPASS: gcc.dg/guality/pr41616-1.c  -O3 -g  execution test
XPASS: gcc.dg/guality/pr41616-1.c  -Os  execution test
FAIL: gcc.dg/guality/pr43177.c  -O2 -flto -fuse-linker-plugin -fno-fat-lto-objects  line 15 x == 7
FAIL: gcc.dg/guality/pr43177.c  -O2 -flto -fuse-linker-plugin -fno-fat-lto-objects  line 24 x == 7
FAIL: gcc.dg/guality/vla-1.c  -Os  line 17 sizeof (a) == 6
FAIL: gcc.dg/tree-ssa/vrp47.c scan-tree-dump-times dom1 "x[^ ]* & y" 1

		=== gcc Summary for unix/-m32 ===

# of expected passes		40484
# of unexpected successes	5
# of expected failures		200
# of unsupported tests		533

		=== gcc Summary ===

# of expected passes		132365
# of unexpected failures	2
# of unexpected successes	10
# of expected failures		538
# of unsupported tests		2102
/export/gnu/import/svn/gcc-test-intel64corei7/bld/gcc/xgcc  version 4.7.0 20111214 (experimental) [trunk revision 182321] (GCC) 

		=== gfortran tests ===


Running target unix

		=== gfortran Summary for unix ===

# of expected passes		38847
# of expected failures		39
# of unsupported tests		36

Running target unix/-m32

		=== gfortran Summary for unix/-m32 ===

# of expected passes		38557
# of expected failures		39
# of unsupported tests		177

		=== gfortran Summary ===

# of expected passes		77404
# of expected failures		78
# of unsupported tests		213
/export/gnu/import/svn/gcc-test-intel64corei7/bld/gcc/testsuite/gfortran/../../gfortran  version 4.7.0 20111214 (experimental) [trunk revision 182321] (GCC) 

		=== objc tests ===


Running target unix

		=== objc Summary for unix ===

# of expected passes		1304
# of expected failures		6

Running target unix/-m32

		=== objc Summary for unix/-m32 ===

# of expected passes		1304
# of expected failures		6

		=== objc Summary ===

# of expected passes		2608
# of expected failures		12
/export/gnu/import/svn/gcc-test-intel64corei7/bld/gcc/xgcc  version 4.7.0 20111214 (experimental) [trunk revision 182321] (GCC) 

		=== boehm-gc tests ===


Running target unix/-m32
FAIL: boehm-gc.c/thread_leak_test.c -O2 (test for excess errors)

		=== boehm-gc Summary for unix/-m32 ===

# of expected passes		4

Running target unix
FAIL: boehm-gc.c/thread_leak_test.c -O2 (test for excess errors)

		=== boehm-gc Summary for unix ===

# of expected passes		4

		=== boehm-gc Summary ===

# of expected passes		22
# of unexpected failures	2
# of unsupported tests		2
		=== libffi tests ===


Running target unix/-m32

		=== libffi Summary for unix/-m32 ===

# of expected passes		24

Running target unix

		=== libffi Summary for unix ===

# of expected passes		24

		=== libffi Summary ===

# of expected passes		3268
# of expected failures		20
# of unsupported tests		30
		=== libgomp tests ===


Running target unix/-m32

		=== libgomp Summary for unix/-m32 ===

# of expected passes		46

Running target unix

		=== libgomp Summary for unix ===

# of expected passes		46

		=== libgomp Summary ===

# of expected passes		5988
		=== libitm tests ===


Running target unix/-m32
FAIL: libitm.c/memcpy-1.c execution test
FAIL: libitm.c/memset-1.c execution test
WARNING: libitm.c++/static_ctor.C compilation failed to produce executable

		=== libitm Summary for unix/-m32 ===

# of expected passes		4
# of expected failures		2

Running target unix
WARNING: libitm.c++/static_ctor.C compilation failed to produce executable

		=== libitm Summary for unix ===

# of expected passes		4
# of expected failures		2

		=== libitm Summary ===

# of expected passes		44
# of unexpected failures	2
# of expected failures		10
		=== libjava tests ===


Running target unix/-m32

		=== libjava Summary for unix/-m32 ===


Running target unix

		=== libjava Summary for unix ===


		=== libjava Summary ===

# of expected passes		5148
		=== libmudflap tests ===


Running target unix/-m32

		=== libmudflap Summary for unix/-m32 ===

# of expected passes		264

Running target unix
FAIL: libmudflap.c++/pass55-frag.cxx ( -O) execution test

		=== libmudflap Summary for unix ===

# of expected passes		264

		=== libmudflap Summary ===

# of expected passes		2853
# of unexpected failures	1
		=== libstdc++ tests ===


Running target unix

		=== libstdc++ Summary for unix ===

# of expected passes		8812
# of expected failures		45
# of unsupported tests		143

Running target unix/-m32

		=== libstdc++ Summary for unix/-m32 ===

# of expected passes		8812
# of expected failures		45
# of unsupported tests		143

		=== libstdc++ Summary ===

# of expected passes		17624
# of expected failures		90
# of unsupported tests		286

Compiler version: 4.7.0 20111214 (experimental) [trunk revision 182321] (GCC) 
Platform: x86_64-unknown-linux-gnu
configure flags: --with-arch=core2 --with-cpu=core2 --prefix=/usr/local --enable-clocale=gnu --with-system-zlib --enable-shared --with-demangler-in-ld --with-fpmath=sse --enable-languages=c,c++,fortran,java,lto,objc


Index Nav: [Date Index] [Subject Index] [Author Index] [Thread Index]
Message Nav: [Date Prev] [Date Next] [Thread Prev] [Thread Next]