This is the mail archive of the
gcc-testresults@gcc.gnu.org
mailing list for the GCC project.
Results for 4.7.0 20111213 (experimental) [trunk revision 182293] (GCC) testsuite on x86_64-unknown-linux-gnu
- From: x32 at gnu-35 dot sc dot intel dot com (H.J. Lu (x32))
- To: gcc-testresults at gcc dot gnu dot org
- Date: Tue, 13 Dec 2011 12:32:38 -0800
- Subject: Results for 4.7.0 20111213 (experimental) [trunk revision 182293] (GCC) testsuite on x86_64-unknown-linux-gnu
LAST_UPDATED: Tue Dec 13 19:10:51 UTC 2011 (revision 182293)
Native configuration is x86_64-unknown-linux-gnu
=== g++ tests ===
Running target unix/-mx32
FAIL: g++.dg/debug/using1.C -gdwarf-2 -g1 (test for excess errors)
FAIL: g++.dg/debug/using1.C -gdwarf-2 -g1 -O2 (test for excess errors)
FAIL: g++.dg/debug/using1.C -gdwarf-2 -g1 -O3 (test for excess errors)
FAIL: g++.dg/debug/using1.C -gdwarf-2 (test for excess errors)
FAIL: g++.dg/debug/using1.C -gdwarf-2 -O2 (test for excess errors)
FAIL: g++.dg/debug/using1.C -gdwarf-2 -O3 (test for excess errors)
FAIL: g++.dg/debug/using1.C -gdwarf-2 -g3 (test for excess errors)
FAIL: g++.dg/debug/using1.C -gdwarf-2 -g3 -O2 (test for excess errors)
FAIL: g++.dg/debug/using1.C -gdwarf-2 -g3 -O3 (test for excess errors)
FAIL: g++.dg/debug/using1.C -gstabs1 (test for excess errors)
FAIL: g++.dg/debug/using1.C -gstabs1 -O2 (test for excess errors)
FAIL: g++.dg/debug/using1.C -gstabs1 -O3 (test for excess errors)
FAIL: g++.dg/debug/using1.C -gstabs (test for excess errors)
FAIL: g++.dg/debug/using1.C -gstabs -O2 (test for excess errors)
FAIL: g++.dg/debug/using1.C -gstabs -O3 (test for excess errors)
FAIL: g++.dg/debug/using1.C -gstabs3 (test for excess errors)
FAIL: g++.dg/debug/using1.C -gstabs3 -O2 (test for excess errors)
FAIL: g++.dg/debug/using1.C -gstabs3 -O3 (test for excess errors)
FAIL: g++.dg/debug/using1.C -gstabs+1 (test for excess errors)
FAIL: g++.dg/debug/using1.C -gstabs+1 -O2 (test for excess errors)
FAIL: g++.dg/debug/using1.C -gstabs+1 -O3 (test for excess errors)
FAIL: g++.dg/debug/using1.C -gstabs+ (test for excess errors)
FAIL: g++.dg/debug/using1.C -gstabs+ -O2 (test for excess errors)
FAIL: g++.dg/debug/using1.C -gstabs+ -O3 (test for excess errors)
FAIL: g++.dg/debug/using1.C -gstabs+3 (test for excess errors)
FAIL: g++.dg/debug/using1.C -gstabs+3 -O2 (test for excess errors)
FAIL: g++.dg/debug/using1.C -gstabs+3 -O3 (test for excess errors)
FAIL: g++.dg/abi/covariant5.C -std=c++98 (internal compiler error)
FAIL: g++.dg/abi/covariant5.C -std=c++98 (test for excess errors)
WARNING: g++.dg/abi/covariant5.C -std=c++98 compilation failed to produce executable
FAIL: g++.dg/abi/covariant5.C -std=c++11 (internal compiler error)
FAIL: g++.dg/abi/covariant5.C -std=c++11 (test for excess errors)
WARNING: g++.dg/abi/covariant5.C -std=c++11 compilation failed to produce executable
FAIL: g++.dg/inherit/access8.C -std=c++98 (test for excess errors)
FAIL: g++.dg/inherit/access8.C -std=c++11 (test for excess errors)
FAIL: g++.dg/inherit/covariant11.C -std=c++98 (internal compiler error)
FAIL: g++.dg/inherit/covariant11.C -std=c++98 (test for excess errors)
FAIL: g++.dg/inherit/covariant11.C -std=c++11 (internal compiler error)
FAIL: g++.dg/inherit/covariant11.C -std=c++11 (test for excess errors)
FAIL: g++.dg/inherit/covariant18.C -std=c++98 (internal compiler error)
FAIL: g++.dg/inherit/covariant18.C -std=c++98 (test for excess errors)
WARNING: g++.dg/inherit/covariant18.C -std=c++98 compilation failed to produce executable
FAIL: g++.dg/inherit/covariant18.C -std=c++11 (internal compiler error)
FAIL: g++.dg/inherit/covariant18.C -std=c++11 (test for excess errors)
WARNING: g++.dg/inherit/covariant18.C -std=c++11 compilation failed to produce executable
FAIL: g++.dg/inherit/covariant5.C -std=c++98 (internal compiler error)
FAIL: g++.dg/inherit/covariant5.C -std=c++98 (test for excess errors)
FAIL: g++.dg/inherit/covariant5.C -std=c++11 (internal compiler error)
FAIL: g++.dg/inherit/covariant5.C -std=c++11 (test for excess errors)
FAIL: g++.dg/inherit/covariant6.C -std=c++98 (internal compiler error)
FAIL: g++.dg/inherit/covariant6.C -std=c++98 (test for excess errors)
FAIL: g++.dg/inherit/covariant6.C -std=c++11 (internal compiler error)
FAIL: g++.dg/inherit/covariant6.C -std=c++11 (test for excess errors)
FAIL: g++.dg/inherit/covariant8.C -std=c++98 (internal compiler error)
FAIL: g++.dg/inherit/covariant8.C -std=c++98 (test for excess errors)
FAIL: g++.dg/inherit/covariant8.C -std=c++11 (internal compiler error)
FAIL: g++.dg/inherit/covariant8.C -std=c++11 (test for excess errors)
FAIL: g++.dg/inherit/covariant9.C -std=gnu++98 (internal compiler error)
FAIL: g++.dg/inherit/covariant9.C -std=gnu++98 (test for excess errors)
FAIL: g++.dg/inherit/covariant9.C -std=gnu++11 (internal compiler error)
FAIL: g++.dg/inherit/covariant9.C -std=gnu++11 (test for excess errors)
FAIL: g++.dg/inherit/pr30297.C -std=c++98 (test for excess errors)
FAIL: g++.dg/inherit/pr30297.C -std=c++11 (test for excess errors)
FAIL: g++.dg/inherit/using5.C -std=c++98 (test for excess errors)
FAIL: g++.dg/inherit/using5.C -std=c++11 (test for excess errors)
FAIL: g++.dg/lookup/using51.C -std=c++98 (test for excess errors)
FAIL: g++.dg/lookup/using51.C -std=c++11 (test for excess errors)
FAIL: g++.dg/template/crash13.C -std=c++98 (test for excess errors)
FAIL: g++.dg/template/crash13.C -std=c++11 (test for excess errors)
FAIL: g++.dg/template/crash33.C -std=c++98 (test for excess errors)
FAIL: g++.dg/template/crash33.C -std=c++11 (test for excess errors)
FAIL: g++.dg/template/crash75.C -std=c++98 (test for excess errors)
FAIL: g++.dg/template/crash75.C -std=c++11 (test for excess errors)
FAIL: g++.dg/template/nested3.C -std=c++98 (test for excess errors)
FAIL: g++.dg/template/nested3.C -std=c++11 (test for excess errors)
FAIL: g++.dg/template/using10.C -std=c++98 (test for excess errors)
FAIL: g++.dg/template/using10.C -std=c++11 (test for excess errors)
FAIL: g++.dg/torture/pr39362.C -O0 (test for excess errors)
FAIL: g++.dg/torture/pr39362.C -O1 (test for excess errors)
FAIL: g++.dg/torture/pr39362.C -O2 (test for excess errors)
FAIL: g++.dg/torture/pr39362.C -O3 -fomit-frame-pointer (test for excess errors)
FAIL: g++.dg/torture/pr39362.C -O3 -fomit-frame-pointer -funroll-loops (test for excess errors)
FAIL: g++.dg/torture/pr39362.C -O3 -fomit-frame-pointer -funroll-all-loops -finline-functions (test for excess errors)
FAIL: g++.dg/torture/pr39362.C -O3 -g (test for excess errors)
FAIL: g++.dg/torture/pr39362.C -Os (test for excess errors)
FAIL: g++.dg/torture/pr39362.C -O2 -flto -fno-use-linker-plugin -flto-partition=none (test for excess errors)
FAIL: g++.dg/torture/pr39362.C -O2 -flto -fuse-linker-plugin -fno-fat-lto-objects (test for excess errors)
FAIL: g++.old-deja/g++.brendan/crash25.C -std=c++98 (test for excess errors)
FAIL: g++.old-deja/g++.brendan/crash25.C -std=c++11 (test for excess errors)
FAIL: g++.old-deja/g++.brendan/crash56.C -std=gnu++98 (test for excess errors)
FAIL: g++.old-deja/g++.brendan/crash56.C -std=gnu++11 (test for excess errors)
FAIL: g++.old-deja/g++.jason/access1.C -std=c++98 (test for excess errors)
FAIL: g++.old-deja/g++.jason/access1.C -std=c++11 (test for excess errors)
FAIL: g++.old-deja/g++.jason/access14.C -std=c++98 (test for bogus messages, line 7)
FAIL: g++.old-deja/g++.jason/access14.C -std=c++11 (test for bogus messages, line 7)
FAIL: g++.old-deja/g++.jason/access8.C -std=c++98 (test for excess errors)
FAIL: g++.old-deja/g++.jason/access8.C -std=c++11 (test for excess errors)
FAIL: g++.old-deja/g++.law/unsorted1.C -std=gnu++98 (test for excess errors)
FAIL: g++.old-deja/g++.law/unsorted1.C -std=gnu++11 (test for excess errors)
FAIL: g++.old-deja/g++.law/visibility22.C -std=c++98 (test for excess errors)
FAIL: g++.old-deja/g++.law/visibility22.C -std=c++11 (test for excess errors)
FAIL: g++.old-deja/g++.law/visibility26.C -std=c++98 (test for excess errors)
FAIL: g++.old-deja/g++.law/visibility26.C -std=c++11 (test for excess errors)
FAIL: g++.old-deja/g++.mike/p2746.C -std=c++98 (test for excess errors)
FAIL: g++.old-deja/g++.mike/p2746.C -std=c++11 (test for excess errors)
FAIL: g++.old-deja/g++.other/access3.C -std=c++98 (test for excess errors)
FAIL: g++.old-deja/g++.other/access3.C -std=c++11 (test for excess errors)
FAIL: g++.old-deja/g++.other/access5.C -std=c++98 (test for excess errors)
FAIL: g++.old-deja/g++.other/access5.C -std=c++11 (test for excess errors)
=== g++ Summary ===
# of expected passes 47996
# of unexpected failures 105
# of expected failures 288
# of unsupported tests 486
/export/gnu/import/svn/gcc-test-x32/bld/gcc/testsuite/g++/../../g++ version 4.7.0 20111213 (experimental) [trunk revision 182293] (GCC)
=== gcc tests ===
Running target unix/-mx32
XPASS: gcc.dg/inline_3.c (test for excess errors)
XPASS: gcc.dg/inline_4.c (test for excess errors)
XPASS: gcc.dg/unroll_2.c (test for excess errors)
XPASS: gcc.dg/unroll_3.c (test for excess errors)
XPASS: gcc.dg/unroll_4.c (test for excess errors)
XPASS: gcc.dg/guality/example.c -O0 execution test
XPASS: gcc.dg/guality/guality.c -O0 execution test
FAIL: gcc.dg/guality/inline-params.c -O1 execution test
XPASS: gcc.dg/guality/pr41353-1.c -O0 line 28 j == 28 + 37
XPASS: gcc.dg/guality/pr41353-1.c -O1 line 28 j == 28 + 37
XPASS: gcc.dg/guality/pr41353-1.c -O2 line 28 j == 28 + 37
XPASS: gcc.dg/guality/pr41353-1.c -O3 -fomit-frame-pointer line 28 j == 28 + 37
XPASS: gcc.dg/guality/pr41353-1.c -O3 -g line 28 j == 28 + 37
XPASS: gcc.dg/guality/pr41353-1.c -Os line 28 j == 28 + 37
XPASS: gcc.dg/guality/pr41353-1.c -O2 -flto -fno-use-linker-plugin -flto-partition=none line 28 j == 28 + 37
XPASS: gcc.dg/guality/pr41353-1.c -O2 -flto -fuse-linker-plugin -fno-fat-lto-objects line 28 j == 28 + 37
XPASS: gcc.dg/guality/pr41447-1.c -O0 execution test
XPASS: gcc.dg/guality/pr41447-1.c -O1 execution test
XPASS: gcc.dg/guality/pr41447-1.c -O2 execution test
XPASS: gcc.dg/guality/pr41447-1.c -O3 -fomit-frame-pointer execution test
XPASS: gcc.dg/guality/pr41447-1.c -O3 -g execution test
XPASS: gcc.dg/guality/pr41447-1.c -Os execution test
XPASS: gcc.dg/guality/pr41616-1.c -O0 execution test
XPASS: gcc.dg/guality/pr41616-1.c -O1 execution test
XPASS: gcc.dg/guality/pr41616-1.c -O2 execution test
XPASS: gcc.dg/guality/pr41616-1.c -O3 -fomit-frame-pointer execution test
XPASS: gcc.dg/guality/pr41616-1.c -O3 -g execution test
XPASS: gcc.dg/guality/pr41616-1.c -Os execution test
FAIL: gcc.dg/guality/pr43051-1.c -O1 line 34 c == &a[0]
FAIL: gcc.dg/guality/pr43051-1.c -O1 line 36 e == &a[1]
FAIL: gcc.dg/guality/pr43051-1.c -O1 line 39 c == &a[0]
FAIL: gcc.dg/guality/pr43051-1.c -O1 line 41 e == &a[1]
FAIL: gcc.dg/guality/pr43051-1.c -O2 line 34 c == &a[0]
FAIL: gcc.dg/guality/pr43051-1.c -O2 line 36 e == &a[1]
FAIL: gcc.dg/guality/pr43051-1.c -O2 line 39 c == &a[0]
FAIL: gcc.dg/guality/pr43051-1.c -O2 line 41 e == &a[1]
FAIL: gcc.dg/guality/pr43051-1.c -O3 -fomit-frame-pointer line 34 c == &a[0]
FAIL: gcc.dg/guality/pr43051-1.c -O3 -fomit-frame-pointer line 36 e == &a[1]
FAIL: gcc.dg/guality/pr43051-1.c -O3 -fomit-frame-pointer line 39 c == &a[0]
FAIL: gcc.dg/guality/pr43051-1.c -O3 -fomit-frame-pointer line 41 e == &a[1]
FAIL: gcc.dg/guality/pr43051-1.c -O3 -fomit-frame-pointer -funroll-loops line 36 e == &a[1]
FAIL: gcc.dg/guality/pr43051-1.c -O3 -fomit-frame-pointer -funroll-loops line 41 e == &a[1]
FAIL: gcc.dg/guality/pr43051-1.c -O3 -fomit-frame-pointer -funroll-all-loops -finline-functions line 36 e == &a[1]
FAIL: gcc.dg/guality/pr43051-1.c -O3 -fomit-frame-pointer -funroll-all-loops -finline-functions line 41 e == &a[1]
FAIL: gcc.dg/guality/pr43051-1.c -O3 -g line 34 c == &a[0]
FAIL: gcc.dg/guality/pr43051-1.c -O3 -g line 36 e == &a[1]
FAIL: gcc.dg/guality/pr43051-1.c -O3 -g line 39 c == &a[0]
FAIL: gcc.dg/guality/pr43051-1.c -O3 -g line 41 e == &a[1]
FAIL: gcc.dg/guality/pr43051-1.c -Os line 36 e == &a[1]
FAIL: gcc.dg/guality/pr43051-1.c -Os line 41 e == &a[1]
FAIL: gcc.dg/guality/pr43051-1.c -O2 -flto -fno-use-linker-plugin -flto-partition=none line 34 c == &a[0]
FAIL: gcc.dg/guality/pr43051-1.c -O2 -flto -fno-use-linker-plugin -flto-partition=none line 36 e == &a[1]
FAIL: gcc.dg/guality/pr43051-1.c -O2 -flto -fno-use-linker-plugin -flto-partition=none line 39 c == &a[0]
FAIL: gcc.dg/guality/pr43051-1.c -O2 -flto -fno-use-linker-plugin -flto-partition=none line 41 e == &a[1]
FAIL: gcc.dg/guality/pr43051-1.c -O2 -flto -fuse-linker-plugin -fno-fat-lto-objects line 34 c == &a[0]
FAIL: gcc.dg/guality/pr43051-1.c -O2 -flto -fuse-linker-plugin -fno-fat-lto-objects line 36 e == &a[1]
FAIL: gcc.dg/guality/pr43051-1.c -O2 -flto -fuse-linker-plugin -fno-fat-lto-objects line 39 c == &a[0]
FAIL: gcc.dg/guality/pr43051-1.c -O2 -flto -fuse-linker-plugin -fno-fat-lto-objects line 41 e == &a[1]
FAIL: gcc.dg/guality/pr43177.c -O1 line 15 x == 7
FAIL: gcc.dg/guality/pr43177.c -O1 line 24 x == 7
FAIL: gcc.dg/guality/pr43177.c -O2 line 15 x == 7
FAIL: gcc.dg/guality/pr43177.c -O2 line 24 x == 7
FAIL: gcc.dg/guality/pr43177.c -O3 -fomit-frame-pointer line 15 x == 7
FAIL: gcc.dg/guality/pr43177.c -O3 -fomit-frame-pointer line 24 x == 7
FAIL: gcc.dg/guality/pr43177.c -O3 -g line 15 x == 7
FAIL: gcc.dg/guality/pr43177.c -O3 -g line 24 x == 7
FAIL: gcc.dg/guality/pr43177.c -Os line 15 x == 7
FAIL: gcc.dg/guality/pr43177.c -Os line 24 x == 7
FAIL: gcc.dg/guality/pr43177.c -O2 -flto -fno-use-linker-plugin -flto-partition=none line 15 x == 7
FAIL: gcc.dg/guality/pr43177.c -O2 -flto -fno-use-linker-plugin -flto-partition=none line 24 x == 7
FAIL: gcc.dg/guality/pr43177.c -O2 -flto -fuse-linker-plugin -fno-fat-lto-objects line 15 x == 7
FAIL: gcc.dg/guality/pr43177.c -O2 -flto -fuse-linker-plugin -fno-fat-lto-objects line 24 x == 7
FAIL: gcc.dg/guality/sra-1.c -O1 line 43 a.i == 4
FAIL: gcc.dg/guality/sra-1.c -O1 line 43 a.j == 14
FAIL: gcc.dg/guality/vla-1.c -O0 line 17 sizeof (a) == 6
FAIL: gcc.dg/guality/vla-1.c -O0 line 24 sizeof (a) == 17 * sizeof (short)
FAIL: gcc.dg/guality/vla-1.c -O1 line 17 sizeof (a) == 6
FAIL: gcc.dg/guality/vla-1.c -O1 line 24 sizeof (a) == 17 * sizeof (short)
FAIL: gcc.dg/guality/vla-1.c -O2 line 17 sizeof (a) == 6
FAIL: gcc.dg/guality/vla-1.c -O2 line 24 sizeof (a) == 17 * sizeof (short)
FAIL: gcc.dg/guality/vla-1.c -O3 -fomit-frame-pointer line 17 sizeof (a) == 6
FAIL: gcc.dg/guality/vla-1.c -O3 -fomit-frame-pointer line 24 sizeof (a) == 17 * sizeof (short)
FAIL: gcc.dg/guality/vla-1.c -O3 -g line 17 sizeof (a) == 6
FAIL: gcc.dg/guality/vla-1.c -O3 -g line 24 sizeof (a) == 17 * sizeof (short)
FAIL: gcc.dg/guality/vla-1.c -Os line 17 sizeof (a) == 6
FAIL: gcc.dg/guality/vla-1.c -Os line 24 sizeof (a) == 17 * sizeof (short)
FAIL: gcc.dg/guality/vla-1.c -O2 -flto -fno-use-linker-plugin -flto-partition=none line 17 sizeof (a) == 6
FAIL: gcc.dg/guality/vla-1.c -O2 -flto -fno-use-linker-plugin -flto-partition=none line 24 sizeof (a) == 17 * sizeof (short)
FAIL: gcc.dg/guality/vla-1.c -O2 -flto -fuse-linker-plugin -fno-fat-lto-objects line 17 sizeof (a) == 6
FAIL: gcc.dg/guality/vla-1.c -O2 -flto -fuse-linker-plugin -fno-fat-lto-objects line 24 sizeof (a) == 17 * sizeof (short)
FAIL: gcc.dg/guality/vla-2.c -O0 line 16 sizeof (a) == 5 * sizeof (int)
FAIL: gcc.dg/guality/vla-2.c -O0 line 25 sizeof (a) == 6 * sizeof (int)
FAIL: gcc.dg/guality/vla-2.c -O1 line 16 sizeof (a) == 5 * sizeof (int)
FAIL: gcc.dg/guality/vla-2.c -O1 line 25 sizeof (a) == 6 * sizeof (int)
FAIL: gcc.dg/guality/vla-2.c -O2 line 16 sizeof (a) == 5 * sizeof (int)
FAIL: gcc.dg/guality/vla-2.c -O2 line 25 sizeof (a) == 6 * sizeof (int)
FAIL: gcc.dg/guality/vla-2.c -O3 -fomit-frame-pointer line 16 sizeof (a) == 5 * sizeof (int)
FAIL: gcc.dg/guality/vla-2.c -O3 -fomit-frame-pointer line 25 sizeof (a) == 6 * sizeof (int)
FAIL: gcc.dg/guality/vla-2.c -O3 -g line 16 sizeof (a) == 5 * sizeof (int)
FAIL: gcc.dg/guality/vla-2.c -O3 -g line 25 sizeof (a) == 6 * sizeof (int)
FAIL: gcc.dg/guality/vla-2.c -Os line 16 sizeof (a) == 5 * sizeof (int)
FAIL: gcc.dg/guality/vla-2.c -Os line 25 sizeof (a) == 6 * sizeof (int)
FAIL: gcc.dg/guality/vla-2.c -O2 -flto -fno-use-linker-plugin -flto-partition=none line 16 sizeof (a) == 5 * sizeof (int)
FAIL: gcc.dg/guality/vla-2.c -O2 -flto -fno-use-linker-plugin -flto-partition=none line 25 sizeof (a) == 6 * sizeof (int)
FAIL: gcc.dg/guality/vla-2.c -O2 -flto -fuse-linker-plugin -fno-fat-lto-objects line 16 sizeof (a) == 5 * sizeof (int)
FAIL: gcc.dg/guality/vla-2.c -O2 -flto -fuse-linker-plugin -fno-fat-lto-objects line 25 sizeof (a) == 6 * sizeof (int)
FAIL: gcc.dg/tree-ssa/vrp47.c scan-tree-dump-times dom1 "x[^ ]* & y" 1
=== gcc Summary ===
# of expected passes 85499
# of unexpected failures 80
# of unexpected successes 27
# of expected failures 294
# of unsupported tests 1307
/export/gnu/import/svn/gcc-test-x32/bld/gcc/xgcc version 4.7.0 20111213 (experimental) [trunk revision 182293] (GCC)
=== gfortran tests ===
Running target unix/-mx32
=== gfortran Summary ===
# of expected passes 40435
# of expected failures 53
# of unsupported tests 56
/export/gnu/import/svn/gcc-test-x32/bld/gcc/testsuite/gfortran/../../gfortran version 4.7.0 20111213 (experimental) [trunk revision 182293] (GCC)
=== objc tests ===
Running target unix/-mx32
=== objc Summary ===
# of expected passes 2988
# of expected failures 6
# of unsupported tests 74
/export/gnu/import/svn/gcc-test-x32/bld/gcc/xgcc version 4.7.0 20111213 (experimental) [trunk revision 182293] (GCC)
=== libgomp tests ===
Running target unix/-mx32
WARNING: program timed out.
FAIL: libgomp.graphite/force-parallel-6.c execution test
=== libgomp Summary ===
# of expected passes 2993
# of unexpected failures 1
=== libitm tests ===
Running target unix/-mx32
WARNING: libitm.c++/static_ctor.C compilation failed to produce executable
=== libitm Summary ===
# of expected passes 23
# of expected failures 5
=== libmudflap tests ===
Running target unix/-mx32
FAIL: libmudflap.c++/pass55-frag.cxx ( -O) execution test
=== libmudflap Summary ===
# of expected passes 1426
# of unexpected failures 1
=== libstdc++ tests ===
Running target unix/-mx32
=== libstdc++ Summary ===
# of expected passes 8812
# of expected failures 45
# of unsupported tests 143
Compiler version: 4.7.0 20111213 (experimental) [trunk revision 182293] (GCC)
Platform: x86_64-unknown-linux-gnu
configure flags: --prefix=/usr/local --enable-clocale=gnu --with-system-zlib --enable-shared --with-demangler-in-ld --with-multilib-list=m32,m64,mx32 --with-fpmath=sse --enable-languages=c,c++,fortran,objc