This is the mail archive of the
gcc-testresults@gcc.gnu.org
mailing list for the GCC project.
Results for 4.7.0 20111213 (experimental) (GCC) testsuite on i686-pc-linux-gnu
- From: tester <gcctester at yahoo dot co dot jp>
- To: gcc-testresults at gcc dot gnu dot org
- Date: Tue, 13 Dec 2011 15:50:46 +0900 (JST)
- Subject: Results for 4.7.0 20111213 (experimental) (GCC) testsuite on i686-pc-linux-gnu
=== acats tests ===
=== acats Summary ===
# of expected passes 2321
# of unexpected failures 0
Native configuration is i686-pc-linux-gnu
=== g++ tests ===
Running target unix
FAIL: g++.dg/abi/covariant5.C -std=c++98 (internal compiler error)
FAIL: g++.dg/abi/covariant5.C -std=c++98 (test for excess errors)
UNRESOLVED: g++.dg/abi/covariant5.C -std=c++98 compilation failed to produce executable
FAIL: g++.dg/abi/covariant5.C -std=c++11 (internal compiler error)
FAIL: g++.dg/abi/covariant5.C -std=c++11 (test for excess errors)
UNRESOLVED: g++.dg/abi/covariant5.C -std=c++11 compilation failed to produce executable
FAIL: g++.dg/inherit/covariant11.C -std=c++98 (internal compiler error)
FAIL: g++.dg/inherit/covariant11.C -std=c++98 (test for excess errors)
FAIL: g++.dg/inherit/covariant11.C -std=c++11 (internal compiler error)
FAIL: g++.dg/inherit/covariant11.C -std=c++11 (test for excess errors)
FAIL: g++.dg/inherit/covariant18.C -std=c++98 (internal compiler error)
FAIL: g++.dg/inherit/covariant18.C -std=c++98 (test for excess errors)
UNRESOLVED: g++.dg/inherit/covariant18.C -std=c++98 compilation failed to produce executable
FAIL: g++.dg/inherit/covariant18.C -std=c++11 (internal compiler error)
FAIL: g++.dg/inherit/covariant18.C -std=c++11 (test for excess errors)
UNRESOLVED: g++.dg/inherit/covariant18.C -std=c++11 compilation failed to produce executable
FAIL: g++.dg/inherit/covariant5.C -std=c++98 (internal compiler error)
FAIL: g++.dg/inherit/covariant5.C -std=c++98 (test for excess errors)
FAIL: g++.dg/inherit/covariant5.C -std=c++11 (internal compiler error)
FAIL: g++.dg/inherit/covariant5.C -std=c++11 (test for excess errors)
FAIL: g++.dg/inherit/covariant6.C -std=c++98 (internal compiler error)
FAIL: g++.dg/inherit/covariant6.C -std=c++98 (test for excess errors)
FAIL: g++.dg/inherit/covariant6.C -std=c++11 (internal compiler error)
FAIL: g++.dg/inherit/covariant6.C -std=c++11 (test for excess errors)
FAIL: g++.dg/inherit/covariant8.C -std=c++98 (internal compiler error)
FAIL: g++.dg/inherit/covariant8.C -std=c++98 (test for excess errors)
FAIL: g++.dg/inherit/covariant8.C -std=c++11 (internal compiler error)
FAIL: g++.dg/inherit/covariant8.C -std=c++11 (test for excess errors)
FAIL: g++.dg/inherit/covariant9.C -std=gnu++98 (internal compiler error)
FAIL: g++.dg/inherit/covariant9.C -std=gnu++98 (test for excess errors)
FAIL: g++.dg/inherit/covariant9.C -std=gnu++11 (internal compiler error)
FAIL: g++.dg/inherit/covariant9.C -std=gnu++11 (test for excess errors)
=== g++ Summary ===
# of expected passes 47082
# of unexpected failures 28
# of expected failures 288
# of unresolved testcases 4
# of unsupported tests 285
/home/tester/gcc/tmp/gcc/testsuite/g++/../../g++ version 4.7.0 20111213 (experimental) (GCC)
=== gcc tests ===
Running target unix
XPASS: gcc.dg/inline_3.c (test for excess errors)
XPASS: gcc.dg/inline_4.c (test for excess errors)
XPASS: gcc.dg/unroll_2.c (test for excess errors)
XPASS: gcc.dg/unroll_3.c (test for excess errors)
XPASS: gcc.dg/unroll_4.c (test for excess errors)
FAIL: gcc.dg/tree-ssa/vrp47.c scan-tree-dump-times dom1 "x[^ ]* & y" 1
FAIL: gcc.target/i386/bmi2-mulx32-1a.c scan-assembler-times bmi2_umulsidi3_1 1
FAIL: gcc.target/i386/bmi2-mulx32-2a.c scan-assembler-times mulx[ \\\\t]+[^\\n]* 1
=== gcc Summary ===
# of expected passes 84358
# of unexpected failures 3
# of unexpected successes 5
# of expected failures 269
# of unsupported tests 904
/home/tester/gcc/tmp/gcc/xgcc version 4.7.0 20111213 (experimental) (GCC)
=== gfortran tests ===
Running target unix
=== gfortran Summary ===
# of expected passes 40123
# of expected failures 53
# of unsupported tests 211
/home/tester/gcc/tmp/gcc/testsuite/gfortran/../../gfortran version 4.7.0 20111213 (experimental) (GCC)
=== gnat tests ===
Running target unix
=== gnat Summary ===
# of expected passes 1061
# of expected failures 11
# of unsupported tests 2
/home/tester/gcc/tmp/gcc/gnatmake version 4.7.0 20111213 (experimental)
=== go tests ===
Running target unix
FAIL: go.test/test/fixedbugs/bug273.go execution, -O2 -g
=== go Summary ===
# of expected passes 3136
# of unexpected failures 1
# of expected failures 22
# of untested testcases 2
# of unsupported tests 4
/home/tester/gcc/tmp/gcc/testsuite/go/../../gccgo version 4.7.0 20111213 (experimental) (GCC)
=== obj-c++ tests ===
Running target unix
FAIL: obj-c++.dg/attributes/method-format-1.mm -fgnu-runtime (test for errors, line 19)
FAIL: obj-c++.dg/attributes/method-format-1.mm -fgnu-runtime (test for errors, line 20)
FAIL: obj-c++.dg/attributes/method-format-1.mm -fgnu-runtime (test for errors, line 21)
FAIL: obj-c++.dg/attributes/method-format-1.mm -fgnu-runtime (test for errors, line 22)
FAIL: obj-c++.dg/attributes/method-format-1.mm -fgnu-runtime (test for errors, line 23)
FAIL: obj-c++.dg/attributes/method-format-1.mm -fgnu-runtime (test for warnings, line 30)
FAIL: obj-c++.dg/attributes/method-format-1.mm -fgnu-runtime (test for warnings, line 34)
FAIL: obj-c++.dg/attributes/method-format-1.mm -fgnu-runtime (test for warnings, line 38)
FAIL: obj-c++.dg/attributes/method-format-1.mm -fgnu-runtime (test for warnings, line 42)
FAIL: obj-c++.dg/attributes/method-format-1.mm -fgnu-runtime (test for excess errors)
FAIL: obj-c++.dg/attributes/method-nonnull-1.mm -fgnu-runtime (test for errors, line 22)
FAIL: obj-c++.dg/attributes/method-nonnull-1.mm -fgnu-runtime (test for errors, line 23)
FAIL: obj-c++.dg/attributes/method-nonnull-1.mm -fgnu-runtime (test for errors, line 25)
FAIL: obj-c++.dg/attributes/method-nonnull-1.mm -fgnu-runtime (test for errors, line 26)
FAIL: obj-c++.dg/attributes/method-nonnull-1.mm -fgnu-runtime (test for errors, line 28)
FAIL: obj-c++.dg/attributes/method-nonnull-1.mm -fgnu-runtime (test for errors, line 29)
FAIL: obj-c++.dg/attributes/method-nonnull-1.mm -fgnu-runtime (test for errors, line 31)
FAIL: obj-c++.dg/attributes/method-nonnull-1.mm -fgnu-runtime (test for errors, line 32)
FAIL: obj-c++.dg/attributes/method-nonnull-1.mm -fgnu-runtime (test for warnings, line 38)
FAIL: obj-c++.dg/attributes/method-nonnull-1.mm -fgnu-runtime (test for warnings, line 41)
FAIL: obj-c++.dg/attributes/method-nonnull-1.mm -fgnu-runtime (test for warnings, line 44)
FAIL: obj-c++.dg/attributes/method-nonnull-1.mm -fgnu-runtime (test for warnings, line 45)
FAIL: obj-c++.dg/attributes/method-nonnull-1.mm -fgnu-runtime (test for excess errors)
FAIL: obj-c++.dg/attributes/method-noreturn-1.mm -fgnu-runtime (test for warnings, line 20)
FAIL: obj-c++.dg/attributes/method-noreturn-1.mm -fgnu-runtime (test for warnings, line 20)
FAIL: obj-c++.dg/attributes/method-noreturn-1.mm -fgnu-runtime (test for warnings, line 24)
FAIL: obj-c++.dg/attributes/method-noreturn-1.mm -fgnu-runtime (test for warnings, line 24)
FAIL: obj-c++.dg/attributes/method-noreturn-1.mm -fgnu-runtime (test for excess errors)
FAIL: obj-c++.dg/attributes/method-sentinel-1.mm -fgnu-runtime (test for warnings, line 14)
FAIL: obj-c++.dg/attributes/method-sentinel-1.mm -fgnu-runtime (test for warnings, line 17)
FAIL: obj-c++.dg/attributes/method-sentinel-1.mm -fgnu-runtime (test for warnings, line 28)
FAIL: obj-c++.dg/attributes/method-sentinel-1.mm -fgnu-runtime (test for warnings, line 29)
FAIL: obj-c++.dg/attributes/method-sentinel-1.mm -fgnu-runtime (test for warnings, line 34)
FAIL: obj-c++.dg/attributes/method-sentinel-1.mm -fgnu-runtime (test for warnings, line 35)
FAIL: obj-c++.dg/attributes/method-sentinel-1.mm -fgnu-runtime (test for excess errors)
FAIL: obj-c++.dg/attributes/proto-attribute-2.mm -fgnu-runtime (test for warnings, line 17)
FAIL: obj-c++.dg/attributes/proto-attribute-2.mm -fgnu-runtime (test for warnings, line 22)
FAIL: obj-c++.dg/attributes/proto-attribute-2.mm -fgnu-runtime (test for warnings, line 24)
FAIL: obj-c++.dg/attributes/proto-attribute-2.mm -fgnu-runtime (test for warnings, line 28)
FAIL: obj-c++.dg/attributes/proto-attribute-2.mm -fgnu-runtime (test for excess errors)
FAIL: obj-c++.dg/attributes/proto-attribute-3.mm -fgnu-runtime (test for warnings, line 22)
FAIL: obj-c++.dg/attributes/proto-attribute-3.mm -fgnu-runtime (test for warnings, line 30)
FAIL: obj-c++.dg/attributes/proto-attribute-3.mm -fgnu-runtime (test for warnings, line 35)
FAIL: obj-c++.dg/attributes/proto-attribute-3.mm -fgnu-runtime (test for warnings, line 41)
FAIL: obj-c++.dg/attributes/proto-attribute-3.mm -fgnu-runtime (test for warnings, line 44)
FAIL: obj-c++.dg/attributes/proto-attribute-3.mm -fgnu-runtime (test for warnings, line 47)
FAIL: obj-c++.dg/attributes/proto-attribute-3.mm -fgnu-runtime (test for warnings, line 52)
FAIL: obj-c++.dg/attributes/proto-attribute-3.mm -fgnu-runtime (test for warnings, line 54)
FAIL: obj-c++.dg/attributes/proto-attribute-3.mm -fgnu-runtime (test for warnings, line 58)
FAIL: obj-c++.dg/attributes/proto-attribute-3.mm -fgnu-runtime (test for excess errors)
FAIL: obj-c++.dg/basic.mm -fgnu-runtime (test for excess errors)
UNRESOLVED: obj-c++.dg/basic.mm -fgnu-runtime compilation failed to produce executable
FAIL: obj-c++.dg/bitfield-1.mm -fgnu-runtime (test for warnings, line 26)
FAIL: obj-c++.dg/bitfield-1.mm -fgnu-runtime (test for warnings, line 29)
FAIL: obj-c++.dg/bitfield-1.mm -fgnu-runtime (test for warnings, line 76)
FAIL: obj-c++.dg/bitfield-1.mm -fgnu-runtime (test for excess errors)
UNRESOLVED: obj-c++.dg/bitfield-1.mm -fgnu-runtime compilation failed to produce executable
FAIL: obj-c++.dg/bitfield-2.mm -fgnu-runtime (test for excess errors)
UNRESOLVED: obj-c++.dg/bitfield-2.mm -fgnu-runtime compilation failed to produce executable
FAIL: obj-c++.dg/bitfield-4.mm -fgnu-runtime (test for warnings, line 21)
FAIL: obj-c++.dg/bitfield-4.mm -fgnu-runtime (test for warnings, line 33)
FAIL: obj-c++.dg/bitfield-4.mm -fgnu-runtime (test for excess errors)
UNRESOLVED: obj-c++.dg/bitfield-4.mm -fgnu-runtime compilation failed to produce executable
FAIL: obj-c++.dg/cxx-ivars-1.mm -fgnu-runtime (test for warnings, line 22)
FAIL: obj-c++.dg/cxx-ivars-1.mm -fgnu-runtime (test for warnings, line 22)
FAIL: obj-c++.dg/cxx-ivars-1.mm -fgnu-runtime (test for excess errors)
UNRESOLVED: obj-c++.dg/cxx-ivars-1.mm -fgnu-runtime compilation failed to produce executable
FAIL: obj-c++.dg/cxx-scope-1.mm -fgnu-runtime (test for excess errors)
UNRESOLVED: obj-c++.dg/cxx-scope-1.mm -fgnu-runtime compilation failed to produce executable
FAIL: obj-c++.dg/cxx-scope-2.mm -fgnu-runtime (test for errors, line 14)
FAIL: obj-c++.dg/cxx-scope-2.mm -fgnu-runtime (test for errors, line 16)
FAIL: obj-c++.dg/cxx-scope-2.mm -fgnu-runtime (test for excess errors)
FAIL: obj-c++.dg/defs.mm -fgnu-runtime (test for excess errors)
UNRESOLVED: obj-c++.dg/defs.mm -fgnu-runtime compilation failed to produce executable
FAIL: obj-c++.dg/demangle-1.mm -fgnu-runtime (test for excess errors)
UNRESOLVED: obj-c++.dg/demangle-1.mm -fgnu-runtime compilation failed to produce executable
FAIL: obj-c++.dg/demangle-2.mm -fgnu-runtime (test for excess errors)
UNRESOLVED: obj-c++.dg/demangle-2.mm -fgnu-runtime compilation failed to produce executable
FAIL: obj-c++.dg/encode-10.mm -fgnu-runtime (test for excess errors)
UNRESOLVED: obj-c++.dg/encode-10.mm -fgnu-runtime compilation failed to produce executable
FAIL: obj-c++.dg/encode-4.mm -fgnu-runtime (test for excess errors)
UNRESOLVED: obj-c++.dg/encode-4.mm -fgnu-runtime compilation failed to produce executable
FAIL: obj-c++.dg/encode-5.mm -fgnu-runtime (test for excess errors)
UNRESOLVED: obj-c++.dg/encode-5.mm -fgnu-runtime compilation failed to produce executable
FAIL: obj-c++.dg/encode-6.mm -fgnu-runtime (test for excess errors)
UNRESOLVED: obj-c++.dg/encode-6.mm -fgnu-runtime compilation failed to produce executable
FAIL: obj-c++.dg/encode-7.mm -fgnu-runtime (test for warnings, line 21)
FAIL: obj-c++.dg/encode-7.mm -fgnu-runtime (test for warnings, line 29)
FAIL: obj-c++.dg/encode-7.mm -fgnu-runtime (test for excess errors)
FAIL: obj-c++.dg/encode-9.mm -fgnu-runtime (test for excess errors)
UNRESOLVED: obj-c++.dg/encode-9.mm -fgnu-runtime compilation failed to produce executable
FAIL: obj-c++.dg/except-1.mm -fgnu-runtime (test for excess errors)
UNRESOLVED: obj-c++.dg/except-1.mm -fgnu-runtime compilation failed to produce executable
FAIL: obj-c++.dg/exceptions-2.mm -fgnu-runtime (test for excess errors)
FAIL: obj-c++.dg/gnu-api-2-class-meta.mm -fgnu-runtime (test for excess errors)
UNRESOLVED: obj-c++.dg/gnu-api-2-class-meta.mm -fgnu-runtime compilation failed to produce executable
FAIL: obj-c++.dg/gnu-api-2-class.mm -fgnu-runtime (test for excess errors)
UNRESOLVED: obj-c++.dg/gnu-api-2-class.mm -fgnu-runtime compilation failed to produce executable
FAIL: obj-c++.dg/gnu-api-2-ivar.mm -fgnu-runtime (test for excess errors)
UNRESOLVED: obj-c++.dg/gnu-api-2-ivar.mm -fgnu-runtime compilation failed to produce executable
FAIL: obj-c++.dg/gnu-api-2-method.mm -fgnu-runtime (test for excess errors)
UNRESOLVED: obj-c++.dg/gnu-api-2-method.mm -fgnu-runtime compilation failed to produce executable
FAIL: obj-c++.dg/gnu-api-2-objc.mm -fgnu-runtime (test for excess errors)
UNRESOLVED: obj-c++.dg/gnu-api-2-objc.mm -fgnu-runtime compilation failed to produce executable
FAIL: obj-c++.dg/gnu-api-2-objc_msg_lookup.mm -fgnu-runtime (test for excess errors)
UNRESOLVED: obj-c++.dg/gnu-api-2-objc_msg_lookup.mm -fgnu-runtime compilation failed to produce executable
FAIL: obj-c++.dg/gnu-api-2-object.mm -fgnu-runtime (test for excess errors)
UNRESOLVED: obj-c++.dg/gnu-api-2-object.mm -fgnu-runtime compilation failed to produce executable
FAIL: obj-c++.dg/gnu-api-2-property.mm -fgnu-runtime (test for excess errors)
UNRESOLVED: obj-c++.dg/gnu-api-2-property.mm -fgnu-runtime compilation failed to produce executable
FAIL: obj-c++.dg/gnu-api-2-protocol.mm -fgnu-runtime (test for excess errors)
UNRESOLVED: obj-c++.dg/gnu-api-2-protocol.mm -fgnu-runtime compilation failed to produce executable
FAIL: obj-c++.dg/gnu-api-2-resolve-method.mm -fgnu-runtime (test for excess errors)
UNRESOLVED: obj-c++.dg/gnu-api-2-resolve-method.mm -fgnu-runtime compilation failed to produce executable
FAIL: obj-c++.dg/gnu-api-2-sel.mm -fgnu-runtime (test for excess errors)
UNRESOLVED: obj-c++.dg/gnu-api-2-sel.mm -fgnu-runtime compilation failed to produce executable
FAIL: obj-c++.dg/gnu-runtime-2.mm -fgnu-runtime (test for excess errors)
FAIL: obj-c++.dg/gnu-runtime-3.mm -fgnu-runtime (test for excess errors)
UNRESOLVED: obj-c++.dg/gnu-runtime-3.mm -fgnu-runtime compilation failed to produce executable
FAIL: obj-c++.dg/ivar-problem-1.mm -fgnu-runtime (test for excess errors)
FAIL: obj-c++.dg/lookup-2.mm -fgnu-runtime (test for excess errors)
UNRESOLVED: obj-c++.dg/lookup-2.mm -fgnu-runtime compilation failed to produce executable
FAIL: obj-c++.dg/method-10.mm -fgnu-runtime (test for excess errors)
UNRESOLVED: obj-c++.dg/method-10.mm -fgnu-runtime compilation failed to produce executable
FAIL: obj-c++.dg/method-17.mm -fgnu-runtime (test for excess errors)
UNRESOLVED: obj-c++.dg/method-17.mm -fgnu-runtime compilation failed to produce executable
FAIL: obj-c++.dg/method-19.mm -fgnu-runtime (test for excess errors)
UNRESOLVED: obj-c++.dg/method-19.mm -fgnu-runtime compilation failed to produce executable
FAIL: obj-c++.dg/method-22.mm -fgnu-runtime (test for excess errors)
UNRESOLVED: obj-c++.dg/method-22.mm -fgnu-runtime compilation failed to produce executable
FAIL: obj-c++.dg/method-23.mm -fgnu-runtime (test for excess errors)
UNRESOLVED: obj-c++.dg/method-23.mm -fgnu-runtime compilation failed to produce executable
FAIL: obj-c++.dg/no-extra-load.mm -fgnu-runtime (test for excess errors)
UNRESOLVED: obj-c++.dg/no-extra-load.mm scan-assembler-not L_objc_msgSend\\\\\$non_lazy_ptr
FAIL: obj-c++.dg/proto-qual-1.mm -fgnu-runtime (test for excess errors)
UNRESOLVED: obj-c++.dg/proto-qual-1.mm -fgnu-runtime compilation failed to produce executable
FAIL: obj-c++.dg/qual-types-1.mm -fgnu-runtime (test for excess errors)
UNRESOLVED: obj-c++.dg/qual-types-1.mm -fgnu-runtime compilation failed to produce executable
FAIL: obj-c++.dg/template-1.mm -fgnu-runtime (test for excess errors)
UNRESOLVED: obj-c++.dg/template-1.mm -fgnu-runtime compilation failed to produce executable
FAIL: obj-c++.dg/template-3.mm -fgnu-runtime (test for excess errors)
UNRESOLVED: obj-c++.dg/template-3.mm -fgnu-runtime compilation failed to produce executable
FAIL: obj-c++.dg/template-4.mm -fgnu-runtime (test for excess errors)
UNRESOLVED: obj-c++.dg/template-4.mm -fgnu-runtime compilation failed to produce executable
FAIL: obj-c++.dg/try-catch-1.mm -fgnu-runtime (test for excess errors)
FAIL: obj-c++.dg/try-catch-2.mm -fgnu-runtime (test for excess errors)
UNRESOLVED: obj-c++.dg/try-catch-2.mm -fgnu-runtime compilation failed to produce executable
FAIL: obj-c++.dg/try-catch-9.mm -fgnu-runtime (test for excess errors)
UNRESOLVED: obj-c++.dg/try-catch-9.mm -fgnu-runtime compilation failed to produce executable
FAIL: obj-c++.dg/va-meth-1.mm -fgnu-runtime (test for excess errors)
UNRESOLVED: obj-c++.dg/va-meth-1.mm -fgnu-runtime compilation failed to produce executable
FAIL: obj-c++.dg/property/at-property-10.mm -fgnu-runtime (test for excess errors)
UNRESOLVED: obj-c++.dg/property/at-property-10.mm -fgnu-runtime compilation failed to produce executable
FAIL: obj-c++.dg/property/at-property-11.mm -fgnu-runtime (test for excess errors)
UNRESOLVED: obj-c++.dg/property/at-property-11.mm -fgnu-runtime compilation failed to produce executable
FAIL: obj-c++.dg/property/at-property-12.mm -fgnu-runtime (test for excess errors)
UNRESOLVED: obj-c++.dg/property/at-property-12.mm -fgnu-runtime compilation failed to produce executable
FAIL: obj-c++.dg/property/at-property-13.mm -fgnu-runtime (test for excess errors)
UNRESOLVED: obj-c++.dg/property/at-property-13.mm -fgnu-runtime compilation failed to produce executable
FAIL: obj-c++.dg/property/at-property-19.mm -fgnu-runtime (test for excess errors)
UNRESOLVED: obj-c++.dg/property/at-property-19.mm -fgnu-runtime compilation failed to produce executable
FAIL: obj-c++.dg/property/at-property-22.mm -fgnu-runtime (test for excess errors)
UNRESOLVED: obj-c++.dg/property/at-property-22.mm -fgnu-runtime compilation failed to produce executable
FAIL: obj-c++.dg/property/at-property-23.mm -fgnu-runtime (test for errors, line 14)
FAIL: obj-c++.dg/property/at-property-23.mm -fgnu-runtime (test for errors, line 15)
FAIL: obj-c++.dg/property/at-property-23.mm -fgnu-runtime (test for errors, line 16)
FAIL: obj-c++.dg/property/at-property-23.mm -fgnu-runtime (test for errors, line 16)
FAIL: obj-c++.dg/property/at-property-23.mm -fgnu-runtime (test for excess errors)
FAIL: obj-c++.dg/property/at-property-24.mm -fgnu-runtime (test for excess errors)
UNRESOLVED: obj-c++.dg/property/at-property-24.mm -fgnu-runtime compilation failed to produce executable
FAIL: obj-c++.dg/property/at-property-25.mm -fgnu-runtime (test for warnings, line 81)
FAIL: obj-c++.dg/property/at-property-25.mm -fgnu-runtime (test for warnings, line 81)
FAIL: obj-c++.dg/property/at-property-25.mm -fgnu-runtime (test for warnings, line 81)
FAIL: obj-c++.dg/property/at-property-25.mm -fgnu-runtime (test for warnings, line 81)
FAIL: obj-c++.dg/property/at-property-25.mm -fgnu-runtime (test for warnings, line 81)
FAIL: obj-c++.dg/property/at-property-25.mm -fgnu-runtime (test for excess errors)
FAIL: obj-c++.dg/property/at-property-26.mm -fgnu-runtime (test for excess errors)
UNRESOLVED: obj-c++.dg/property/at-property-26.mm -fgnu-runtime compilation failed to produce executable
FAIL: obj-c++.dg/property/at-property-27.mm -fgnu-runtime (test for excess errors)
UNRESOLVED: obj-c++.dg/property/at-property-27.mm -fgnu-runtime compilation failed to produce executable
FAIL: obj-c++.dg/property/at-property-6.mm -fgnu-runtime (test for excess errors)
UNRESOLVED: obj-c++.dg/property/at-property-6.mm -fgnu-runtime compilation failed to produce executable
FAIL: obj-c++.dg/property/at-property-7.mm -fgnu-runtime (test for excess errors)
UNRESOLVED: obj-c++.dg/property/at-property-7.mm -fgnu-runtime compilation failed to produce executable
FAIL: obj-c++.dg/property/at-property-8.mm -fgnu-runtime (test for excess errors)
UNRESOLVED: obj-c++.dg/property/at-property-8.mm -fgnu-runtime compilation failed to produce executable
FAIL: obj-c++.dg/property/at-property-9.mm -fgnu-runtime (test for excess errors)
UNRESOLVED: obj-c++.dg/property/at-property-9.mm -fgnu-runtime compilation failed to produce executable
FAIL: obj-c++.dg/property/at-property-deprecated-1.mm -fgnu-runtime (test for warnings, line 32)
FAIL: obj-c++.dg/property/at-property-deprecated-1.mm -fgnu-runtime (test for warnings, line 33)
FAIL: obj-c++.dg/property/at-property-deprecated-1.mm -fgnu-runtime (test for excess errors)
FAIL: obj-c++.dg/property/dotsyntax-1.mm -fgnu-runtime (test for excess errors)
UNRESOLVED: obj-c++.dg/property/dotsyntax-1.mm -fgnu-runtime compilation failed to produce executable
FAIL: obj-c++.dg/property/dotsyntax-10.mm -fgnu-runtime (test for excess errors)
UNRESOLVED: obj-c++.dg/property/dotsyntax-10.mm -fgnu-runtime compilation failed to produce executable
FAIL: obj-c++.dg/property/dotsyntax-11.mm -fgnu-runtime (test for errors, line 48)
FAIL: obj-c++.dg/property/dotsyntax-11.mm -fgnu-runtime (test for errors, line 51)
FAIL: obj-c++.dg/property/dotsyntax-11.mm -fgnu-runtime (test for errors, line 56)
FAIL: obj-c++.dg/property/dotsyntax-11.mm -fgnu-runtime (test for errors, line 59)
FAIL: obj-c++.dg/property/dotsyntax-11.mm -fgnu-runtime (test for excess errors)
FAIL: obj-c++.dg/property/dotsyntax-12.mm -fgnu-runtime (test for excess errors)
UNRESOLVED: obj-c++.dg/property/dotsyntax-12.mm -fgnu-runtime compilation failed to produce executable
FAIL: obj-c++.dg/property/dotsyntax-13.mm -fgnu-runtime (test for excess errors)
UNRESOLVED: obj-c++.dg/property/dotsyntax-13.mm -fgnu-runtime compilation failed to produce executable
FAIL: obj-c++.dg/property/dotsyntax-14.mm -fgnu-runtime (test for errors, line 56)
FAIL: obj-c++.dg/property/dotsyntax-14.mm -fgnu-runtime (test for errors, line 58)
FAIL: obj-c++.dg/property/dotsyntax-14.mm -fgnu-runtime (test for errors, line 74)
FAIL: obj-c++.dg/property/dotsyntax-14.mm -fgnu-runtime (test for errors, line 76)
FAIL: obj-c++.dg/property/dotsyntax-14.mm -fgnu-runtime (test for excess errors)
FAIL: obj-c++.dg/property/dotsyntax-15.mm -fgnu-runtime (test for errors, line 59)
FAIL: obj-c++.dg/property/dotsyntax-15.mm -fgnu-runtime (test for errors, line 61)
FAIL: obj-c++.dg/property/dotsyntax-15.mm -fgnu-runtime (test for errors, line 77)
FAIL: obj-c++.dg/property/dotsyntax-15.mm -fgnu-runtime (test for errors, line 79)
FAIL: obj-c++.dg/property/dotsyntax-15.mm -fgnu-runtime (test for excess errors)
FAIL: obj-c++.dg/property/dotsyntax-16.mm -fgnu-runtime (test for excess errors)
UNRESOLVED: obj-c++.dg/property/dotsyntax-16.mm -fgnu-runtime compilation failed to produce executable
FAIL: obj-c++.dg/property/dotsyntax-17.mm -fgnu-runtime (test for errors, line 38)
FAIL: obj-c++.dg/property/dotsyntax-17.mm -fgnu-runtime (test for errors, line 44)
FAIL: obj-c++.dg/property/dotsyntax-17.mm -fgnu-runtime (test for errors, line 46)
FAIL: obj-c++.dg/property/dotsyntax-17.mm -fgnu-runtime (test for errors, line 48)
FAIL: obj-c++.dg/property/dotsyntax-17.mm -fgnu-runtime (test for errors, line 50)
FAIL: obj-c++.dg/property/dotsyntax-17.mm -fgnu-runtime (test for errors, line 56)
FAIL: obj-c++.dg/property/dotsyntax-17.mm -fgnu-runtime (test for errors, line 58)
FAIL: obj-c++.dg/property/dotsyntax-17.mm -fgnu-runtime (test for errors, line 60)
FAIL: obj-c++.dg/property/dotsyntax-17.mm -fgnu-runtime (test for errors, line 62)
FAIL: obj-c++.dg/property/dotsyntax-17.mm -fgnu-runtime (test for excess errors)
FAIL: obj-c++.dg/property/dotsyntax-18.mm -fgnu-runtime (test for excess errors)
UNRESOLVED: obj-c++.dg/property/dotsyntax-18.mm -fgnu-runtime compilation failed to produce executable
FAIL: obj-c++.dg/property/dotsyntax-19.mm -fgnu-runtime (test for excess errors)
UNRESOLVED: obj-c++.dg/property/dotsyntax-19.mm -fgnu-runtime compilation failed to produce executable
FAIL: obj-c++.dg/property/dotsyntax-2.mm -fgnu-runtime (test for excess errors)
UNRESOLVED: obj-c++.dg/property/dotsyntax-2.mm -fgnu-runtime compilation failed to produce executable
FAIL: obj-c++.dg/property/dotsyntax-20.mm -fgnu-runtime (test for excess errors)
FAIL: obj-c++.dg/property/dotsyntax-21.mm -fgnu-runtime (test for excess errors)
UNRESOLVED: obj-c++.dg/property/dotsyntax-21.mm -fgnu-runtime compilation failed to produce executable
FAIL: obj-c++.dg/property/dotsyntax-3.mm -fgnu-runtime (test for excess errors)
UNRESOLVED: obj-c++.dg/property/dotsyntax-3.mm -fgnu-runtime compilation failed to produce executable
FAIL: obj-c++.dg/property/dotsyntax-4.mm -fgnu-runtime (test for errors, line 29)
FAIL: obj-c++.dg/property/dotsyntax-4.mm -fgnu-runtime (test for errors, line 30)
FAIL: obj-c++.dg/property/dotsyntax-4.mm -fgnu-runtime (test for errors, line 33)
FAIL: obj-c++.dg/property/dotsyntax-4.mm -fgnu-runtime (test for errors, line 34)
FAIL: obj-c++.dg/property/dotsyntax-4.mm -fgnu-runtime (test for errors, line 37)
FAIL: obj-c++.dg/property/dotsyntax-4.mm -fgnu-runtime (test for errors, line 37)
FAIL: obj-c++.dg/property/dotsyntax-4.mm -fgnu-runtime (test for errors, line 39)
FAIL: obj-c++.dg/property/dotsyntax-4.mm -fgnu-runtime (test for errors, line 39)
FAIL: obj-c++.dg/property/dotsyntax-4.mm -fgnu-runtime (test for excess errors)
FAIL: obj-c++.dg/property/dotsyntax-5.mm -fgnu-runtime (test for excess errors)
UNRESOLVED: obj-c++.dg/property/dotsyntax-5.mm -fgnu-runtime compilation failed to produce executable
FAIL: obj-c++.dg/property/dotsyntax-6.mm -fgnu-runtime (test for excess errors)
UNRESOLVED: obj-c++.dg/property/dotsyntax-6.mm -fgnu-runtime compilation failed to produce executable
FAIL: obj-c++.dg/property/dotsyntax-7.mm -fgnu-runtime (test for excess errors)
UNRESOLVED: obj-c++.dg/property/dotsyntax-7.mm -fgnu-runtime compilation failed to produce executable
FAIL: obj-c++.dg/property/dotsyntax-8.mm -fgnu-runtime (test for excess errors)
UNRESOLVED: obj-c++.dg/property/dotsyntax-8.mm -fgnu-runtime compilation failed to produce executable
FAIL: obj-c++.dg/property/dotsyntax-9.mm -fgnu-runtime (test for excess errors)
UNRESOLVED: obj-c++.dg/property/dotsyntax-9.mm -fgnu-runtime compilation failed to produce executable
FAIL: obj-c++.dg/property/dynamic-5.mm -fgnu-runtime (test for excess errors)
UNRESOLVED: obj-c++.dg/property/dynamic-5.mm -fgnu-runtime compilation failed to produce executable
FAIL: obj-c++.dg/property/dynamic-6.mm -fgnu-runtime (test for excess errors)
FAIL: obj-c++.dg/property/property-encoding-1.mm -fgnu-runtime (test for excess errors)
UNRESOLVED: obj-c++.dg/property/property-encoding-1.mm -fgnu-runtime compilation failed to produce executable
FAIL: obj-c++.dg/property/synthesize-10.mm -fgnu-runtime (test for excess errors)
UNRESOLVED: obj-c++.dg/property/synthesize-10.mm -fgnu-runtime compilation failed to produce executable
FAIL: obj-c++.dg/property/synthesize-11.mm -fgnu-runtime (test for warnings, line 13)
FAIL: obj-c++.dg/property/synthesize-11.mm -fgnu-runtime (test for warnings, line 14)
FAIL: obj-c++.dg/property/synthesize-11.mm -fgnu-runtime (test for errors, line 27)
FAIL: obj-c++.dg/property/synthesize-11.mm -fgnu-runtime (test for errors, line 28)
FAIL: obj-c++.dg/property/synthesize-11.mm -fgnu-runtime (test for warnings, line 29)
FAIL: obj-c++.dg/property/synthesize-11.mm -fgnu-runtime (test for warnings, line 29)
FAIL: obj-c++.dg/property/synthesize-11.mm -fgnu-runtime (test for warnings, line 29)
FAIL: obj-c++.dg/property/synthesize-11.mm -fgnu-runtime (test for excess errors)
FAIL: obj-c++.dg/property/synthesize-2.mm -fgnu-runtime (test for excess errors)
UNRESOLVED: obj-c++.dg/property/synthesize-2.mm -fgnu-runtime compilation failed to produce executable
FAIL: obj-c++.dg/property/synthesize-3.mm -fgnu-runtime (test for excess errors)
UNRESOLVED: obj-c++.dg/property/synthesize-3.mm -fgnu-runtime compilation failed to produce executable
FAIL: obj-c++.dg/property/synthesize-4.mm -fgnu-runtime (test for excess errors)
UNRESOLVED: obj-c++.dg/property/synthesize-4.mm -fgnu-runtime compilation failed to produce executable
FAIL: obj-c++.dg/property/synthesize-7.mm -fgnu-runtime (test for excess errors)
UNRESOLVED: obj-c++.dg/property/synthesize-7.mm -fgnu-runtime compilation failed to produce executable
FAIL: obj-c++.dg/strings/strings-2.mm -fgnu-runtime (test for excess errors)
UNRESOLVED: obj-c++.dg/strings/strings-2.mm -fgnu-runtime compilation failed to produce executable
FAIL: obj-c++.dg/torture/strings/const-str-7.mm -O0 -fgnu-runtime (test for excess errors)
UNRESOLVED: obj-c++.dg/torture/strings/const-str-7.mm -O0 -fgnu-runtime compilation failed to produce executable
FAIL: obj-c++.dg/torture/strings/const-str-7.mm -O1 -fgnu-runtime (test for excess errors)
UNRESOLVED: obj-c++.dg/torture/strings/const-str-7.mm -O1 -fgnu-runtime compilation failed to produce executable
FAIL: obj-c++.dg/torture/strings/const-str-7.mm -O2 -fgnu-runtime (test for excess errors)
UNRESOLVED: obj-c++.dg/torture/strings/const-str-7.mm -O2 -fgnu-runtime compilation failed to produce executable
FAIL: obj-c++.dg/torture/strings/const-str-7.mm -O3 -fomit-frame-pointer -fgnu-runtime (test for excess errors)
UNRESOLVED: obj-c++.dg/torture/strings/const-str-7.mm -O3 -fomit-frame-pointer -fgnu-runtime compilation failed to produce executable
FAIL: obj-c++.dg/torture/strings/const-str-7.mm -O3 -g -fgnu-runtime (test for excess errors)
UNRESOLVED: obj-c++.dg/torture/strings/const-str-7.mm -O3 -g -fgnu-runtime compilation failed to produce executable
FAIL: obj-c++.dg/torture/strings/const-str-7.mm -Os -fgnu-runtime (test for excess errors)
UNRESOLVED: obj-c++.dg/torture/strings/const-str-7.mm -Os -fgnu-runtime compilation failed to produce executable
FAIL: obj-c++.dg/torture/strings/const-str-7.mm -O2 -flto -fno-use-linker-plugin -flto-partition=none -fgnu-runtime (test for excess errors)
UNRESOLVED: obj-c++.dg/torture/strings/const-str-7.mm -O2 -flto -fno-use-linker-plugin -flto-partition=none -fgnu-runtime compilation failed to produce executable
FAIL: obj-c++.dg/torture/strings/const-str-7.mm -O2 -flto -fuse-linker-plugin -fno-fat-lto-objects -fgnu-runtime (test for excess errors)
UNRESOLVED: obj-c++.dg/torture/strings/const-str-7.mm -O2 -flto -fuse-linker-plugin -fno-fat-lto-objects -fgnu-runtime compilation failed to produce executable
FAIL: obj-c++.dg/torture/strings/string1.mm -O0 -fgnu-runtime (test for excess errors)
UNRESOLVED: obj-c++.dg/torture/strings/string1.mm -O0 -fgnu-runtime compilation failed to produce executable
FAIL: obj-c++.dg/torture/strings/string1.mm -O1 -fgnu-runtime (test for excess errors)
UNRESOLVED: obj-c++.dg/torture/strings/string1.mm -O1 -fgnu-runtime compilation failed to produce executable
FAIL: obj-c++.dg/torture/strings/string1.mm -O2 -fgnu-runtime (test for excess errors)
UNRESOLVED: obj-c++.dg/torture/strings/string1.mm -O2 -fgnu-runtime compilation failed to produce executable
FAIL: obj-c++.dg/torture/strings/string1.mm -O3 -fomit-frame-pointer -fgnu-runtime (test for excess errors)
UNRESOLVED: obj-c++.dg/torture/strings/string1.mm -O3 -fomit-frame-pointer -fgnu-runtime compilation failed to produce executable
FAIL: obj-c++.dg/torture/strings/string1.mm -O3 -g -fgnu-runtime (test for excess errors)
UNRESOLVED: obj-c++.dg/torture/strings/string1.mm -O3 -g -fgnu-runtime compilation failed to produce executable
FAIL: obj-c++.dg/torture/strings/string1.mm -Os -fgnu-runtime (test for excess errors)
UNRESOLVED: obj-c++.dg/torture/strings/string1.mm -Os -fgnu-runtime compilation failed to produce executable
FAIL: obj-c++.dg/torture/strings/string1.mm -O2 -flto -fno-use-linker-plugin -flto-partition=none -fgnu-runtime (test for excess errors)
UNRESOLVED: obj-c++.dg/torture/strings/string1.mm -O2 -flto -fno-use-linker-plugin -flto-partition=none -fgnu-runtime compilation failed to produce executable
FAIL: obj-c++.dg/torture/strings/string1.mm -O2 -flto -fuse-linker-plugin -fno-fat-lto-objects -fgnu-runtime (test for excess errors)
UNRESOLVED: obj-c++.dg/torture/strings/string1.mm -O2 -flto -fuse-linker-plugin -fno-fat-lto-objects -fgnu-runtime compilation failed to produce executable
=== obj-c++ Summary ===
# of expected passes 1139
# of unexpected failures 219
# of unresolved testcases 94
# of unsupported tests 86
/home/tester/gcc/tmp/gcc/testsuite/obj-c++/../../g++ version 4.7.0 20111213 (experimental) (GCC)
=== objc tests ===
Running target unix
=== objc Summary ===
# of expected passes 2988
# of expected failures 6
# of unsupported tests 74
/home/tester/gcc/tmp/gcc/xgcc version 4.7.0 20111213 (experimental) (GCC)
=== boehm-gc tests ===
Running target unix
FAIL: boehm-gc.c/thread_leak_test.c -O2 (test for excess errors)
=== boehm-gc Summary ===
# of expected passes 11
# of unexpected failures 1
# of unsupported tests 1
=== libffi tests ===
Running target unix
=== libffi Summary ===
# of expected passes 1634
# of expected failures 10
# of unsupported tests 15
=== libgo tests ===
Running target unix
FAIL: exp/sql
=== libgo Summary ===
# of expected passes 136
# of unexpected failures 1
/home/tester/gcc/tmp/./gcc/gccgo version 4.7.0 20111213 (experimental) (GCC)
=== libgomp tests ===
Running target unix
WARNING: program timed out.
FAIL: libgomp.graphite/force-parallel-6.c execution test
=== libgomp Summary ===
# of expected passes 2993
# of unexpected failures 1
=== libitm tests ===
Running target unix
FAIL: libitm.c/memcpy-1.c execution test
FAIL: libitm.c/memset-1.c execution test
UNRESOLVED: libitm.c++/static_ctor.C compilation failed to produce executable
=== libitm Summary ===
# of expected passes 21
# of unexpected failures 2
# of expected failures 5
# of unresolved testcases 1
=== libjava tests ===
Running target unix
=== libjava Summary ===
# of expected passes 2574
=== libmudflap tests ===
Running target unix
=== libmudflap Summary ===
# of expected passes 1427
=== libstdc++ tests ===
Running target unix
=== libstdc++ Summary ===
# of expected passes 8200
# of expected failures 45
# of unsupported tests 449
Compiler version: 4.7.0 20111213 (experimental) (GCC)
Platform: i686-pc-linux-gnu
configure flags: --prefix=/home/tester/build/gcc-svn --with-gmp=/home/tester/build/gmp-5.0.2 --with-mpfr=/home/tester/build/mpfr-3.1.0 --with-mpc=/home/tester/build/mpc-0.9 --with-ppl=/home/tester/build/ppl-0.11.2 --with-cloog=/home/tester/build/cloog-ppl-0.15.11 --enable-languages=c,c++,fortran,objc,obj-c++,java,go,ada