This is the mail archive of the
gcc-testresults@gcc.gnu.org
mailing list for the GCC project.
Results for 4.7.0 20111211 (experimental) [trunk revision 182198] testsuite on i686-pc-cygwin
- From: Christian Joensson <christian dot joensson at gmail dot com>
- To: gcc-testresults at gcc dot gnu dot org
- Date: Sun, 11 Dec 2011 19:31:01 +0100
- Subject: Results for 4.7.0 20111211 (experimental) [trunk revision 182198] testsuite on i686-pc-cygwin
Windows 7 Enterprise/SP1 cygwin Intel(R) Core(TM)2 Duo CPU T9600@2.80GHz with:
binutils 2.22.51-1
cygwin 20111209 snapshot
dejagnu 20021217-2
expect 20030128-1
gmp 4.3.2-1
libgmp-devel 4.3.2-1
libmpfr-devel 3.0.1-1
make 3.82.90-1
mpfr 3.0.1-1
tcltk 20080420-1
w32api 3.17-2
LAST_UPDATED: Sun Dec 11 09:02:04 UTC 2011 (revision 182198)
=== acats tests ===
FAIL: c52103x
FAIL: c52104x
FAIL: c52104y
FAIL: c64201b
FAIL: c954023
FAIL: c954025
FAIL: c9a004a
FAIL: c9a007a
FAIL: c9a009g
FAIL: cb1010a
FAIL: cb1010c
FAIL: cb1010d
=== acats Summary ===
# of expected passes 2309
# of unexpected failures 12
Native configuration is i686-pc-cygwin
=== gnat tests ===
Running target unix
FAIL: gnat.dg/null_pointer_deref1.adb execution test
FAIL: gnat.dg/null_pointer_deref2.adb execution test
=== gnat Summary ===
# of expected passes 1054
# of unexpected failures 2
# of expected failures 11
# of unsupported tests 4
/usr/local/src/trunk/objdir.withada/gcc/gnatmake version 4.7.0
20111211 (experimental) [trunk revision 182198]
Compiler version: 4.7.0 20111211 (experimental) [trunk revision 182198]
Platform: i686-pc-cygwin
configure flags: --prefix=/usr --exec-prefix=/usr --bindir=/usr/bin
--sbindir=/usr/sbin --localstatedir=/var --sysconfdir=/etc
--datarootdir=/usr/share --docdir=/usr/share/doc/gcc4 -C
--datadir=/usr/share --infodir=/usr/share/info --mandir=/usr/share/man
-v --with-gmp=/usr --with-mpfr=/usr --enable-bootstrap
--enable-version-specific-runtime-libs --libexecdir=/usr/lib
--enable-static --enable-shared --enable-shared-libgcc
--disable-__cxa_atexit --with-gnu-ld --with-gnu-as --with-dwarf2
--disable-sjlj-exceptions --enable-graphite --enable-lto
--disable-symvers --program-suffix=-4 --enable-libgomp --enable-libssp
--enable-threads=posix --with-arch=i686 --with-tune=generic
--enable-libada CC=gcc-4 CXX=g++-4 CC_FOR_TARGET=gcc-4
CXX_FOR_TARGET=g++-4 GNATMAKE_FOR_TARGET=gnatmake
GNATBIND_FOR_TARGET=gnatbind
--enable-languages=c,ada,c++,fortran,lto,objc,obj-c++
BOOT_CFLAGS=-O2 -pipe
Counting all warnings,
there are 552 warnings in stage0 of this bootstrap.
Number of warnings per file:
54 libgcc/soft-fp/fixunstfsi.c
54 libgcc/soft-fp/fixtfsi.c
36 gcc/c-typeck.c
18 libgcc/soft-fp/unordtf2.c
14 socket.c
12 libgcc/soft-fp/multf3.c
12 libgcc/soft-fp/floatunsitf.c
12 libgcc/soft-fp/floatunditf.c
12 libgcc/soft-fp/divtf3.c
12 libbid/bid128_div.c
10 gcc/ada/exp_disp.adb
10 gcc/ada/exp_ch7.adb
9 libbid/bid64_div.c
8 gcc/ada/sem_util.adb
8 gcc/ada/sem_prag.adb
8 gcc/ada/put_alfa.adb
8 gcc/ada/exp_dist.adb
7 terminals.c
6 libtool
6 libgcc/soft-fp/trunctfxf2.c
6 libgcc/soft-fp/trunctfsf2.c
6 libgcc/soft-fp/trunctfdf2.c
6 libgcc/soft-fp/negtf2.c
6 libgcc/soft-fp/letf2.c
6 libgcc/soft-fp/floatditf.c
6 libgcc/soft-fp/fixunstfdi.c
6 libgcc/soft-fp/fixtfdi.c
6 libgcc/soft-fp/extendxftf2.c
6 libgcc/soft-fp/extenddftf2.c
6 libgcc/soft-fp/addtf3.c
6 libgcc/config/i386/cygming-crtend.c
6 gcc/ada/sem_ch9.adb
6 gcc/ada/sem_ch13.adb
6 gcc/ada/exp_ch5.adb
6 gcc/ada/exp_ch3.adb
6 ctype_members.cc
5 libgcc/soft-fp/subtf3.c
5 libgcc/soft-fp/getf2.c
5 libgcc/soft-fp/floatsitf.c
5 libgcc/soft-fp/eqtf2.c
5 cc1
4 raise-gcc.c
4 libiberty/md5.c
4 libiberty/choose-temp.c
4 libgfortran/io/read.c
4 libgcc/soft-fp/extendsftf2.c
4 gcc/cp/error.c
4 gcc/ada/sem_res.adb
4 gcc/ada/sem_eval.adb
4 gcc/ada/sem_ch4.adb
4 gcc/ada/sem_ch3.adb
4 gcc/ada/par-ch13.adb
4 gcc/ada/exp_ch9.adb
4 gcc/ada/exp_ch6.adb
4 gcc/ada/exp_ch4.adb
3 libgfortran/runtime/environ.c
3 libgfortran/intrinsics/unpack_generic.c
3 libgcc/config/i386/cygming-crtbegin.c
3 gengtype-lex.c
3 gcc/ada/adaint.c
3 g-expect.adb
2 sysdep.c
2 s-rannum.adb
2 libgfortran/caf/libcaf.h
2 gcc/cp/pt.c
2 gcc/ada/xref_lib.adb
2 gcc/ada/xr_tabls.adb
2 gcc/ada/sem_intr.adb
2 gcc/ada/sem_ch8.adb
2 gcc/ada/sem_ch5.adb
2 gcc/ada/sem_ch12.adb
2 gcc/ada/sem_case.adb
2 gcc/ada/par-ch3.adb
2 gcc/ada/a-except.adb
2 expect.c
1 s-poosiz.adb
1 s-fileio.adb
1 libssp/ssp.c
1 libssp/ssp-local.c
1 libgfortran/io/list_read.c
1 libgfortran/io/format.c
1 gcc/ada/vms_conv.adb
1 gcc/ada/make.adb
1 g-debpoo.adb
1 g-comlin.adb
1 adaint.c
1 adadecode.c
1 a-ststio.adb
Number of warning types:
145 \`???' may be used uninitialized in this function
[-Wmaybe-uninitialized]
134 no previous prototype for \`???' [-Wmissing-prototypes]
96 left shift count >= width of type [enabled by default]
36 variable \`???' set but not used [-Wunused-but-set-variable]
22 unknown conversion type character \`???' in format
20 too many arguments for format
16 unused parameter \`???' [-Wunused-parameter]
12 comparison of unsigned expression < 0 is always false [-Wtype-limits]
10 array subscript has type \`???' [-Wchar-subscripts]
6 comparison is always true due to limited range of data type
[-Wtype-limits]
5 unrecognized command line option \`-Wno-narrowing'
5 the use of \`???' is dangerous; use \`???' instead [enabled by default]
4 implicit declaration of function \`???'
[-Wimplicit-function-declaration]
4 dereferencing type-punned pointer will break strict-aliasing
rules [-Wstrict-aliasing]
4 \`???' is used uninitialized in this function [-Wuninitialized]
3 undefined symbols not allowed in i686-pc-cygwin shared libraries
3 the use of \`???' is dangerous; use \`???' instead
3 remember to run \`???'
3 destructor priorities from 0 to 100 are reserved for the
implementation [enabled by default]
3 constructor priorities from 0 to 100 are reserved for the
implementation [enabled by default]
3 array subscript is above array bounds [-Warray-bounds]
3 \`???' may be used uninitialized in this function [-Wuninitialized]
2 visibility attribute not supported in this configuration;
ignored [-Wattributes]
2 comparison between signed and unsigned integer expressions
[-Wsign-compare]
2 \`???' may be used uninitialized in this function
1 unused variable \`???' [-Wunused-variable]
1 type qualifiers ignored on function return type [-Wignored-qualifiers]
1 return discards \`???' qualifier from pointer target type
[enabled by default]
1 pointer targets in assignment differ in signedness [-Wpointer-sign]
1 format \`???' expects argument of type \`???', but argument 4
has type \`???' [-Wformat]
1 comparison between signed and unsigned integer expressions