This is the mail archive of the gcc-testresults@gcc.gnu.org mailing list for the GCC project.


Index Nav: [Date Index] [Subject Index] [Author Index] [Thread Index]
Message Nav: [Date Prev] [Date Next] [Thread Prev] [Thread Next]
Other format: [Raw text]

Results for 4.7.0 20111202 (experimental) [trunk revision 181951] (GCC) testsuite on armv5tejl-unknown-linux-gnueabi


LAST_UPDATED: Fri Dec  2 22:43:05 UTC 2011 (revision 181951)

Native configuration is armv5tejl-unknown-linux-gnueabi

		=== libgomp tests ===


Running target unix
FAIL: libgomp.c/atomic-1.c execution test
FAIL: libgomp.c/atomic-10.c (test for excess errors)
WARNING: libgomp.c/atomic-10.c compilation failed to produce executable
FAIL: libgomp.c/atomic-11.c (test for excess errors)
WARNING: libgomp.c/atomic-11.c compilation failed to produce executable
FAIL: libgomp.c/atomic-13.c execution test
FAIL: libgomp.c/atomic-14.c (test for excess errors)
WARNING: libgomp.c/atomic-14.c compilation failed to produce executable
FAIL: libgomp.c/atomic-2.c execution test
FAIL: libgomp.c/atomic-3.c execution test
FAIL: libgomp.c/atomic-4.c execution test
FAIL: libgomp.c/atomic-5.c execution test
FAIL: libgomp.c/atomic-6.c execution test
FAIL: libgomp.c/autopar-1.c execution test
FAIL: libgomp.c/collapse-1.c (test for excess errors)
WARNING: libgomp.c/collapse-1.c compilation failed to produce executable
FAIL: libgomp.c/collapse-3.c (test for excess errors)
WARNING: libgomp.c/collapse-3.c compilation failed to produce executable
FAIL: libgomp.c/icv-1.c (test for excess errors)
WARNING: libgomp.c/icv-1.c compilation failed to produce executable
FAIL: libgomp.c/icv-2.c (test for excess errors)
WARNING: libgomp.c/icv-2.c compilation failed to produce executable
FAIL: libgomp.c/lib-1.c (test for excess errors)
WARNING: libgomp.c/lib-1.c compilation failed to produce executable
FAIL: libgomp.c/nestedfn-3.c (test for excess errors)
WARNING: libgomp.c/nestedfn-3.c compilation failed to produce executable
FAIL: libgomp.c/nestedfn-4.c (test for excess errors)
WARNING: libgomp.c/nestedfn-4.c compilation failed to produce executable
FAIL: libgomp.c/pr42942.c (test for excess errors)
WARNING: libgomp.c/pr42942.c compilation failed to produce executable
FAIL: libgomp.c/reduction-1.c (test for excess errors)
WARNING: libgomp.c/reduction-1.c compilation failed to produce executable
FAIL: libgomp.c/reduction-2.c (test for excess errors)
WARNING: libgomp.c/reduction-2.c compilation failed to produce executable
FAIL: libgomp.c/reduction-3.c (test for excess errors)
WARNING: libgomp.c/reduction-3.c compilation failed to produce executable
FAIL: libgomp.c/reduction-4.c (test for excess errors)
WARNING: libgomp.c/reduction-4.c compilation failed to produce executable
FAIL: libgomp.c++/atomic-2.C  -O0  (test for excess errors)
WARNING: libgomp.c++/atomic-2.C  -O0  compilation failed to produce executable
FAIL: libgomp.c++/atomic-2.C  -O1  (test for excess errors)
WARNING: libgomp.c++/atomic-2.C  -O1  compilation failed to produce executable
FAIL: libgomp.c++/atomic-2.C  -O2  (test for excess errors)
WARNING: libgomp.c++/atomic-2.C  -O2  compilation failed to produce executable
FAIL: libgomp.c++/atomic-2.C  -O3 -fomit-frame-pointer  (test for excess errors)
WARNING: libgomp.c++/atomic-2.C  -O3 -fomit-frame-pointer  compilation failed to produce executable
FAIL: libgomp.c++/atomic-2.C  -O3 -fomit-frame-pointer -funroll-loops  (test for excess errors)
WARNING: libgomp.c++/atomic-2.C  -O3 -fomit-frame-pointer -funroll-loops  compilation failed to produce executable
FAIL: libgomp.c++/atomic-2.C  -O3 -fomit-frame-pointer -funroll-all-loops -finline-functions  (test for excess errors)
WARNING: libgomp.c++/atomic-2.C  -O3 -fomit-frame-pointer -funroll-all-loops -finline-functions  compilation failed to produce executable
FAIL: libgomp.c++/atomic-2.C  -O3 -g  (test for excess errors)
WARNING: libgomp.c++/atomic-2.C  -O3 -g  compilation failed to produce executable
FAIL: libgomp.c++/atomic-2.C  -Os  (test for excess errors)
WARNING: libgomp.c++/atomic-2.C  -Os  compilation failed to produce executable
FAIL: libgomp.c++/atomic-4.C  -O0  (test for excess errors)
WARNING: libgomp.c++/atomic-4.C  -O0  compilation failed to produce executable
FAIL: libgomp.c++/atomic-4.C  -O1  (test for excess errors)
WARNING: libgomp.c++/atomic-4.C  -O1  compilation failed to produce executable
FAIL: libgomp.c++/atomic-4.C  -O2  (test for excess errors)
WARNING: libgomp.c++/atomic-4.C  -O2  compilation failed to produce executable
FAIL: libgomp.c++/atomic-4.C  -O3 -fomit-frame-pointer  (test for excess errors)
WARNING: libgomp.c++/atomic-4.C  -O3 -fomit-frame-pointer  compilation failed to produce executable
FAIL: libgomp.c++/atomic-4.C  -O3 -fomit-frame-pointer -funroll-loops  (test for excess errors)
WARNING: libgomp.c++/atomic-4.C  -O3 -fomit-frame-pointer -funroll-loops  compilation failed to produce executable
FAIL: libgomp.c++/atomic-4.C  -O3 -fomit-frame-pointer -funroll-all-loops -finline-functions  (test for excess errors)
WARNING: libgomp.c++/atomic-4.C  -O3 -fomit-frame-pointer -funroll-all-loops -finline-functions  compilation failed to produce executable
FAIL: libgomp.c++/atomic-4.C  -O3 -g  (test for excess errors)
WARNING: libgomp.c++/atomic-4.C  -O3 -g  compilation failed to produce executable
FAIL: libgomp.c++/atomic-4.C  -Os  (test for excess errors)
WARNING: libgomp.c++/atomic-4.C  -Os  compilation failed to produce executable
FAIL: libgomp.c++/atomic-6.C  -O0  execution test
FAIL: libgomp.c++/atomic-6.C  -O1  execution test
FAIL: libgomp.c++/atomic-6.C  -O2  execution test
FAIL: libgomp.c++/atomic-6.C  -O3 -fomit-frame-pointer  execution test
FAIL: libgomp.c++/atomic-6.C  -O3 -fomit-frame-pointer -funroll-loops  execution test
FAIL: libgomp.c++/atomic-6.C  -O3 -fomit-frame-pointer -funroll-all-loops -finline-functions  execution test
FAIL: libgomp.c++/atomic-6.C  -O3 -g  execution test
FAIL: libgomp.c++/atomic-6.C  -Os  execution test
FAIL: libgomp.c++/atomic-7.C  -O0  execution test
FAIL: libgomp.c++/atomic-7.C  -O1  execution test
FAIL: libgomp.c++/atomic-7.C  -O2  execution test
FAIL: libgomp.c++/atomic-7.C  -O3 -fomit-frame-pointer  execution test
FAIL: libgomp.c++/atomic-7.C  -O3 -fomit-frame-pointer -funroll-loops  execution test
FAIL: libgomp.c++/atomic-7.C  -O3 -fomit-frame-pointer -funroll-all-loops -finline-functions  execution test
FAIL: libgomp.c++/atomic-7.C  -O3 -g  execution test
FAIL: libgomp.c++/atomic-7.C  -Os  execution test
FAIL: libgomp.c++/atomic-8.C  -O0  (test for excess errors)
WARNING: libgomp.c++/atomic-8.C  -O0  compilation failed to produce executable
FAIL: libgomp.c++/atomic-8.C  -O1  (test for excess errors)
WARNING: libgomp.c++/atomic-8.C  -O1  compilation failed to produce executable
FAIL: libgomp.c++/atomic-8.C  -O2  (test for excess errors)
WARNING: libgomp.c++/atomic-8.C  -O2  compilation failed to produce executable
FAIL: libgomp.c++/atomic-8.C  -O3 -fomit-frame-pointer  (test for excess errors)
WARNING: libgomp.c++/atomic-8.C  -O3 -fomit-frame-pointer  compilation failed to produce executable
FAIL: libgomp.c++/atomic-8.C  -O3 -fomit-frame-pointer -funroll-loops  (test for excess errors)
WARNING: libgomp.c++/atomic-8.C  -O3 -fomit-frame-pointer -funroll-loops  compilation failed to produce executable
FAIL: libgomp.c++/atomic-8.C  -O3 -fomit-frame-pointer -funroll-all-loops -finline-functions  (test for excess errors)
WARNING: libgomp.c++/atomic-8.C  -O3 -fomit-frame-pointer -funroll-all-loops -finline-functions  compilation failed to produce executable
FAIL: libgomp.c++/atomic-8.C  -O3 -g  (test for excess errors)
WARNING: libgomp.c++/atomic-8.C  -O3 -g  compilation failed to produce executable
FAIL: libgomp.c++/atomic-8.C  -Os  (test for excess errors)
WARNING: libgomp.c++/atomic-8.C  -Os  compilation failed to produce executable
FAIL: libgomp.c++/atomic-9.C  -O0  (test for excess errors)
WARNING: libgomp.c++/atomic-9.C  -O0  compilation failed to produce executable
FAIL: libgomp.c++/atomic-9.C  -O1  (test for excess errors)
WARNING: libgomp.c++/atomic-9.C  -O1  compilation failed to produce executable
FAIL: libgomp.c++/atomic-9.C  -O2  (test for excess errors)
WARNING: libgomp.c++/atomic-9.C  -O2  compilation failed to produce executable
FAIL: libgomp.c++/atomic-9.C  -O3 -fomit-frame-pointer  (test for excess errors)
WARNING: libgomp.c++/atomic-9.C  -O3 -fomit-frame-pointer  compilation failed to produce executable
FAIL: libgomp.c++/atomic-9.C  -O3 -fomit-frame-pointer -funroll-loops  (test for excess errors)
WARNING: libgomp.c++/atomic-9.C  -O3 -fomit-frame-pointer -funroll-loops  compilation failed to produce executable
FAIL: libgomp.c++/atomic-9.C  -O3 -fomit-frame-pointer -funroll-all-loops -finline-functions  (test for excess errors)
WARNING: libgomp.c++/atomic-9.C  -O3 -fomit-frame-pointer -funroll-all-loops -finline-functions  compilation failed to produce executable
FAIL: libgomp.c++/atomic-9.C  -O3 -g  (test for excess errors)
WARNING: libgomp.c++/atomic-9.C  -O3 -g  compilation failed to produce executable
FAIL: libgomp.c++/atomic-9.C  -Os  (test for excess errors)
WARNING: libgomp.c++/atomic-9.C  -Os  compilation failed to produce executable
FAIL: libgomp.c++/collapse-1.C  -O0  (test for excess errors)
WARNING: libgomp.c++/collapse-1.C  -O0  compilation failed to produce executable
FAIL: libgomp.c++/collapse-1.C  -O1  (test for excess errors)
WARNING: libgomp.c++/collapse-1.C  -O1  compilation failed to produce executable
FAIL: libgomp.c++/collapse-1.C  -O2  (test for excess errors)
WARNING: libgomp.c++/collapse-1.C  -O2  compilation failed to produce executable
FAIL: libgomp.c++/collapse-1.C  -O3 -fomit-frame-pointer  (test for excess errors)
WARNING: libgomp.c++/collapse-1.C  -O3 -fomit-frame-pointer  compilation failed to produce executable
FAIL: libgomp.c++/collapse-1.C  -O3 -fomit-frame-pointer -funroll-loops  (test for excess errors)
WARNING: libgomp.c++/collapse-1.C  -O3 -fomit-frame-pointer -funroll-loops  compilation failed to produce executable
FAIL: libgomp.c++/collapse-1.C  -O3 -fomit-frame-pointer -funroll-all-loops -finline-functions  (test for excess errors)
WARNING: libgomp.c++/collapse-1.C  -O3 -fomit-frame-pointer -funroll-all-loops -finline-functions  compilation failed to produce executable
FAIL: libgomp.c++/collapse-1.C  -O3 -g  (test for excess errors)
WARNING: libgomp.c++/collapse-1.C  -O3 -g  compilation failed to produce executable
FAIL: libgomp.c++/collapse-1.C  -Os  (test for excess errors)
WARNING: libgomp.c++/collapse-1.C  -Os  compilation failed to produce executable
FAIL: libgomp.c++/reduction-1.C  -O  (test for excess errors)
WARNING: libgomp.c++/reduction-1.C  -O  compilation failed to produce executable
FAIL: libgomp.c++/reduction-2.C  -O  (test for excess errors)
WARNING: libgomp.c++/reduction-2.C  -O  compilation failed to produce executable
FAIL: libgomp.c++/reduction-3.C  -O  (test for excess errors)
WARNING: libgomp.c++/reduction-3.C  -O  compilation failed to produce executable
FAIL: libgomp.fortran/jacobi.f  -O0  execution test
FAIL: libgomp.fortran/jacobi.f  -O1  execution test
FAIL: libgomp.fortran/jacobi.f  -O2  execution test
FAIL: libgomp.fortran/jacobi.f  -O3 -fomit-frame-pointer  execution test
FAIL: libgomp.fortran/jacobi.f  -O3 -fomit-frame-pointer -funroll-loops  execution test
FAIL: libgomp.fortran/jacobi.f  -O3 -fomit-frame-pointer -funroll-all-loops -finline-functions  execution test
FAIL: libgomp.fortran/jacobi.f  -O3 -g  execution test
FAIL: libgomp.fortran/jacobi.f  -Os  execution test
FAIL: libgomp.fortran/omp_atomic1.f90  -O0  execution test
FAIL: libgomp.fortran/omp_atomic1.f90  -O1  execution test
FAIL: libgomp.fortran/omp_atomic1.f90  -O2  execution test
FAIL: libgomp.fortran/omp_atomic1.f90  -O3 -fomit-frame-pointer  execution test
FAIL: libgomp.fortran/omp_atomic1.f90  -O3 -fomit-frame-pointer -funroll-loops  execution test
FAIL: libgomp.fortran/omp_atomic1.f90  -O3 -fomit-frame-pointer -funroll-all-loops -finline-functions  execution test
FAIL: libgomp.fortran/omp_atomic1.f90  -O3 -g  execution test
FAIL: libgomp.fortran/omp_atomic1.f90  -Os  execution test
FAIL: libgomp.fortran/omp_atomic3.f90  -O0  execution test
FAIL: libgomp.fortran/omp_atomic3.f90  -O1  execution test
FAIL: libgomp.fortran/omp_atomic3.f90  -O2  execution test
FAIL: libgomp.fortran/omp_atomic3.f90  -O3 -fomit-frame-pointer  execution test
FAIL: libgomp.fortran/omp_atomic3.f90  -O3 -fomit-frame-pointer -funroll-loops  execution test
FAIL: libgomp.fortran/omp_atomic3.f90  -O3 -fomit-frame-pointer -funroll-all-loops -finline-functions  execution test
FAIL: libgomp.fortran/omp_atomic3.f90  -O3 -g  execution test
FAIL: libgomp.fortran/omp_atomic3.f90  -Os  execution test
FAIL: libgomp.fortran/omp_atomic4.f90  -O0  execution test
FAIL: libgomp.fortran/omp_atomic4.f90  -O1  execution test
FAIL: libgomp.fortran/omp_atomic4.f90  -O2  execution test
FAIL: libgomp.fortran/omp_atomic4.f90  -O3 -fomit-frame-pointer  execution test
FAIL: libgomp.fortran/omp_atomic4.f90  -O3 -fomit-frame-pointer -funroll-loops  execution test
FAIL: libgomp.fortran/omp_atomic4.f90  -O3 -fomit-frame-pointer -funroll-all-loops -finline-functions  execution test
FAIL: libgomp.fortran/omp_atomic4.f90  -O3 -g  execution test
FAIL: libgomp.fortran/omp_atomic4.f90  -Os  execution test
FAIL: libgomp.fortran/omp_orphan.f  -O  execution test
FAIL: libgomp.fortran/pr48894.f90  -O0  execution test
FAIL: libgomp.fortran/pr48894.f90  -O1  execution test
FAIL: libgomp.fortran/pr48894.f90  -O2  execution test
FAIL: libgomp.fortran/pr48894.f90  -O3 -fomit-frame-pointer  execution test
FAIL: libgomp.fortran/pr48894.f90  -O3 -fomit-frame-pointer -funroll-loops  execution test
FAIL: libgomp.fortran/pr48894.f90  -O3 -fomit-frame-pointer -funroll-all-loops -finline-functions  execution test
FAIL: libgomp.fortran/pr48894.f90  -O3 -g  execution test
FAIL: libgomp.fortran/pr48894.f90  -Os  execution test
FAIL: libgomp.fortran/reduction5.f90  -O0  (test for excess errors)
WARNING: libgomp.fortran/reduction5.f90  -O0  compilation failed to produce executable
FAIL: libgomp.fortran/reduction5.f90  -O1  (test for excess errors)
WARNING: libgomp.fortran/reduction5.f90  -O1  compilation failed to produce executable
FAIL: libgomp.fortran/reduction5.f90  -O2  (test for excess errors)
WARNING: libgomp.fortran/reduction5.f90  -O2  compilation failed to produce executable
FAIL: libgomp.fortran/reduction5.f90  -O3 -fomit-frame-pointer  (test for excess errors)
WARNING: libgomp.fortran/reduction5.f90  -O3 -fomit-frame-pointer  compilation failed to produce executable
FAIL: libgomp.fortran/reduction5.f90  -O3 -fomit-frame-pointer -funroll-loops  (test for excess errors)
WARNING: libgomp.fortran/reduction5.f90  -O3 -fomit-frame-pointer -funroll-loops  compilation failed to produce executable
FAIL: libgomp.fortran/reduction5.f90  -O3 -fomit-frame-pointer -funroll-all-loops -finline-functions  (test for excess errors)
WARNING: libgomp.fortran/reduction5.f90  -O3 -fomit-frame-pointer -funroll-all-loops -finline-functions  compilation failed to produce executable
FAIL: libgomp.fortran/reduction5.f90  -O3 -g  (test for excess errors)
WARNING: libgomp.fortran/reduction5.f90  -O3 -g  compilation failed to produce executable
FAIL: libgomp.fortran/reduction5.f90  -Os  (test for excess errors)
WARNING: libgomp.fortran/reduction5.f90  -Os  compilation failed to produce executable
WARNING: program timed out.
FAIL: libgomp.fortran/strassen.f90  -O  execution test

		=== libgomp Summary ===

# of expected passes		2748
# of unexpected failures	132
# of unsupported tests		1
		=== libstdc++ tests ===


Running target unix
FAIL: 27_io/fpos/14775.cc execution test

		=== libstdc++ Summary ===

# of expected passes		7560
# of unexpected failures	1
# of expected failures		45
# of unsupported tests		633
		=== g++ tests ===


Running target unix
FAIL: g++.dg/ext/cleanup-10.C -std=gnu++98 execution test
FAIL: g++.dg/ext/cleanup-10.C -std=gnu++11 execution test
FAIL: g++.dg/ext/cleanup-11.C -std=gnu++98 execution test
FAIL: g++.dg/ext/cleanup-11.C -std=gnu++11 execution test
FAIL: g++.dg/ext/cleanup-8.C -std=gnu++98 execution test
FAIL: g++.dg/ext/cleanup-8.C -std=gnu++11 execution test
FAIL: g++.dg/ext/cleanup-9.C -std=gnu++98 execution test
FAIL: g++.dg/ext/cleanup-9.C -std=gnu++11 execution test
FAIL: g++.dg/gcov/gcov-2.C:23:is 1:should be 2
FAIL: g++.dg/gcov/gcov-2.C gcov: 1 failures in line counts, 0 in branch percentages, 0 in return percentages
FAIL: g++.dg/gcov/gcov-2.C:23:is 1:should be 2
FAIL: g++.dg/gcov/gcov-2.C gcov: 1 failures in line counts, 0 in branch percentages, 0 in return percentages
FAIL: g++.old-deja/g++.law/profile1.C -std=gnu++98 (test for excess errors)
WARNING: g++.old-deja/g++.law/profile1.C -std=gnu++98 compilation failed to produce executable
FAIL: g++.old-deja/g++.law/profile1.C -std=gnu++11 (test for excess errors)
WARNING: g++.old-deja/g++.law/profile1.C -std=gnu++11 compilation failed to produce executable
FAIL: g++.old-deja/g++.pt/ptrmem6.C -std=c++11  (test for errors, line 28)

		=== g++ Summary ===

# of expected passes		45835
# of unexpected failures	15
# of expected failures		288
# of unsupported tests		601
/home/dave/gnu/gcc/objdir/gcc/testsuite/g++/../../g++  version 4.7.0 20111202 (experimental) [trunk revision 181951] (GCC) 

		=== gcc tests ===


Running target unix
FAIL: gcc.c-torture/compile/limits-structnest.c  -O2  (internal compiler error)
FAIL: gcc.c-torture/compile/limits-structnest.c  -O2  (test for excess errors)
FAIL: gcc.c-torture/compile/limits-structnest.c  -O3 -fomit-frame-pointer  (internal compiler error)
FAIL: gcc.c-torture/compile/limits-structnest.c  -O3 -fomit-frame-pointer  (test for excess errors)
FAIL: gcc.c-torture/compile/limits-structnest.c  -O3 -g  (internal compiler error)
FAIL: gcc.c-torture/compile/limits-structnest.c  -O3 -g  (test for excess errors)
FAIL: gcc.c-torture/compile/limits-structnest.c  -Os  (internal compiler error)
FAIL: gcc.c-torture/compile/limits-structnest.c  -Os  (test for excess errors)
FAIL: gcc.c-torture/compile/limits-structnest.c  -O2 -flto -fno-use-linker-plugin -flto-partition=none  (internal compiler error)
FAIL: gcc.c-torture/compile/limits-structnest.c  -O2 -flto -fno-use-linker-plugin -flto-partition=none  (test for excess errors)
FAIL: gcc.c-torture/compile/sync-3.c  -O1  (internal compiler error)
FAIL: gcc.c-torture/compile/sync-3.c  -O1  (test for excess errors)
FAIL: gcc.c-torture/compile/sync-3.c  -O2  (internal compiler error)
FAIL: gcc.c-torture/compile/sync-3.c  -O2  (test for excess errors)
FAIL: gcc.c-torture/compile/sync-3.c  -O3 -fomit-frame-pointer  (internal compiler error)
FAIL: gcc.c-torture/compile/sync-3.c  -O3 -fomit-frame-pointer  (test for excess errors)
FAIL: gcc.c-torture/compile/sync-3.c  -O3 -g  (internal compiler error)
FAIL: gcc.c-torture/compile/sync-3.c  -O3 -g  (test for excess errors)
FAIL: gcc.c-torture/compile/sync-3.c  -Os  (internal compiler error)
FAIL: gcc.c-torture/compile/sync-3.c  -Os  (test for excess errors)
FAIL: gcc.c-torture/compile/sync-3.c  -O2 -flto -fno-use-linker-plugin -flto-partition=none  (internal compiler error)
FAIL: gcc.c-torture/compile/sync-3.c  -O2 -flto -fno-use-linker-plugin -flto-partition=none  (test for excess errors)
FAIL: gcc.c-torture/compile/sync-3.c  -O2 -flto -fuse-linker-plugin -fno-fat-lto-objects  (internal compiler error)
FAIL: gcc.c-torture/compile/sync-3.c  -O2 -flto -fuse-linker-plugin -fno-fat-lto-objects  (test for excess errors)
FAIL: gcc.dg/20021014-1.c (test for excess errors)
WARNING: gcc.dg/20021014-1.c compilation failed to produce executable
FAIL: gcc.dg/atomic-compare-exchange-1.c execution test
FAIL: gcc.dg/atomic-compare-exchange-2.c execution test
FAIL: gcc.dg/atomic-op-1.c (test for excess errors)
WARNING: gcc.dg/atomic-op-1.c compilation failed to produce executable
FAIL: gcc.dg/atomic-op-2.c (test for excess errors)
WARNING: gcc.dg/atomic-op-2.c compilation failed to produce executable
FAIL: gcc.dg/atomic-op-3.c (test for excess errors)
WARNING: gcc.dg/atomic-op-3.c compilation failed to produce executable
FAIL: gcc.dg/c99-stdint-1.c (test for excess errors)
FAIL: gcc.dg/c99-stdint-7.c (test for excess errors)
FAIL: gcc.dg/cleanup-10.c execution test
FAIL: gcc.dg/cleanup-11.c execution test
FAIL: gcc.dg/cleanup-8.c execution test
FAIL: gcc.dg/cleanup-9.c execution test
FAIL: gcc.dg/cproj-fails-with-broken-glibc.c execution test
FAIL: gcc.dg/ia64-sync-1.c (internal compiler error)
FAIL: gcc.dg/ia64-sync-1.c  (test for warnings, line )
FAIL: gcc.dg/ia64-sync-1.c (test for excess errors)
WARNING: gcc.dg/ia64-sync-1.c compilation failed to produce executable
FAIL: gcc.dg/ia64-sync-2.c (test for excess errors)
WARNING: gcc.dg/ia64-sync-2.c compilation failed to produce executable
FAIL: gcc.dg/nest.c (test for excess errors)
WARNING: gcc.dg/nest.c compilation failed to produce executable
FAIL: gcc.dg/nested-func-4.c (test for excess errors)
WARNING: gcc.dg/nested-func-4.c compilation failed to produce executable
FAIL: gcc.dg/pr32450.c (test for excess errors)
WARNING: gcc.dg/pr32450.c compilation failed to produce executable
FAIL: gcc.dg/pr43643.c (test for excess errors)
WARNING: gcc.dg/pr43643.c compilation failed to produce executable
FAIL: gcc.dg/pr45819.c (test for excess errors)
FAIL: gcc.dg/pr49696.c (internal compiler error)
FAIL: gcc.dg/pr49696.c  (test for warnings, line )
FAIL: gcc.dg/pr49696.c (test for excess errors)
FAIL: gcc.dg/pr49994-3.c (test for excess errors)
FAIL: gcc.dg/sync-2.c (test for excess errors)
WARNING: gcc.dg/sync-2.c compilation failed to produce executable
FAIL: gcc.dg/sync-3.c (test for excess errors)
WARNING: gcc.dg/sync-3.c compilation failed to produce executable
FAIL: gcc.dg/uninit-13.c unconditional (test for warnings, line 8)
FAIL: gcc.dg/uninit-13.c (test for excess errors)
FAIL: gcc.dg/simulate-thread/atomic-other-int.c  -O0 -g  (test for excess errors)
FAIL: gcc.dg/simulate-thread/atomic-other-int.c  -O1 -g  (test for excess errors)
FAIL: gcc.dg/simulate-thread/atomic-other-int.c  -O2 -g  (test for excess errors)
FAIL: gcc.dg/simulate-thread/atomic-other-int.c  -O3 -g  (test for excess errors)
FAIL: gcc.dg/simulate-thread/atomic-other-int.c  -Os -g  (test for excess errors)
FAIL: gcc.dg/simulate-thread/atomic-other-short.c  -O0 -g  (test for excess errors)
FAIL: gcc.dg/simulate-thread/atomic-other-short.c  -O1 -g  (test for excess errors)
FAIL: gcc.dg/simulate-thread/atomic-other-short.c  -O2 -g  (test for excess errors)
FAIL: gcc.dg/simulate-thread/atomic-other-short.c  -O3 -g  (test for excess errors)
FAIL: gcc.dg/simulate-thread/atomic-other-short.c  -Os -g  (test for excess errors)
UNRESOLVED: gcc.dg/torture/ipa-pta-1.c  -O2 -flto -fuse-linker-plugin -fno-fat-lto-objects  scan-ipa-dump pta "bar.arg0 = { test4.arg0 test3.arg0 test2.arg0 test1.arg0 }"
UNRESOLVED: gcc.dg/torture/pr23821.c  -O2 -flto -fuse-linker-plugin -fno-fat-lto-objects  scan-tree-dump ivcanon "Added canonical iv"
UNRESOLVED: gcc.dg/torture/pr39074-2.c  -O2 -flto -fuse-linker-plugin -fno-fat-lto-objects  scan-tree-dump alias "y.._., points-to vars: { i }"
UNRESOLVED: gcc.dg/torture/pr39074.c  -O2 -flto -fuse-linker-plugin -fno-fat-lto-objects  scan-tree-dump alias "y.._., points-to vars: { i }"
UNRESOLVED: gcc.dg/torture/pr42898-2.c  -O2 -flto -fuse-linker-plugin -fno-fat-lto-objects  scan-tree-dump-times optimized "\\*ptr" 1
UNRESOLVED: gcc.dg/torture/pr42898.c  -O2 -flto -fuse-linker-plugin -fno-fat-lto-objects  scan-tree-dump-times optimized "\\*ptr" 1
UNRESOLVED: gcc.dg/torture/pr45704.c  -O2 -flto -fuse-linker-plugin -fno-fat-lto-objects  scan-tree-dump-times optimized "={v}" 1
UNRESOLVED: gcc.dg/torture/pr50472.c  -O2 -flto -fuse-linker-plugin -fno-fat-lto-objects  scan-tree-dump-not optimized "return 1"
UNRESOLVED: gcc.dg/torture/pta-callused-1.c  -O2 -flto -fuse-linker-plugin -fno-fat-lto-objects  scan-tree-dump alias "p.._., points-to vars: { i j }"
UNRESOLVED: gcc.dg/torture/pta-escape-1.c  -O2 -flto -fuse-linker-plugin -fno-fat-lto-objects  scan-tree-dump alias "ESCAPED = {[^
UNRESOLVED: gcc.dg/torture/pta-ptrarith-1.c  -O2 -flto -fuse-linker-plugin -fno-fat-lto-objects  scan-tree-dump alias "ESCAPED = {[^
UNRESOLVED: gcc.dg/torture/pta-ptrarith-2.c  -O2 -flto -fuse-linker-plugin -fno-fat-lto-objects  scan-tree-dump alias "= { i j }"
UNRESOLVED: gcc.dg/torture/pta-ptrarith-3.c  -O2 -flto -fuse-linker-plugin -fno-fat-lto-objects  scan-tree-dump alias "q_., points-to vars: { i j k }"
UNRESOLVED: gcc.dg/torture/ssa-pta-fn-1.c  -O2 -flto -fuse-linker-plugin -fno-fat-lto-objects  scan-tree-dump alias "q_const_., points-to non-local, points-to vars: { i }"
UNRESOLVED: gcc.dg/torture/ssa-pta-fn-1.c  -O2 -flto -fuse-linker-plugin -fno-fat-lto-objects  scan-tree-dump alias "q_pure_., points-to non-local, points-to escaped, points-to vars: { i }"
UNRESOLVED: gcc.dg/torture/ssa-pta-fn-1.c  -O2 -flto -fuse-linker-plugin -fno-fat-lto-objects  scan-tree-dump alias "q_normal_., points-to non-local, points-to escaped, points-to vars: { }"
FAIL: gcc.dg/tree-ssa/pr42585.c scan-tree-dump-times optimized "struct _fat_ptr _ans" 0
FAIL: gcc.dg/tree-ssa/pr42585.c scan-tree-dump-times optimized "struct _fat_ptr _T2" 0
FAIL: gcc.dg/tree-ssa/sra-12.c scan-tree-dump-times release_ssa "l;" 0
FAIL: gcc.dg/tree-ssa/vrp47.c scan-tree-dump-times dom1 "x[^ ]* & y" 1
FAIL: gcc.dg/vect/vect-104.c scan-tree-dump-times vect "possible dependence between data-refs" 1
FAIL: gcc.dg/vect/vect-98.c scan-tree-dump-times vect "vectorized 1 loops" 1
XPASS: gcc.dg/vect/vect-98.c scan-tree-dump-times vect "vectorized 1 loops" 0
FAIL: gcc.dg/vect/vect-multitypes-11.c scan-tree-dump-times vect "vectorized 1 loops" 1
FAIL: gcc.dg/vect/vect-multitypes-12.c scan-tree-dump-times vect "vectorized 1 loops" 1
FAIL: gcc.dg/vect/vect-outer-1.c scan-tree-dump-times vect "strided access in outer loop" 1
FAIL: gcc.dg/vect/vect-outer-1a.c scan-tree-dump-times vect "strided access in outer loop" 1
FAIL: gcc.dg/vect/vect-outer-1b.c scan-tree-dump-times vect "strided access in outer loop" 1
FAIL: gcc.dg/vect/vect-outer-2b.c scan-tree-dump-times vect "strided access in outer loop" 1
FAIL: gcc.dg/vect/vect-outer-3a.c scan-tree-dump-times vect "step doesn't divide the vector-size" 2
FAIL: gcc.dg/vect/vect-outer-3b.c scan-tree-dump-times vect "strided access in outer loop" 2
FAIL: gcc.dg/vect/vect-reduc-dot-s16b.c scan-tree-dump-times vect "vectorized 1 loops" 0
FAIL: gcc.dg/vect/vect-reduc-dot-s8b.c scan-tree-dump-times vect "vect_recog_widen_mult_pattern: detected" 1
FAIL: gcc.dg/vect/vect-reduc-pattern-1a.c scan-tree-dump-times vect "vectorized 1 loops" 0
FAIL: gcc.dg/vect/vect-reduc-pattern-1b.c scan-tree-dump-times vect "vectorized 1 loops" 0
FAIL: gcc.dg/vect/vect-reduc-pattern-1c.c scan-tree-dump-times vect "vectorized 1 loops" 0
FAIL: gcc.dg/vect/vect-reduc-pattern-2a.c scan-tree-dump-times vect "vectorized 1 loops" 0
FAIL: gcc.dg/vect/vect-reduc-pattern-2b.c scan-tree-dump-times vect "vectorized 1 loops" 0
XPASS: gcc.dg/vect/slp-reduc-3.c scan-tree-dump-times vect "vectorizing stmts using SLP" 1
FAIL: gcc.dg/vect/vect-104.c -flto scan-tree-dump-times vect "possible dependence between data-refs" 1
FAIL: gcc.dg/vect/vect-98.c -flto scan-tree-dump-times vect "vectorized 1 loops" 1
XPASS: gcc.dg/vect/vect-98.c -flto scan-tree-dump-times vect "vectorized 1 loops" 0
FAIL: gcc.dg/vect/vect-multitypes-11.c -flto scan-tree-dump-times vect "vectorized 1 loops" 1
FAIL: gcc.dg/vect/vect-multitypes-12.c -flto scan-tree-dump-times vect "vectorized 1 loops" 1
FAIL: gcc.dg/vect/vect-outer-1.c -flto scan-tree-dump-times vect "strided access in outer loop" 1
FAIL: gcc.dg/vect/vect-outer-1a.c -flto scan-tree-dump-times vect "strided access in outer loop" 1
FAIL: gcc.dg/vect/vect-outer-1b.c -flto scan-tree-dump-times vect "strided access in outer loop" 1
FAIL: gcc.dg/vect/vect-outer-2b.c -flto scan-tree-dump-times vect "strided access in outer loop" 1
FAIL: gcc.dg/vect/vect-outer-3a.c -flto scan-tree-dump-times vect "step doesn't divide the vector-size" 2
FAIL: gcc.dg/vect/vect-outer-3b.c -flto scan-tree-dump-times vect "strided access in outer loop" 2
FAIL: gcc.dg/vect/vect-reduc-dot-s16b.c -flto scan-tree-dump-times vect "vectorized 1 loops" 0
FAIL: gcc.dg/vect/vect-reduc-dot-s8b.c -flto scan-tree-dump-times vect "vect_recog_widen_mult_pattern: detected" 1
FAIL: gcc.dg/vect/vect-reduc-pattern-1a.c -flto scan-tree-dump-times vect "vectorized 1 loops" 0
FAIL: gcc.dg/vect/vect-reduc-pattern-1b.c -flto scan-tree-dump-times vect "vectorized 1 loops" 0
FAIL: gcc.dg/vect/vect-reduc-pattern-1c.c -flto scan-tree-dump-times vect "vectorized 1 loops" 0
FAIL: gcc.dg/vect/vect-reduc-pattern-2a.c -flto scan-tree-dump-times vect "vectorized 1 loops" 0
FAIL: gcc.dg/vect/vect-reduc-pattern-2b.c -flto scan-tree-dump-times vect "vectorized 1 loops" 0
XPASS: gcc.dg/vect/slp-reduc-3.c -flto scan-tree-dump-times vect "vectorizing stmts using SLP" 1
FAIL: gcc.dg/vect/no-vfa-vect-101.c scan-tree-dump-times vect "can't determine dependence" 1
FAIL: gcc.dg/vect/no-vfa-vect-102.c scan-tree-dump-times vect "possible dependence between data-refs" 1
FAIL: gcc.dg/vect/no-vfa-vect-102a.c scan-tree-dump-times vect "possible dependence between data-refs" 1
FAIL: gcc.dg/vect/no-vfa-vect-37.c scan-tree-dump-times vect "can't determine dependence" 2
FAIL: gcc.dg/vect/no-vfa-vect-79.c scan-tree-dump-times vect "can't determine dependence" 1
FAIL: gcc.dg/vect/wrapv-vect-reduc-pattern-2c.c scan-tree-dump-times vect "vectorized 1 loops" 0
XPASS: gcc.dg/vect/no-scevccp-outer-16.c scan-tree-dump-times vect "OUTER LOOP VECTORIZED." 1
XPASS: gcc.dg/vect/no-scevccp-outer-17.c scan-tree-dump-times vect "OUTER LOOP VECTORIZED." 1
XPASS: gcc.dg/vect/no-scevccp-outer-19.c scan-tree-dump-times vect "OUTER LOOP VECTORIZED." 1
XPASS: gcc.dg/vect/no-scevccp-outer-21.c scan-tree-dump-times vect "OUTER LOOP VECTORIZED." 1
FAIL: gcc.target/arm/di-longlong64-sync-withhelpers.c (internal compiler error)
FAIL: gcc.target/arm/di-longlong64-sync-withhelpers.c  (test for warnings, line )
FAIL: gcc.target/arm/di-longlong64-sync-withhelpers.c  (test for warnings, line )
FAIL: gcc.target/arm/di-longlong64-sync-withhelpers.c (test for excess errors)
UNRESOLVED: gcc.target/arm/di-longlong64-sync-withhelpers.c scan-assembler-not ldrexd
UNRESOLVED: gcc.target/arm/di-longlong64-sync-withhelpers.c scan-assembler-not strexd
UNRESOLVED: gcc.target/arm/di-longlong64-sync-withhelpers.c scan-assembler __sync_
FAIL: gcc.target/arm/di-longlong64-sync-withldrexd.c scan-assembler-times \\tldrexd 46
FAIL: gcc.target/arm/di-longlong64-sync-withldrexd.c scan-assembler-times \\tstrexd 46
FAIL: gcc.target/arm/headmerge-2.c scan-assembler-times 120 1
FAIL: gcc.target/arm/pr42575.c scan-assembler-not mov

		=== gcc Summary ===

# of expected passes		79217
# of unexpected failures	116
# of unexpected successes	8
# of expected failures		237
# of unresolved testcases	19
# of unsupported tests		1288
/home/dave/gnu/gcc/objdir/gcc/xgcc  version 4.7.0 20111202 (experimental) [trunk revision 181951] (GCC) 

		=== gfortran tests ===


Running target unix
FAIL: gfortran.dg/zero_sized_1.f90  -O0  execution test
FAIL: gfortran.dg/vect/pr19049.f90  -O  scan-tree-dump-times vect "complicated access pattern" 1

		=== gfortran Summary ===

# of expected passes		38910
# of unexpected failures	2
# of expected failures		42
# of unsupported tests		393
/home/dave/gnu/gcc/objdir/gcc/testsuite/gfortran/../../gfortran  version 4.7.0 20111202 (experimental) [trunk revision 181951] (GCC) 

		=== obj-c++ tests ===


Running target unix
FAIL: obj-c++.dg/naming-3.mm -fgnu-runtime  (test for errors, line 6)
FAIL: obj-c++.dg/naming-4.mm -fgnu-runtime  (test for errors, line 31)
FAIL: obj-c++.dg/naming-4.mm -fgnu-runtime  (test for warnings, line 63)
FAIL: obj-c++.dg/naming-4.mm -fgnu-runtime  (test for warnings, line 100)

		=== obj-c++ Summary ===

# of expected passes		1446
# of unexpected failures	4
# of expected failures		2
# of unsupported tests		86
/home/dave/gnu/gcc/objdir/gcc/testsuite/obj-c++/../../g++  version 4.7.0 20111202 (experimental) [trunk revision 181951] (GCC) 

		=== objc tests ===


Running target unix
FAIL: objc.dg-struct-layout-encoding-1/t025_main.m execution test
FAIL: objc.dg-struct-layout-encoding-1/t027_main.m execution test
FAIL: objc.dg-struct-layout-encoding-1/t028_main.m execution test
FAIL: objc.dg-struct-layout-encoding-1/t029_main.m execution test
FAIL: objc.dg-struct-layout-encoding-1/t030_main.m execution test
FAIL: objc.dg-struct-layout-encoding-1/t031_main.m execution test

		=== objc Summary ===

# of expected passes		2988
# of unexpected failures	6
# of unsupported tests		74
/home/dave/gnu/gcc/objdir/gcc/xgcc  version 4.7.0 20111202 (experimental) [trunk revision 181951] (GCC) 


Compiler version: 4.7.0 20111202 (experimental) [trunk revision 181951] (GCC) 
Platform: armv5tejl-unknown-linux-gnueabi
configure flags: --enable-languages=c,c++,fortran,objc,obj-c++ --enable-checking=release --enable-shared --enable-threads --disable-multilib --disable-libmudflap --disable-libssp --enable-symvers=gnu --enable-__cxa_atexit --disable-libstdcxx-pch --prefix=/home/dave/opt/gnu/gcc/gcc-4.7 --with-gmp=/home/dave/opt/gnu --with-as=/home/dave/opt/gnu/bin/as --with-ld=/home/dave/opt/gnu/bin/ld


Index Nav: [Date Index] [Subject Index] [Author Index] [Thread Index]
Message Nav: [Date Prev] [Date Next] [Thread Prev] [Thread Next]