This is the mail archive of the
gcc-testresults@gcc.gnu.org
mailing list for the GCC project.
Results for 4.7.0 20111202 (experimental) [trunk revision 181906] (GCC) testsuite on i386-pc-solaris2.8
- From: <ro at smtp-relay dot CeBiTec dot Uni-Bielefeld dot DE>
- To: gcc-testresults at gcc dot gnu dot org
- Date: Mon, 5 Dec 2011 10:45:00 +0100 (MET)
- Subject: Results for 4.7.0 20111202 (experimental) [trunk revision 181906] (GCC) testsuite on i386-pc-solaris2.8
LAST_UPDATED: Fri Dec 2 12:12:30 UTC 2011 (revision 181906)
=== acats tests ===
=== acats Summary ===
# of expected passes 2321
# of unexpected failures 0
Native configuration is i386-pc-solaris2.8
=== g++ tests ===
Running target unix
FAIL: g++.dg/init/cleanup3.C scan-assembler-not _tcf
FAIL: g++.dg/init/cleanup3.C scan-assembler-not _tcf
FAIL: g++.dg/lto/20100302 cp_lto_20100302_0.o-cp_lto_20100302_1.o link, -flto -fabi-version=2 (internal compiler error)
UNRESOLVED: g++.dg/lto/20100302 cp_lto_20100302_0.o-cp_lto_20100302_1.o execute -flto -fabi-version=2
FAIL: g++.old-deja/g++.other/init5.C -std=c++98 execution test
FAIL: g++.old-deja/g++.other/init5.C -std=c++11 execution test
=== g++ Summary ===
# of expected passes 46248
# of unexpected failures 5
# of expected failures 290
# of unresolved testcases 1
# of unsupported tests 374
/var/gcc/regression/trunk/8-gcc-gas-gld/build/gcc/testsuite/g++/../../g++ version 4.7.0 20111202 (experimental) [trunk revision 181906] (GCC)
=== gcc tests ===
Running target unix
UNRESOLVED: gcc.dg/torture/ipa-pta-1.c -O2 -flto -fuse-linker-plugin -fno-fat-lto-objects scan-ipa-dump pta "bar.arg0 = { test4.arg0 test3.arg0 test2.arg0 test1.arg0 }"
UNRESOLVED: gcc.dg/torture/pr23821.c -O2 -flto -fuse-linker-plugin -fno-fat-lto-objects scan-tree-dump ivcanon "Added canonical iv"
UNRESOLVED: gcc.dg/torture/pr39074-2.c -O2 -flto -fuse-linker-plugin -fno-fat-lto-objects scan-tree-dump alias "y.._., points-to vars: { i }"
UNRESOLVED: gcc.dg/torture/pr39074.c -O2 -flto -fuse-linker-plugin -fno-fat-lto-objects scan-tree-dump alias "y.._., points-to vars: { i }"
UNRESOLVED: gcc.dg/torture/pr42898-2.c -O2 -flto -fuse-linker-plugin -fno-fat-lto-objects scan-tree-dump-times optimized "\\*ptr" 1
UNRESOLVED: gcc.dg/torture/pr42898.c -O2 -flto -fuse-linker-plugin -fno-fat-lto-objects scan-tree-dump-times optimized "\\*ptr" 1
UNRESOLVED: gcc.dg/torture/pr45704.c -O2 -flto -fuse-linker-plugin -fno-fat-lto-objects scan-tree-dump-times optimized "={v}" 1
UNRESOLVED: gcc.dg/torture/pr50472.c -O2 -flto -fuse-linker-plugin -fno-fat-lto-objects scan-tree-dump-not optimized "return 1"
UNRESOLVED: gcc.dg/torture/pta-callused-1.c -O2 -flto -fuse-linker-plugin -fno-fat-lto-objects scan-tree-dump alias "p.._., points-to vars: { i j }"
UNRESOLVED: gcc.dg/torture/pta-escape-1.c -O2 -flto -fuse-linker-plugin -fno-fat-lto-objects scan-tree-dump alias "ESCAPED = {[^
UNRESOLVED: gcc.dg/torture/pta-ptrarith-1.c -O2 -flto -fuse-linker-plugin -fno-fat-lto-objects scan-tree-dump alias "ESCAPED = {[^
UNRESOLVED: gcc.dg/torture/pta-ptrarith-2.c -O2 -flto -fuse-linker-plugin -fno-fat-lto-objects scan-tree-dump alias "= { i j }"
UNRESOLVED: gcc.dg/torture/pta-ptrarith-3.c -O2 -flto -fuse-linker-plugin -fno-fat-lto-objects scan-tree-dump alias "q_., points-to vars: { i j k }"
UNRESOLVED: gcc.dg/torture/ssa-pta-fn-1.c -O2 -flto -fuse-linker-plugin -fno-fat-lto-objects scan-tree-dump alias "q_const_., points-to non-local, points-to vars: { i }"
UNRESOLVED: gcc.dg/torture/ssa-pta-fn-1.c -O2 -flto -fuse-linker-plugin -fno-fat-lto-objects scan-tree-dump alias "q_pure_., points-to non-local, points-to escaped, points-to vars: { i }"
UNRESOLVED: gcc.dg/torture/ssa-pta-fn-1.c -O2 -flto -fuse-linker-plugin -fno-fat-lto-objects scan-tree-dump alias "q_normal_., points-to non-local, points-to escaped, points-to vars: { }"
FAIL: gcc.dg/tree-ssa/vrp47.c scan-tree-dump-times dom1 "x[^ ]* & y" 1
=== gcc Summary ===
# of expected passes 80978
# of unexpected failures 1
# of expected failures 253
# of unresolved testcases 16
# of unsupported tests 1246
/var/gcc/regression/trunk/8-gcc-gas-gld/build/gcc/xgcc version 4.7.0 20111202 (experimental) [trunk revision 181906] (GCC)
=== gfortran tests ===
Running target unix
FAIL: gfortran.dg/static_linking_1.f -O0 execution test
FAIL: gfortran.dg/static_linking_1.f -O1 execution test
FAIL: gfortran.dg/static_linking_1.f -O2 execution test
FAIL: gfortran.dg/static_linking_1.f -O3 -fomit-frame-pointer execution test
FAIL: gfortran.dg/static_linking_1.f -O3 -fomit-frame-pointer -funroll-loops execution test
FAIL: gfortran.dg/static_linking_1.f -O3 -fomit-frame-pointer -funroll-all-loops -finline-functions execution test
FAIL: gfortran.dg/static_linking_1.f -O3 -g execution test
FAIL: gfortran.dg/static_linking_1.f -Os execution test
=== gfortran Summary ===
# of expected passes 39065
# of unexpected failures 8
# of expected failures 53
# of unsupported tests 365
/var/gcc/regression/trunk/8-gcc-gas-gld/build/gcc/testsuite/gfortran/../../gfortran version 4.7.0 20111202 (experimental) [trunk revision 181906] (GCC)
=== gnat tests ===
Running target unix
=== gnat Summary ===
# of expected passes 1052
# of expected failures 11
# of unsupported tests 6
/var/gcc/regression/trunk/8-gcc-gas-gld/build/gcc/gnatmake version 4.7.0 20111202 (experimental) [trunk revision 181906]
=== go tests ===
Running target unix
=== go Summary ===
# of expected passes 3156
# of expected failures 22
# of untested testcases 2
# of unsupported tests 4
/var/gcc/regression/trunk/8-gcc-gas-gld/build/gcc/testsuite/go/../../gccgo version 4.7.0 20111202 (experimental) [trunk revision 181906] (GCC)
=== obj-c++ tests ===
Running target unix
FAIL: obj-c++.dg/naming-3.mm -fgnu-runtime (test for errors, line 6)
FAIL: obj-c++.dg/naming-4.mm -fgnu-runtime (test for errors, line 31)
FAIL: obj-c++.dg/naming-4.mm -fgnu-runtime (test for warnings, line 63)
FAIL: obj-c++.dg/naming-4.mm -fgnu-runtime (test for warnings, line 100)
=== obj-c++ Summary ===
# of expected passes 1446
# of unexpected failures 4
# of expected failures 2
# of unsupported tests 86
/var/gcc/regression/trunk/8-gcc-gas-gld/build/gcc/testsuite/obj-c++/../../g++ version 4.7.0 20111202 (experimental) [trunk revision 181906] (GCC)
=== objc tests ===
Running target unix
=== objc Summary ===
# of expected passes 2988
# of expected failures 6
# of unsupported tests 74
/var/gcc/regression/trunk/8-gcc-gas-gld/build/gcc/xgcc version 4.7.0 20111202 (experimental) [trunk revision 181906] (GCC)
=== boehm-gc tests ===
Running target unix
=== boehm-gc Summary ===
# of expected passes 12
# of unsupported tests 1
=== libffi tests ===
Running target unix
=== libffi Summary ===
# of expected passes 1634
# of expected failures 10
# of unsupported tests 15
=== libgo tests ===
Running target unix
FAIL: http
FAIL: runtime
FAIL: time
FAIL: crypto/rand
FAIL: exp/sql
=== libgo Summary ===
# of expected passes 130
# of unexpected failures 5
=== libgomp tests ===
Running target unix
FAIL: libgomp.graphite/force-parallel-1.c execution test
FAIL: libgomp.graphite/force-parallel-7.c execution test
=== libgomp Summary ===
# of expected passes 2986
# of unexpected failures 2
# of unsupported tests 3
=== libitm tests ===
Running target unix
FAIL: libitm.c/memcpy-1.c execution test
FAIL: libitm.c/memset-1.c execution test
FAIL: libitm.c++/eh-1.C execution test
WARNING: libitm.c++/static_ctor.C compilation failed to produce executable
=== libitm Summary ===
# of expected passes 20
# of unexpected failures 3
# of expected failures 5
=== libjava tests ===
Running target unix
FAIL: Divide_1 output - source compiled test
FAIL: Divide_1 -findirect-dispatch output - source compiled test
FAIL: Divide_1 -O3 output - source compiled test
FAIL: Divide_1 -O3 -findirect-dispatch output - source compiled test
=== libjava Summary ===
# of expected passes 2570
# of unexpected failures 4
=== libstdc++ tests ===
Running target unix
=== libstdc++ Summary ===
# of expected passes 7576
# of expected failures 46
# of unsupported tests 629
Compiler version: 4.7.0 20111202 (experimental) [trunk revision 181906] (GCC)
Platform: i386-pc-solaris2.8
configure flags: --prefix=/vol/gcc --target=i386-pc-solaris2.8 --enable-obsolete --enable-objc-gc --with-host-libstdcxx='-L/vol/gcc-4.4/lib -Wl,-Bstatic -lstdc++ -Wl,-Bdynamic -lm' --with-boot-ldflags='-static-libstdc++ -static-libgcc -L/vol/gcc-4.4/lib' --with-as=/vol/gcc/bin/gas-2.22 --with-gnu-as --with-ld=/vol/gcc/bin/gld-2.22 --with-gnu-ld --disable-initfini-array --with-gmp-include=/vol/gcc/include --with-gmp-lib=/vol/gcc/lib --with-mpfr-include=/vol/gcc/include --with-mpfr-lib=/vol/gcc/lib --with-mpc-include=/vol/gcc/include --with-mpc-lib=/vol/gcc/lib --enable-languages=all,ada,obj-c++,go --with-ppl-include=/vol/gcc/include --with-ppl-lib=/vol/gcc/lib --with-cloog-include=/vol/gcc/include --with-cloog-lib=/vol/gcc/lib --enable-cloog-backend=ppl
BOOT_CFLAGS=-g -O2