This is the mail archive of the
gcc-testresults@gcc.gnu.org
mailing list for the GCC project.
Results for 4.7.0 20111202 (experimental) [trunk revision 181906] (GCC) testsuite on x86_64-pc-solaris2.11
- From: Rainer Orth <ro at CeBiTec dot Uni-Bielefeld dot DE>
- To: gcc-testresults at gcc dot gnu dot org
- Date: Mon, 5 Dec 2011 10:44:27 +0100 (MET)
- Subject: Results for 4.7.0 20111202 (experimental) [trunk revision 181906] (GCC) testsuite on x86_64-pc-solaris2.11
LAST_UPDATED: Fri Dec 2 12:12:30 UTC 2011 (revision 181906)
Native configuration is x86_64-pc-solaris2.11
=== boehm-gc tests ===
Running target unix/-m32
=== boehm-gc Summary for unix/-m32 ===
# of expected passes 12
# of unsupported tests 1
Running target unix
=== boehm-gc Summary for unix ===
# of expected passes 12
# of unsupported tests 1
=== boehm-gc Summary ===
# of expected passes 24
# of unsupported tests 2
=== libffi tests ===
Running target unix/-m32
=== libffi Summary for unix/-m32 ===
# of expected passes 1634
# of expected failures 10
# of unsupported tests 15
Running target unix
=== libffi Summary for unix ===
# of expected passes 1634
# of expected failures 10
# of unsupported tests 15
=== libffi Summary ===
# of expected passes 3268
# of expected failures 20
# of unsupported tests 30
=== libgo tests ===
Running target unix
FAIL: asn1
FAIL: big
FAIL: bufio
FAIL: bytes
FAIL: cmath
FAIL: csv
FAIL: exec
FAIL: expvar
FAIL: flag
FAIL: fmt
FAIL: gob
FAIL: html
FAIL: http
FAIL: image
FAIL: io
FAIL: json
FAIL: log
FAIL: math
FAIL: mail
FAIL: mime
FAIL: net
FAIL: os
FAIL: patch
FAIL: path
FAIL: rand
FAIL: reflect
FAIL: regexp
FAIL: rpc
FAIL: runtime
FAIL: scanner
FAIL: smtp
FAIL: sort
FAIL: strconv
FAIL: strings
FAIL: sync
FAIL: syslog
FAIL: tabwriter
FAIL: template
FAIL: time
FAIL: unicode
FAIL: url
FAIL: utf16
FAIL: utf8
FAIL: websocket
FAIL: xml
FAIL: archive/tar
FAIL: archive/zip
FAIL: compress/bzip2
FAIL: compress/flate
FAIL: compress/gzip
FAIL: compress/lzw
FAIL: compress/zlib
FAIL: container/heap
FAIL: container/list
FAIL: container/ring
FAIL: crypto/aes
FAIL: crypto/bcrypt
FAIL: crypto/blowfish
FAIL: crypto/cast5
FAIL: crypto/cipher
FAIL: crypto/des
FAIL: crypto/dsa
FAIL: crypto/ecdsa
FAIL: crypto/elliptic
FAIL: crypto/hmac
FAIL: crypto/md4
FAIL: crypto/md5
FAIL: crypto/ocsp
FAIL: crypto/openpgp
FAIL: crypto/rand
FAIL: crypto/rc4
FAIL: crypto/ripemd160
FAIL: crypto/rsa
FAIL: crypto/sha1
FAIL: crypto/sha256
FAIL: crypto/sha512
FAIL: crypto/subtle
FAIL: crypto/tls
FAIL: crypto/twofish
FAIL: crypto/x509
FAIL: crypto/xtea
FAIL: crypto/openpgp/armor
FAIL: crypto/openpgp/elgamal
FAIL: crypto/openpgp/packet
FAIL: crypto/openpgp/s2k
FAIL: debug/dwarf
FAIL: debug/elf
FAIL: debug/macho
FAIL: debug/pe
FAIL: encoding/ascii85
FAIL: encoding/base32
FAIL: encoding/base64
FAIL: encoding/binary
FAIL: encoding/git85
FAIL: encoding/hex
FAIL: encoding/pem
FAIL: exp/ebnf
FAIL: exp/norm
FAIL: exp/spdy
FAIL: exp/sql
FAIL: exp/ssh
FAIL: exp/terminal
FAIL: exp/template/html
FAIL: go/ast
FAIL: go/parser
FAIL: go/printer
FAIL: go/scanner
FAIL: go/token
FAIL: hash/adler32
FAIL: hash/crc32
FAIL: hash/crc64
FAIL: hash/fnv
FAIL: http/cgi
FAIL: http/fcgi
FAIL: image/draw
FAIL: image/jpeg
FAIL: image/png
FAIL: image/tiff
FAIL: image/ycbcr
FAIL: index/suffixarray
FAIL: io/ioutil
FAIL: mime/multipart
FAIL: net/textproto
FAIL: old/netchan
FAIL: old/regexp
FAIL: old/template
FAIL: os/user
FAIL: os/signal
FAIL: path/filepath
FAIL: regexp/syntax
FAIL: rpc/jsonrpc
FAIL: sync/atomic
FAIL: template/parse
FAIL: testing/quick
FAIL: testing/script
=== libgo Summary for unix ===
# of unexpected failures 135
Running target unix/-m32
FAIL: runtime
=== libgo Summary for unix/-m32 ===
# of expected passes 134
# of unexpected failures 1
=== libgo Summary ===
# of expected passes 134
# of unexpected failures 136
/var/gcc/regression/trunk/11-gcc-64/build/./gcc/gccgo version 4.7.0 20111202 (experimental) [trunk revision 181906] (GCC)
=== libgomp tests ===
Running target unix/-m32
FAIL: libgomp.graphite/force-parallel-1.c execution test
FAIL: libgomp.graphite/force-parallel-7.c execution test
=== libgomp Summary for unix/-m32 ===
# of expected passes 2986
# of unexpected failures 2
# of unsupported tests 3
Running target unix
FAIL: libgomp.graphite/force-parallel-1.c execution test
FAIL: libgomp.graphite/force-parallel-7.c execution test
=== libgomp Summary for unix ===
# of expected passes 2986
# of unexpected failures 2
# of unsupported tests 3
=== libgomp Summary ===
# of expected passes 5972
# of unexpected failures 4
# of unsupported tests 6
=== libitm tests ===
Running target unix/-m32
FAIL: libitm.c/cancel.c execution test
FAIL: libitm.c/clone-1.c execution test
FAIL: libitm.c/memcpy-1.c execution test
FAIL: libitm.c/memset-1.c execution test
FAIL: libitm.c/notx.c execution test
FAIL: libitm.c/simple-1.c execution test
FAIL: libitm.c/simple-2.c execution test
FAIL: libitm.c/txrelease.c execution test
FAIL: libitm.c++/eh-1.C execution test
WARNING: libitm.c++/static_ctor.C compilation failed to produce executable
=== libitm Summary for unix/-m32 ===
# of expected passes 14
# of unexpected failures 9
# of expected failures 5
Running target unix
FAIL: libitm.c/cancel.c execution test
FAIL: libitm.c/clone-1.c execution test
FAIL: libitm.c/memcpy-1.c execution test
FAIL: libitm.c/memset-1.c execution test
FAIL: libitm.c/notx.c execution test
FAIL: libitm.c/simple-1.c execution test
FAIL: libitm.c/simple-2.c execution test
FAIL: libitm.c/txrelease.c execution test
FAIL: libitm.c++/eh-1.C execution test
WARNING: libitm.c++/static_ctor.C compilation failed to produce executable
=== libitm Summary for unix ===
# of expected passes 14
# of unexpected failures 9
# of expected failures 5
=== libitm Summary ===
# of expected passes 28
# of unexpected failures 18
# of expected failures 10
=== libjava tests ===
Running target unix/-m32
=== libjava Summary for unix/-m32 ===
# of expected passes 2574
Running target unix
=== libjava Summary for unix ===
# of expected passes 2574
=== libjava Summary ===
# of expected passes 5148
=== libmudflap tests ===
Running target unix/-m32
=== libmudflap Summary for unix/-m32 ===
# of expected passes 1433
Running target unix
FAIL: libmudflap.c++/pass55-frag.cxx ( -O) execution test
=== libmudflap Summary for unix ===
# of expected passes 1432
# of unexpected failures 1
=== libmudflap Summary ===
# of expected passes 2865
# of unexpected failures 1
=== libstdc++ tests ===
Running target unix
FAIL: libstdc++-abi/abi_check
=== libstdc++ Summary for unix ===
# of expected passes 7883
# of unexpected failures 1
# of expected failures 45
# of unsupported tests 500
Running target unix/-m32
=== libstdc++ Summary for unix/-m32 ===
# of expected passes 7884
# of expected failures 45
# of unsupported tests 500
=== libstdc++ Summary ===
# of expected passes 15767
# of unexpected failures 1
# of expected failures 90
# of unsupported tests 1000
=== acats tests ===
=== acats Summary ===
# of expected passes 2321
# of unexpected failures 0
=== g++ tests ===
Running target unix
FAIL: g++.dg/lto/20091219 cp_lto_20091219_0.o-cp_lto_20091219_0.o link, -O3 -flto
UNRESOLVED: g++.dg/lto/20091219 cp_lto_20091219_0.o-cp_lto_20091219_0.o execute -O3 -flto
FAIL: g++.dg/lto/20100302 cp_lto_20100302_0.o-cp_lto_20100302_1.o link, -flto -fabi-version=2
UNRESOLVED: g++.dg/lto/20100302 cp_lto_20100302_0.o-cp_lto_20100302_1.o execute -flto -fabi-version=2
=== g++ Summary for unix ===
# of expected passes 47008
# of unexpected failures 2
# of expected failures 290
# of unresolved testcases 2
# of unsupported tests 630
Running target unix/-m32
FAIL: g++.dg/lto/20091219 cp_lto_20091219_0.o-cp_lto_20091219_0.o link, -O3 -flto
UNRESOLVED: g++.dg/lto/20091219 cp_lto_20091219_0.o-cp_lto_20091219_0.o execute -O3 -flto
FAIL: g++.dg/lto/20100302 cp_lto_20100302_0.o-cp_lto_20100302_1.o link, -flto -fabi-version=2
UNRESOLVED: g++.dg/lto/20100302 cp_lto_20100302_0.o-cp_lto_20100302_1.o execute -flto -fabi-version=2
=== g++ Summary for unix/-m32 ===
# of expected passes 46253
# of unexpected failures 2
# of expected failures 290
# of unresolved testcases 2
# of unsupported tests 362
=== g++ Summary ===
# of expected passes 93261
# of unexpected failures 4
# of expected failures 580
# of unresolved testcases 4
# of unsupported tests 992
/var/gcc/regression/trunk/11-gcc-64/build/gcc/testsuite/g++/../../g++ version 4.7.0 20111202 (experimental) [trunk revision 181906] (GCC)
=== gcc tests ===
Running target unix
FAIL: gcc.dg/tree-prof/bb-reorg.c execution, -fprofile-use -D_PROFILE_USE
FAIL: gcc.dg/tree-ssa/vrp47.c scan-tree-dump-times dom1 "x[^ ]* & y" 1
=== gcc Summary for unix ===
# of expected passes 81977
# of unexpected failures 2
# of expected failures 253
# of unsupported tests 1733
Running target unix/-m32
FAIL: gcc.dg/simulate-thread/atomic-other-longlong.c -O0 -g thread simulation test
FAIL: gcc.dg/simulate-thread/atomic-other-longlong.c -O3 -g thread simulation test
FAIL: gcc.dg/tree-ssa/vrp47.c scan-tree-dump-times dom1 "x[^ ]* & y" 1
=== gcc Summary for unix/-m32 ===
# of expected passes 81787
# of unexpected failures 3
# of expected failures 253
# of unsupported tests 1312
=== gcc Summary ===
# of expected passes 163764
# of unexpected failures 5
# of expected failures 506
# of unsupported tests 3045
/var/gcc/regression/trunk/11-gcc-64/build/gcc/xgcc version 4.7.0 20111202 (experimental) [trunk revision 181906] (GCC)
=== gfortran tests ===
Running target unix
FAIL: gfortran.fortran-torture/execute/entry_4.f90 execution, -O2
FAIL: gfortran.fortran-torture/execute/entry_4.f90 execution, -O2 -fomit-frame-pointer -finline-functions
FAIL: gfortran.fortran-torture/execute/entry_4.f90 execution, -O2 -fomit-frame-pointer -finline-functions -funroll-loops
FAIL: gfortran.fortran-torture/execute/entry_4.f90 execution, -O2 -fbounds-check
FAIL: gfortran.fortran-torture/execute/entry_4.f90 execution, -O3 -g
FAIL: gfortran.fortran-torture/execute/entry_4.f90 execution, -O2 -ftree-vectorize -msse2
=== gfortran Summary for unix ===
# of expected passes 40169
# of unexpected failures 6
# of expected failures 53
# of unsupported tests 86
Running target unix/-m32
=== gfortran Summary for unix/-m32 ===
# of expected passes 39896
# of expected failures 53
# of unsupported tests 216
=== gfortran Summary ===
# of expected passes 80065
# of unexpected failures 6
# of expected failures 106
# of unsupported tests 302
/var/gcc/regression/trunk/11-gcc-64/build/gcc/testsuite/gfortran/../../gfortran version 4.7.0 20111202 (experimental) [trunk revision 181906] (GCC)
=== gnat tests ===
Running target unix/-m32
=== gnat Summary for unix/-m32 ===
# of expected passes 1054
# of expected failures 11
# of unsupported tests 5
Running target unix
=== gnat Summary for unix ===
# of expected passes 1054
# of expected failures 11
# of unsupported tests 5
=== gnat Summary ===
# of expected passes 2108
# of expected failures 22
# of unsupported tests 10
/var/gcc/regression/trunk/11-gcc-64/build/gcc/gnatmake version 4.7.0 20111202 (experimental) [trunk revision 181906]
=== go tests ===
Running target unix
FAIL: ./select5-out.go compilation, -O2 -g
FAIL: go.test/test/chan/doubleselect.go execution, -O2 -g
FAIL: go.test/test/chan/select3.go execution, -O2 -g
FAIL: go.test/test/fixedbugs/bug147.go execution, -O2 -g
FAIL: go.test/test/goprint.go execution, -O2 -g
FAIL: go.test/test/mallocfin.go execution, -O2 -g
FAIL: go.test/test/nil.go execution, -O2 -g
FAIL: go.test/test/stack.go execution, -O2 -g
WARNING: program timed out.
=== go Summary for unix ===
# of expected passes 3147
# of unexpected failures 8
# of expected failures 22
# of untested testcases 3
# of unsupported tests 4
Running target unix/-m32
FAIL: ./select5-out.go compilation, -O2 -g
WARNING: program timed out.
=== go Summary for unix/-m32 ===
# of expected passes 3154
# of unexpected failures 1
# of expected failures 22
# of untested testcases 3
# of unsupported tests 4
=== go Summary ===
# of expected passes 6301
# of unexpected failures 9
# of expected failures 44
# of untested testcases 6
# of unsupported tests 8
/var/gcc/regression/trunk/11-gcc-64/build/gcc/testsuite/go/../../gccgo version 4.7.0 20111202 (experimental) [trunk revision 181906] (GCC)
=== obj-c++ tests ===
Running target unix/-m32
FAIL: obj-c++.dg/naming-3.mm -fgnu-runtime (test for errors, line 6)
FAIL: obj-c++.dg/naming-4.mm -fgnu-runtime (test for errors, line 31)
FAIL: obj-c++.dg/naming-4.mm -fgnu-runtime (test for warnings, line 63)
FAIL: obj-c++.dg/naming-4.mm -fgnu-runtime (test for warnings, line 100)
=== obj-c++ Summary for unix/-m32 ===
# of expected passes 1446
# of unexpected failures 4
# of expected failures 2
# of unsupported tests 86
Running target unix
FAIL: obj-c++.dg/naming-3.mm -fgnu-runtime (test for errors, line 6)
FAIL: obj-c++.dg/naming-4.mm -fgnu-runtime (test for errors, line 31)
FAIL: obj-c++.dg/naming-4.mm -fgnu-runtime (test for warnings, line 63)
FAIL: obj-c++.dg/naming-4.mm -fgnu-runtime (test for warnings, line 100)
=== obj-c++ Summary for unix ===
# of expected passes 1438
# of unexpected failures 4
# of expected failures 10
# of unsupported tests 86
=== obj-c++ Summary ===
# of expected passes 2884
# of unexpected failures 8
# of expected failures 12
# of unsupported tests 172
/var/gcc/regression/trunk/11-gcc-64/build/gcc/testsuite/obj-c++/../../g++ version 4.7.0 20111202 (experimental) [trunk revision 181906] (GCC)
=== objc tests ===
Running target unix
=== objc Summary for unix ===
# of expected passes 2988
# of expected failures 6
# of unsupported tests 74
Running target unix/-m32
=== objc Summary for unix/-m32 ===
# of expected passes 2988
# of expected failures 6
# of unsupported tests 74
=== objc Summary ===
# of expected passes 5976
# of expected failures 12
# of unsupported tests 148
/var/gcc/regression/trunk/11-gcc-64/build/gcc/xgcc version 4.7.0 20111202 (experimental) [trunk revision 181906] (GCC)
Compiler version: 4.7.0 20111202 (experimental) [trunk revision 181906] (GCC)
Platform: x86_64-pc-solaris2.11
configure flags: --prefix=/vol/gcc --target=amd64-pc-solaris2.11 --enable-objc-gc --enable-libmudflap --with-host-libstdcxx='-L/vol/gcc-4.4/lib/amd64 -Wl,-Bstatic -lstdc++ -Wl,-Bdynamic -lm' --with-boot-ldflags='-static-libstdc++ -static-libgcc -L/vol/gcc-4.4/lib/amd64' --with-gmp-include=/vol/gcc/include --with-gmp-lib=/vol/gcc/lib/amd64 --with-mpfr-include=/vol/gcc/include --with-mpfr-lib=/vol/gcc/lib/amd64 --with-mpc-include=/vol/gcc/include --with-mpc-lib=/vol/gcc/lib/amd64 --enable-languages=all,ada,obj-c++,go --with-ppl-include=/vol/gcc/include --with-ppl-lib=/vol/gcc/lib/amd64 --with-cloog-include=/vol/gcc/include --with-cloog-lib=/vol/gcc/lib/amd64 --enable-cloog-backend=ppl --build=amd64-pc-solaris2.11 --host=amd64-pc-solaris2.11
BOOT_CFLAGS=-g -O2