This is the mail archive of the
gcc-testresults@gcc.gnu.org
mailing list for the GCC project.
Results for 4.7.0 20111116 (experimental) [trunk revision 181404] (GCC) testsuite on hppa2.0w-hp-hpux11.11
- From: John David Anglin <dave at hiauly3 dot hia dot nrc dot ca>
- To: dave at hiauly3 dot hia dot nrc dot ca, gcc-testresults at gcc dot gnu dot org
- Date: Mon, 21 Nov 2011 13:27:01 -0500 (EST)
- Subject: Results for 4.7.0 20111116 (experimental) [trunk revision 181404] (GCC) testsuite on hppa2.0w-hp-hpux11.11
=== acats tests ===
FAIL: c761006
FAIL: c91004b
FAIL: c94020a
FAIL: c95040d
FAIL: c974004
FAIL: c974005
FAIL: c974009
FAIL: c9a007a
FAIL: c9a011a
FAIL: c9a011b
FAIL: ca11d01
FAIL: ca11d02
FAIL: cb20001
FAIL: cb20003
FAIL: cb20004
FAIL: cb20006
FAIL: cb3003a
FAIL: cb3003b
FAIL: cb4002a
FAIL: cb4008a
FAIL: cb4009a
FAIL: cb40a02
FAIL: cb40a03
FAIL: cc3007a
FAIL: cd2b11a
FAIL: cd2b15c
FAIL: ce2102l
FAIL: ce2102m
FAIL: ce2103a
FAIL: ce2103b
FAIL: ce3102d
FAIL: ce3107a
FAIL: ce3115a
FAIL: cxa4034
FAIL: cxa5a02
FAIL: cxa5a08
FAIL: cxac003
FAIL: cxb3011
=== acats Summary ===
# of expected passes 2283
# of unexpected failures 38
Native configuration is hppa2.0w-hp-hpux11.11
=== g++ tests ===
Running target unix
WARNING: program timed out.
FAIL: g++.dg/eh/simd-1.C -std=gnu++98 execution test
WARNING: program timed out.
FAIL: g++.dg/eh/simd-1.C -std=gnu++11 execution test
WARNING: program timed out.
FAIL: g++.dg/eh/simd-2.C -std=gnu++98 execution test
WARNING: program timed out.
FAIL: g++.dg/eh/simd-2.C -std=gnu++11 execution test
WARNING: g++.dg/ext/label13.C -std=gnu++98 compilation failed to produce executable
WARNING: g++.dg/ext/label13.C -std=gnu++11 compilation failed to produce executable
WARNING: program timed out.
FAIL: g++.dg/opt/eh2.C -std=gnu++98 execution test
WARNING: program timed out.
FAIL: g++.dg/opt/eh2.C -std=gnu++11 execution test
WARNING: program timed out.
FAIL: c-c++-common/simulate-thread/bitfields-2.c -Os -g
FAIL: c-c++-common/tm/freq.c -std=gnu++98 (internal compiler error)
FAIL: c-c++-common/tm/freq.c -std=gnu++98 (test for excess errors)
FAIL: c-c++-common/tm/freq.c -std=gnu++11 (internal compiler error)
FAIL: c-c++-common/tm/freq.c -std=gnu++11 (test for excess errors)
FAIL: c-c++-common/tm/inline-asm-2.c -std=gnu++98 (internal compiler error)
FAIL: c-c++-common/tm/inline-asm-2.c -std=gnu++98 (test for excess errors)
FAIL: c-c++-common/tm/inline-asm-2.c -std=gnu++11 (internal compiler error)
FAIL: c-c++-common/tm/inline-asm-2.c -std=gnu++11 (test for excess errors)
FAIL: c-c++-common/tm/memcpy-1.c -std=gnu++98 (internal compiler error)
FAIL: c-c++-common/tm/memcpy-1.c -std=gnu++98 (test for excess errors)
FAIL: c-c++-common/tm/memcpy-1.c -std=gnu++11 (internal compiler error)
FAIL: c-c++-common/tm/memcpy-1.c -std=gnu++11 (test for excess errors)
FAIL: g++.dg/tm/20100727.C -std=gnu++98 (internal compiler error)
FAIL: g++.dg/tm/20100727.C -std=gnu++98 (test for excess errors)
FAIL: g++.dg/tm/20100727.C -std=gnu++11 (internal compiler error)
FAIL: g++.dg/tm/20100727.C -std=gnu++11 (test for excess errors)
FAIL: g++.dg/tm/alias.C -std=gnu++98 (internal compiler error)
FAIL: g++.dg/tm/alias.C -std=gnu++98 (test for excess errors)
UNRESOLVED: g++.dg/tm/alias.C scan-assembler _ZGTtN7ItemsetD1Ev
UNRESOLVED: g++.dg/tm/alias.C scan-assembler _ZGTtN7ItemsetD2Ev
FAIL: g++.dg/tm/alias.C -std=gnu++11 (internal compiler error)
FAIL: g++.dg/tm/alias.C -std=gnu++11 (test for excess errors)
UNRESOLVED: g++.dg/tm/alias.C scan-assembler _ZGTtN7ItemsetD1Ev
UNRESOLVED: g++.dg/tm/alias.C scan-assembler _ZGTtN7ItemsetD2Ev
FAIL: g++.dg/tm/attrib-2.C -std=gnu++98 (internal compiler error)
FAIL: g++.dg/tm/attrib-2.C -std=gnu++98 (test for excess errors)
FAIL: g++.dg/tm/attrib-2.C -std=gnu++11 (internal compiler error)
FAIL: g++.dg/tm/attrib-2.C -std=gnu++11 (test for excess errors)
FAIL: g++.dg/tm/attrib-3.C -std=gnu++98 (internal compiler error)
FAIL: g++.dg/tm/attrib-3.C -std=gnu++98 (test for excess errors)
FAIL: g++.dg/tm/attrib-3.C -std=gnu++11 (internal compiler error)
FAIL: g++.dg/tm/attrib-3.C -std=gnu++11 (test for excess errors)
FAIL: g++.dg/tm/nested-1.C -std=gnu++98 (internal compiler error)
FAIL: g++.dg/tm/nested-1.C -std=gnu++98 (test for excess errors)
FAIL: g++.dg/tm/nested-1.C -std=gnu++11 (internal compiler error)
FAIL: g++.dg/tm/nested-1.C -std=gnu++11 (test for excess errors)
FAIL: g++.dg/tm/nested-2.C -std=gnu++98 (internal compiler error)
FAIL: g++.dg/tm/nested-2.C -std=gnu++98 (test for excess errors)
FAIL: g++.dg/tm/nested-2.C -std=gnu++11 (internal compiler error)
FAIL: g++.dg/tm/nested-2.C -std=gnu++11 (test for excess errors)
FAIL: g++.dg/tm/nested-3.C -std=gnu++98 (internal compiler error)
FAIL: g++.dg/tm/nested-3.C -std=gnu++98 (test for excess errors)
FAIL: g++.dg/tm/nested-3.C -std=gnu++11 (internal compiler error)
FAIL: g++.dg/tm/nested-3.C -std=gnu++11 (test for excess errors)
FAIL: g++.dg/tm/pr46269.C -std=gnu++98 (internal compiler error)
FAIL: g++.dg/tm/pr46269.C -std=gnu++98 (test for excess errors)
FAIL: g++.dg/tm/pr46269.C -std=gnu++11 (internal compiler error)
FAIL: g++.dg/tm/pr46269.C -std=gnu++11 (test for excess errors)
FAIL: g++.dg/tm/pr46714.C -std=gnu++98 (internal compiler error)
FAIL: g++.dg/tm/pr46714.C -std=gnu++98 (test for excess errors)
FAIL: g++.dg/tm/pr46714.C -std=gnu++11 (internal compiler error)
FAIL: g++.dg/tm/pr46714.C -std=gnu++11 (test for excess errors)
FAIL: g++.dg/tm/pr46941.C -std=gnu++98 (internal compiler error)
FAIL: g++.dg/tm/pr46941.C -std=gnu++98 (test for excess errors)
UNRESOLVED: g++.dg/tm/pr46941.C scan-assembler _ZGTtnw[mj]
UNRESOLVED: g++.dg/tm/pr46941.C scan-assembler _ZGTtna[mj]
UNRESOLVED: g++.dg/tm/pr46941.C scan-assembler _ZGTtdlPv
UNRESOLVED: g++.dg/tm/pr46941.C scan-assembler _ZGTtdaPv
FAIL: g++.dg/tm/pr46941.C -std=gnu++11 (internal compiler error)
FAIL: g++.dg/tm/pr46941.C -std=gnu++11 (test for excess errors)
UNRESOLVED: g++.dg/tm/pr46941.C scan-assembler _ZGTtnw[mj]
UNRESOLVED: g++.dg/tm/pr46941.C scan-assembler _ZGTtna[mj]
UNRESOLVED: g++.dg/tm/pr46941.C scan-assembler _ZGTtdlPv
UNRESOLVED: g++.dg/tm/pr46941.C scan-assembler _ZGTtdaPv
FAIL: g++.dg/tm/pr47530.C -std=gnu++98 (internal compiler error)
FAIL: g++.dg/tm/pr47530.C -std=gnu++98 (test for excess errors)
FAIL: g++.dg/tm/pr47530.C -std=gnu++11 (internal compiler error)
FAIL: g++.dg/tm/pr47530.C -std=gnu++11 (test for excess errors)
FAIL: g++.dg/tm/pr47746.C -std=gnu++98 (internal compiler error)
FAIL: g++.dg/tm/pr47746.C -std=gnu++98 (test for excess errors)
FAIL: g++.dg/tm/pr47746.C -std=gnu++11 (internal compiler error)
FAIL: g++.dg/tm/pr47746.C -std=gnu++11 (test for excess errors)
FAIL: g++.dg/tm/vector-1.C -std=gnu++98 (internal compiler error)
FAIL: g++.dg/tm/vector-1.C -std=gnu++98 (test for excess errors)
FAIL: g++.dg/tm/vector-1.C -std=gnu++11 (internal compiler error)
FAIL: g++.dg/tm/vector-1.C -std=gnu++11 (test for excess errors)
=== g++ Summary ===
# of expected passes 41339
# of unexpected failures 71
# of expected failures 286
# of unresolved testcases 12
# of unsupported tests 911
/test/gnu/gcc/objdir/gcc/testsuite/g++/../../g++ version 4.7.0 20111116 (experimental) [trunk revision 181404] (GCC)
=== gcc tests ===
Running target unix
WARNING: program timed out.
FAIL: c-c++-common/simulate-thread/bitfields-2.c -Os -g
FAIL: c-c++-common/tm/freq.c (internal compiler error)
FAIL: c-c++-common/tm/freq.c (test for excess errors)
FAIL: c-c++-common/tm/inline-asm-2.c (internal compiler error)
FAIL: c-c++-common/tm/inline-asm-2.c (test for excess errors)
FAIL: c-c++-common/tm/memcpy-1.c (internal compiler error)
FAIL: c-c++-common/tm/memcpy-1.c (test for excess errors)
FAIL: gcc.dg/tm/20100519.c (internal compiler error)
FAIL: gcc.dg/tm/20100519.c (test for excess errors)
FAIL: gcc.dg/tm/20100524-2.c (internal compiler error)
FAIL: gcc.dg/tm/20100524-2.c (test for excess errors)
FAIL: gcc.dg/tm/20100603.c (internal compiler error)
FAIL: gcc.dg/tm/20100603.c (test for excess errors)
FAIL: gcc.dg/tm/20100610.c (internal compiler error)
FAIL: gcc.dg/tm/20100610.c (test for excess errors)
UNRESOLVED: gcc.dg/tm/20100610.c scan-assembler-not ZGTt21calculateCircumCircle
FAIL: gcc.dg/tm/20100615-2.c (internal compiler error)
FAIL: gcc.dg/tm/20100615-2.c (test for excess errors)
FAIL: gcc.dg/tm/20110216.c (internal compiler error)
FAIL: gcc.dg/tm/20110216.c (test for excess errors)
UNRESOLVED: gcc.dg/tm/20110216.c scan-assembler-not _ITM_getTMCloneOrIrrevocable
FAIL: gcc.dg/tm/debug-1.c (internal compiler error)
FAIL: gcc.dg/tm/debug-1.c (test for excess errors)
FAIL: gcc.dg/tm/ipa-3.c (internal compiler error)
FAIL: gcc.dg/tm/ipa-3.c (test for excess errors)
UNRESOLVED: gcc.dg/tm/ipa-3.c scan-assembler _ZGTt3foo
FAIL: gcc.dg/tm/irrevocable-7.c (internal compiler error)
FAIL: gcc.dg/tm/irrevocable-7.c (test for excess errors)
FAIL: gcc.dg/tm/memset.c (internal compiler error)
FAIL: gcc.dg/tm/memset.c (test for excess errors)
UNRESOLVED: gcc.dg/tm/memset.c scan-assembler _ITM_memsetW
FAIL: gcc.dg/tm/nested-2.c (internal compiler error)
FAIL: gcc.dg/tm/nested-2.c (test for excess errors)
FAIL: gcc.dg/tm/pr46567-2.c (internal compiler error)
FAIL: gcc.dg/tm/pr46567-2.c (test for excess errors)
FAIL: gcc.dg/tm/pr47520.c (internal compiler error)
FAIL: gcc.dg/tm/pr47520.c (test for excess errors)
FAIL: gcc.dg/tm/props-4.c (internal compiler error)
FAIL: gcc.dg/tm/props-4.c (test for excess errors)
FAIL: gcc.dg/tm/unused.c (internal compiler error)
FAIL: gcc.dg/tm/unused.c (test for excess errors)
UNRESOLVED: gcc.dg/tm/unused.c scan-assembler _ZGTt11unused_func:
FAIL: gcc.dg/tm/vector-1.c (internal compiler error)
FAIL: gcc.dg/tm/vector-1.c (test for excess errors)
FAIL: gcc.dg/tree-ssa/vrp47.c scan-tree-dump-times dom1 "x[^ ]* & y" 1
FAIL: gcc.misc-tests/gcov-13.c execution test
FAIL: 10:is 1:should be -
FAIL: gcc.misc-tests/gcov-13.c gcov: 1 failures in line counts, 0 in branch percentages, 0 in return percentages
FAIL: gcc.misc-tests/gcov-14.c (test for excess errors)
WARNING: gcc.misc-tests/gcov-14.c compilation failed to produce executable
FAIL: gcc.misc-tests/gcov-14.c gcov failed: gcov-14.c.gcov does not exist
=== gcc Summary ===
# of expected passes 58105
# of unexpected failures 45
# of expected failures 124
# of unresolved testcases 5
# of unsupported tests 1384
/test/gnu/gcc/objdir/gcc/xgcc version 4.7.0 20111116 (experimental) [trunk revision 181404] (GCC)
=== gfortran tests ===
Running target unix
FAIL: gfortran.dg/pr45636.f90 -O scan-tree-dump-times forwprop2 "memset" 0
FAIL: gfortran.dg/quad_2.f90 -O0 (test for excess errors)
WARNING: gfortran.dg/quad_2.f90 -O0 compilation failed to produce executable
FAIL: gfortran.dg/quad_2.f90 -O1 (test for excess errors)
WARNING: gfortran.dg/quad_2.f90 -O1 compilation failed to produce executable
FAIL: gfortran.dg/quad_2.f90 -O2 (test for excess errors)
WARNING: gfortran.dg/quad_2.f90 -O2 compilation failed to produce executable
FAIL: gfortran.dg/quad_2.f90 -O3 -fomit-frame-pointer (test for excess errors)
WARNING: gfortran.dg/quad_2.f90 -O3 -fomit-frame-pointer compilation failed to produce executable
FAIL: gfortran.dg/quad_2.f90 -O3 -fomit-frame-pointer -funroll-loops (test for excess errors)
WARNING: gfortran.dg/quad_2.f90 -O3 -fomit-frame-pointer -funroll-loops compilation failed to produce executable
FAIL: gfortran.dg/quad_2.f90 -O3 -fomit-frame-pointer -funroll-all-loops -finline-functions (test for excess errors)
WARNING: gfortran.dg/quad_2.f90 -O3 -fomit-frame-pointer -funroll-all-loops -finline-functions compilation failed to produce executable
FAIL: gfortran.dg/quad_2.f90 -O3 -g (test for excess errors)
WARNING: gfortran.dg/quad_2.f90 -O3 -g compilation failed to produce executable
FAIL: gfortran.dg/quad_2.f90 -Os (test for excess errors)
WARNING: gfortran.dg/quad_2.f90 -Os compilation failed to produce executable
FAIL: gfortran.dg/select_type_12.f03 -O (internal compiler error)
FAIL: gfortran.dg/select_type_12.f03 -O (test for excess errors)
FAIL: gfortran.dg/guality/pr41558.f90 -O0 line 7 s == 'foo'
FAIL: gfortran.dg/guality/pr41558.f90 -O1 line 7 s == 'foo'
FAIL: gfortran.dg/guality/pr41558.f90 -O2 line 7 s == 'foo'
FAIL: gfortran.dg/guality/pr41558.f90 -O3 -fomit-frame-pointer line 7 s == 'foo'
FAIL: gfortran.dg/guality/pr41558.f90 -O3 -fomit-frame-pointer -funroll-loops line 7 s == 'foo'
FAIL: gfortran.dg/guality/pr41558.f90 -O3 -fomit-frame-pointer -funroll-all-loops -finline-functions line 7 s == 'foo'
FAIL: gfortran.dg/guality/pr41558.f90 -O3 -g line 7 s == 'foo'
FAIL: gfortran.dg/guality/pr41558.f90 -Os line 7 s == 'foo'
FAIL: gfortran.fortran-torture/execute/entry_4.f90 execution, -O2
FAIL: gfortran.fortran-torture/execute/entry_4.f90 execution, -O2 -fomit-frame-pointer -finline-functions
FAIL: gfortran.fortran-torture/execute/entry_4.f90 execution, -O2 -fomit-frame-pointer -finline-functions -funroll-loops
FAIL: gfortran.fortran-torture/execute/entry_4.f90 execution, -O2 -fbounds-check
FAIL: gfortran.fortran-torture/execute/entry_4.f90 execution, -O3 -g
=== gfortran Summary ===
# of expected passes 38454
# of unexpected failures 24
# of expected failures 42
# of unsupported tests 377
/test/gnu/gcc/objdir/gcc/testsuite/gfortran/../../gfortran version 4.7.0 20111116 (experimental) [trunk revision 181404] (GCC)
=== gnat tests ===
Running target unix
WARNING: program timed out.
FAIL: gnat.dg/expect1.adb execution test
=== gnat Summary ===
# of expected passes 1040
# of unexpected failures 1
# of expected failures 11
# of unsupported tests 11
/test/gnu/gcc/objdir/gcc/gnatmake version 4.7.0 20111116 (experimental) [trunk revision 181404]
=== obj-c++ tests ===
Running target unix
FAIL: obj-c++.dg/naming-3.mm -fgnu-runtime (test for errors, line 6)
FAIL: obj-c++.dg/naming-4.mm -fgnu-runtime (test for errors, line 31)
FAIL: obj-c++.dg/naming-4.mm -fgnu-runtime (test for warnings, line 63)
FAIL: obj-c++.dg/naming-4.mm -fgnu-runtime (test for warnings, line 100)
=== obj-c++ Summary ===
# of expected passes 1404
# of unexpected failures 4
# of expected failures 2
# of unsupported tests 69
/test/gnu/gcc/objdir/gcc/testsuite/obj-c++/../../g++ version 4.7.0 20111116 (experimental) [trunk revision 181404] (GCC)
=== objc tests ===
Running target unix
=== objc Summary ===
# of expected passes 2920
# of unsupported tests 65
/test/gnu/gcc/objdir/gcc/xgcc version 4.7.0 20111116 (experimental) [trunk revision 181404] (GCC)
=== boehm-gc tests ===
Running target unix
=== boehm-gc Summary ===
# of expected passes 12
# of unsupported tests 1
=== libffi tests ===
Running target unix
=== libffi Summary ===
# of expected passes 1634
# of expected failures 10
# of unsupported tests 15
=== libgomp tests ===
Running target unix
=== libgomp Summary ===
# of expected passes 2928
# of unsupported tests 10
=== libjava tests ===
Running target unix
WARNING: program timed out.
FAIL: FileHandleGcTest -O3 -findirect-dispatch execution - source compiled test
FAIL: LargeFile execution - source compiled test
FAIL: LargeFile -findirect-dispatch execution - source compiled test
FAIL: LargeFile -O3 execution - source compiled test
FAIL: LargeFile -O3 -findirect-dispatch execution - source compiled test
WARNING: program timed out.
FAIL: PR19870_2 -O3 -findirect-dispatch execution - source compiled test
WARNING: program timed out.
FAIL: PR19921 -O3 -findirect-dispatch execution - source compiled test
WARNING: program timed out.
FAIL: PR29013 -O3 -findirect-dispatch execution - source compiled test
WARNING: program timed out.
FAIL: PR31264 -O3 -findirect-dispatch execution - source compiled test
WARNING: program timed out.
FAIL: PR7482 -O3 -findirect-dispatch execution - source compiled test
WARNING: program timed out.
FAIL: bclink -O3 execution - source compiled test
WARNING: program timed out.
FAIL: bclink -O3 -findirect-dispatch execution - source compiled test
WARNING: program timed out.
FAIL: initexc -O3 -findirect-dispatch execution - source compiled test
FAIL: pr13107_2 -O3 -findirect-dispatch output - source compiled test
WARNING: program timed out.
FAIL: verify -O3 -findirect-dispatch execution - source compiled test
=== libjava Summary ===
# of expected passes 2545
# of unexpected failures 15
# of untested testcases 14
=== libstdc++ tests ===
Running target unix
WARNING: program timed out.
WARNING: program timed out.
FAIL: 23_containers/forward_list/requirements/exception/basic.cc execution test
WARNING: program timed out.
FAIL: 23_containers/forward_list/requirements/exception/propagation_consistent.cc execution test
WARNING: program timed out.
FAIL: 23_containers/map/requirements/exception/basic.cc execution test
WARNING: program timed out.
FAIL: 23_containers/map/requirements/exception/propagation_consistent.cc execution test
WARNING: program timed out.
FAIL: 23_containers/multimap/requirements/exception/basic.cc execution test
WARNING: program timed out.
FAIL: 23_containers/multimap/requirements/exception/propagation_consistent.cc execution test
WARNING: program timed out.
FAIL: 23_containers/multiset/requirements/exception/basic.cc execution test
WARNING: program timed out.
FAIL: 23_containers/multiset/requirements/exception/propagation_consistent.cc execution test
WARNING: program timed out.
FAIL: 23_containers/set/requirements/exception/basic.cc execution test
WARNING: program timed out.
FAIL: 23_containers/set/requirements/exception/propagation_consistent.cc execution test
WARNING: program timed out.
FAIL: 27_io/ios_base/storage/11584.cc execution test
WARNING: program timed out.
=== libstdc++ Summary ===
# of expected passes 7226
# of unexpected failures 11
# of expected failures 45
# of unsupported tests 783
Compiler version: 4.7.0 20111116 (experimental) [trunk revision 181404] (GCC)
Platform: hppa2.0w-hp-hpux11.11
configure flags:Test Run By dave on Sun Nov 20 12:56:57 EST 2011