This is the mail archive of the
gcc-testresults@gcc.gnu.org
mailing list for the GCC project.
Results for 4.7.0 20111121 (experimental) (GCC) testsuite on m68k-unknown-linux-gnu
- From: Andreas Schwab <schwab at linux-m68k dot org>
- To: gcc-testresults at gcc dot gnu dot org
- Date: Mon, 21 Nov 2011 15:58:20 +0100
- Subject: Results for 4.7.0 20111121 (experimental) (GCC) testsuite on m68k-unknown-linux-gnu
Target is m68k-unknown-linux-gnu
Host is x86_64-pc-linux-gnu
=== g++ tests ===
Running target aranym
FAIL: tmpdir-g++.dg-struct-layout-1/t001 cp_compat_x_tst.o compile, (internal compiler error)
FAIL: tmpdir-g++.dg-struct-layout-1/t001 cp_compat_y_tst.o compile, (internal compiler error)
UNRESOLVED: tmpdir-g++.dg-struct-layout-1/t001 cp_compat_x_tst.o-cp_compat_y_tst.o link
UNRESOLVED: tmpdir-g++.dg-struct-layout-1/t001 cp_compat_x_tst.o-cp_compat_y_tst.o execute
FAIL: tmpdir-g++.dg-struct-layout-1/t002 cp_compat_x_tst.o compile, (internal compiler error)
FAIL: tmpdir-g++.dg-struct-layout-1/t002 cp_compat_y_tst.o compile, (internal compiler error)
UNRESOLVED: tmpdir-g++.dg-struct-layout-1/t002 cp_compat_x_tst.o-cp_compat_y_tst.o link
UNRESOLVED: tmpdir-g++.dg-struct-layout-1/t002 cp_compat_x_tst.o-cp_compat_y_tst.o execute
FAIL: tmpdir-g++.dg-struct-layout-1/t003 cp_compat_x_tst.o compile, (internal compiler error)
FAIL: tmpdir-g++.dg-struct-layout-1/t003 cp_compat_y_tst.o compile, (internal compiler error)
UNRESOLVED: tmpdir-g++.dg-struct-layout-1/t003 cp_compat_x_tst.o-cp_compat_y_tst.o link
UNRESOLVED: tmpdir-g++.dg-struct-layout-1/t003 cp_compat_x_tst.o-cp_compat_y_tst.o execute
FAIL: tmpdir-g++.dg-struct-layout-1/t004 cp_compat_x_tst.o compile, (internal compiler error)
FAIL: tmpdir-g++.dg-struct-layout-1/t004 cp_compat_y_tst.o compile, (internal compiler error)
UNRESOLVED: tmpdir-g++.dg-struct-layout-1/t004 cp_compat_x_tst.o-cp_compat_y_tst.o link
UNRESOLVED: tmpdir-g++.dg-struct-layout-1/t004 cp_compat_x_tst.o-cp_compat_y_tst.o execute
FAIL: tmpdir-g++.dg-struct-layout-1/t005 cp_compat_x_tst.o compile, (internal compiler error)
FAIL: tmpdir-g++.dg-struct-layout-1/t005 cp_compat_y_tst.o compile, (internal compiler error)
UNRESOLVED: tmpdir-g++.dg-struct-layout-1/t005 cp_compat_x_tst.o-cp_compat_y_tst.o link
UNRESOLVED: tmpdir-g++.dg-struct-layout-1/t005 cp_compat_x_tst.o-cp_compat_y_tst.o execute
FAIL: tmpdir-g++.dg-struct-layout-1/t006 cp_compat_x_tst.o compile, (internal compiler error)
FAIL: tmpdir-g++.dg-struct-layout-1/t006 cp_compat_y_tst.o compile, (internal compiler error)
UNRESOLVED: tmpdir-g++.dg-struct-layout-1/t006 cp_compat_x_tst.o-cp_compat_y_tst.o link
UNRESOLVED: tmpdir-g++.dg-struct-layout-1/t006 cp_compat_x_tst.o-cp_compat_y_tst.o execute
FAIL: tmpdir-g++.dg-struct-layout-1/t007 cp_compat_x_tst.o compile, (internal compiler error)
FAIL: tmpdir-g++.dg-struct-layout-1/t007 cp_compat_y_tst.o compile, (internal compiler error)
UNRESOLVED: tmpdir-g++.dg-struct-layout-1/t007 cp_compat_x_tst.o-cp_compat_y_tst.o link
UNRESOLVED: tmpdir-g++.dg-struct-layout-1/t007 cp_compat_x_tst.o-cp_compat_y_tst.o execute
FAIL: tmpdir-g++.dg-struct-layout-1/t008 cp_compat_x_tst.o compile, (internal compiler error)
FAIL: tmpdir-g++.dg-struct-layout-1/t008 cp_compat_y_tst.o compile, (internal compiler error)
UNRESOLVED: tmpdir-g++.dg-struct-layout-1/t008 cp_compat_x_tst.o-cp_compat_y_tst.o link
UNRESOLVED: tmpdir-g++.dg-struct-layout-1/t008 cp_compat_x_tst.o-cp_compat_y_tst.o execute
FAIL: tmpdir-g++.dg-struct-layout-1/t009 cp_compat_x_tst.o compile, (internal compiler error)
FAIL: tmpdir-g++.dg-struct-layout-1/t009 cp_compat_y_tst.o compile, (internal compiler error)
UNRESOLVED: tmpdir-g++.dg-struct-layout-1/t009 cp_compat_x_tst.o-cp_compat_y_tst.o link
UNRESOLVED: tmpdir-g++.dg-struct-layout-1/t009 cp_compat_x_tst.o-cp_compat_y_tst.o execute
FAIL: tmpdir-g++.dg-struct-layout-1/t010 cp_compat_x_tst.o compile, (internal compiler error)
FAIL: tmpdir-g++.dg-struct-layout-1/t010 cp_compat_y_tst.o compile, (internal compiler error)
UNRESOLVED: tmpdir-g++.dg-struct-layout-1/t010 cp_compat_x_tst.o-cp_compat_y_tst.o link
UNRESOLVED: tmpdir-g++.dg-struct-layout-1/t010 cp_compat_x_tst.o-cp_compat_y_tst.o execute
FAIL: tmpdir-g++.dg-struct-layout-1/t011 cp_compat_x_tst.o compile, (internal compiler error)
FAIL: tmpdir-g++.dg-struct-layout-1/t011 cp_compat_y_tst.o compile, (internal compiler error)
UNRESOLVED: tmpdir-g++.dg-struct-layout-1/t011 cp_compat_x_tst.o-cp_compat_y_tst.o link
UNRESOLVED: tmpdir-g++.dg-struct-layout-1/t011 cp_compat_x_tst.o-cp_compat_y_tst.o execute
FAIL: tmpdir-g++.dg-struct-layout-1/t012 cp_compat_x_tst.o compile, (internal compiler error)
FAIL: tmpdir-g++.dg-struct-layout-1/t012 cp_compat_y_tst.o compile, (internal compiler error)
UNRESOLVED: tmpdir-g++.dg-struct-layout-1/t012 cp_compat_x_tst.o-cp_compat_y_tst.o link
UNRESOLVED: tmpdir-g++.dg-struct-layout-1/t012 cp_compat_x_tst.o-cp_compat_y_tst.o execute
FAIL: tmpdir-g++.dg-struct-layout-1/t013 cp_compat_x_tst.o compile, (internal compiler error)
FAIL: tmpdir-g++.dg-struct-layout-1/t013 cp_compat_y_tst.o compile, (internal compiler error)
UNRESOLVED: tmpdir-g++.dg-struct-layout-1/t013 cp_compat_x_tst.o-cp_compat_y_tst.o link
UNRESOLVED: tmpdir-g++.dg-struct-layout-1/t013 cp_compat_x_tst.o-cp_compat_y_tst.o execute
FAIL: tmpdir-g++.dg-struct-layout-1/t014 cp_compat_x_tst.o compile, (internal compiler error)
FAIL: tmpdir-g++.dg-struct-layout-1/t014 cp_compat_y_tst.o compile, (internal compiler error)
UNRESOLVED: tmpdir-g++.dg-struct-layout-1/t014 cp_compat_x_tst.o-cp_compat_y_tst.o link
UNRESOLVED: tmpdir-g++.dg-struct-layout-1/t014 cp_compat_x_tst.o-cp_compat_y_tst.o execute
FAIL: tmpdir-g++.dg-struct-layout-1/t015 cp_compat_x_tst.o compile, (internal compiler error)
FAIL: tmpdir-g++.dg-struct-layout-1/t015 cp_compat_y_tst.o compile, (internal compiler error)
UNRESOLVED: tmpdir-g++.dg-struct-layout-1/t015 cp_compat_x_tst.o-cp_compat_y_tst.o link
UNRESOLVED: tmpdir-g++.dg-struct-layout-1/t015 cp_compat_x_tst.o-cp_compat_y_tst.o execute
FAIL: tmpdir-g++.dg-struct-layout-1/t016 cp_compat_x_tst.o compile, (internal compiler error)
FAIL: tmpdir-g++.dg-struct-layout-1/t016 cp_compat_y_tst.o compile, (internal compiler error)
UNRESOLVED: tmpdir-g++.dg-struct-layout-1/t016 cp_compat_x_tst.o-cp_compat_y_tst.o link
UNRESOLVED: tmpdir-g++.dg-struct-layout-1/t016 cp_compat_x_tst.o-cp_compat_y_tst.o execute
FAIL: tmpdir-g++.dg-struct-layout-1/t017 cp_compat_x_tst.o compile, (internal compiler error)
FAIL: tmpdir-g++.dg-struct-layout-1/t017 cp_compat_y_tst.o compile, (internal compiler error)
UNRESOLVED: tmpdir-g++.dg-struct-layout-1/t017 cp_compat_x_tst.o-cp_compat_y_tst.o link
UNRESOLVED: tmpdir-g++.dg-struct-layout-1/t017 cp_compat_x_tst.o-cp_compat_y_tst.o execute
FAIL: tmpdir-g++.dg-struct-layout-1/t018 cp_compat_x_tst.o compile, (internal compiler error)
FAIL: tmpdir-g++.dg-struct-layout-1/t018 cp_compat_y_tst.o compile, (internal compiler error)
UNRESOLVED: tmpdir-g++.dg-struct-layout-1/t018 cp_compat_x_tst.o-cp_compat_y_tst.o link
UNRESOLVED: tmpdir-g++.dg-struct-layout-1/t018 cp_compat_x_tst.o-cp_compat_y_tst.o execute
FAIL: tmpdir-g++.dg-struct-layout-1/t019 cp_compat_x_tst.o compile, (internal compiler error)
FAIL: tmpdir-g++.dg-struct-layout-1/t019 cp_compat_y_tst.o compile, (internal compiler error)
UNRESOLVED: tmpdir-g++.dg-struct-layout-1/t019 cp_compat_x_tst.o-cp_compat_y_tst.o link
UNRESOLVED: tmpdir-g++.dg-struct-layout-1/t019 cp_compat_x_tst.o-cp_compat_y_tst.o execute
FAIL: tmpdir-g++.dg-struct-layout-1/t020 cp_compat_x_tst.o compile, (internal compiler error)
FAIL: tmpdir-g++.dg-struct-layout-1/t020 cp_compat_y_tst.o compile, (internal compiler error)
UNRESOLVED: tmpdir-g++.dg-struct-layout-1/t020 cp_compat_x_tst.o-cp_compat_y_tst.o link
UNRESOLVED: tmpdir-g++.dg-struct-layout-1/t020 cp_compat_x_tst.o-cp_compat_y_tst.o execute
FAIL: tmpdir-g++.dg-struct-layout-1/t021 cp_compat_x_tst.o compile, (internal compiler error)
FAIL: tmpdir-g++.dg-struct-layout-1/t021 cp_compat_y_tst.o compile, (internal compiler error)
UNRESOLVED: tmpdir-g++.dg-struct-layout-1/t021 cp_compat_x_tst.o-cp_compat_y_tst.o link
UNRESOLVED: tmpdir-g++.dg-struct-layout-1/t021 cp_compat_x_tst.o-cp_compat_y_tst.o execute
FAIL: tmpdir-g++.dg-struct-layout-1/t022 cp_compat_x_tst.o compile, (internal compiler error)
FAIL: tmpdir-g++.dg-struct-layout-1/t022 cp_compat_y_tst.o compile, (internal compiler error)
UNRESOLVED: tmpdir-g++.dg-struct-layout-1/t022 cp_compat_x_tst.o-cp_compat_y_tst.o link
UNRESOLVED: tmpdir-g++.dg-struct-layout-1/t022 cp_compat_x_tst.o-cp_compat_y_tst.o execute
FAIL: tmpdir-g++.dg-struct-layout-1/t023 cp_compat_x_tst.o compile, (internal compiler error)
FAIL: tmpdir-g++.dg-struct-layout-1/t023 cp_compat_y_tst.o compile, (internal compiler error)
UNRESOLVED: tmpdir-g++.dg-struct-layout-1/t023 cp_compat_x_tst.o-cp_compat_y_tst.o link
UNRESOLVED: tmpdir-g++.dg-struct-layout-1/t023 cp_compat_x_tst.o-cp_compat_y_tst.o execute
FAIL: tmpdir-g++.dg-struct-layout-1/t024 cp_compat_x_tst.o compile, (internal compiler error)
FAIL: tmpdir-g++.dg-struct-layout-1/t024 cp_compat_y_tst.o compile, (internal compiler error)
UNRESOLVED: tmpdir-g++.dg-struct-layout-1/t024 cp_compat_x_tst.o-cp_compat_y_tst.o link
UNRESOLVED: tmpdir-g++.dg-struct-layout-1/t024 cp_compat_x_tst.o-cp_compat_y_tst.o execute
FAIL: tmpdir-g++.dg-struct-layout-1/t025 cp_compat_x_tst.o compile, (internal compiler error)
FAIL: tmpdir-g++.dg-struct-layout-1/t025 cp_compat_y_tst.o compile, (internal compiler error)
UNRESOLVED: tmpdir-g++.dg-struct-layout-1/t025 cp_compat_x_tst.o-cp_compat_y_tst.o link
UNRESOLVED: tmpdir-g++.dg-struct-layout-1/t025 cp_compat_x_tst.o-cp_compat_y_tst.o execute
FAIL: tmpdir-g++.dg-struct-layout-1/t026 cp_compat_x_tst.o compile, (internal compiler error)
FAIL: tmpdir-g++.dg-struct-layout-1/t026 cp_compat_y_tst.o compile, (internal compiler error)
UNRESOLVED: tmpdir-g++.dg-struct-layout-1/t026 cp_compat_x_tst.o-cp_compat_y_tst.o link
UNRESOLVED: tmpdir-g++.dg-struct-layout-1/t026 cp_compat_x_tst.o-cp_compat_y_tst.o execute
FAIL: tmpdir-g++.dg-struct-layout-1/t027 cp_compat_x_tst.o compile, (internal compiler error)
FAIL: tmpdir-g++.dg-struct-layout-1/t027 cp_compat_y_tst.o compile, (internal compiler error)
UNRESOLVED: tmpdir-g++.dg-struct-layout-1/t027 cp_compat_x_tst.o-cp_compat_y_tst.o link
UNRESOLVED: tmpdir-g++.dg-struct-layout-1/t027 cp_compat_x_tst.o-cp_compat_y_tst.o execute
FAIL: tmpdir-g++.dg-struct-layout-1/t028 cp_compat_x_tst.o compile, (internal compiler error)
FAIL: tmpdir-g++.dg-struct-layout-1/t028 cp_compat_y_tst.o compile, (internal compiler error)
UNRESOLVED: tmpdir-g++.dg-struct-layout-1/t028 cp_compat_x_tst.o-cp_compat_y_tst.o link
UNRESOLVED: tmpdir-g++.dg-struct-layout-1/t028 cp_compat_x_tst.o-cp_compat_y_tst.o execute
FAIL: tmpdir-g++.dg-struct-layout-1/t029 cp_compat_x_tst.o compile, (internal compiler error)
FAIL: tmpdir-g++.dg-struct-layout-1/t029 cp_compat_y_tst.o compile, (internal compiler error)
UNRESOLVED: tmpdir-g++.dg-struct-layout-1/t029 cp_compat_x_tst.o-cp_compat_y_tst.o link
UNRESOLVED: tmpdir-g++.dg-struct-layout-1/t029 cp_compat_x_tst.o-cp_compat_y_tst.o execute
FAIL: tmpdir-g++.dg-struct-layout-1/t030 cp_compat_x_tst.o compile, (internal compiler error)
FAIL: tmpdir-g++.dg-struct-layout-1/t030 cp_compat_y_tst.o compile, (internal compiler error)
UNRESOLVED: tmpdir-g++.dg-struct-layout-1/t030 cp_compat_x_tst.o-cp_compat_y_tst.o link
UNRESOLVED: tmpdir-g++.dg-struct-layout-1/t030 cp_compat_x_tst.o-cp_compat_y_tst.o execute
FAIL: g++.dg/cdce3.C -std=gnu++98 scan-tree-dump cdce "cdce3.C:98: note: function call is shrink-wrapped into error conditions."
FAIL: g++.dg/cdce3.C -std=gnu++98 scan-tree-dump cdce "cdce3.C:108: note: function call is shrink-wrapped into error conditions."
FAIL: g++.dg/cdce3.C -std=gnu++11 scan-tree-dump cdce "cdce3.C:98: note: function call is shrink-wrapped into error conditions."
FAIL: g++.dg/cdce3.C -std=gnu++11 scan-tree-dump cdce "cdce3.C:108: note: function call is shrink-wrapped into error conditions."
FAIL: g++.dg/opt/cfg3.C -std=gnu++98 (internal compiler error)
FAIL: g++.dg/opt/cfg3.C -std=gnu++98 (test for excess errors)
FAIL: g++.dg/opt/cfg3.C -std=gnu++11 (internal compiler error)
FAIL: g++.dg/opt/cfg3.C -std=gnu++11 (test for excess errors)
FAIL: g++.dg/template/sfinae21.C -std=c++11 (test for excess errors)
FAIL: c-c++-common/gomp/atomic-10.c -std=gnu++98 scan-tree-dump-times ompexp "__atomic_fetch_add" 4
FAIL: c-c++-common/gomp/atomic-10.c -std=gnu++11 scan-tree-dump-times ompexp "__atomic_fetch_add" 4
FAIL: c-c++-common/gomp/atomic-3.c -std=gnu++98 scan-tree-dump-times ompexp "xyzzy, 4" 1
FAIL: c-c++-common/gomp/atomic-3.c -std=gnu++11 scan-tree-dump-times ompexp "xyzzy, 4" 1
FAIL: c-c++-common/gomp/atomic-9.c -std=gnu++98 scan-tree-dump-times ompexp "__atomic_fetch_add" 1
FAIL: c-c++-common/gomp/atomic-9.c -std=gnu++11 scan-tree-dump-times ompexp "__atomic_fetch_add" 1
FAIL: c-c++-common/torture/complex-sign-add.c -O0 execution test
FAIL: c-c++-common/torture/complex-sign-add.c -O1 execution test
FAIL: c-c++-common/torture/complex-sign-add.c -O2 execution test
FAIL: c-c++-common/torture/complex-sign-add.c -O3 -fomit-frame-pointer execution test
FAIL: c-c++-common/torture/complex-sign-add.c -O3 -fomit-frame-pointer -funroll-loops execution test
FAIL: c-c++-common/torture/complex-sign-add.c -O3 -fomit-frame-pointer -funroll-all-loops -finline-functions execution test
FAIL: c-c++-common/torture/complex-sign-add.c -O3 -g execution test
FAIL: c-c++-common/torture/complex-sign-add.c -Os execution test
FAIL: c-c++-common/torture/complex-sign-add.c -O2 -flto -fno-use-linker-plugin -flto-partition=none execution test
FAIL: c-c++-common/torture/complex-sign-add.c -O2 -flto -fuse-linker-plugin -fno-fat-lto-objects execution test
FAIL: c-c++-common/torture/complex-sign-mixed-add.c -O0 execution test
FAIL: c-c++-common/torture/complex-sign-mixed-add.c -O1 execution test
FAIL: c-c++-common/torture/complex-sign-mixed-add.c -O2 execution test
FAIL: c-c++-common/torture/complex-sign-mixed-add.c -O3 -fomit-frame-pointer execution test
FAIL: c-c++-common/torture/complex-sign-mixed-add.c -O3 -fomit-frame-pointer -funroll-loops execution test
FAIL: c-c++-common/torture/complex-sign-mixed-add.c -O3 -fomit-frame-pointer -funroll-all-loops -finline-functions execution test
FAIL: c-c++-common/torture/complex-sign-mixed-add.c -O3 -g execution test
FAIL: c-c++-common/torture/complex-sign-mixed-add.c -Os execution test
FAIL: c-c++-common/torture/complex-sign-mixed-add.c -O2 -flto -fno-use-linker-plugin -flto-partition=none execution test
FAIL: c-c++-common/torture/complex-sign-mixed-add.c -O2 -flto -fuse-linker-plugin -fno-fat-lto-objects execution test
FAIL: c-c++-common/torture/complex-sign-mixed-div.c -O0 execution test
FAIL: c-c++-common/torture/complex-sign-mixed-div.c -O1 execution test
FAIL: c-c++-common/torture/complex-sign-mixed-div.c -O2 execution test
FAIL: c-c++-common/torture/complex-sign-mixed-div.c -O3 -fomit-frame-pointer execution test
FAIL: c-c++-common/torture/complex-sign-mixed-div.c -O3 -fomit-frame-pointer -funroll-loops execution test
FAIL: c-c++-common/torture/complex-sign-mixed-div.c -O3 -fomit-frame-pointer -funroll-all-loops -finline-functions execution test
FAIL: c-c++-common/torture/complex-sign-mixed-div.c -O3 -g execution test
FAIL: c-c++-common/torture/complex-sign-mixed-div.c -Os execution test
FAIL: c-c++-common/torture/complex-sign-mixed-div.c -O2 -flto -fno-use-linker-plugin -flto-partition=none execution test
FAIL: c-c++-common/torture/complex-sign-mixed-div.c -O2 -flto -fuse-linker-plugin -fno-fat-lto-objects execution test
FAIL: c-c++-common/torture/complex-sign-mixed-mul.c -O0 execution test
FAIL: c-c++-common/torture/complex-sign-mixed-mul.c -O1 execution test
FAIL: c-c++-common/torture/complex-sign-mixed-mul.c -O2 execution test
FAIL: c-c++-common/torture/complex-sign-mixed-mul.c -O3 -fomit-frame-pointer execution test
FAIL: c-c++-common/torture/complex-sign-mixed-mul.c -O3 -fomit-frame-pointer -funroll-loops execution test
FAIL: c-c++-common/torture/complex-sign-mixed-mul.c -O3 -fomit-frame-pointer -funroll-all-loops -finline-functions execution test
FAIL: c-c++-common/torture/complex-sign-mixed-mul.c -O3 -g execution test
FAIL: c-c++-common/torture/complex-sign-mixed-mul.c -Os execution test
FAIL: c-c++-common/torture/complex-sign-mixed-mul.c -O2 -flto -fno-use-linker-plugin -flto-partition=none execution test
FAIL: c-c++-common/torture/complex-sign-mixed-mul.c -O2 -flto -fuse-linker-plugin -fno-fat-lto-objects execution test
FAIL: c-c++-common/torture/complex-sign-mixed-sub.c -O0 execution test
FAIL: c-c++-common/torture/complex-sign-mixed-sub.c -O1 execution test
FAIL: c-c++-common/torture/complex-sign-mixed-sub.c -O2 execution test
FAIL: c-c++-common/torture/complex-sign-mixed-sub.c -O3 -fomit-frame-pointer execution test
FAIL: c-c++-common/torture/complex-sign-mixed-sub.c -O3 -fomit-frame-pointer -funroll-loops execution test
FAIL: c-c++-common/torture/complex-sign-mixed-sub.c -O3 -fomit-frame-pointer -funroll-all-loops -finline-functions execution test
FAIL: c-c++-common/torture/complex-sign-mixed-sub.c -O3 -g execution test
FAIL: c-c++-common/torture/complex-sign-mixed-sub.c -Os execution test
FAIL: c-c++-common/torture/complex-sign-mixed-sub.c -O2 -flto -fno-use-linker-plugin -flto-partition=none execution test
FAIL: c-c++-common/torture/complex-sign-mixed-sub.c -O2 -flto -fuse-linker-plugin -fno-fat-lto-objects execution test
FAIL: c-c++-common/torture/complex-sign-mul-minus-one.c -O0 execution test
FAIL: c-c++-common/torture/complex-sign-mul-minus-one.c -O1 execution test
FAIL: c-c++-common/torture/complex-sign-mul-minus-one.c -O2 execution test
FAIL: c-c++-common/torture/complex-sign-mul-minus-one.c -O3 -fomit-frame-pointer execution test
FAIL: c-c++-common/torture/complex-sign-mul-minus-one.c -O3 -fomit-frame-pointer -funroll-loops execution test
FAIL: c-c++-common/torture/complex-sign-mul-minus-one.c -O3 -fomit-frame-pointer -funroll-all-loops -finline-functions execution test
FAIL: c-c++-common/torture/complex-sign-mul-minus-one.c -O3 -g execution test
FAIL: c-c++-common/torture/complex-sign-mul-minus-one.c -Os execution test
FAIL: c-c++-common/torture/complex-sign-mul-minus-one.c -O2 -flto -fno-use-linker-plugin -flto-partition=none execution test
FAIL: c-c++-common/torture/complex-sign-mul-minus-one.c -O2 -flto -fuse-linker-plugin -fno-fat-lto-objects execution test
FAIL: c-c++-common/torture/complex-sign-mul-one.c -O0 execution test
FAIL: c-c++-common/torture/complex-sign-mul-one.c -O1 execution test
FAIL: c-c++-common/torture/complex-sign-mul-one.c -O2 execution test
FAIL: c-c++-common/torture/complex-sign-mul-one.c -O3 -fomit-frame-pointer execution test
FAIL: c-c++-common/torture/complex-sign-mul-one.c -O3 -fomit-frame-pointer -funroll-loops execution test
FAIL: c-c++-common/torture/complex-sign-mul-one.c -O3 -fomit-frame-pointer -funroll-all-loops -finline-functions execution test
FAIL: c-c++-common/torture/complex-sign-mul-one.c -O3 -g execution test
FAIL: c-c++-common/torture/complex-sign-mul-one.c -Os execution test
FAIL: c-c++-common/torture/complex-sign-mul-one.c -O2 -flto -fno-use-linker-plugin -flto-partition=none execution test
FAIL: c-c++-common/torture/complex-sign-mul-one.c -O2 -flto -fuse-linker-plugin -fno-fat-lto-objects execution test
FAIL: c-c++-common/torture/complex-sign-mul.c -O0 execution test
FAIL: c-c++-common/torture/complex-sign-mul.c -O1 execution test
FAIL: c-c++-common/torture/complex-sign-mul.c -O2 execution test
FAIL: c-c++-common/torture/complex-sign-mul.c -O3 -fomit-frame-pointer execution test
FAIL: c-c++-common/torture/complex-sign-mul.c -O3 -fomit-frame-pointer -funroll-loops execution test
FAIL: c-c++-common/torture/complex-sign-mul.c -O3 -fomit-frame-pointer -funroll-all-loops -finline-functions execution test
FAIL: c-c++-common/torture/complex-sign-mul.c -O3 -g execution test
FAIL: c-c++-common/torture/complex-sign-mul.c -Os execution test
FAIL: c-c++-common/torture/complex-sign-mul.c -O2 -flto -fno-use-linker-plugin -flto-partition=none execution test
FAIL: c-c++-common/torture/complex-sign-mul.c -O2 -flto -fuse-linker-plugin -fno-fat-lto-objects execution test
FAIL: c-c++-common/torture/complex-sign-sub.c -O0 execution test
FAIL: c-c++-common/torture/complex-sign-sub.c -O1 execution test
FAIL: c-c++-common/torture/complex-sign-sub.c -O2 execution test
FAIL: c-c++-common/torture/complex-sign-sub.c -O3 -fomit-frame-pointer execution test
FAIL: c-c++-common/torture/complex-sign-sub.c -O3 -fomit-frame-pointer -funroll-loops execution test
FAIL: c-c++-common/torture/complex-sign-sub.c -O3 -fomit-frame-pointer -funroll-all-loops -finline-functions execution test
FAIL: c-c++-common/torture/complex-sign-sub.c -O3 -g execution test
FAIL: c-c++-common/torture/complex-sign-sub.c -Os execution test
FAIL: c-c++-common/torture/complex-sign-sub.c -O2 -flto -fno-use-linker-plugin -flto-partition=none execution test
FAIL: c-c++-common/torture/complex-sign-sub.c -O2 -flto -fuse-linker-plugin -fno-fat-lto-objects execution test
FAIL: g++.dg/torture/pr33819.C -O1 (internal compiler error)
FAIL: g++.dg/torture/pr33819.C -O1 (test for excess errors)
WARNING: g++.dg/torture/pr33819.C -O1 compilation failed to produce executable
FAIL: g++.dg/torture/pr33819.C -O2 (internal compiler error)
FAIL: g++.dg/torture/pr33819.C -O2 (test for excess errors)
WARNING: g++.dg/torture/pr33819.C -O2 compilation failed to produce executable
FAIL: g++.dg/torture/pr33819.C -O3 -fomit-frame-pointer (internal compiler error)
FAIL: g++.dg/torture/pr33819.C -O3 -fomit-frame-pointer (test for excess errors)
WARNING: g++.dg/torture/pr33819.C -O3 -fomit-frame-pointer compilation failed to produce executable
FAIL: g++.dg/torture/pr33819.C -O3 -g (internal compiler error)
FAIL: g++.dg/torture/pr33819.C -O3 -g (test for excess errors)
WARNING: g++.dg/torture/pr33819.C -O3 -g compilation failed to produce executable
FAIL: g++.dg/torture/pr33819.C -Os (internal compiler error)
FAIL: g++.dg/torture/pr33819.C -Os (test for excess errors)
WARNING: g++.dg/torture/pr33819.C -Os compilation failed to produce executable
FAIL: g++.dg/torture/pr33819.C -O2 -flto -fno-use-linker-plugin -flto-partition=none (internal compiler error)
FAIL: g++.dg/torture/pr33819.C -O2 -flto -fno-use-linker-plugin -flto-partition=none (test for excess errors)
WARNING: g++.dg/torture/pr33819.C -O2 -flto -fno-use-linker-plugin -flto-partition=none compilation failed to produce executable
FAIL: g++.dg/torture/pr33819.C -O2 -flto -fuse-linker-plugin -fno-fat-lto-objects (internal compiler error)
FAIL: g++.dg/torture/pr33819.C -O2 -flto -fuse-linker-plugin -fno-fat-lto-objects (test for excess errors)
WARNING: g++.dg/torture/pr33819.C -O2 -flto -fuse-linker-plugin -fno-fat-lto-objects compilation failed to produce executable
FAIL: g++.dg/torture/pr47559.C -O3 -fomit-frame-pointer (test for excess errors)
FAIL: g++.dg/torture/pr47559.C -O3 -fomit-frame-pointer -funroll-loops (test for excess errors)
FAIL: g++.dg/torture/pr47559.C -O3 -fomit-frame-pointer -funroll-all-loops -finline-functions (test for excess errors)
FAIL: g++.dg/torture/pr48271.C -O3 -fomit-frame-pointer (test for excess errors)
FAIL: g++.dg/torture/pr48271.C -O3 -fomit-frame-pointer -funroll-loops (test for excess errors)
FAIL: g++.dg/torture/pr48271.C -O3 -fomit-frame-pointer -funroll-all-loops -finline-functions (test for excess errors)
FAIL: g++.dg/torture/pr49394.C -O3 -fomit-frame-pointer (test for excess errors)
FAIL: g++.dg/torture/type-generic-1.C -O2 execution test
FAIL: g++.dg/torture/type-generic-1.C -O3 -fomit-frame-pointer execution test
FAIL: g++.dg/torture/type-generic-1.C -O3 -g execution test
FAIL: g++.dg/torture/type-generic-1.C -Os execution test
FAIL: g++.dg/torture/type-generic-1.C -O2 -flto -fno-use-linker-plugin -flto-partition=none execution test
FAIL: g++.dg/torture/type-generic-1.C -O2 -flto -fuse-linker-plugin -fno-fat-lto-objects execution test
=== g++ Summary ===
# of expected passes 45175
# of unexpected failures 192
# of expected failures 282
# of unresolved testcases 60
# of unsupported tests 663
/daten/aranym/gcc/gcc-20111121/Build/gcc/testsuite/g++/../../g++ version 4.7.0 20111121 (experimental) (GCC)
Host is x86_64-pc-linux-gnu
=== gcc tests ===
Running target aranym
FAIL: gcc.c-torture/compile/920501-3.c -O0 (internal compiler error)
FAIL: gcc.c-torture/compile/920501-3.c -O0 (test for excess errors)
FAIL: gcc.c-torture/compile/920501-3.c -O1 (internal compiler error)
FAIL: gcc.c-torture/compile/920501-3.c -O1 (test for excess errors)
FAIL: gcc.c-torture/compile/920501-3.c -O2 (internal compiler error)
FAIL: gcc.c-torture/compile/920501-3.c -O2 (test for excess errors)
FAIL: gcc.c-torture/compile/920501-3.c -O3 -fomit-frame-pointer (internal compiler error)
FAIL: gcc.c-torture/compile/920501-3.c -O3 -fomit-frame-pointer (test for excess errors)
FAIL: gcc.c-torture/compile/920501-3.c -O3 -g (internal compiler error)
FAIL: gcc.c-torture/compile/920501-3.c -O3 -g (test for excess errors)
FAIL: gcc.c-torture/compile/920501-3.c -Os (internal compiler error)
FAIL: gcc.c-torture/compile/920501-3.c -Os (test for excess errors)
FAIL: gcc.c-torture/compile/920501-3.c -O2 -flto -fno-use-linker-plugin -flto-partition=none (internal compiler error)
FAIL: gcc.c-torture/compile/920501-3.c -O2 -flto -fno-use-linker-plugin -flto-partition=none (test for excess errors)
FAIL: gcc.c-torture/execute/20040709-1.c execution, -O3 -fomit-frame-pointer -funroll-loops
FAIL: gcc.c-torture/execute/20040709-1.c execution, -O3 -fomit-frame-pointer -funroll-all-loops -finline-functions
FAIL: gcc.c-torture/execute/20040709-2.c execution, -O3 -fomit-frame-pointer -funroll-loops
FAIL: gcc.c-torture/execute/20040709-2.c execution, -O3 -fomit-frame-pointer -funroll-all-loops -finline-functions
FAIL: gcc.c-torture/execute/920501-1.c compilation, -O2 -flto -fno-use-linker-plugin -flto-partition=none (internal compiler error)
UNRESOLVED: gcc.c-torture/execute/920501-1.c execution, -O2 -flto -fno-use-linker-plugin -flto-partition=none
FAIL: gcc.c-torture/execute/930921-1.c execution, -O3 -fomit-frame-pointer -funroll-loops
FAIL: gcc.c-torture/execute/930921-1.c execution, -O3 -fomit-frame-pointer -funroll-all-loops -finline-functions
FAIL: gcc.c-torture/execute/991118-1.c execution, -O0
FAIL: gcc.c-torture/execute/991118-1.c execution, -O1
FAIL: gcc.c-torture/execute/991118-1.c execution, -Os
FAIL: gcc.c-torture/execute/bf64-1.c compilation, -O0 (internal compiler error)
UNRESOLVED: gcc.c-torture/execute/bf64-1.c execution, -O0
FAIL: gcc.c-torture/execute/bf64-1.c compilation, -O1 (internal compiler error)
UNRESOLVED: gcc.c-torture/execute/bf64-1.c execution, -O1
FAIL: gcc.c-torture/execute/bf64-1.c compilation, -Os (internal compiler error)
UNRESOLVED: gcc.c-torture/execute/bf64-1.c execution, -Os
FAIL: gcc.c-torture/execute/bitfld-3.c execution, -O0
FAIL: gcc.c-torture/execute/bitfld-5.c compilation, -O0 (internal compiler error)
UNRESOLVED: gcc.c-torture/execute/bitfld-5.c execution, -O0
FAIL: gcc.c-torture/execute/bitfld-5.c compilation, -O1 (internal compiler error)
UNRESOLVED: gcc.c-torture/execute/bitfld-5.c execution, -O1
FAIL: gcc.c-torture/execute/bitfld-5.c compilation, -O2 (internal compiler error)
UNRESOLVED: gcc.c-torture/execute/bitfld-5.c execution, -O2
FAIL: gcc.c-torture/execute/bitfld-5.c compilation, -O3 -fomit-frame-pointer (internal compiler error)
UNRESOLVED: gcc.c-torture/execute/bitfld-5.c execution, -O3 -fomit-frame-pointer
FAIL: gcc.c-torture/execute/bitfld-5.c compilation, -O3 -g (internal compiler error)
UNRESOLVED: gcc.c-torture/execute/bitfld-5.c execution, -O3 -g
FAIL: gcc.c-torture/execute/bitfld-5.c compilation, -Os (internal compiler error)
UNRESOLVED: gcc.c-torture/execute/bitfld-5.c execution, -Os
FAIL: gcc.c-torture/execute/bitfld-5.c compilation, -O2 -flto -fno-use-linker-plugin -flto-partition=none (internal compiler error)
UNRESOLVED: gcc.c-torture/execute/bitfld-5.c execution, -O2 -flto -fno-use-linker-plugin -flto-partition=none
FAIL: gcc.c-torture/execute/bitfld-5.c compilation, -O2 -flto -fuse-linker-plugin -fno-fat-lto-objects (internal compiler error)
UNRESOLVED: gcc.c-torture/execute/bitfld-5.c execution, -O2 -flto -fuse-linker-plugin -fno-fat-lto-objects
FAIL: gcc.c-torture/execute/pr32244-1.c compilation, -O0 (internal compiler error)
UNRESOLVED: gcc.c-torture/execute/pr32244-1.c execution, -O0
FAIL: gcc.c-torture/execute/pr32244-1.c compilation, -O1 (internal compiler error)
UNRESOLVED: gcc.c-torture/execute/pr32244-1.c execution, -O1
FAIL: gcc.c-torture/execute/pr32244-1.c compilation, -O2 (internal compiler error)
UNRESOLVED: gcc.c-torture/execute/pr32244-1.c execution, -O2
FAIL: gcc.c-torture/execute/pr32244-1.c compilation, -O3 -fomit-frame-pointer (internal compiler error)
UNRESOLVED: gcc.c-torture/execute/pr32244-1.c execution, -O3 -fomit-frame-pointer
FAIL: gcc.c-torture/execute/pr32244-1.c compilation, -O3 -g (internal compiler error)
UNRESOLVED: gcc.c-torture/execute/pr32244-1.c execution, -O3 -g
FAIL: gcc.c-torture/execute/pr32244-1.c compilation, -Os (internal compiler error)
UNRESOLVED: gcc.c-torture/execute/pr32244-1.c execution, -Os
FAIL: gcc.c-torture/execute/pr32244-1.c compilation, -O2 -flto -fno-use-linker-plugin -flto-partition=none (internal compiler error)
UNRESOLVED: gcc.c-torture/execute/pr32244-1.c execution, -O2 -flto -fno-use-linker-plugin -flto-partition=none
FAIL: gcc.c-torture/execute/pr32244-1.c compilation, -O2 -flto -fuse-linker-plugin -fno-fat-lto-objects (internal compiler error)
UNRESOLVED: gcc.c-torture/execute/pr32244-1.c execution, -O2 -flto -fuse-linker-plugin -fno-fat-lto-objects
FAIL: gcc.c-torture/execute/pr34971.c compilation, -O0 (internal compiler error)
UNRESOLVED: gcc.c-torture/execute/pr34971.c execution, -O0
FAIL: gcc.c-torture/execute/pr34971.c compilation, -O1 (internal compiler error)
UNRESOLVED: gcc.c-torture/execute/pr34971.c execution, -O1
FAIL: gcc.c-torture/execute/pr34971.c compilation, -O2 (internal compiler error)
UNRESOLVED: gcc.c-torture/execute/pr34971.c execution, -O2
FAIL: gcc.c-torture/execute/pr34971.c compilation, -O3 -fomit-frame-pointer (internal compiler error)
UNRESOLVED: gcc.c-torture/execute/pr34971.c execution, -O3 -fomit-frame-pointer
FAIL: gcc.c-torture/execute/pr34971.c compilation, -O3 -g (internal compiler error)
UNRESOLVED: gcc.c-torture/execute/pr34971.c execution, -O3 -g
FAIL: gcc.c-torture/execute/pr34971.c compilation, -Os (internal compiler error)
UNRESOLVED: gcc.c-torture/execute/pr34971.c execution, -Os
FAIL: gcc.c-torture/execute/pr34971.c compilation, -O2 -flto -fno-use-linker-plugin -flto-partition=none (internal compiler error)
UNRESOLVED: gcc.c-torture/execute/pr34971.c execution, -O2 -flto -fno-use-linker-plugin -flto-partition=none
FAIL: gcc.c-torture/execute/pr34971.c compilation, -O2 -flto -fuse-linker-plugin -fno-fat-lto-objects (internal compiler error)
UNRESOLVED: gcc.c-torture/execute/pr34971.c execution, -O2 -flto -fuse-linker-plugin -fno-fat-lto-objects
FAIL: gcc.c-torture/execute/stdarg-3.c compilation, -O3 -fomit-frame-pointer -funroll-loops (internal compiler error)
UNRESOLVED: gcc.c-torture/execute/stdarg-3.c execution, -O3 -fomit-frame-pointer -funroll-loops
FAIL: gcc.c-torture/execute/stdarg-3.c compilation, -O3 -fomit-frame-pointer -funroll-all-loops -finline-functions (internal compiler error)
UNRESOLVED: gcc.c-torture/execute/stdarg-3.c execution, -O3 -fomit-frame-pointer -funroll-all-loops -finline-functions
FAIL: gcc.c-torture/execute/ieee/compare-fp-1.c execution, -O0
FAIL: gcc.c-torture/execute/ieee/compare-fp-1.c execution, -O1
FAIL: gcc.c-torture/execute/ieee/compare-fp-1.c execution, -O2
FAIL: gcc.c-torture/execute/ieee/compare-fp-1.c execution, -O3 -fomit-frame-pointer
FAIL: gcc.c-torture/execute/ieee/compare-fp-1.c execution, -O3 -g
FAIL: gcc.c-torture/execute/ieee/compare-fp-1.c execution, -Os
FAIL: gcc.c-torture/execute/ieee/compare-fp-1.c execution, -O2 -flto -fno-use-linker-plugin -flto-partition=none
FAIL: gcc.c-torture/execute/ieee/compare-fp-1.c execution, -O2 -flto -fuse-linker-plugin -fno-fat-lto-objects
FAIL: gcc.c-torture/execute/ieee/compare-fp-4.c execution, -O0
FAIL: gcc.c-torture/execute/ieee/compare-fp-4.c execution, -O1
FAIL: gcc.c-torture/execute/ieee/compare-fp-4.c execution, -O2
FAIL: gcc.c-torture/execute/ieee/compare-fp-4.c execution, -O3 -fomit-frame-pointer
FAIL: gcc.c-torture/execute/ieee/compare-fp-4.c execution, -O3 -g
FAIL: gcc.c-torture/execute/ieee/compare-fp-4.c execution, -Os
FAIL: gcc.c-torture/execute/ieee/compare-fp-4.c execution, -O2 -flto -fno-use-linker-plugin -flto-partition=none
FAIL: gcc.c-torture/execute/ieee/compare-fp-4.c execution, -O2 -flto -fuse-linker-plugin -fno-fat-lto-objects
FAIL: gcc.c-torture/execute/ieee/copysign1.c execution, -O0
FAIL: gcc.c-torture/execute/ieee/copysign1.c execution, -O1
FAIL: gcc.c-torture/execute/ieee/copysign1.c execution, -O2
FAIL: gcc.c-torture/execute/ieee/copysign1.c execution, -O3 -fomit-frame-pointer
FAIL: gcc.c-torture/execute/ieee/copysign1.c execution, -O3 -fomit-frame-pointer -funroll-loops
FAIL: gcc.c-torture/execute/ieee/copysign1.c execution, -O3 -fomit-frame-pointer -funroll-all-loops -finline-functions
FAIL: gcc.c-torture/execute/ieee/copysign1.c execution, -O3 -g
FAIL: gcc.c-torture/execute/ieee/copysign1.c execution, -Os
FAIL: gcc.c-torture/execute/ieee/copysign1.c execution, -O2 -flto -fno-use-linker-plugin -flto-partition=none
FAIL: gcc.c-torture/execute/ieee/copysign1.c execution, -O2 -flto -fuse-linker-plugin -fno-fat-lto-objects
FAIL: gcc.c-torture/execute/ieee/copysign2.c execution, -O0
FAIL: gcc.c-torture/execute/ieee/copysign2.c execution, -O1
FAIL: gcc.c-torture/execute/ieee/copysign2.c execution, -O2
FAIL: gcc.c-torture/execute/ieee/copysign2.c execution, -O3 -fomit-frame-pointer
FAIL: gcc.c-torture/execute/ieee/copysign2.c execution, -O3 -fomit-frame-pointer -funroll-loops
FAIL: gcc.c-torture/execute/ieee/copysign2.c execution, -O3 -fomit-frame-pointer -funroll-all-loops -finline-functions
FAIL: gcc.c-torture/execute/ieee/copysign2.c execution, -O3 -g
FAIL: gcc.c-torture/execute/ieee/copysign2.c execution, -Os
FAIL: gcc.c-torture/execute/ieee/copysign2.c execution, -O2 -flto -fno-use-linker-plugin -flto-partition=none
FAIL: gcc.c-torture/execute/ieee/copysign2.c execution, -O2 -flto -fuse-linker-plugin -fno-fat-lto-objects
FAIL: tmpdir-gcc.dg-struct-layout-1/t001 c_compat_x_tst.o compile, (internal compiler error)
FAIL: tmpdir-gcc.dg-struct-layout-1/t001 c_compat_y_tst.o compile, (internal compiler error)
UNRESOLVED: tmpdir-gcc.dg-struct-layout-1/t001 c_compat_x_tst.o-c_compat_y_tst.o link
UNRESOLVED: tmpdir-gcc.dg-struct-layout-1/t001 c_compat_x_tst.o-c_compat_y_tst.o execute
FAIL: tmpdir-gcc.dg-struct-layout-1/t002 c_compat_x_tst.o compile, (internal compiler error)
FAIL: tmpdir-gcc.dg-struct-layout-1/t002 c_compat_y_tst.o compile, (internal compiler error)
UNRESOLVED: tmpdir-gcc.dg-struct-layout-1/t002 c_compat_x_tst.o-c_compat_y_tst.o link
UNRESOLVED: tmpdir-gcc.dg-struct-layout-1/t002 c_compat_x_tst.o-c_compat_y_tst.o execute
FAIL: tmpdir-gcc.dg-struct-layout-1/t003 c_compat_x_tst.o compile, (internal compiler error)
FAIL: tmpdir-gcc.dg-struct-layout-1/t003 c_compat_y_tst.o compile, (internal compiler error)
UNRESOLVED: tmpdir-gcc.dg-struct-layout-1/t003 c_compat_x_tst.o-c_compat_y_tst.o link
UNRESOLVED: tmpdir-gcc.dg-struct-layout-1/t003 c_compat_x_tst.o-c_compat_y_tst.o execute
FAIL: tmpdir-gcc.dg-struct-layout-1/t004 c_compat_x_tst.o compile, (internal compiler error)
FAIL: tmpdir-gcc.dg-struct-layout-1/t004 c_compat_y_tst.o compile, (internal compiler error)
UNRESOLVED: tmpdir-gcc.dg-struct-layout-1/t004 c_compat_x_tst.o-c_compat_y_tst.o link
UNRESOLVED: tmpdir-gcc.dg-struct-layout-1/t004 c_compat_x_tst.o-c_compat_y_tst.o execute
FAIL: tmpdir-gcc.dg-struct-layout-1/t005 c_compat_x_tst.o compile, (internal compiler error)
FAIL: tmpdir-gcc.dg-struct-layout-1/t005 c_compat_y_tst.o compile, (internal compiler error)
UNRESOLVED: tmpdir-gcc.dg-struct-layout-1/t005 c_compat_x_tst.o-c_compat_y_tst.o link
UNRESOLVED: tmpdir-gcc.dg-struct-layout-1/t005 c_compat_x_tst.o-c_compat_y_tst.o execute
FAIL: tmpdir-gcc.dg-struct-layout-1/t006 c_compat_x_tst.o compile, (internal compiler error)
FAIL: tmpdir-gcc.dg-struct-layout-1/t006 c_compat_y_tst.o compile, (internal compiler error)
UNRESOLVED: tmpdir-gcc.dg-struct-layout-1/t006 c_compat_x_tst.o-c_compat_y_tst.o link
UNRESOLVED: tmpdir-gcc.dg-struct-layout-1/t006 c_compat_x_tst.o-c_compat_y_tst.o execute
FAIL: tmpdir-gcc.dg-struct-layout-1/t007 c_compat_x_tst.o compile, (internal compiler error)
FAIL: tmpdir-gcc.dg-struct-layout-1/t007 c_compat_y_tst.o compile, (internal compiler error)
UNRESOLVED: tmpdir-gcc.dg-struct-layout-1/t007 c_compat_x_tst.o-c_compat_y_tst.o link
UNRESOLVED: tmpdir-gcc.dg-struct-layout-1/t007 c_compat_x_tst.o-c_compat_y_tst.o execute
FAIL: tmpdir-gcc.dg-struct-layout-1/t008 c_compat_x_tst.o compile, (internal compiler error)
FAIL: tmpdir-gcc.dg-struct-layout-1/t008 c_compat_y_tst.o compile, (internal compiler error)
UNRESOLVED: tmpdir-gcc.dg-struct-layout-1/t008 c_compat_x_tst.o-c_compat_y_tst.o link
UNRESOLVED: tmpdir-gcc.dg-struct-layout-1/t008 c_compat_x_tst.o-c_compat_y_tst.o execute
FAIL: tmpdir-gcc.dg-struct-layout-1/t009 c_compat_x_tst.o compile, (internal compiler error)
FAIL: tmpdir-gcc.dg-struct-layout-1/t009 c_compat_y_tst.o compile, (internal compiler error)
UNRESOLVED: tmpdir-gcc.dg-struct-layout-1/t009 c_compat_x_tst.o-c_compat_y_tst.o link
UNRESOLVED: tmpdir-gcc.dg-struct-layout-1/t009 c_compat_x_tst.o-c_compat_y_tst.o execute
FAIL: tmpdir-gcc.dg-struct-layout-1/t010 c_compat_x_tst.o compile, (internal compiler error)
FAIL: tmpdir-gcc.dg-struct-layout-1/t010 c_compat_y_tst.o compile, (internal compiler error)
UNRESOLVED: tmpdir-gcc.dg-struct-layout-1/t010 c_compat_x_tst.o-c_compat_y_tst.o link
UNRESOLVED: tmpdir-gcc.dg-struct-layout-1/t010 c_compat_x_tst.o-c_compat_y_tst.o execute
FAIL: tmpdir-gcc.dg-struct-layout-1/t011 c_compat_x_tst.o compile, (internal compiler error)
FAIL: tmpdir-gcc.dg-struct-layout-1/t011 c_compat_y_tst.o compile, (internal compiler error)
UNRESOLVED: tmpdir-gcc.dg-struct-layout-1/t011 c_compat_x_tst.o-c_compat_y_tst.o link
UNRESOLVED: tmpdir-gcc.dg-struct-layout-1/t011 c_compat_x_tst.o-c_compat_y_tst.o execute
FAIL: tmpdir-gcc.dg-struct-layout-1/t012 c_compat_x_tst.o compile, (internal compiler error)
FAIL: tmpdir-gcc.dg-struct-layout-1/t012 c_compat_y_tst.o compile, (internal compiler error)
UNRESOLVED: tmpdir-gcc.dg-struct-layout-1/t012 c_compat_x_tst.o-c_compat_y_tst.o link
UNRESOLVED: tmpdir-gcc.dg-struct-layout-1/t012 c_compat_x_tst.o-c_compat_y_tst.o execute
FAIL: tmpdir-gcc.dg-struct-layout-1/t013 c_compat_x_tst.o compile, (internal compiler error)
FAIL: tmpdir-gcc.dg-struct-layout-1/t013 c_compat_y_tst.o compile, (internal compiler error)
UNRESOLVED: tmpdir-gcc.dg-struct-layout-1/t013 c_compat_x_tst.o-c_compat_y_tst.o link
UNRESOLVED: tmpdir-gcc.dg-struct-layout-1/t013 c_compat_x_tst.o-c_compat_y_tst.o execute
FAIL: tmpdir-gcc.dg-struct-layout-1/t014 c_compat_x_tst.o compile, (internal compiler error)
FAIL: tmpdir-gcc.dg-struct-layout-1/t014 c_compat_y_tst.o compile, (internal compiler error)
UNRESOLVED: tmpdir-gcc.dg-struct-layout-1/t014 c_compat_x_tst.o-c_compat_y_tst.o link
UNRESOLVED: tmpdir-gcc.dg-struct-layout-1/t014 c_compat_x_tst.o-c_compat_y_tst.o execute
FAIL: tmpdir-gcc.dg-struct-layout-1/t015 c_compat_x_tst.o compile, (internal compiler error)
FAIL: tmpdir-gcc.dg-struct-layout-1/t015 c_compat_y_tst.o compile, (internal compiler error)
UNRESOLVED: tmpdir-gcc.dg-struct-layout-1/t015 c_compat_x_tst.o-c_compat_y_tst.o link
UNRESOLVED: tmpdir-gcc.dg-struct-layout-1/t015 c_compat_x_tst.o-c_compat_y_tst.o execute
FAIL: tmpdir-gcc.dg-struct-layout-1/t016 c_compat_x_tst.o compile, (internal compiler error)
FAIL: tmpdir-gcc.dg-struct-layout-1/t016 c_compat_y_tst.o compile, (internal compiler error)
UNRESOLVED: tmpdir-gcc.dg-struct-layout-1/t016 c_compat_x_tst.o-c_compat_y_tst.o link
UNRESOLVED: tmpdir-gcc.dg-struct-layout-1/t016 c_compat_x_tst.o-c_compat_y_tst.o execute
FAIL: tmpdir-gcc.dg-struct-layout-1/t017 c_compat_x_tst.o compile, (internal compiler error)
FAIL: tmpdir-gcc.dg-struct-layout-1/t017 c_compat_y_tst.o compile, (internal compiler error)
UNRESOLVED: tmpdir-gcc.dg-struct-layout-1/t017 c_compat_x_tst.o-c_compat_y_tst.o link
UNRESOLVED: tmpdir-gcc.dg-struct-layout-1/t017 c_compat_x_tst.o-c_compat_y_tst.o execute
FAIL: tmpdir-gcc.dg-struct-layout-1/t018 c_compat_x_tst.o compile, (internal compiler error)
FAIL: tmpdir-gcc.dg-struct-layout-1/t018 c_compat_y_tst.o compile, (internal compiler error)
UNRESOLVED: tmpdir-gcc.dg-struct-layout-1/t018 c_compat_x_tst.o-c_compat_y_tst.o link
UNRESOLVED: tmpdir-gcc.dg-struct-layout-1/t018 c_compat_x_tst.o-c_compat_y_tst.o execute
FAIL: tmpdir-gcc.dg-struct-layout-1/t019 c_compat_x_tst.o compile, (internal compiler error)
FAIL: tmpdir-gcc.dg-struct-layout-1/t019 c_compat_y_tst.o compile, (internal compiler error)
UNRESOLVED: tmpdir-gcc.dg-struct-layout-1/t019 c_compat_x_tst.o-c_compat_y_tst.o link
UNRESOLVED: tmpdir-gcc.dg-struct-layout-1/t019 c_compat_x_tst.o-c_compat_y_tst.o execute
FAIL: tmpdir-gcc.dg-struct-layout-1/t020 c_compat_x_tst.o compile, (internal compiler error)
FAIL: tmpdir-gcc.dg-struct-layout-1/t020 c_compat_y_tst.o compile, (internal compiler error)
UNRESOLVED: tmpdir-gcc.dg-struct-layout-1/t020 c_compat_x_tst.o-c_compat_y_tst.o link
UNRESOLVED: tmpdir-gcc.dg-struct-layout-1/t020 c_compat_x_tst.o-c_compat_y_tst.o execute
FAIL: tmpdir-gcc.dg-struct-layout-1/t021 c_compat_x_tst.o compile, (internal compiler error)
FAIL: tmpdir-gcc.dg-struct-layout-1/t021 c_compat_y_tst.o compile, (internal compiler error)
UNRESOLVED: tmpdir-gcc.dg-struct-layout-1/t021 c_compat_x_tst.o-c_compat_y_tst.o link
UNRESOLVED: tmpdir-gcc.dg-struct-layout-1/t021 c_compat_x_tst.o-c_compat_y_tst.o execute
FAIL: tmpdir-gcc.dg-struct-layout-1/t022 c_compat_x_tst.o compile, (internal compiler error)
FAIL: tmpdir-gcc.dg-struct-layout-1/t022 c_compat_y_tst.o compile, (internal compiler error)
UNRESOLVED: tmpdir-gcc.dg-struct-layout-1/t022 c_compat_x_tst.o-c_compat_y_tst.o link
UNRESOLVED: tmpdir-gcc.dg-struct-layout-1/t022 c_compat_x_tst.o-c_compat_y_tst.o execute
FAIL: tmpdir-gcc.dg-struct-layout-1/t023 c_compat_x_tst.o compile, (internal compiler error)
FAIL: tmpdir-gcc.dg-struct-layout-1/t023 c_compat_y_tst.o compile, (internal compiler error)
UNRESOLVED: tmpdir-gcc.dg-struct-layout-1/t023 c_compat_x_tst.o-c_compat_y_tst.o link
UNRESOLVED: tmpdir-gcc.dg-struct-layout-1/t023 c_compat_x_tst.o-c_compat_y_tst.o execute
FAIL: tmpdir-gcc.dg-struct-layout-1/t024 c_compat_x_tst.o compile, (internal compiler error)
FAIL: tmpdir-gcc.dg-struct-layout-1/t024 c_compat_y_tst.o compile, (internal compiler error)
UNRESOLVED: tmpdir-gcc.dg-struct-layout-1/t024 c_compat_x_tst.o-c_compat_y_tst.o link
UNRESOLVED: tmpdir-gcc.dg-struct-layout-1/t024 c_compat_x_tst.o-c_compat_y_tst.o execute
FAIL: tmpdir-gcc.dg-struct-layout-1/t025 c_compat_x_tst.o compile, (internal compiler error)
FAIL: tmpdir-gcc.dg-struct-layout-1/t025 c_compat_y_tst.o compile, (internal compiler error)
UNRESOLVED: tmpdir-gcc.dg-struct-layout-1/t025 c_compat_x_tst.o-c_compat_y_tst.o link
UNRESOLVED: tmpdir-gcc.dg-struct-layout-1/t025 c_compat_x_tst.o-c_compat_y_tst.o execute
FAIL: tmpdir-gcc.dg-struct-layout-1/t026 c_compat_x_tst.o compile, (internal compiler error)
FAIL: tmpdir-gcc.dg-struct-layout-1/t026 c_compat_y_tst.o compile, (internal compiler error)
UNRESOLVED: tmpdir-gcc.dg-struct-layout-1/t026 c_compat_x_tst.o-c_compat_y_tst.o link
UNRESOLVED: tmpdir-gcc.dg-struct-layout-1/t026 c_compat_x_tst.o-c_compat_y_tst.o execute
FAIL: tmpdir-gcc.dg-struct-layout-1/t027 c_compat_x_tst.o compile, (internal compiler error)
FAIL: tmpdir-gcc.dg-struct-layout-1/t027 c_compat_y_tst.o compile, (internal compiler error)
UNRESOLVED: tmpdir-gcc.dg-struct-layout-1/t027 c_compat_x_tst.o-c_compat_y_tst.o link
UNRESOLVED: tmpdir-gcc.dg-struct-layout-1/t027 c_compat_x_tst.o-c_compat_y_tst.o execute
FAIL: tmpdir-gcc.dg-struct-layout-1/t028 c_compat_x_tst.o compile, (internal compiler error)
FAIL: tmpdir-gcc.dg-struct-layout-1/t028 c_compat_y_tst.o compile, (internal compiler error)
UNRESOLVED: tmpdir-gcc.dg-struct-layout-1/t028 c_compat_x_tst.o-c_compat_y_tst.o link
UNRESOLVED: tmpdir-gcc.dg-struct-layout-1/t028 c_compat_x_tst.o-c_compat_y_tst.o execute
FAIL: gcc.dg/pr28796-2.c execution test
FAIL: gcc.dg/pr37544.c execution test
FAIL: gcc.dg/pr43419.c execution test
FAIL: gcc.dg/pr46309.c scan-tree-dump-times reassoc1 "Optimizing range tests a_[0-9]*.D. -.1, 1. and -.2, 2. and -.3, 3. and -.4, 4.[
FAIL: gcc.dg/pr46309.c scan-tree-dump-times reassoc1 "Optimizing range tests a_[0-9]*.D. -.1, 1. and -.3, 3.[
FAIL: gcc.dg/pr46309.c scan-tree-dump-times reassoc1 "Optimizing range tests a_[0-9]*.D. -.1, 1. and -.2, 2.[
FAIL: gcc.dg/pr46309.c scan-tree-dump-times reassoc1 "Optimizing range tests a_[0-9]*.D. -.0, 31. and -.64, 95.[
FAIL: gcc.dg/pr46309.c scan-tree-dump-times reassoc1 "Optimizing range tests a_[0-9]*.D. -.128, 159. and -.192, 223.[
FAIL: gcc.dg/pr46309.c scan-tree-dump-times reassoc2 "Optimizing range tests D.[0-9]*_[0-9]* -.0, 31. and -.128, 159.[
FAIL: gcc.dg/pr46647.c scan-tree-dump-not optimized "memset"
FAIL: c-c++-common/gomp/atomic-10.c scan-tree-dump-times ompexp "__atomic_fetch_add" 4
FAIL: c-c++-common/gomp/atomic-3.c scan-tree-dump-times ompexp "xyzzy, 4" 1
FAIL: c-c++-common/gomp/atomic-9.c scan-tree-dump-times ompexp "__atomic_fetch_add" 1
FAIL: gcc.dg/graphite/interchange-12.c (internal compiler error)
FAIL: gcc.dg/graphite/interchange-12.c (test for excess errors)
WARNING: gcc.dg/graphite/interchange-12.c compilation failed to produce executable
FAIL: gcc.dg/graphite/interchange-14.c (internal compiler error)
FAIL: gcc.dg/graphite/interchange-14.c (test for excess errors)
WARNING: gcc.dg/graphite/interchange-14.c compilation failed to produce executable
FAIL: gcc.dg/graphite/interchange-15.c (internal compiler error)
FAIL: gcc.dg/graphite/interchange-15.c (test for excess errors)
WARNING: gcc.dg/graphite/interchange-15.c compilation failed to produce executable
FAIL: gcc.dg/graphite/interchange-mvt.c (internal compiler error)
FAIL: gcc.dg/graphite/interchange-mvt.c (test for excess errors)
WARNING: gcc.dg/graphite/interchange-mvt.c compilation failed to produce executable
XPASS: gcc.dg/guality/example.c -O0 execution test
XPASS: gcc.dg/guality/example.c -O1 execution test
XPASS: gcc.dg/guality/example.c -O2 execution test
XPASS: gcc.dg/guality/example.c -Os execution test
XPASS: gcc.dg/guality/example.c -O2 -flto -fno-use-linker-plugin -flto-partition=none execution test
XPASS: gcc.dg/guality/guality.c -O0 execution test
XPASS: gcc.dg/guality/guality.c -O1 execution test
XPASS: gcc.dg/guality/guality.c -O2 execution test
XPASS: gcc.dg/guality/guality.c -O3 -g execution test
XPASS: gcc.dg/guality/guality.c -Os execution test
XPASS: gcc.dg/guality/guality.c -O2 -flto -fno-use-linker-plugin -flto-partition=none execution test
XPASS: gcc.dg/guality/guality.c -O2 -flto -fuse-linker-plugin -fno-fat-lto-objects execution test
XPASS: gcc.dg/guality/inline-params.c -O2 execution test
XPASS: gcc.dg/guality/inline-params.c -O3 -g execution test
XPASS: gcc.dg/guality/inline-params.c -Os execution test
XPASS: gcc.dg/guality/inline-params.c -O2 -flto -fno-use-linker-plugin -flto-partition=none execution test
XPASS: gcc.dg/guality/inline-params.c -O2 -flto -fuse-linker-plugin -fno-fat-lto-objects execution test
XPASS: gcc.dg/guality/pr41447-1.c -O0 execution test
XPASS: gcc.dg/guality/pr41447-1.c -O1 execution test
XPASS: gcc.dg/guality/pr41447-1.c -O2 execution test
XPASS: gcc.dg/guality/pr41447-1.c -O3 -g execution test
XPASS: gcc.dg/guality/pr41447-1.c -Os execution test
XPASS: gcc.dg/guality/pr41447-1.c -O2 -flto -fno-use-linker-plugin -flto-partition=none execution test
XPASS: gcc.dg/guality/pr41447-1.c -O2 -flto -fuse-linker-plugin -fno-fat-lto-objects execution test
XPASS: gcc.dg/guality/pr41616-1.c -O0 execution test
XPASS: gcc.dg/guality/pr41616-1.c -O1 execution test
XPASS: gcc.dg/guality/pr41616-1.c -O2 execution test
XPASS: gcc.dg/guality/pr41616-1.c -O3 -g execution test
XPASS: gcc.dg/guality/pr41616-1.c -Os execution test
XPASS: gcc.dg/guality/pr41616-1.c -O2 -flto -fno-use-linker-plugin -flto-partition=none execution test
FAIL: c-c++-common/torture/complex-sign-add.c -O0 execution test
FAIL: c-c++-common/torture/complex-sign-add.c -O1 execution test
FAIL: c-c++-common/torture/complex-sign-add.c -O2 execution test
FAIL: c-c++-common/torture/complex-sign-add.c -O3 -fomit-frame-pointer execution test
FAIL: c-c++-common/torture/complex-sign-add.c -O3 -fomit-frame-pointer -funroll-loops execution test
FAIL: c-c++-common/torture/complex-sign-add.c -O3 -fomit-frame-pointer -funroll-all-loops -finline-functions execution test
FAIL: c-c++-common/torture/complex-sign-add.c -O3 -g execution test
FAIL: c-c++-common/torture/complex-sign-add.c -Os execution test
FAIL: c-c++-common/torture/complex-sign-add.c -O2 -flto -fno-use-linker-plugin -flto-partition=none execution test
FAIL: c-c++-common/torture/complex-sign-add.c -O2 -flto -fuse-linker-plugin -fno-fat-lto-objects execution test
FAIL: c-c++-common/torture/complex-sign-mixed-add.c -O0 execution test
FAIL: c-c++-common/torture/complex-sign-mixed-add.c -O1 execution test
FAIL: c-c++-common/torture/complex-sign-mixed-add.c -O2 execution test
FAIL: c-c++-common/torture/complex-sign-mixed-add.c -O3 -fomit-frame-pointer execution test
FAIL: c-c++-common/torture/complex-sign-mixed-add.c -O3 -fomit-frame-pointer -funroll-loops execution test
FAIL: c-c++-common/torture/complex-sign-mixed-add.c -O3 -fomit-frame-pointer -funroll-all-loops -finline-functions execution test
FAIL: c-c++-common/torture/complex-sign-mixed-add.c -O3 -g execution test
FAIL: c-c++-common/torture/complex-sign-mixed-add.c -Os execution test
FAIL: c-c++-common/torture/complex-sign-mixed-add.c -O2 -flto -fno-use-linker-plugin -flto-partition=none execution test
FAIL: c-c++-common/torture/complex-sign-mixed-add.c -O2 -flto -fuse-linker-plugin -fno-fat-lto-objects execution test
FAIL: c-c++-common/torture/complex-sign-mixed-div.c -O0 execution test
FAIL: c-c++-common/torture/complex-sign-mixed-div.c -O1 execution test
FAIL: c-c++-common/torture/complex-sign-mixed-div.c -O2 execution test
FAIL: c-c++-common/torture/complex-sign-mixed-div.c -O3 -fomit-frame-pointer execution test
FAIL: c-c++-common/torture/complex-sign-mixed-div.c -O3 -fomit-frame-pointer -funroll-loops execution test
FAIL: c-c++-common/torture/complex-sign-mixed-div.c -O3 -fomit-frame-pointer -funroll-all-loops -finline-functions execution test
FAIL: c-c++-common/torture/complex-sign-mixed-div.c -O3 -g execution test
FAIL: c-c++-common/torture/complex-sign-mixed-div.c -Os execution test
FAIL: c-c++-common/torture/complex-sign-mixed-div.c -O2 -flto -fno-use-linker-plugin -flto-partition=none execution test
FAIL: c-c++-common/torture/complex-sign-mixed-div.c -O2 -flto -fuse-linker-plugin -fno-fat-lto-objects execution test
FAIL: c-c++-common/torture/complex-sign-mixed-mul.c -O0 execution test
FAIL: c-c++-common/torture/complex-sign-mixed-mul.c -O1 execution test
FAIL: c-c++-common/torture/complex-sign-mixed-mul.c -O2 execution test
FAIL: c-c++-common/torture/complex-sign-mixed-mul.c -O3 -fomit-frame-pointer execution test
FAIL: c-c++-common/torture/complex-sign-mixed-mul.c -O3 -fomit-frame-pointer -funroll-loops execution test
FAIL: c-c++-common/torture/complex-sign-mixed-mul.c -O3 -fomit-frame-pointer -funroll-all-loops -finline-functions execution test
FAIL: c-c++-common/torture/complex-sign-mixed-mul.c -O3 -g execution test
FAIL: c-c++-common/torture/complex-sign-mixed-mul.c -Os execution test
FAIL: c-c++-common/torture/complex-sign-mixed-mul.c -O2 -flto -fno-use-linker-plugin -flto-partition=none execution test
FAIL: c-c++-common/torture/complex-sign-mixed-mul.c -O2 -flto -fuse-linker-plugin -fno-fat-lto-objects execution test
FAIL: c-c++-common/torture/complex-sign-mixed-sub.c -O0 execution test
FAIL: c-c++-common/torture/complex-sign-mixed-sub.c -O1 execution test
FAIL: c-c++-common/torture/complex-sign-mixed-sub.c -O2 execution test
FAIL: c-c++-common/torture/complex-sign-mixed-sub.c -O3 -fomit-frame-pointer execution test
FAIL: c-c++-common/torture/complex-sign-mixed-sub.c -O3 -fomit-frame-pointer -funroll-loops execution test
FAIL: c-c++-common/torture/complex-sign-mixed-sub.c -O3 -fomit-frame-pointer -funroll-all-loops -finline-functions execution test
FAIL: c-c++-common/torture/complex-sign-mixed-sub.c -O3 -g execution test
FAIL: c-c++-common/torture/complex-sign-mixed-sub.c -Os execution test
FAIL: c-c++-common/torture/complex-sign-mixed-sub.c -O2 -flto -fno-use-linker-plugin -flto-partition=none execution test
FAIL: c-c++-common/torture/complex-sign-mixed-sub.c -O2 -flto -fuse-linker-plugin -fno-fat-lto-objects execution test
FAIL: c-c++-common/torture/complex-sign-mul-minus-one.c -O0 execution test
FAIL: c-c++-common/torture/complex-sign-mul-minus-one.c -O1 execution test
FAIL: c-c++-common/torture/complex-sign-mul-minus-one.c -O2 execution test
FAIL: c-c++-common/torture/complex-sign-mul-minus-one.c -O3 -fomit-frame-pointer execution test
FAIL: c-c++-common/torture/complex-sign-mul-minus-one.c -O3 -fomit-frame-pointer -funroll-loops execution test
FAIL: c-c++-common/torture/complex-sign-mul-minus-one.c -O3 -fomit-frame-pointer -funroll-all-loops -finline-functions execution test
FAIL: c-c++-common/torture/complex-sign-mul-minus-one.c -O3 -g execution test
FAIL: c-c++-common/torture/complex-sign-mul-minus-one.c -Os execution test
FAIL: c-c++-common/torture/complex-sign-mul-minus-one.c -O2 -flto -fno-use-linker-plugin -flto-partition=none execution test
FAIL: c-c++-common/torture/complex-sign-mul-minus-one.c -O2 -flto -fuse-linker-plugin -fno-fat-lto-objects execution test
FAIL: c-c++-common/torture/complex-sign-mul-one.c -O0 execution test
FAIL: c-c++-common/torture/complex-sign-mul-one.c -O1 execution test
FAIL: c-c++-common/torture/complex-sign-mul-one.c -O2 execution test
FAIL: c-c++-common/torture/complex-sign-mul-one.c -O3 -fomit-frame-pointer execution test
FAIL: c-c++-common/torture/complex-sign-mul-one.c -O3 -fomit-frame-pointer -funroll-loops execution test
FAIL: c-c++-common/torture/complex-sign-mul-one.c -O3 -fomit-frame-pointer -funroll-all-loops -finline-functions execution test
FAIL: c-c++-common/torture/complex-sign-mul-one.c -O3 -g execution test
FAIL: c-c++-common/torture/complex-sign-mul-one.c -Os execution test
FAIL: c-c++-common/torture/complex-sign-mul-one.c -O2 -flto -fno-use-linker-plugin -flto-partition=none execution test
FAIL: c-c++-common/torture/complex-sign-mul-one.c -O2 -flto -fuse-linker-plugin -fno-fat-lto-objects execution test
FAIL: c-c++-common/torture/complex-sign-mul.c -O0 execution test
FAIL: c-c++-common/torture/complex-sign-mul.c -O1 execution test
FAIL: c-c++-common/torture/complex-sign-mul.c -O2 execution test
FAIL: c-c++-common/torture/complex-sign-mul.c -O3 -fomit-frame-pointer execution test
FAIL: c-c++-common/torture/complex-sign-mul.c -O3 -fomit-frame-pointer -funroll-loops execution test
FAIL: c-c++-common/torture/complex-sign-mul.c -O3 -fomit-frame-pointer -funroll-all-loops -finline-functions execution test
FAIL: c-c++-common/torture/complex-sign-mul.c -O3 -g execution test
FAIL: c-c++-common/torture/complex-sign-mul.c -Os execution test
FAIL: c-c++-common/torture/complex-sign-mul.c -O2 -flto -fno-use-linker-plugin -flto-partition=none execution test
FAIL: c-c++-common/torture/complex-sign-mul.c -O2 -flto -fuse-linker-plugin -fno-fat-lto-objects execution test
FAIL: c-c++-common/torture/complex-sign-sub.c -O0 execution test
FAIL: c-c++-common/torture/complex-sign-sub.c -O1 execution test
FAIL: c-c++-common/torture/complex-sign-sub.c -O2 execution test
FAIL: c-c++-common/torture/complex-sign-sub.c -O3 -fomit-frame-pointer execution test
FAIL: c-c++-common/torture/complex-sign-sub.c -O3 -fomit-frame-pointer -funroll-loops execution test
FAIL: c-c++-common/torture/complex-sign-sub.c -O3 -fomit-frame-pointer -funroll-all-loops -finline-functions execution test
FAIL: c-c++-common/torture/complex-sign-sub.c -O3 -g execution test
FAIL: c-c++-common/torture/complex-sign-sub.c -Os execution test
FAIL: c-c++-common/torture/complex-sign-sub.c -O2 -flto -fno-use-linker-plugin -flto-partition=none execution test
FAIL: c-c++-common/torture/complex-sign-sub.c -O2 -flto -fuse-linker-plugin -fno-fat-lto-objects execution test
FAIL: gcc.dg/torture/builtin-complex-1.c -O0 execution test
FAIL: gcc.dg/torture/builtin-complex-1.c -O2 execution test
FAIL: gcc.dg/torture/builtin-complex-1.c -Os execution test
FAIL: gcc.dg/torture/builtin-complex-1.c -O2 -flto -fno-use-linker-plugin -flto-partition=none execution test
FAIL: gcc.dg/torture/builtin-complex-1.c -O2 -flto -fuse-linker-plugin -fno-fat-lto-objects execution test
FAIL: gcc.dg/torture/builtin-math-7.c -O0 execution test
FAIL: gcc.dg/torture/builtin-math-7.c -O1 execution test
FAIL: gcc.dg/torture/builtin-math-7.c -O2 execution test
FAIL: gcc.dg/torture/builtin-math-7.c -O3 -fomit-frame-pointer execution test
FAIL: gcc.dg/torture/builtin-math-7.c -O3 -fomit-frame-pointer -funroll-loops execution test
FAIL: gcc.dg/torture/builtin-math-7.c -O3 -fomit-frame-pointer -funroll-all-loops -finline-functions execution test
FAIL: gcc.dg/torture/builtin-math-7.c -O3 -g execution test
FAIL: gcc.dg/torture/builtin-math-7.c -Os execution test
FAIL: gcc.dg/torture/builtin-math-7.c -O2 -flto -fno-use-linker-plugin -flto-partition=none execution test
FAIL: gcc.dg/torture/builtin-math-7.c -O2 -flto -fuse-linker-plugin -fno-fat-lto-objects execution test
FAIL: gcc.dg/torture/fp-int-convert-float.c -O2 -flto -fuse-linker-plugin -fno-fat-lto-objects execution test
UNRESOLVED: gcc.dg/torture/ipa-pta-1.c -O2 -flto -fuse-linker-plugin -fno-fat-lto-objects scan-ipa-dump pta "bar.arg0 = { test4.arg0 test3.arg0 test2.arg0 test1.arg0 }"
UNRESOLVED: gcc.dg/torture/pr23821.c -O2 -flto -fuse-linker-plugin -fno-fat-lto-objects scan-tree-dump ivcanon "Added canonical iv"
UNRESOLVED: gcc.dg/torture/pr39074-2.c -O2 -flto -fuse-linker-plugin -fno-fat-lto-objects scan-tree-dump alias "y.._., points-to vars: { i }"
UNRESOLVED: gcc.dg/torture/pr39074.c -O2 -flto -fuse-linker-plugin -fno-fat-lto-objects scan-tree-dump alias "y.._., points-to vars: { i }"
UNRESOLVED: gcc.dg/torture/pr42898-2.c -O2 -flto -fuse-linker-plugin -fno-fat-lto-objects scan-tree-dump-times optimized "\\*ptr" 1
UNRESOLVED: gcc.dg/torture/pr42898.c -O2 -flto -fuse-linker-plugin -fno-fat-lto-objects scan-tree-dump-times optimized "\\*ptr" 1
UNRESOLVED: gcc.dg/torture/pr45704.c -O2 -flto -fuse-linker-plugin -fno-fat-lto-objects scan-tree-dump-times optimized "={v}" 1
UNRESOLVED: gcc.dg/torture/pr50472.c -O2 -flto -fuse-linker-plugin -fno-fat-lto-objects scan-tree-dump-not optimized "return 1"
UNRESOLVED: gcc.dg/torture/pta-callused-1.c -O2 -flto -fuse-linker-plugin -fno-fat-lto-objects scan-tree-dump alias "p.._., points-to vars: { i j }"
UNRESOLVED: gcc.dg/torture/pta-escape-1.c -O2 -flto -fuse-linker-plugin -fno-fat-lto-objects scan-tree-dump alias "ESCAPED = {[^
UNRESOLVED: gcc.dg/torture/pta-ptrarith-1.c -O2 -flto -fuse-linker-plugin -fno-fat-lto-objects scan-tree-dump alias "ESCAPED = {[^
UNRESOLVED: gcc.dg/torture/pta-ptrarith-2.c -O2 -flto -fuse-linker-plugin -fno-fat-lto-objects scan-tree-dump alias "= { i j }"
UNRESOLVED: gcc.dg/torture/pta-ptrarith-3.c -O2 -flto -fuse-linker-plugin -fno-fat-lto-objects scan-tree-dump alias "q_., points-to vars: { i j k }"
UNRESOLVED: gcc.dg/torture/ssa-pta-fn-1.c -O2 -flto -fuse-linker-plugin -fno-fat-lto-objects scan-tree-dump alias "q_const_., points-to non-local, points-to vars: { i }"
UNRESOLVED: gcc.dg/torture/ssa-pta-fn-1.c -O2 -flto -fuse-linker-plugin -fno-fat-lto-objects scan-tree-dump alias "q_pure_., points-to non-local, points-to escaped, points-to vars: { i }"
UNRESOLVED: gcc.dg/torture/ssa-pta-fn-1.c -O2 -flto -fuse-linker-plugin -fno-fat-lto-objects scan-tree-dump alias "q_normal_., points-to non-local, points-to escaped, points-to vars: { }"
FAIL: gcc.dg/torture/type-generic-1.c -O2 execution test
FAIL: gcc.dg/torture/type-generic-1.c -O3 -fomit-frame-pointer execution test
FAIL: gcc.dg/torture/type-generic-1.c -O3 -g execution test
FAIL: gcc.dg/torture/type-generic-1.c -Os execution test
FAIL: gcc.dg/torture/type-generic-1.c -O2 -flto -fno-use-linker-plugin -flto-partition=none execution test
FAIL: gcc.dg/torture/type-generic-1.c -O2 -flto -fuse-linker-plugin -fno-fat-lto-objects execution test
FAIL: gcc.dg/torture/vec-cvt-1.c -O1 execution test
FAIL: gcc.dg/torture/vec-cvt-1.c -O2 execution test
FAIL: gcc.dg/torture/vec-cvt-1.c -O3 -fomit-frame-pointer execution test
FAIL: gcc.dg/torture/vec-cvt-1.c -O3 -g execution test
FAIL: gcc.dg/torture/vec-cvt-1.c -O2 -flto -fno-use-linker-plugin -flto-partition=none execution test
FAIL: gcc.dg/torture/vec-cvt-1.c -O2 -flto -fuse-linker-plugin -fno-fat-lto-objects execution test
FAIL: gcc.dg/torture/tls/run-le.c -O0 -pie -fpie (test for excess errors)
WARNING: gcc.dg/torture/tls/run-le.c -O0 -pie -fpie compilation failed to produce executable
FAIL: gcc.dg/torture/tls/run-le.c -O1 -pie -fpie (test for excess errors)
WARNING: gcc.dg/torture/tls/run-le.c -O1 -pie -fpie compilation failed to produce executable
FAIL: gcc.dg/torture/tls/run-le.c -O2 -pie -fpie (test for excess errors)
WARNING: gcc.dg/torture/tls/run-le.c -O2 -pie -fpie compilation failed to produce executable
FAIL: gcc.dg/torture/tls/run-le.c -O3 -fomit-frame-pointer -pie -fpie (test for excess errors)
WARNING: gcc.dg/torture/tls/run-le.c -O3 -fomit-frame-pointer -pie -fpie compilation failed to produce executable
FAIL: gcc.dg/torture/tls/run-le.c -O3 -g -pie -fpie (test for excess errors)
WARNING: gcc.dg/torture/tls/run-le.c -O3 -g -pie -fpie compilation failed to produce executable
FAIL: gcc.dg/torture/tls/run-le.c -Os -pie -fpie (test for excess errors)
WARNING: gcc.dg/torture/tls/run-le.c -Os -pie -fpie compilation failed to produce executable
FAIL: gcc.dg/torture/tls/run-le.c -O0 -pie -fPIE (test for excess errors)
WARNING: gcc.dg/torture/tls/run-le.c -O0 -pie -fPIE compilation failed to produce executable
FAIL: gcc.dg/torture/tls/run-le.c -O1 -pie -fPIE (test for excess errors)
WARNING: gcc.dg/torture/tls/run-le.c -O1 -pie -fPIE compilation failed to produce executable
FAIL: gcc.dg/torture/tls/run-le.c -O2 -pie -fPIE (test for excess errors)
WARNING: gcc.dg/torture/tls/run-le.c -O2 -pie -fPIE compilation failed to produce executable
FAIL: gcc.dg/torture/tls/run-le.c -O3 -fomit-frame-pointer -pie -fPIE (test for excess errors)
WARNING: gcc.dg/torture/tls/run-le.c -O3 -fomit-frame-pointer -pie -fPIE compilation failed to produce executable
FAIL: gcc.dg/torture/tls/run-le.c -O3 -g -pie -fPIE (test for excess errors)
WARNING: gcc.dg/torture/tls/run-le.c -O3 -g -pie -fPIE compilation failed to produce executable
FAIL: gcc.dg/torture/tls/run-le.c -Os -pie -fPIE (test for excess errors)
WARNING: gcc.dg/torture/tls/run-le.c -Os -pie -fPIE compilation failed to produce executable
FAIL: gcc.dg/torture/tls/thr-init-1.c -O0 -pie -fpie (test for excess errors)
WARNING: gcc.dg/torture/tls/thr-init-1.c -O0 -pie -fpie compilation failed to produce executable
FAIL: gcc.dg/torture/tls/thr-init-1.c -O1 -pie -fpie (test for excess errors)
WARNING: gcc.dg/torture/tls/thr-init-1.c -O1 -pie -fpie compilation failed to produce executable
FAIL: gcc.dg/torture/tls/thr-init-1.c -O2 -pie -fpie (test for excess errors)
WARNING: gcc.dg/torture/tls/thr-init-1.c -O2 -pie -fpie compilation failed to produce executable
FAIL: gcc.dg/torture/tls/thr-init-1.c -O3 -fomit-frame-pointer -pie -fpie (test for excess errors)
WARNING: gcc.dg/torture/tls/thr-init-1.c -O3 -fomit-frame-pointer -pie -fpie compilation failed to produce executable
FAIL: gcc.dg/torture/tls/thr-init-1.c -O3 -g -pie -fpie (test for excess errors)
WARNING: gcc.dg/torture/tls/thr-init-1.c -O3 -g -pie -fpie compilation failed to produce executable
FAIL: gcc.dg/torture/tls/thr-init-1.c -Os -pie -fpie (test for excess errors)
WARNING: gcc.dg/torture/tls/thr-init-1.c -Os -pie -fpie compilation failed to produce executable
FAIL: gcc.dg/torture/tls/thr-init-1.c -O0 -pie -fPIE (test for excess errors)
WARNING: gcc.dg/torture/tls/thr-init-1.c -O0 -pie -fPIE compilation failed to produce executable
FAIL: gcc.dg/torture/tls/thr-init-1.c -O1 -pie -fPIE (test for excess errors)
WARNING: gcc.dg/torture/tls/thr-init-1.c -O1 -pie -fPIE compilation failed to produce executable
FAIL: gcc.dg/torture/tls/thr-init-1.c -O2 -pie -fPIE (test for excess errors)
WARNING: gcc.dg/torture/tls/thr-init-1.c -O2 -pie -fPIE compilation failed to produce executable
FAIL: gcc.dg/torture/tls/thr-init-1.c -O3 -fomit-frame-pointer -pie -fPIE (test for excess errors)
WARNING: gcc.dg/torture/tls/thr-init-1.c -O3 -fomit-frame-pointer -pie -fPIE compilation failed to produce executable
FAIL: gcc.dg/torture/tls/thr-init-1.c -O3 -g -pie -fPIE (test for excess errors)
WARNING: gcc.dg/torture/tls/thr-init-1.c -O3 -g -pie -fPIE compilation failed to produce executable
FAIL: gcc.dg/torture/tls/thr-init-1.c -Os -pie -fPIE (test for excess errors)
WARNING: gcc.dg/torture/tls/thr-init-1.c -Os -pie -fPIE compilation failed to produce executable
FAIL: gcc.dg/torture/tls/thr-init-2.c -O0 -pie -fpie (test for excess errors)
WARNING: gcc.dg/torture/tls/thr-init-2.c -O0 -pie -fpie compilation failed to produce executable
FAIL: gcc.dg/torture/tls/thr-init-2.c -O1 -pie -fpie (test for excess errors)
WARNING: gcc.dg/torture/tls/thr-init-2.c -O1 -pie -fpie compilation failed to produce executable
FAIL: gcc.dg/torture/tls/thr-init-2.c -O2 -pie -fpie (test for excess errors)
WARNING: gcc.dg/torture/tls/thr-init-2.c -O2 -pie -fpie compilation failed to produce executable
FAIL: gcc.dg/torture/tls/thr-init-2.c -O3 -fomit-frame-pointer -pie -fpie (test for excess errors)
WARNING: gcc.dg/torture/tls/thr-init-2.c -O3 -fomit-frame-pointer -pie -fpie compilation failed to produce executable
FAIL: gcc.dg/torture/tls/thr-init-2.c -O3 -g -pie -fpie (test for excess errors)
WARNING: gcc.dg/torture/tls/thr-init-2.c -O3 -g -pie -fpie compilation failed to produce executable
FAIL: gcc.dg/torture/tls/thr-init-2.c -Os -pie -fpie (test for excess errors)
WARNING: gcc.dg/torture/tls/thr-init-2.c -Os -pie -fpie compilation failed to produce executable
FAIL: gcc.dg/torture/tls/thr-init-2.c -O0 -pie -fPIE (test for excess errors)
WARNING: gcc.dg/torture/tls/thr-init-2.c -O0 -pie -fPIE compilation failed to produce executable
FAIL: gcc.dg/torture/tls/thr-init-2.c -O1 -pie -fPIE (test for excess errors)
WARNING: gcc.dg/torture/tls/thr-init-2.c -O1 -pie -fPIE compilation failed to produce executable
FAIL: gcc.dg/torture/tls/thr-init-2.c -O2 -pie -fPIE (test for excess errors)
WARNING: gcc.dg/torture/tls/thr-init-2.c -O2 -pie -fPIE compilation failed to produce executable
FAIL: gcc.dg/torture/tls/thr-init-2.c -O3 -fomit-frame-pointer -pie -fPIE (test for excess errors)
WARNING: gcc.dg/torture/tls/thr-init-2.c -O3 -fomit-frame-pointer -pie -fPIE compilation failed to produce executable
FAIL: gcc.dg/torture/tls/thr-init-2.c -O3 -g -pie -fPIE (test for excess errors)
WARNING: gcc.dg/torture/tls/thr-init-2.c -O3 -g -pie -fPIE compilation failed to produce executable
FAIL: gcc.dg/torture/tls/thr-init-2.c -Os -pie -fPIE (test for excess errors)
WARNING: gcc.dg/torture/tls/thr-init-2.c -Os -pie -fPIE compilation failed to produce executable
FAIL: gcc.dg/torture/tls/tls-test.c -O0 -pie -fpie (test for excess errors)
WARNING: gcc.dg/torture/tls/tls-test.c -O0 -pie -fpie compilation failed to produce executable
FAIL: gcc.dg/torture/tls/tls-test.c -O1 -pie -fpie (test for excess errors)
WARNING: gcc.dg/torture/tls/tls-test.c -O1 -pie -fpie compilation failed to produce executable
FAIL: gcc.dg/torture/tls/tls-test.c -O2 -pie -fpie (test for excess errors)
WARNING: gcc.dg/torture/tls/tls-test.c -O2 -pie -fpie compilation failed to produce executable
FAIL: gcc.dg/torture/tls/tls-test.c -O3 -fomit-frame-pointer -pie -fpie (test for excess errors)
WARNING: gcc.dg/torture/tls/tls-test.c -O3 -fomit-frame-pointer -pie -fpie compilation failed to produce executable
FAIL: gcc.dg/torture/tls/tls-test.c -O3 -g -pie -fpie (test for excess errors)
WARNING: gcc.dg/torture/tls/tls-test.c -O3 -g -pie -fpie compilation failed to produce executable
FAIL: gcc.dg/torture/tls/tls-test.c -Os -pie -fpie (test for excess errors)
WARNING: gcc.dg/torture/tls/tls-test.c -Os -pie -fpie compilation failed to produce executable
FAIL: gcc.dg/torture/tls/tls-test.c -O0 -pie -fPIE (test for excess errors)
WARNING: gcc.dg/torture/tls/tls-test.c -O0 -pie -fPIE compilation failed to produce executable
FAIL: gcc.dg/torture/tls/tls-test.c -O1 -pie -fPIE (test for excess errors)
WARNING: gcc.dg/torture/tls/tls-test.c -O1 -pie -fPIE compilation failed to produce executable
FAIL: gcc.dg/torture/tls/tls-test.c -O2 -pie -fPIE (test for excess errors)
WARNING: gcc.dg/torture/tls/tls-test.c -O2 -pie -fPIE compilation failed to produce executable
FAIL: gcc.dg/torture/tls/tls-test.c -O3 -fomit-frame-pointer -pie -fPIE (test for excess errors)
WARNING: gcc.dg/torture/tls/tls-test.c -O3 -fomit-frame-pointer -pie -fPIE compilation failed to produce executable
FAIL: gcc.dg/torture/tls/tls-test.c -O3 -g -pie -fPIE (test for excess errors)
WARNING: gcc.dg/torture/tls/tls-test.c -O3 -g -pie -fPIE compilation failed to produce executable
FAIL: gcc.dg/torture/tls/tls-test.c -Os -pie -fPIE (test for excess errors)
WARNING: gcc.dg/torture/tls/tls-test.c -Os -pie -fPIE compilation failed to produce executable
FAIL: gcc.dg/tree-prof/stringop-2.c scan-tree-dump optimized "a\\[0\\] = 168430090"
FAIL: gcc.dg/tree-ssa/predcom-1.c execution test
FAIL: gcc.dg/tree-ssa/ssa-dom-thread-4.c scan-tree-dump-times dom1 "Threaded" 3
FAIL: gcc.dg/tree-ssa/vrp47.c scan-tree-dump-times vrp1 "[xy][^ ]* !=" 0
FAIL: gcc.dg/tree-ssa/vrp47.c scan-tree-dump-times dom1 "x[^ ]* & y" 1
FAIL: gcc.dg/tree-ssa/vrp47.c scan-tree-dump-times vrp1 "x[^ ]* [|] y" 1
FAIL: gcc.target/m68k/20090709-1.c scan-assembler-times .LC0 3
FAIL: gcc.target/m68k/tls-gd.c scan-assembler foo@TLSGD\\\\(%a5\\\\)
FAIL: gcc.target/m68k/tls-ie-xgot.c scan-assembler #foo@TLSIE,%[ad][0-7]
FAIL: gcc.target/m68k/tls-ld-xgot.c scan-assembler lea \\\\(foo@TLSLDO,%a0\\\\)
FAIL: gcc.target/m68k/tls-ld-xtls.c scan-assembler foo@TLSLDM\\\\(%a5\\\\)
FAIL: gcc.target/m68k/tls-ld.c scan-assembler foo@TLSLDM\\\\(%a5\\\\)
FAIL: gcc.target/m68k/tls-ld.c scan-assembler lea \\\\(foo@TLSLDO,%a0\\\\)
FAIL: gcc.target/m68k/tls-le.c scan-assembler lea \\\\(foo@TLSLE,%a0\\\\)
=== gcc Summary ===
# of expected passes 71483
# of unexpected failures 347
# of unexpected successes 30
# of expected failures 130
# of unresolved testcases 102
# of unsupported tests 1280
/daten/aranym/gcc/gcc-20111121/Build/gcc/xgcc version 4.7.0 20111121 (experimental) (GCC)
Host is m68k-unknown-linux-gnu
=== libgomp tests ===
Running target aranym
FAIL: libgomp.c/atomic-10.c execution test
FAIL: libgomp.c/atomic-3.c execution test
FAIL: libgomp.c/autopar-1.c execution test
FAIL: libgomp.c/pr26943-2.c execution test
FAIL: libgomp.c/pr26943-3.c execution test
FAIL: libgomp.c/pr26943-4.c execution test
FAIL: libgomp.c/reduction-2.c execution test
FAIL: libgomp.c/reduction-3.c execution test
FAIL: libgomp.c++/for-1.C -O3 -fomit-frame-pointer -funroll-loops execution test
FAIL: libgomp.c++/for-1.C -O3 -fomit-frame-pointer -funroll-all-loops -finline-functions execution test
FAIL: libgomp.c++/for-2.C -O3 -fomit-frame-pointer -funroll-loops execution test
FAIL: libgomp.c++/for-2.C -O3 -fomit-frame-pointer -funroll-all-loops -finline-functions execution test
FAIL: libgomp.c++/for-3.C -O3 -fomit-frame-pointer -funroll-loops execution test
FAIL: libgomp.c++/for-3.C -O3 -fomit-frame-pointer -funroll-all-loops -finline-functions execution test
FAIL: libgomp.c++/for-4.C -O3 -fomit-frame-pointer -funroll-loops execution test
FAIL: libgomp.c++/for-4.C -O3 -fomit-frame-pointer -funroll-all-loops -finline-functions execution test
FAIL: libgomp.c++/for-5.C -O3 -fomit-frame-pointer -funroll-loops execution test
FAIL: libgomp.c++/for-5.C -O3 -fomit-frame-pointer -funroll-all-loops -finline-functions execution test
FAIL: libgomp.c++/for-8.C -O3 -fomit-frame-pointer -funroll-loops execution test
FAIL: libgomp.c++/for-8.C -O3 -fomit-frame-pointer -funroll-all-loops -finline-functions execution test
FAIL: libgomp.c++/reduction-2.C -O execution test
FAIL: libgomp.c++/reduction-3.C -O execution test
FAIL: libgomp.graphite/force-parallel-1.c execution test
FAIL: libgomp.graphite/force-parallel-6.c execution test
FAIL: libgomp.graphite/force-parallel-7.c execution test
FAIL: libgomp.graphite/force-parallel-8.c execution test
=== libgomp Summary ===
# of expected passes 1247
# of unexpected failures 26
# of unsupported tests 8
Host is m68k-unknown-linux-gnu
=== libmudflap tests ===
Running target aranym
FAIL: externs-12 execution
FAIL: externs-21 execution
FAIL: externs-12 execution -static
FAIL: externs-21 execution -static
FAIL: externs-12 execution -O2
FAIL: externs-21 execution -O2
FAIL: externs-12 execution -O3
FAIL: externs-21 execution -O3
FAIL: libmudflap.c++/pass55-frag.cxx ( -O) execution test
FAIL: ctors-12 execution
FAIL: ctors-21 execution
FAIL: ctors-12 execution -static
FAIL: ctors-21 execution -static
FAIL: ctors-12 execution -O2
FAIL: ctors-21 execution -O2
FAIL: ctors-12 execution -O3
FAIL: ctors-21 execution -O3
FAIL: libmudflap.cth/pass40-frag.c output pattern test
FAIL: libmudflap.cth/pass59-frag.c output pattern test
FAIL: libmudflap.cth/pass40-frag.c (-static -DSTATIC) output pattern test
FAIL: libmudflap.cth/pass59-frag.c (-static -DSTATIC) output pattern test
FAIL: libmudflap.cth/pass40-frag.c (-O2) output pattern test
FAIL: libmudflap.cth/pass59-frag.c (-O2) output pattern test
FAIL: libmudflap.cth/pass40-frag.c (-O3) output pattern test
FAIL: libmudflap.cth/pass59-frag.c (-O3) output pattern test
=== libmudflap Summary ===
# of expected passes 1869
# of unexpected failures 25
Host is m68k-unknown-linux-gnu
=== libstdc++ tests ===
Running target aranym
FAIL: 20_util/shared_ptr/thread/mutex_weaktoshared.cc execution test
FAIL: 26_numerics/complex/pow.cc execution test
FAIL: 27_io/basic_ofstream/pthread2.cc execution test
FAIL: 27_io/basic_ostringstream/pthread3.cc execution test
FAIL: tr1/2_general_utilities/shared_ptr/thread/mutex_weaktoshared.cc execution test
FAIL: tr1/5_numerical_facilities/special_functions/12_ellint_1/check_nan.cc execution test
FAIL: tr1/5_numerical_facilities/special_functions/13_ellint_2/check_nan.cc execution test
FAIL: tr1/5_numerical_facilities/special_functions/14_ellint_3/check_nan.cc execution test
=== libstdc++ Summary ===
# of expected passes 8157
# of unexpected failures 8
# of expected failures 45
# of unsupported tests 352
Compiler version: 4.7.0 20111121 (experimental) (GCC)
Platform: m68k-unknown-linux-gnu
configure flags: --prefix=/daten/aranym/m68k-linux --build=x86_64-linux --host=x86_64-linux --enable-shared --enable-threads --enable-__cxa_atexit --with-system-zlib --target=m68k-linux --with-sysroot --disable-multilib --enable-clocale=gnu --enable-languages=c,c++