This is the mail archive of the
gcc-testresults@gcc.gnu.org
mailing list for the GCC project.
Results for 4.7.0 20111118 (experimental) [trunk revision 181482] (GCC) testsuite on alpha-dec-osf5.1b
- From: <ro at smtp-relay dot CeBiTec dot Uni-Bielefeld dot DE>
- To: gcc-testresults at gcc dot gnu dot org
- Date: Mon, 21 Nov 2011 12:20:03 +0100 (MET)
- Subject: Results for 4.7.0 20111118 (experimental) [trunk revision 181482] (GCC) testsuite on alpha-dec-osf5.1b
LAST_UPDATED: Fri Nov 18 17:47:39 UTC 2011 (revision 181482)
Native configuration is alpha-dec-osf5.1b
=== boehm-gc tests ===
Running target unix
=== boehm-gc Summary ===
# of expected passes 12
# of unsupported tests 1
=== libffi tests ===
Running target unix
=== libffi Summary ===
# of expected passes 1634
# of expected failures 10
# of unsupported tests 15
=== libgomp tests ===
Running target unix
=== libgomp Summary ===
# of expected passes 2942
# of unsupported tests 3
=== libitm tests ===
Running target unix
FAIL: libitm.c/cancel.c (internal compiler error)
FAIL: libitm.c/cancel.c (test for excess errors)
WARNING: libitm.c/cancel.c compilation failed to produce executable
FAIL: libitm.c/clone-1.c (internal compiler error)
FAIL: libitm.c/clone-1.c (test for excess errors)
WARNING: libitm.c/clone-1.c compilation failed to produce executable
FAIL: libitm.c/reentrant.c (internal compiler error)
FAIL: libitm.c/reentrant.c (test for excess errors)
WARNING: libitm.c/reentrant.c compilation failed to produce executable
FAIL: libitm.c++/eh-1.C (internal compiler error)
FAIL: libitm.c++/eh-1.C (test for excess errors)
WARNING: libitm.c++/eh-1.C compilation failed to produce executable
WARNING: libitm.c++/static_ctor.C compilation failed to produce executable
FAIL: libitm.c++/throwdown.C (internal compiler error)
FAIL: libitm.c++/throwdown.C (test for excess errors)
=== libitm Summary ===
# of expected passes 15
# of unexpected failures 10
# of expected failures 4
=== libjava tests ===
Running target unix
=== libjava Summary ===
# of expected passes 2574
=== libstdc++ tests ===
Running target unix
FAIL: 30_threads/async/async.cc execution test
FAIL: 30_threads/condition_variable/members/1.cc execution test
FAIL: 30_threads/condition_variable/members/2.cc execution test
FAIL: 30_threads/condition_variable_any/members/1.cc execution test
FAIL: 30_threads/condition_variable_any/members/2.cc execution test
FAIL: 30_threads/future/cons/constexpr.cc scan-assembler-not _ZNSt6futureIvEC2Ev
FAIL: 30_threads/future/cons/constexpr.cc scan-assembler-not _ZNSt6futureIiEC2Ev
FAIL: 30_threads/lock/1.cc execution test
FAIL: 30_threads/lock/3.cc execution test
FAIL: 30_threads/lock/4.cc execution test
FAIL: 30_threads/mutex/lock/1.cc execution test
FAIL: 30_threads/mutex/try_lock/1.cc execution test
FAIL: 30_threads/mutex/try_lock/2.cc execution test
FAIL: 30_threads/shared_future/cons/constexpr.cc scan-assembler-not _ZNSt13shared_futureIvEC2Ev
FAIL: 30_threads/shared_future/cons/constexpr.cc scan-assembler-not _ZNSt13shared_futureIiEC2Ev
FAIL: 30_threads/thread/native_handle/typesizes.cc execution test
FAIL: 30_threads/try_lock/1.cc execution test
FAIL: 30_threads/try_lock/2.cc execution test
FAIL: 30_threads/try_lock/3.cc execution test
FAIL: 30_threads/try_lock/4.cc execution test
FAIL: 30_threads/unique_lock/cons/2.cc execution test
FAIL: 30_threads/unique_lock/cons/4.cc execution test
FAIL: 30_threads/unique_lock/locking/1.cc execution test
FAIL: 30_threads/unique_lock/locking/2.cc execution test
FAIL: 30_threads/unique_lock/modifiers/1.cc execution test
FAIL: 30_threads/unique_lock/modifiers/2.cc execution test
=== libstdc++ Summary ===
# of expected passes 7471
# of unexpected failures 26
# of expected failures 44
# of unsupported tests 655
=== libstdc++ Summary ===
=== acats tests ===
FAIL: c250002
FAIL: c954025
FAIL: cd5011m
FAIL: cxa5a03
FAIL: cxg2017
FAIL: cxg2020
=== acats Summary ===
# of expected passes 2315
# of unexpected failures 6
=== g++ tests ===
Running target unix
FAIL: g++.dg/bprob/g++-bprob-2.C compilation, -g -fbranch-probabilities
UNRESOLVED: g++.dg/bprob/g++-bprob-2.C execution, -g -fbranch-probabilities
FAIL: g++.dg/bprob/g++-bprob-2.C compilation, -O0 -fbranch-probabilities
UNRESOLVED: g++.dg/bprob/g++-bprob-2.C execution, -O0 -fbranch-probabilities
FAIL: g++.dg/bprob/g++-bprob-2.C compilation, -O1 -fbranch-probabilities
UNRESOLVED: g++.dg/bprob/g++-bprob-2.C execution, -O1 -fbranch-probabilities
FAIL: g++.dg/bprob/g++-bprob-2.C compilation, -O2 -fbranch-probabilities
UNRESOLVED: g++.dg/bprob/g++-bprob-2.C execution, -O2 -fbranch-probabilities
FAIL: g++.dg/bprob/g++-bprob-2.C compilation, -O3 -fbranch-probabilities
UNRESOLVED: g++.dg/bprob/g++-bprob-2.C execution, -O3 -fbranch-probabilities
FAIL: g++.dg/bprob/g++-bprob-2.C compilation, -O3 -g -fbranch-probabilities
UNRESOLVED: g++.dg/bprob/g++-bprob-2.C execution, -O3 -g -fbranch-probabilities
FAIL: g++.dg/bprob/g++-bprob-2.C compilation, -Os -fbranch-probabilities
UNRESOLVED: g++.dg/bprob/g++-bprob-2.C execution, -Os -fbranch-probabilities
FAIL: tmpdir-g++.dg-struct-layout-1/t027 cp_compat_x_tst.o-cp_compat_y_tst.o execute
FAIL: g++.dg/abi/thunk5.C scan-assembler weak.*ZTv
FAIL: g++.dg/abi/thunk5.C scan-assembler weak.*ZTv
WARNING: g++.dg/ext/label13.C -std=gnu++98 compilation failed to produce executable
WARNING: g++.dg/ext/label13.C -std=gnu++11 compilation failed to produce executable
FAIL: g++.dg/other/unused1.C scan-assembler (string|ascii?)z?[\\t ]"printer("|\\\\\\\\0)
FAIL: g++.dg/other/unused1.C scan-assembler (string|ascii?)z?[\\t ]"printer("|\\\\\\\\0)
FAIL: g++.dg/gcov/gcov-1.C gcov failed:
FAIL: g++.dg/gcov/gcov-1.C gcov failed:
FAIL: g++.dg/gcov/gcov-2.C gcov failed:
FAIL: g++.dg/gcov/gcov-2.C gcov failed:
FAIL: g++.dg/gcov/gcov-3.C gcov failed:
FAIL: g++.dg/gcov/gcov-3.C gcov failed:
FAIL: g++.dg/gcov/gcov-4.C gcov failed:
FAIL: g++.dg/gcov/gcov-4.C gcov failed:
FAIL: g++.dg/gcov/gcov-5.C gcov failed:
FAIL: g++.dg/gcov/gcov-5.C gcov failed:
FAIL: g++.dg/gcov/gcov-7.C gcov failed:
FAIL: g++.dg/gcov/gcov-7.C gcov failed:
FAIL: g++.dg/simulate-thread/atomics-1.C -O0 -g thread simulation test
FAIL: g++.dg/simulate-thread/bitfields-2.C -O0 -g thread simulation test
FAIL: g++.dg/simulate-thread/bitfields-2.C -O1 -g thread simulation test
FAIL: g++.dg/simulate-thread/bitfields-2.C -O2 -g -std=c++98 thread simulation test
FAIL: g++.dg/simulate-thread/bitfields-2.C -O3 -g -std=c++11 thread simulation test
FAIL: g++.dg/simulate-thread/bitfields-2.C -Os -g thread simulation test
FAIL: g++.dg/simulate-thread/bitfields.C -O0 -g thread simulation test
FAIL: g++.dg/simulate-thread/bitfields.C -O1 -g thread simulation test
FAIL: g++.dg/simulate-thread/bitfields.C -O2 -g -std=c++98 thread simulation test
FAIL: g++.dg/simulate-thread/bitfields.C -O3 -g -std=c++11 thread simulation test
FAIL: g++.dg/simulate-thread/bitfields.C -Os -g thread simulation test
FAIL: c-c++-common/simulate-thread/bitfields-1.c -O0 -g thread simulation test
FAIL: c-c++-common/simulate-thread/bitfields-1.c -O1 -g thread simulation test
FAIL: c-c++-common/simulate-thread/bitfields-1.c -O2 -g -std=c++98 thread simulation test
FAIL: c-c++-common/simulate-thread/bitfields-1.c -O3 -g -std=c++11 thread simulation test
FAIL: c-c++-common/simulate-thread/bitfields-1.c -Os -g thread simulation test
FAIL: c-c++-common/simulate-thread/bitfields-2.c -O0 -g thread simulation test
FAIL: c-c++-common/simulate-thread/bitfields-2.c -O1 -g thread simulation test
FAIL: c-c++-common/simulate-thread/bitfields-2.c -O2 -g -std=c++98 thread simulation test
FAIL: c-c++-common/simulate-thread/bitfields-2.c -O3 -g -std=c++11 thread simulation test
FAIL: c-c++-common/simulate-thread/bitfields-2.c -Os -g thread simulation test
FAIL: c-c++-common/simulate-thread/bitfields-3.c -O0 -g thread simulation test
FAIL: c-c++-common/simulate-thread/bitfields-3.c -O1 -g thread simulation test
FAIL: c-c++-common/simulate-thread/bitfields-3.c -O2 -g -std=c++98 thread simulation test
FAIL: c-c++-common/simulate-thread/bitfields-3.c -O3 -g -std=c++11 thread simulation test
FAIL: c-c++-common/simulate-thread/bitfields-3.c -Os -g thread simulation test
FAIL: c-c++-common/simulate-thread/bitfields-4.c -O0 -g thread simulation test
FAIL: c-c++-common/simulate-thread/bitfields-4.c -O1 -g thread simulation test
FAIL: c-c++-common/simulate-thread/bitfields-4.c -O2 -g -std=c++98 thread simulation test
FAIL: c-c++-common/simulate-thread/bitfields-4.c -O3 -g -std=c++11 thread simulation test
FAIL: c-c++-common/simulate-thread/bitfields-4.c -Os -g thread simulation test
FAIL: g++.dg/tls/diag-1.C -std=c++98 (internal compiler error)
FAIL: g++.dg/tls/diag-1.C -std=c++98 (test for excess errors)
FAIL: g++.dg/tls/diag-1.C -std=c++11 (internal compiler error)
FAIL: g++.dg/tls/diag-1.C -std=c++11 (test for excess errors)
FAIL: c-c++-common/tm/freq.c -std=gnu++98 (internal compiler error)
FAIL: c-c++-common/tm/freq.c -std=gnu++98 (test for excess errors)
FAIL: c-c++-common/tm/freq.c -std=gnu++11 (internal compiler error)
FAIL: c-c++-common/tm/freq.c -std=gnu++11 (test for excess errors)
FAIL: c-c++-common/tm/inline-asm-2.c -std=gnu++98 (internal compiler error)
FAIL: c-c++-common/tm/inline-asm-2.c -std=gnu++98 (test for excess errors)
FAIL: c-c++-common/tm/inline-asm-2.c -std=gnu++11 (internal compiler error)
FAIL: c-c++-common/tm/inline-asm-2.c -std=gnu++11 (test for excess errors)
FAIL: c-c++-common/tm/memcpy-1.c -std=gnu++98 (internal compiler error)
FAIL: c-c++-common/tm/memcpy-1.c -std=gnu++98 (test for excess errors)
FAIL: c-c++-common/tm/memcpy-1.c -std=gnu++11 (internal compiler error)
FAIL: c-c++-common/tm/memcpy-1.c -std=gnu++11 (test for excess errors)
FAIL: g++.dg/tm/20100727.C -std=gnu++98 (internal compiler error)
FAIL: g++.dg/tm/20100727.C -std=gnu++98 (test for excess errors)
FAIL: g++.dg/tm/20100727.C -std=gnu++11 (internal compiler error)
FAIL: g++.dg/tm/20100727.C -std=gnu++11 (test for excess errors)
FAIL: g++.dg/tm/alias.C -std=gnu++98 (internal compiler error)
FAIL: g++.dg/tm/alias.C -std=gnu++98 (test for excess errors)
UNRESOLVED: g++.dg/tm/alias.C scan-assembler _ZGTtN7ItemsetD1Ev
UNRESOLVED: g++.dg/tm/alias.C scan-assembler _ZGTtN7ItemsetD2Ev
FAIL: g++.dg/tm/alias.C -std=gnu++11 (internal compiler error)
FAIL: g++.dg/tm/alias.C -std=gnu++11 (test for excess errors)
UNRESOLVED: g++.dg/tm/alias.C scan-assembler _ZGTtN7ItemsetD1Ev
UNRESOLVED: g++.dg/tm/alias.C scan-assembler _ZGTtN7ItemsetD2Ev
FAIL: g++.dg/tm/attrib-2.C -std=gnu++98 (internal compiler error)
FAIL: g++.dg/tm/attrib-2.C -std=gnu++98 (test for excess errors)
FAIL: g++.dg/tm/attrib-2.C -std=gnu++11 (internal compiler error)
FAIL: g++.dg/tm/attrib-2.C -std=gnu++11 (test for excess errors)
FAIL: g++.dg/tm/attrib-3.C -std=gnu++98 (internal compiler error)
FAIL: g++.dg/tm/attrib-3.C -std=gnu++98 (test for excess errors)
FAIL: g++.dg/tm/attrib-3.C -std=gnu++11 (internal compiler error)
FAIL: g++.dg/tm/attrib-3.C -std=gnu++11 (test for excess errors)
FAIL: g++.dg/tm/nested-1.C -std=gnu++98 (internal compiler error)
FAIL: g++.dg/tm/nested-1.C -std=gnu++98 (test for excess errors)
FAIL: g++.dg/tm/nested-1.C -std=gnu++11 (internal compiler error)
FAIL: g++.dg/tm/nested-1.C -std=gnu++11 (test for excess errors)
FAIL: g++.dg/tm/nested-2.C -std=gnu++98 (internal compiler error)
FAIL: g++.dg/tm/nested-2.C -std=gnu++98 (test for excess errors)
FAIL: g++.dg/tm/nested-2.C -std=gnu++11 (internal compiler error)
FAIL: g++.dg/tm/nested-2.C -std=gnu++11 (test for excess errors)
FAIL: g++.dg/tm/nested-3.C -std=gnu++98 (internal compiler error)
FAIL: g++.dg/tm/nested-3.C -std=gnu++98 (test for excess errors)
FAIL: g++.dg/tm/nested-3.C -std=gnu++11 (internal compiler error)
FAIL: g++.dg/tm/nested-3.C -std=gnu++11 (test for excess errors)
FAIL: g++.dg/tm/pr45940-3.C -std=gnu++98 (internal compiler error)
FAIL: g++.dg/tm/pr45940-3.C -std=gnu++98 (test for excess errors)
FAIL: g++.dg/tm/pr45940-3.C -std=gnu++11 (internal compiler error)
FAIL: g++.dg/tm/pr45940-3.C -std=gnu++11 (test for excess errors)
FAIL: g++.dg/tm/pr45940-4.C -std=gnu++98 (internal compiler error)
FAIL: g++.dg/tm/pr45940-4.C -std=gnu++98 (test for excess errors)
FAIL: g++.dg/tm/pr45940-4.C -std=gnu++11 (internal compiler error)
FAIL: g++.dg/tm/pr45940-4.C -std=gnu++11 (test for excess errors)
FAIL: g++.dg/tm/pr45940.C -std=gnu++98 (internal compiler error)
FAIL: g++.dg/tm/pr45940.C -std=gnu++98 (test for excess errors)
FAIL: g++.dg/tm/pr45940.C -std=gnu++11 (internal compiler error)
FAIL: g++.dg/tm/pr45940.C -std=gnu++11 (test for excess errors)
FAIL: g++.dg/tm/pr46269.C -std=gnu++98 (internal compiler error)
FAIL: g++.dg/tm/pr46269.C -std=gnu++98 (test for excess errors)
FAIL: g++.dg/tm/pr46269.C -std=gnu++11 (internal compiler error)
FAIL: g++.dg/tm/pr46269.C -std=gnu++11 (test for excess errors)
FAIL: g++.dg/tm/pr46270.C -std=gnu++98 (internal compiler error)
FAIL: g++.dg/tm/pr46270.C -std=gnu++98 (test for excess errors)
FAIL: g++.dg/tm/pr46270.C -std=gnu++11 (internal compiler error)
FAIL: g++.dg/tm/pr46270.C -std=gnu++11 (test for excess errors)
FAIL: g++.dg/tm/pr46714.C -std=gnu++98 (internal compiler error)
FAIL: g++.dg/tm/pr46714.C -std=gnu++98 (test for excess errors)
FAIL: g++.dg/tm/pr46714.C -std=gnu++11 (internal compiler error)
FAIL: g++.dg/tm/pr46714.C -std=gnu++11 (test for excess errors)
FAIL: g++.dg/tm/pr46941.C -std=gnu++98 (internal compiler error)
FAIL: g++.dg/tm/pr46941.C -std=gnu++98 (test for excess errors)
UNRESOLVED: g++.dg/tm/pr46941.C scan-assembler _ZGTtnw[mj]
UNRESOLVED: g++.dg/tm/pr46941.C scan-assembler _ZGTtna[mj]
UNRESOLVED: g++.dg/tm/pr46941.C scan-assembler _ZGTtdlPv
UNRESOLVED: g++.dg/tm/pr46941.C scan-assembler _ZGTtdaPv
FAIL: g++.dg/tm/pr46941.C -std=gnu++11 (internal compiler error)
FAIL: g++.dg/tm/pr46941.C -std=gnu++11 (test for excess errors)
UNRESOLVED: g++.dg/tm/pr46941.C scan-assembler _ZGTtnw[mj]
UNRESOLVED: g++.dg/tm/pr46941.C scan-assembler _ZGTtna[mj]
UNRESOLVED: g++.dg/tm/pr46941.C scan-assembler _ZGTtdlPv
UNRESOLVED: g++.dg/tm/pr46941.C scan-assembler _ZGTtdaPv
FAIL: g++.dg/tm/pr47530.C -std=gnu++98 (internal compiler error)
FAIL: g++.dg/tm/pr47530.C -std=gnu++98 (test for excess errors)
FAIL: g++.dg/tm/pr47530.C -std=gnu++11 (internal compiler error)
FAIL: g++.dg/tm/pr47530.C -std=gnu++11 (test for excess errors)
FAIL: g++.dg/tm/pr47554.C -std=gnu++98 (internal compiler error)
FAIL: g++.dg/tm/pr47554.C -std=gnu++98 (test for excess errors)
FAIL: g++.dg/tm/pr47554.C -std=gnu++11 (internal compiler error)
FAIL: g++.dg/tm/pr47554.C -std=gnu++11 (test for excess errors)
FAIL: g++.dg/tm/pr47573.C -std=gnu++98 (internal compiler error)
FAIL: g++.dg/tm/pr47573.C -std=gnu++98 (test for excess errors)
FAIL: g++.dg/tm/pr47573.C -std=gnu++11 (internal compiler error)
FAIL: g++.dg/tm/pr47573.C -std=gnu++11 (test for excess errors)
FAIL: g++.dg/tm/pr47746.C -std=gnu++98 (internal compiler error)
FAIL: g++.dg/tm/pr47746.C -std=gnu++98 (test for excess errors)
FAIL: g++.dg/tm/pr47746.C -std=gnu++11 (internal compiler error)
FAIL: g++.dg/tm/pr47746.C -std=gnu++11 (test for excess errors)
FAIL: g++.dg/tm/vector-1.C -std=gnu++98 (internal compiler error)
FAIL: g++.dg/tm/vector-1.C -std=gnu++98 (test for excess errors)
FAIL: g++.dg/tm/vector-1.C -std=gnu++11 (internal compiler error)
FAIL: g++.dg/tm/vector-1.C -std=gnu++11 (test for excess errors)
=== g++ Summary ===
# of expected passes 43304
# of unexpected failures 147
# of expected failures 290
# of unresolved testcases 19
# of unsupported tests 794
/var/gcc/regression/trunk/5.1b-gcc/build/gcc/testsuite/g++/../../g++ version 4.7.0 20111118 (experimental) [trunk revision 181482] (GCC)
=== gcc tests ===
Running target unix
FAIL: gcc.c-torture/compile/limits-structnest.c -O2 (test for excess errors)
WARNING: program timed out.
FAIL: tmpdir-gcc.dg-struct-layout-1/t025 c_compat_x_tst.o-c_compat_y_tst.o execute
FAIL: tmpdir-gcc.dg-struct-layout-1/t027 c_compat_x_tst.o-c_compat_y_tst.o execute
FAIL: tmpdir-gcc.dg-struct-layout-1/t028 c_compat_x_tst.o-c_compat_y_tst.o execute
FAIL: gcc.dg/array-quals-1.c scan-assembler-not \\\\.data(?!\\\\.rel\\\\.ro)
FAIL: gcc.dg/pr44194-1.c scan-rtl-dump dse1 "global deletions = 2"
WARNING: program timed out.
FAIL: gcc.dg/struct-by-value-1.c (test for excess errors)
WARNING: gcc.dg/struct-by-value-1.c compilation failed to produce executable
FAIL: gcc.dg/simulate-thread/atomic-load-int.c -O0 -g thread simulation test
FAIL: gcc.dg/simulate-thread/atomic-load-int.c -O1 -g thread simulation test
FAIL: gcc.dg/simulate-thread/atomic-load-int.c -O2 -g thread simulation test
FAIL: gcc.dg/simulate-thread/atomic-load-int.c -O3 -g thread simulation test
FAIL: gcc.dg/simulate-thread/atomic-load-int.c -Os -g thread simulation test
FAIL: gcc.dg/simulate-thread/atomic-load-short.c -O0 -g thread simulation test
FAIL: gcc.dg/simulate-thread/atomic-load-short.c -O1 -g thread simulation test
FAIL: gcc.dg/simulate-thread/atomic-load-short.c -O2 -g thread simulation test
FAIL: gcc.dg/simulate-thread/atomic-load-short.c -O3 -g thread simulation test
FAIL: gcc.dg/simulate-thread/atomic-load-short.c -Os -g thread simulation test
FAIL: gcc.dg/simulate-thread/atomic-other-int.c -O0 -g thread simulation test
FAIL: gcc.dg/simulate-thread/atomic-other-int.c -O1 -g thread simulation test
FAIL: gcc.dg/simulate-thread/atomic-other-int.c -O2 -g thread simulation test
FAIL: gcc.dg/simulate-thread/atomic-other-int.c -O3 -g thread simulation test
FAIL: gcc.dg/simulate-thread/atomic-other-int.c -Os -g thread simulation test
FAIL: gcc.dg/simulate-thread/atomic-other-short.c -O0 -g thread simulation test
FAIL: gcc.dg/simulate-thread/atomic-other-short.c -O1 -g thread simulation test
FAIL: gcc.dg/simulate-thread/atomic-other-short.c -O2 -g thread simulation test
FAIL: gcc.dg/simulate-thread/atomic-other-short.c -O3 -g thread simulation test
FAIL: gcc.dg/simulate-thread/atomic-other-short.c -Os -g thread simulation test
FAIL: gcc.dg/simulate-thread/subfields.c -O0 -g thread simulation test
FAIL: gcc.dg/simulate-thread/subfields.c -O1 -g thread simulation test
FAIL: gcc.dg/simulate-thread/subfields.c -O2 -g thread simulation test
FAIL: gcc.dg/simulate-thread/subfields.c -O3 -g thread simulation test
FAIL: gcc.dg/simulate-thread/subfields.c -Os -g thread simulation test
FAIL: c-c++-common/simulate-thread/bitfields-1.c -O0 -g thread simulation test
FAIL: c-c++-common/simulate-thread/bitfields-1.c -O1 -g thread simulation test
FAIL: c-c++-common/simulate-thread/bitfields-1.c -O2 -g thread simulation test
FAIL: c-c++-common/simulate-thread/bitfields-1.c -O3 -g thread simulation test
FAIL: c-c++-common/simulate-thread/bitfields-1.c -Os -g thread simulation test
FAIL: c-c++-common/simulate-thread/bitfields-2.c -O0 -g thread simulation test
FAIL: c-c++-common/simulate-thread/bitfields-2.c -O1 -g thread simulation test
FAIL: c-c++-common/simulate-thread/bitfields-2.c -O2 -g thread simulation test
FAIL: c-c++-common/simulate-thread/bitfields-2.c -O3 -g thread simulation test
FAIL: c-c++-common/simulate-thread/bitfields-2.c -Os -g thread simulation test
FAIL: c-c++-common/simulate-thread/bitfields-3.c -O0 -g thread simulation test
FAIL: c-c++-common/simulate-thread/bitfields-3.c -O1 -g thread simulation test
FAIL: c-c++-common/simulate-thread/bitfields-3.c -O2 -g thread simulation test
FAIL: c-c++-common/simulate-thread/bitfields-3.c -O3 -g thread simulation test
FAIL: c-c++-common/simulate-thread/bitfields-3.c -Os -g thread simulation test
FAIL: c-c++-common/simulate-thread/bitfields-4.c -O0 -g thread simulation test
FAIL: c-c++-common/simulate-thread/bitfields-4.c -O1 -g thread simulation test
FAIL: c-c++-common/simulate-thread/bitfields-4.c -O2 -g thread simulation test
FAIL: c-c++-common/simulate-thread/bitfields-4.c -O3 -g thread simulation test
FAIL: c-c++-common/simulate-thread/bitfields-4.c -Os -g thread simulation test
FAIL: c-c++-common/tm/freq.c (internal compiler error)
FAIL: c-c++-common/tm/freq.c (test for excess errors)
FAIL: c-c++-common/tm/inline-asm-2.c (internal compiler error)
FAIL: c-c++-common/tm/inline-asm-2.c (test for excess errors)
FAIL: c-c++-common/tm/memcpy-1.c (internal compiler error)
FAIL: c-c++-common/tm/memcpy-1.c (test for excess errors)
FAIL: gcc.dg/tm/20100519.c (internal compiler error)
FAIL: gcc.dg/tm/20100519.c (test for excess errors)
FAIL: gcc.dg/tm/20100524-2.c (internal compiler error)
FAIL: gcc.dg/tm/20100524-2.c (test for excess errors)
FAIL: gcc.dg/tm/20100603.c (internal compiler error)
FAIL: gcc.dg/tm/20100603.c (test for excess errors)
FAIL: gcc.dg/tm/20100610.c (internal compiler error)
FAIL: gcc.dg/tm/20100610.c (test for excess errors)
UNRESOLVED: gcc.dg/tm/20100610.c scan-assembler-not ZGTt21calculateCircumCircle
FAIL: gcc.dg/tm/20100615-2.c (internal compiler error)
FAIL: gcc.dg/tm/20100615-2.c (test for excess errors)
FAIL: gcc.dg/tm/20110216.c (internal compiler error)
FAIL: gcc.dg/tm/20110216.c (test for excess errors)
UNRESOLVED: gcc.dg/tm/20110216.c scan-assembler-not _ITM_getTMCloneOrIrrevocable
FAIL: gcc.dg/tm/debug-1.c (internal compiler error)
FAIL: gcc.dg/tm/debug-1.c (test for excess errors)
FAIL: gcc.dg/tm/ipa-3.c (internal compiler error)
FAIL: gcc.dg/tm/ipa-3.c (test for excess errors)
UNRESOLVED: gcc.dg/tm/ipa-3.c scan-assembler _ZGTt3foo
FAIL: gcc.dg/tm/irrevocable-7.c (internal compiler error)
FAIL: gcc.dg/tm/irrevocable-7.c (test for excess errors)
FAIL: gcc.dg/tm/memset.c (internal compiler error)
FAIL: gcc.dg/tm/memset.c (test for excess errors)
UNRESOLVED: gcc.dg/tm/memset.c scan-assembler _ITM_memsetW
FAIL: gcc.dg/tm/nested-2.c (internal compiler error)
FAIL: gcc.dg/tm/nested-2.c (test for excess errors)
FAIL: gcc.dg/tm/pr46567-2.c (internal compiler error)
FAIL: gcc.dg/tm/pr46567-2.c (test for excess errors)
FAIL: gcc.dg/tm/pr47520.c (internal compiler error)
FAIL: gcc.dg/tm/pr47520.c (test for excess errors)
FAIL: gcc.dg/tm/props-4.c (internal compiler error)
FAIL: gcc.dg/tm/props-4.c (test for excess errors)
FAIL: gcc.dg/tm/unused.c (internal compiler error)
FAIL: gcc.dg/tm/unused.c (test for excess errors)
UNRESOLVED: gcc.dg/tm/unused.c scan-assembler _ZGTt11unused_func:
FAIL: gcc.dg/tm/vector-1.c (internal compiler error)
FAIL: gcc.dg/tm/vector-1.c (test for excess errors)
FAIL: gcc.dg/tree-ssa/vrp47.c scan-tree-dump-times dom1 "x[^ ]* & y" 1
FAIL: gcc.misc-tests/gcov-1.c gcov failed:
FAIL: gcc.misc-tests/gcov-10.c gcov failed:
FAIL: gcc.misc-tests/gcov-10b.c gcov failed:
FAIL: gcc.misc-tests/gcov-11.c gcov failed:
FAIL: gcc.misc-tests/gcov-12.c gcov failed:
FAIL: gcc.misc-tests/gcov-13.c gcov failed:
FAIL: gcc.misc-tests/gcov-14.c (test for excess errors)
WARNING: gcc.misc-tests/gcov-14.c compilation failed to produce executable
FAIL: gcc.misc-tests/gcov-14.c gcov failed:
FAIL: gcc.misc-tests/gcov-15.c gcov failed:
FAIL: gcc.misc-tests/gcov-2.c gcov failed:
FAIL: gcc.misc-tests/gcov-3.c gcov failed:
FAIL: gcc.misc-tests/gcov-4.c gcov failed:
FAIL: gcc.misc-tests/gcov-4b.c gcov failed:
FAIL: gcc.misc-tests/gcov-5b.c gcov failed:
FAIL: gcc.misc-tests/gcov-6.c gcov failed:
FAIL: gcc.misc-tests/gcov-7.c gcov failed:
FAIL: gcc.misc-tests/gcov-8.c gcov failed:
FAIL: gcc.misc-tests/gcov-9.c gcov failed:
=== gcc Summary ===
# of expected passes 59775
# of unexpected failures 109
# of expected failures 118
# of unresolved testcases 5
# of unsupported tests 1187
/var/gcc/regression/trunk/5.1b-gcc/build/gcc/xgcc version 4.7.0 20111118 (experimental) [trunk revision 181482] (GCC)
=== gfortran tests ===
Running target unix
FAIL: gfortran.dg/bessel_6.f90 -O0 execution test
FAIL: gfortran.dg/bessel_6.f90 -O1 execution test
FAIL: gfortran.dg/bessel_6.f90 -O2 execution test
FAIL: gfortran.dg/bessel_6.f90 -O3 -fomit-frame-pointer execution test
FAIL: gfortran.dg/bessel_6.f90 -O3 -fomit-frame-pointer -funroll-loops execution test
FAIL: gfortran.dg/bessel_6.f90 -O3 -fomit-frame-pointer -funroll-all-loops -finline-functions execution test
FAIL: gfortran.dg/bessel_6.f90 -O3 -g execution test
FAIL: gfortran.dg/bessel_6.f90 -Os execution test
FAIL: gfortran.dg/large_real_kind_2.F90 -O0 execution test
FAIL: gfortran.dg/large_real_kind_2.F90 -O1 execution test
FAIL: gfortran.dg/large_real_kind_2.F90 -O2 execution test
FAIL: gfortran.dg/large_real_kind_2.F90 -O3 -fomit-frame-pointer execution test
FAIL: gfortran.dg/large_real_kind_2.F90 -O3 -fomit-frame-pointer -funroll-loops execution test
FAIL: gfortran.dg/large_real_kind_2.F90 -O3 -fomit-frame-pointer -funroll-all-loops -finline-functions execution test
FAIL: gfortran.dg/large_real_kind_2.F90 -O3 -g execution test
FAIL: gfortran.dg/large_real_kind_2.F90 -Os execution test
FAIL: gfortran.dg/nint_2.f90 -O0 execution test
FAIL: gfortran.dg/pr45636.f90 -O scan-tree-dump-times forwprop2 "memset" 0
FAIL: gfortran.dg/realloc_on_assign_5.f03 -O0 execution test
FAIL: gfortran.dg/realloc_on_assign_5.f03 -O1 execution test
FAIL: gfortran.dg/realloc_on_assign_5.f03 -O2 execution test
FAIL: gfortran.dg/realloc_on_assign_5.f03 -O3 -fomit-frame-pointer execution test
FAIL: gfortran.dg/realloc_on_assign_5.f03 -O3 -fomit-frame-pointer -funroll-loops execution test
FAIL: gfortran.dg/realloc_on_assign_5.f03 -O3 -fomit-frame-pointer -funroll-all-loops -finline-functions execution test
FAIL: gfortran.dg/realloc_on_assign_5.f03 -O3 -g execution test
FAIL: gfortran.dg/realloc_on_assign_5.f03 -Os execution test
FAIL: gfortran.dg/select_type_12.f03 -O (internal compiler error)
FAIL: gfortran.dg/select_type_12.f03 -O (test for excess errors)
=== gfortran Summary ===
# of expected passes 39631
# of unexpected failures 28
# of expected failures 42
# of unsupported tests 81
/var/gcc/regression/trunk/5.1b-gcc/build/gcc/testsuite/gfortran/../../gfortran version 4.7.0 20111118 (experimental) [trunk revision 181482] (GCC)
=== gnat tests ===
Running target unix
FAIL: gnat.dg/frame_overflow.adb (test for errors, line 14)
FAIL: gnat.dg/frame_overflow.adb (test for excess errors)
=== gnat Summary ===
# of expected passes 1039
# of unexpected failures 2
# of expected failures 11
# of unsupported tests 11
/var/gcc/regression/trunk/5.1b-gcc/build/gcc/gnatmake version 4.7.0 20111118 (experimental) [trunk revision 181482]
=== obj-c++ tests ===
Running target unix
FAIL: obj-c++.dg/naming-3.mm -fgnu-runtime (test for errors, line 6)
FAIL: obj-c++.dg/naming-4.mm -fgnu-runtime (test for errors, line 31)
FAIL: obj-c++.dg/naming-4.mm -fgnu-runtime (test for warnings, line 63)
FAIL: obj-c++.dg/naming-4.mm -fgnu-runtime (test for warnings, line 100)
=== obj-c++ Summary ===
# of expected passes 1396
# of unexpected failures 4
# of expected failures 10
# of unsupported tests 69
/var/gcc/regression/trunk/5.1b-gcc/build/gcc/testsuite/obj-c++/../../g++ version 4.7.0 20111118 (experimental) [trunk revision 181482] (GCC)
=== objc tests ===
Running target unix
=== objc Summary ===
# of expected passes 2918
# of unsupported tests 66
/var/gcc/regression/trunk/5.1b-gcc/build/gcc/xgcc version 4.7.0 20111118 (experimental) [trunk revision 181482] (GCC)
Compiler version: 4.7.0 20111118 (experimental) [trunk revision 181482] (GCC)
Platform: alpha-dec-osf5.1b
configure flags: --prefix=/vol/gcc --target=alpha-dec-osf5.1b --enable-checking=release --enable-objc-gc --enable-obsolete --with-gmp-include=/vol/gcc/include --with-gmp-lib=/vol/gcc/lib --with-mpfr-include=/vol/gcc/include --with-mpfr-lib=/vol/gcc/lib --with-mpc-include=/vol/gcc/include --with-mpc-lib=/vol/gcc/lib --enable-languages=all,ada,obj-c++ --build=alpha-dec-osf5.1b --host=alpha-dec-osf5.1b
BOOT_CFLAGS=-g -O2