This is the mail archive of the
gcc-testresults@gcc.gnu.org
mailing list for the GCC project.
Results for 4.7.0 20111117 (experimental) [trunk revision 181436] (GCC) testsuite on ia64-suse-linux-gnu
- From: Andreas Schwab <schwab at linux-m68k dot org>
- To: gcc-testresults at gcc dot gnu dot org
- Date: Thu, 17 Nov 2011 18:51:36 +0100
- Subject: Results for 4.7.0 20111117 (experimental) [trunk revision 181436] (GCC) testsuite on ia64-suse-linux-gnu
LAST_UPDATED: Thu Nov 17 09:01:21 UTC 2011 (revision 181436)
=== acats tests ===
FAIL: cb1010a
FAIL: cb1010c
FAIL: cb1010d
=== acats Summary ===
# of expected passes 2318
# of unexpected failures 3
Native configuration is ia64-suse-linux-gnu
=== g++ tests ===
Running target unix
FAIL: g++.dg/cpp0x/alias-decl-debug-0.C (test for excess errors)
FAIL: g++.dg/cpp0x/constexpr-rom.C scan-assembler rodata
FAIL: g++.dg/inherit/covariant7.C -std=gnu++98 scan-tree-dump class "48 .*c6::_ZTcv0_n32_v0_n24_NV2c62f2Ev"
FAIL: g++.dg/inherit/covariant7.C -std=gnu++98 scan-tree-dump class "56 .*c6::f2"
FAIL: g++.dg/inherit/covariant7.C -std=gnu++98 scan-tree-dump class "168 .*c6::_ZTv0_n32_NV2c62f2Ev"
FAIL: g++.dg/inherit/covariant7.C -std=gnu++11 scan-tree-dump class "48 .*c6::_ZTcv0_n32_v0_n24_NV2c62f2Ev"
FAIL: g++.dg/inherit/covariant7.C -std=gnu++11 scan-tree-dump class "56 .*c6::f2"
FAIL: g++.dg/inherit/covariant7.C -std=gnu++11 scan-tree-dump class "168 .*c6::_ZTv0_n32_NV2c62f2Ev"
FAIL: g++.dg/tree-ssa/pr45605.C -std=gnu++98 scan-tree-dump-times fre1 "D::Run \\(" 1
FAIL: g++.dg/tree-ssa/pr45605.C -std=gnu++11 scan-tree-dump-times fre1 "D::Run \\(" 1
FAIL: g++.dg/lto/20101020-1 cp_lto_20101020-1_0.o-cp_lto_20101020-1_1.o link, -O2 -flto -flto-partition=none (internal compiler error)
UNRESOLVED: g++.dg/lto/20101020-1 cp_lto_20101020-1_0.o-cp_lto_20101020-1_1.o execute -O2 -flto -flto-partition=none
FAIL: g++.dg/simulate-thread/atomics-1.C -O0 -g
FAIL: g++.dg/simulate-thread/atomics-1.C -O1 -g
FAIL: g++.dg/simulate-thread/atomics-1.C -O2 -g -std=c++98
FAIL: g++.dg/simulate-thread/atomics-1.C -O3 -g -std=c++11
FAIL: g++.dg/simulate-thread/atomics-1.C -Os -g
FAIL: g++.dg/simulate-thread/atomics-2.C -O0 -g
FAIL: g++.dg/simulate-thread/atomics-2.C -O1 -g
FAIL: g++.dg/simulate-thread/atomics-2.C -O2 -g -std=c++98
FAIL: g++.dg/simulate-thread/atomics-2.C -O3 -g -std=c++11
FAIL: g++.dg/simulate-thread/atomics-2.C -Os -g
FAIL: g++.dg/simulate-thread/bitfields-2.C -O0 -g
FAIL: g++.dg/simulate-thread/bitfields-2.C -O1 -g
FAIL: g++.dg/simulate-thread/bitfields-2.C -O2 -g -std=c++98
FAIL: g++.dg/simulate-thread/bitfields-2.C -O3 -g -std=c++11
FAIL: g++.dg/simulate-thread/bitfields-2.C -Os -g
FAIL: g++.dg/simulate-thread/bitfields.C -O0 -g
FAIL: g++.dg/simulate-thread/bitfields.C -O1 -g
FAIL: g++.dg/simulate-thread/bitfields.C -O2 -g -std=c++98
FAIL: g++.dg/simulate-thread/bitfields.C -O3 -g -std=c++11
FAIL: g++.dg/simulate-thread/bitfields.C -Os -g
FAIL: c-c++-common/simulate-thread/bitfields-1.c -O0 -g
FAIL: c-c++-common/simulate-thread/bitfields-1.c -O1 -g
FAIL: c-c++-common/simulate-thread/bitfields-1.c -O2 -g -std=c++98
FAIL: c-c++-common/simulate-thread/bitfields-1.c -O3 -g -std=c++11
FAIL: c-c++-common/simulate-thread/bitfields-1.c -Os -g
FAIL: c-c++-common/simulate-thread/bitfields-2.c -O0 -g
FAIL: c-c++-common/simulate-thread/bitfields-2.c -O1 -g
FAIL: c-c++-common/simulate-thread/bitfields-2.c -O2 -g -std=c++98
FAIL: c-c++-common/simulate-thread/bitfields-2.c -O3 -g -std=c++11
FAIL: c-c++-common/simulate-thread/bitfields-2.c -Os -g
FAIL: c-c++-common/simulate-thread/bitfields-3.c -O0 -g
FAIL: c-c++-common/simulate-thread/bitfields-3.c -O1 -g
FAIL: c-c++-common/simulate-thread/bitfields-3.c -O2 -g -std=c++98
FAIL: c-c++-common/simulate-thread/bitfields-3.c -O3 -g -std=c++11
FAIL: c-c++-common/simulate-thread/bitfields-3.c -Os -g
FAIL: c-c++-common/simulate-thread/bitfields-4.c -O0 -g
FAIL: c-c++-common/simulate-thread/bitfields-4.c -O1 -g
FAIL: c-c++-common/simulate-thread/bitfields-4.c -O2 -g -std=c++98
FAIL: c-c++-common/simulate-thread/bitfields-4.c -O3 -g -std=c++11
FAIL: c-c++-common/simulate-thread/bitfields-4.c -Os -g
FAIL: g++.dg/tm/pr45940-3.C -std=gnu++98 (internal compiler error)
FAIL: g++.dg/tm/pr45940-3.C -std=gnu++98 (test for excess errors)
FAIL: g++.dg/tm/pr45940-3.C -std=gnu++11 (internal compiler error)
FAIL: g++.dg/tm/pr45940-3.C -std=gnu++11 (test for excess errors)
FAIL: g++.dg/tm/pr45940-4.C -std=gnu++98 (internal compiler error)
FAIL: g++.dg/tm/pr45940-4.C -std=gnu++98 (test for excess errors)
FAIL: g++.dg/tm/pr45940-4.C -std=gnu++11 (internal compiler error)
FAIL: g++.dg/tm/pr45940-4.C -std=gnu++11 (test for excess errors)
=== g++ Summary ===
# of expected passes 45597
# of unexpected failures 59
# of expected failures 282
# of unresolved testcases 1
# of unsupported tests 609
/usr/local/gcc/gcc-20111117/Build/gcc/testsuite/g++/../../g++ version 4.7.0 20111117 (experimental) [trunk revision 181436] (GCC)
=== gcc tests ===
Running target unix
FAIL: gcc.c-torture/execute/20040709-2.c compilation, -O1 (internal compiler error)
UNRESOLVED: gcc.c-torture/execute/20040709-2.c execution, -O1
FAIL: gcc.c-torture/execute/20040811-1.c execution, -O0
FAIL: gcc.c-torture/execute/920501-1.c compilation, -O2 -flto -flto-partition=none (internal compiler error)
UNRESOLVED: gcc.c-torture/execute/920501-1.c execution, -O2 -flto -flto-partition=none
FAIL: gcc.c-torture/execute/pr43220.c execution, -O0
FAIL: gcc.c-torture/execute/vla-dealloc-1.c execution, -O0
WARNING: program timed out.
WARNING: program timed out.
WARNING: program timed out.
FAIL: gcc.dg/debug/dwarf2/asm-line1.c scan-assembler is_stmt 1
FAIL: gcc.dg/cproj-fails-with-broken-glibc.c execution test
FAIL: gcc.dg/pr49994-3.c (test for excess errors)
XPASS: gcc.dg/guality/example.c -O0 execution test
WARNING: program timed out.
XPASS: gcc.dg/guality/guality.c -O0 execution test
WARNING: program timed out.
FAIL: gcc.dg/guality/inline-params.c -O0 execution test
FAIL: gcc.dg/guality/inline-params.c -O1 execution test
FAIL: gcc.dg/guality/pr36728-1.c -O0 line 12 y == 2
FAIL: gcc.dg/guality/pr36728-1.c -O3 -fomit-frame-pointer line 12 y == 2
FAIL: gcc.dg/guality/pr36728-1.c -O3 -g line 12 y == 2
FAIL: gcc.dg/guality/pr36728-2.c -O1 line 12 y == 2
XPASS: gcc.dg/guality/pr41353-1.c -O0 line 28 j == 28 + 37
FAIL: gcc.dg/guality/pr41353-1.c -O3 -fomit-frame-pointer line 39 i == 12
FAIL: gcc.dg/guality/pr41353-1.c -O3 -g line 39 i == 12
XPASS: gcc.dg/guality/pr41447-1.c -O0 execution test
WARNING: program timed out.
XPASS: gcc.dg/guality/pr41616-1.c -O0 execution test
FAIL: gcc.dg/guality/pr43051-1.c -O1 line 39 c == &a[0]
FAIL: gcc.dg/guality/pr43077-1.c -O0 line 19 vara == 1
FAIL: gcc.dg/guality/pr43077-1.c -O1 line 42 b == 2
FAIL: gcc.dg/guality/pr43077-1.c -O3 -fomit-frame-pointer line 42 varb == 2
FAIL: gcc.dg/guality/pr43077-1.c -O3 -g line 42 varb == 2
FAIL: gcc.dg/guality/pr43177.c -O3 -fomit-frame-pointer line 15 x == 7
FAIL: gcc.dg/guality/pr43177.c -O3 -fomit-frame-pointer line 24 x == 7
FAIL: gcc.dg/guality/pr43177.c -O3 -g line 15 x == 7
FAIL: gcc.dg/guality/pr43177.c -O3 -g line 24 x == 7
FAIL: gcc.dg/guality/vla-1.c -O0 line 17 sizeof (a) == 6
FAIL: gcc.dg/guality/vla-1.c -O0 line 24 sizeof (a) == 17 * sizeof (short)
FAIL: gcc.dg/guality/vla-1.c -O1 line 24 sizeof (a) == 17 * sizeof (short)
FAIL: gcc.dg/guality/vla-1.c -O3 -fomit-frame-pointer line 24 i == 5
FAIL: gcc.dg/guality/vla-1.c -O3 -g line 24 i == 5
FAIL: gcc.dg/guality/vla-2.c -O2 -flto -flto-partition=none line 16 sizeof (a) == 5 * sizeof (int)
FAIL: gcc.dg/guality/vla-2.c -O2 -flto line 16 sizeof (a) == 5 * sizeof (int)
FAIL: gcc.dg/simulate-thread/atomic-other-int.c -O3 -g
FAIL: gcc.dg/simulate-thread/atomic-other-short.c -O3 -g
XPASS: gcc.dg/tree-ssa/20040204-1.c scan-tree-dump-times optimized "link_error" 0
XPASS: gcc.dg/tree-ssa/loop-1.c scan-assembler-times foo 5
FAIL: gcc.dg/tree-ssa/vrp47.c scan-tree-dump-times dom1 "x[^ ]* & y" 1
FAIL: gcc.dg/vect/vec-scal-opt.c scan-tree-dump-times veclower2 ">> k.[0-9_]*" 1
FAIL: gcc.dg/vect/vec-scal-opt1.c scan-tree-dump-times veclower2 ">> 2" 1
FAIL: gcc.dg/vect/vec-scal-opt2.c scan-tree-dump-times veclower2 ">> 2" 1
XPASS: gcc.dg/vect/pr33804.c scan-tree-dump-times vect "vectorized 1 loops" 1
XPASS: gcc.dg/vect/pr33804.c scan-tree-dump-times vect "vectorizing stmts using SLP" 1
XPASS: gcc.dg/vect/pr33953.c scan-tree-dump-times vect "vectorized 1 loops" 1
XPASS: gcc.dg/vect/pr33953.c scan-tree-dump-times vect "vectorizing stmts using SLP" 1
XPASS: gcc.dg/vect/vect-35.c scan-tree-dump-times vect "vectorized 2 loops" 1
XPASS: gcc.dg/vect/vect-outer-5.c scan-tree-dump-times vect "zero step in outer loop." 1
XPASS: gcc.dg/vect/pr33804.c -flto scan-tree-dump-times vect "vectorized 1 loops" 1
XPASS: gcc.dg/vect/pr33804.c -flto scan-tree-dump-times vect "vectorizing stmts using SLP" 1
XPASS: gcc.dg/vect/pr33953.c -flto scan-tree-dump-times vect "vectorized 1 loops" 1
XPASS: gcc.dg/vect/pr33953.c -flto scan-tree-dump-times vect "vectorizing stmts using SLP" 1
XPASS: gcc.dg/vect/vect-35.c -flto scan-tree-dump-times vect "vectorized 2 loops" 1
XPASS: gcc.dg/vect/vect-outer-5.c -flto scan-tree-dump-times vect "zero step in outer loop." 1
XPASS: gcc.dg/vect/no-scevccp-outer-21.c scan-tree-dump-times vect "OUTER LOOP VECTORIZED." 1
XPASS: gcc.dg/vect/if-cvt-stores-vect-ifcvt-18.c scan-tree-dump-times vect "vectorized 1 loops" 1
=== gcc Summary ===
# of expected passes 75003
# of unexpected failures 38
# of unexpected successes 21
# of expected failures 361
# of unresolved testcases 2
# of unsupported tests 1904
/usr/local/gcc/gcc-20111117/Build/gcc/xgcc version 4.7.0 20111117 (experimental) [trunk revision 181436] (GCC)
=== gfortran tests ===
Running target unix
FAIL: gfortran.dg/maxloc_bounds_5.f90 -O3 -fomit-frame-pointer (internal compiler error)
FAIL: gfortran.dg/maxloc_bounds_5.f90 -O3 -fomit-frame-pointer (test for excess errors)
WARNING: gfortran.dg/maxloc_bounds_5.f90 -O3 -fomit-frame-pointer compilation failed to produce executable
FAIL: gfortran.dg/maxloc_bounds_5.f90 -O3 -fomit-frame-pointer -funroll-loops (internal compiler error)
FAIL: gfortran.dg/maxloc_bounds_5.f90 -O3 -fomit-frame-pointer -funroll-loops (test for excess errors)
WARNING: gfortran.dg/maxloc_bounds_5.f90 -O3 -fomit-frame-pointer -funroll-loops compilation failed to produce executable
FAIL: gfortran.dg/maxloc_bounds_5.f90 -O3 -fomit-frame-pointer -funroll-all-loops -finline-functions (internal compiler error)
FAIL: gfortran.dg/maxloc_bounds_5.f90 -O3 -fomit-frame-pointer -funroll-all-loops -finline-functions (test for excess errors)
WARNING: gfortran.dg/maxloc_bounds_5.f90 -O3 -fomit-frame-pointer -funroll-all-loops -finline-functions compilation failed to produce executable
FAIL: gfortran.dg/maxloc_bounds_5.f90 -O3 -g (internal compiler error)
FAIL: gfortran.dg/maxloc_bounds_5.f90 -O3 -g (test for excess errors)
WARNING: gfortran.dg/maxloc_bounds_5.f90 -O3 -g compilation failed to produce executable
FAIL: gfortran.dg/select_type_12.f03 -O (internal compiler error)
FAIL: gfortran.dg/select_type_12.f03 -O (test for excess errors)
FAIL: gfortran.fortran-torture/execute/entry_4.f90 execution, -O2
FAIL: gfortran.fortran-torture/execute/entry_4.f90 execution, -O2 -fomit-frame-pointer -finline-functions
FAIL: gfortran.fortran-torture/execute/entry_4.f90 execution, -O2 -fomit-frame-pointer -finline-functions -funroll-loops
FAIL: gfortran.fortran-torture/execute/entry_4.f90 execution, -O2 -fbounds-check
FAIL: gfortran.fortran-torture/execute/entry_4.f90 execution, -O3 -g
FAIL: gfortran.fortran-torture/execute/entry_4.f90 execution, -O2 -ftree-vectorize
=== gfortran Summary ===
# of expected passes 39920
# of unexpected failures 16
# of expected failures 50
# of unsupported tests 70
/usr/local/gcc/gcc-20111117/Build/gcc/testsuite/gfortran/../../gfortran version 4.7.0 20111117 (experimental) [trunk revision 181436] (GCC)
=== gnat tests ===
Running target unix
FAIL: gnat.dg/stack_check1.adb execution test
FAIL: gnat.dg/stack_check2.adb execution test
=== gnat Summary ===
# of expected passes 1043
# of unexpected failures 2
# of expected failures 11
# of unsupported tests 9
/usr/local/gcc/gcc-20111117/Build/gcc/gnatmake version 4.7.0 20111117 (experimental) [trunk revision 181436]
=== obj-c++ tests ===
Running target unix
FAIL: obj-c++.dg/naming-3.mm -fgnu-runtime (test for errors, line 6)
FAIL: obj-c++.dg/naming-4.mm -fgnu-runtime (test for errors, line 31)
FAIL: obj-c++.dg/naming-4.mm -fgnu-runtime (test for warnings, line 63)
FAIL: obj-c++.dg/naming-4.mm -fgnu-runtime (test for warnings, line 100)
=== obj-c++ Summary ===
# of expected passes 1438
# of unexpected failures 4
# of expected failures 10
# of unsupported tests 86
/usr/local/gcc/gcc-20111117/Build/gcc/testsuite/obj-c++/../../g++ version 4.7.0 20111117 (experimental) [trunk revision 181436] (GCC)
=== objc tests ===
Running target unix
=== objc Summary ===
# of expected passes 2992
# of unsupported tests 75
/usr/local/gcc/gcc-20111117/Build/gcc/xgcc version 4.7.0 20111117 (experimental) [trunk revision 181436] (GCC)
=== boehm-gc tests ===
Running target unix
FAIL: boehm-gc.c/thread_leak_test.c -O2 (test for excess errors)
=== boehm-gc Summary ===
# of expected passes 11
# of unexpected failures 1
# of unsupported tests 1
=== libffi tests ===
Running target unix
=== libffi Summary ===
# of expected passes 1634
# of expected failures 10
# of unsupported tests 15
=== libgomp tests ===
Running target unix
FAIL: libgomp.c/omp-loop03.c execution test
FAIL: libgomp.c++/loop-3.C -O execution test
=== libgomp Summary ===
# of expected passes 2946
# of unexpected failures 2
=== libjava tests ===
Running target unix
FAIL: getlocalvartable output
FAIL: Throw_3 -O3 output - source compiled test
FAIL: Throw_3 -O3 -findirect-dispatch output - source compiled test
=== libjava Summary ===
# of expected passes 2571
# of unexpected failures 3
=== libmudflap tests ===
Running target unix
FAIL: libmudflap.c++/pass55-frag.cxx ( -O) execution test
=== libmudflap Summary ===
# of expected passes 1893
# of unexpected failures 1
=== libstdc++ tests ===
Running target unix
=== libstdc++ Summary ===
# of expected passes 8533
# of expected failures 45
# of unsupported tests 161
Compiler version: 4.7.0 20111117 (experimental) [trunk revision 181436] (GCC)
Platform: ia64-suse-linux-gnu
configure flags: --prefix=/usr --build=ia64-suse-linux --host=ia64-suse-linux --enable-shared --enable-threads --enable-__cxa_atexit --with-system-zlib --with-system-libunwind