This is the mail archive of the
gcc-testresults@gcc.gnu.org
mailing list for the GCC project.
Results for 4.7.0 20111115 (experimental) [trunk revision 181376] (GCC) testsuite on x86_64-apple-darwin10.8.0
- From: sean at seanmcgovern dot ca (Sean McGovern)
- To: gcc-testresults at gcc dot gnu dot org
- Date: Tue, 15 Nov 2011 22:47:33 -0500 (EST)
- Subject: Results for 4.7.0 20111115 (experimental) [trunk revision 181376] (GCC) testsuite on x86_64-apple-darwin10.8.0
LAST_UPDATED: Tue Nov 15 17:43:58 UTC 2011 (revision 181376)
Native configuration is x86_64-apple-darwin10.8.0
=== g++ tests ===
Running target unix/-m32
UNRESOLVED: g++.dg/ext/label13.C -std=gnu++98 compilation failed to produce executable
UNRESOLVED: g++.dg/ext/label13.C -std=gnu++11 compilation failed to produce executable
FAIL: c-c++-common/cxxbitfields-3.c scan-assembler movl.*, var
FAIL: c-c++-common/cxxbitfields-3.c scan-assembler movl.*, var
FAIL: g++.dg/lto/20101020-1 cp_lto_20101020-1_0.o-cp_lto_20101020-1_1.o link, -O2 -flto -flto-partition=none (internal compiler error)
UNRESOLVED: g++.dg/lto/20101020-1 cp_lto_20101020-1_0.o-cp_lto_20101020-1_1.o execute -O2 -flto -flto-partition=none
=== g++ Summary for unix/-m32 ===
# of expected passes 45987
# of unexpected failures 3
# of expected failures 284
# of unresolved testcases 3
# of unsupported tests 350
Running target unix/-m64
UNRESOLVED: g++.dg/ext/label13.C -std=gnu++98 compilation failed to produce executable
UNRESOLVED: g++.dg/ext/label13.C -std=gnu++11 compilation failed to produce executable
FAIL: c-c++-common/cxxbitfields-3.c scan-assembler movl.*, var
FAIL: c-c++-common/cxxbitfields-3.c scan-assembler movl.*, var
FAIL: g++.dg/lto/20101020-1 cp_lto_20101020-1_0.o-cp_lto_20101020-1_1.o link, -O2 -flto -flto-partition=none (internal compiler error)
UNRESOLVED: g++.dg/lto/20101020-1 cp_lto_20101020-1_0.o-cp_lto_20101020-1_1.o execute -O2 -flto -flto-partition=none
FAIL: g++.dg/tm/pr45940-3.C -std=gnu++98 (internal compiler error)
FAIL: g++.dg/tm/pr45940-3.C -std=gnu++98 (test for excess errors)
FAIL: g++.dg/tm/pr45940-3.C -std=gnu++11 (internal compiler error)
FAIL: g++.dg/tm/pr45940-3.C -std=gnu++11 (test for excess errors)
=== g++ Summary for unix/-m64 ===
# of expected passes 46782
# of unexpected failures 7
# of expected failures 284
# of unresolved testcases 3
# of unsupported tests 576
=== g++ Summary ===
# of expected passes 92769
# of unexpected failures 10
# of expected failures 568
# of unresolved testcases 6
# of unsupported tests 926
/BUILD/gcc/obj-181376/gcc/testsuite/g++/../../g++ version 4.7.0 20111115 (experimental) [trunk revision 181376] (GCC)
=== gcc tests ===
Running target unix/-m32
FAIL: gcc.c-torture/execute/920501-1.c compilation, -O2 -flto -flto-partition=none (internal compiler error)
UNRESOLVED: gcc.c-torture/execute/920501-1.c execution, -O2 -flto -flto-partition=none
FAIL: c-c++-common/cxxbitfields-3.c scan-assembler movl.*, var
FAIL: c-c++-common/tm/memcpy-1.c (test for excess errors)
FAIL: gcc.dg/tree-ssa/vrp47.c scan-tree-dump-times dom1 "x[^ ]* & y" 1
=== gcc Summary for unix/-m32 ===
# of expected passes 80507
# of unexpected failures 4
# of expected failures 249
# of unresolved testcases 1
# of unsupported tests 1925
Running target unix/-m64
FAIL: gcc.c-torture/execute/920501-1.c compilation, -O2 -flto -flto-partition=none (internal compiler error)
UNRESOLVED: gcc.c-torture/execute/920501-1.c execution, -O2 -flto -flto-partition=none
FAIL: gcc.dg/sibcall-6.c execution test
FAIL: c-c++-common/cxxbitfields-3.c scan-assembler movl.*, var
FAIL: gcc.dg/matrix/transpose-3.c execution, -fprofile-use -fipa-matrix-reorg -fdump-ipa-matrix-reorg -O3 -fwhole-program -fno-tree-fre
FAIL: c-c++-common/tm/memcpy-1.c (test for excess errors)
FAIL: gcc.dg/tree-ssa/vrp47.c scan-tree-dump-times dom1 "x[^ ]* & y" 1
FAIL: gcc.target/i386/pr49866.c (test for excess errors)
=== gcc Summary for unix/-m64 ===
# of expected passes 80762
# of unexpected failures 7
# of expected failures 250
# of unresolved testcases 1
# of unsupported tests 2240
=== gcc Summary ===
# of expected passes 161269
# of unexpected failures 11
# of expected failures 499
# of unresolved testcases 2
# of unsupported tests 4165
/BUILD/gcc/obj-181376/gcc/xgcc version 4.7.0 20111115 (experimental) [trunk revision 181376] (GCC)
=== gfortran tests ===
Running target unix/-m32
FAIL: gfortran.dg/select_type_12.f03 -O (internal compiler error)
FAIL: gfortran.dg/select_type_12.f03 -O (test for excess errors)
=== gfortran Summary for unix/-m32 ===
# of expected passes 39733
# of unexpected failures 2
# of expected failures 53
# of unsupported tests 209
Running target unix/-m64
FAIL: gfortran.dg/select_type_12.f03 -O (internal compiler error)
FAIL: gfortran.dg/select_type_12.f03 -O (test for excess errors)
WARNING: program timed out.
WARNING: program timed out.
FAIL: gfortran.fortran-torture/execute/entry_4.f90 execution, -O2
FAIL: gfortran.fortran-torture/execute/entry_4.f90 execution, -O2 -fomit-frame-pointer -finline-functions
FAIL: gfortran.fortran-torture/execute/entry_4.f90 execution, -O2 -fomit-frame-pointer -finline-functions -funroll-loops
FAIL: gfortran.fortran-torture/execute/entry_4.f90 execution, -O2 -fbounds-check
FAIL: gfortran.fortran-torture/execute/entry_4.f90 execution, -O3 -g
FAIL: gfortran.fortran-torture/execute/entry_4.f90 execution, -O2 -ftree-vectorize -msse2
=== gfortran Summary for unix/-m64 ===
# of expected passes 40014
# of unexpected failures 8
# of expected failures 53
# of unsupported tests 71
=== gfortran Summary ===
# of expected passes 79747
# of unexpected failures 10
# of expected failures 106
# of unsupported tests 280
/BUILD/gcc/obj-181376/gcc/testsuite/gfortran/../../gfortran version 4.7.0 20111115 (experimental) [trunk revision 181376] (GCC)
=== libgomp tests ===
Running target unix/-m64
FAIL: libgomp.graphite/force-parallel-7.c execution test
=== libgomp Summary for unix/-m64 ===
# of expected passes 2987
# of unexpected failures 1
# of unsupported tests 3
Running target unix/-m32
FAIL: libgomp.graphite/force-parallel-7.c execution test
=== libgomp Summary for unix/-m32 ===
# of expected passes 2987
# of unexpected failures 1
# of unsupported tests 3
=== libgomp Summary ===
# of expected passes 5974
# of unexpected failures 2
# of unsupported tests 6
=== libitm tests ===
Running target unix/-m64
FAIL: libitm.c/cancel.c (test for excess errors)
UNRESOLVED: libitm.c/cancel.c compilation failed to produce executable
FAIL: libitm.c/clone-1.c (test for excess errors)
UNRESOLVED: libitm.c/clone-1.c compilation failed to produce executable
FAIL: libitm.c/dropref-2.c (test for excess errors)
UNRESOLVED: libitm.c/dropref-2.c compilation failed to produce executable
FAIL: libitm.c/dropref.c (test for excess errors)
UNRESOLVED: libitm.c/dropref.c compilation failed to produce executable
FAIL: libitm.c/memcpy-1.c (test for excess errors)
UNRESOLVED: libitm.c/memcpy-1.c compilation failed to produce executable
FAIL: libitm.c/memset-1.c (test for excess errors)
UNRESOLVED: libitm.c/memset-1.c compilation failed to produce executable
FAIL: libitm.c/reentrant.c (test for excess errors)
UNRESOLVED: libitm.c/reentrant.c compilation failed to produce executable
FAIL: libitm.c/simple-1.c (test for excess errors)
UNRESOLVED: libitm.c/simple-1.c compilation failed to produce executable
FAIL: libitm.c/simple-2.c (test for excess errors)
UNRESOLVED: libitm.c/simple-2.c compilation failed to produce executable
FAIL: libitm.c/txrelease.c (test for excess errors)
UNRESOLVED: libitm.c/txrelease.c compilation failed to produce executable
FAIL: libitm.c++/dropref.C (test for excess errors)
UNRESOLVED: libitm.c++/dropref.C compilation failed to produce executable
FAIL: libitm.c++/eh-1.C (test for excess errors)
UNRESOLVED: libitm.c++/eh-1.C compilation failed to produce executable
UNRESOLVED: libitm.c++/static_ctor.C compilation failed to produce executable
=== libitm Summary for unix/-m64 ===
# of expected passes 3
# of unexpected failures 12
# of expected failures 1
# of unresolved testcases 13
Running target unix/-m32
FAIL: libitm.c/cancel.c (test for excess errors)
UNRESOLVED: libitm.c/cancel.c compilation failed to produce executable
FAIL: libitm.c/clone-1.c (test for excess errors)
UNRESOLVED: libitm.c/clone-1.c compilation failed to produce executable
FAIL: libitm.c/dropref-2.c (test for excess errors)
UNRESOLVED: libitm.c/dropref-2.c compilation failed to produce executable
FAIL: libitm.c/dropref.c (test for excess errors)
UNRESOLVED: libitm.c/dropref.c compilation failed to produce executable
FAIL: libitm.c/memcpy-1.c (test for excess errors)
UNRESOLVED: libitm.c/memcpy-1.c compilation failed to produce executable
FAIL: libitm.c/memset-1.c (test for excess errors)
UNRESOLVED: libitm.c/memset-1.c compilation failed to produce executable
FAIL: libitm.c/reentrant.c (test for excess errors)
UNRESOLVED: libitm.c/reentrant.c compilation failed to produce executable
FAIL: libitm.c/simple-1.c (test for excess errors)
UNRESOLVED: libitm.c/simple-1.c compilation failed to produce executable
FAIL: libitm.c/simple-2.c (test for excess errors)
UNRESOLVED: libitm.c/simple-2.c compilation failed to produce executable
FAIL: libitm.c/txrelease.c (test for excess errors)
UNRESOLVED: libitm.c/txrelease.c compilation failed to produce executable
FAIL: libitm.c++/dropref.C (test for excess errors)
UNRESOLVED: libitm.c++/dropref.C compilation failed to produce executable
FAIL: libitm.c++/eh-1.C (test for excess errors)
UNRESOLVED: libitm.c++/eh-1.C compilation failed to produce executable
UNRESOLVED: libitm.c++/static_ctor.C compilation failed to produce executable
=== libitm Summary for unix/-m32 ===
# of expected passes 3
# of unexpected failures 12
# of expected failures 1
# of unresolved testcases 13
=== libitm Summary ===
# of expected passes 6
# of unexpected failures 24
# of expected failures 2
# of unresolved testcases 26
=== libstdc++ tests ===
Running target unix/-m32
FAIL: 30_threads/thread/native_handle/typesizes.cc execution test
=== libstdc++ Summary for unix/-m32 ===
# of expected passes 7667
# of unexpected failures 1
# of expected failures 45
# of unsupported tests 557
Running target unix/-m64
FAIL: 30_threads/thread/native_handle/typesizes.cc execution test
=== libstdc++ Summary for unix/-m64 ===
# of expected passes 7665
# of unexpected failures 1
# of expected failures 45
# of unsupported tests 558
=== libstdc++ Summary ===
# of expected passes 15332
# of unexpected failures 2
# of expected failures 90
# of unsupported tests 1115
=== libstdc++ Summary ===
Compiler version: 4.7.0 20111115 (experimental) [trunk revision 181376] (GCC)
Platform: x86_64-apple-darwin10.8.0
configure flags: --prefix=/BUILD/gcc/181376 --target=x86_64-apple-darwin10.8.0 --host=x86_64-apple-darwin10.8.0 --build=x86_64-apple-darwin10.8.0 --with-tune=core2 --with-gmp=/opt/gnu --with-mpfr=/opt/gnu --with-mpc=/opt/gnu --with-ppl=/opt/gnu --with-cloog=/opt/gnu --enable-cloog-backend=isl --enable-languages=c,c++,fortran,lto --program-suffix=-trunk
BOOT_CFLAGS=-g -O2