This is the mail archive of the
gcc-testresults@gcc.gnu.org
mailing list for the GCC project.
Results for 4.7.0 20111107 (experimental) [trunk revision 181096] (GCC) testsuite on sparc-sun-solaris2.11
- From: Rainer Orth <ro at CeBiTec dot Uni-Bielefeld dot DE>
- To: gcc-testresults at gcc dot gnu dot org
- Date: Tue, 8 Nov 2011 11:21:44 +0100 (MET)
- Subject: Results for 4.7.0 20111107 (experimental) [trunk revision 181096] (GCC) testsuite on sparc-sun-solaris2.11
LAST_UPDATED: Mon Nov 7 16:44:31 UTC 2011 (revision 181096)
=== acats tests ===
=== acats Summary ===
# of expected passes 2321
# of unexpected failures 0
Native configuration is sparc-sun-solaris2.11
=== g++ tests ===
Running target unix
FAIL: g++.dg/lto/20081109 cp_lto_20081109_0.o-cp_lto_20081109_1.o execute -O2 -flto -flto-partition=1to1
FAIL: g++.dg/lto/20091219 cp_lto_20091219_0.o-cp_lto_20091219_0.o link, -O3 -flto
UNRESOLVED: g++.dg/lto/20091219 cp_lto_20091219_0.o-cp_lto_20091219_0.o execute -O3 -flto
=== g++ Summary for unix ===
# of expected passes 27629
# of unexpected failures 2
# of expected failures 154
# of unresolved testcases 1
# of unsupported tests 438
Running target unix/-m64
FAIL: g++.dg/lto/20081109 cp_lto_20081109_0.o-cp_lto_20081109_1.o execute -O2 -flto -flto-partition=1to1
FAIL: g++.dg/lto/20091219 cp_lto_20091219_0.o-cp_lto_20091219_0.o link, -O3 -flto
UNRESOLVED: g++.dg/lto/20091219 cp_lto_20091219_0.o-cp_lto_20091219_0.o execute -O3 -flto
=== g++ Summary for unix/-m64 ===
# of expected passes 28244
# of unexpected failures 2
# of expected failures 154
# of unresolved testcases 1
# of unsupported tests 434
=== g++ Summary ===
# of expected passes 55873
# of unexpected failures 4
# of expected failures 308
# of unresolved testcases 2
# of unsupported tests 872
/var/gcc/regression/trunk/11-gcc/build/gcc/testsuite/g++/../../g++ version 4.7.0 20111107 (experimental) [trunk revision 181096] (GCC)
=== gcc tests ===
Running target unix
FAIL: gcc.dg/pragma-align-2.c (test for excess errors)
WARNING: gcc.dg/pragma-align-2.c compilation failed to produce executable
FAIL: gcc.dg/tree-ssa/vrp47.c scan-tree-dump-times dom1 "x[^ ]* & y" 1
FAIL: gcc.target/sparc/vec-init-1-vis3.c execution test
FAIL: gcc.target/sparc/vec-init-2-vis3.c execution test
FAIL: gcc.target/sparc/vec-init-3-vis3.c execution test
=== gcc Summary for unix ===
# of expected passes 73522
# of unexpected failures 5
# of expected failures 293
# of unsupported tests 1573
Running target unix/-m64
FAIL: gcc.dg/pr44194-1.c scan-rtl-dump dse1 "global deletions = 2"
FAIL: gcc.dg/pragma-align-2.c (test for excess errors)
WARNING: gcc.dg/pragma-align-2.c compilation failed to produce executable
FAIL: gcc.dg/tree-ssa/vrp47.c scan-tree-dump-times dom1 "x[^ ]* & y" 1
FAIL: gcc.dg/vect/pr31343.c (internal compiler error)
FAIL: gcc.dg/vect/pr31343.c (test for excess errors)
FAIL: gcc.dg/vect/pr37027.c (internal compiler error)
FAIL: gcc.dg/vect/pr37027.c (test for excess errors)
FAIL: gcc.dg/vect/pr43842.c (internal compiler error)
FAIL: gcc.dg/vect/pr43842.c (test for excess errors)
FAIL: gcc.dg/vect/pr46052.c (internal compiler error)
FAIL: gcc.dg/vect/pr46052.c (test for excess errors)
FAIL: gcc.dg/vect/pr49771.c (internal compiler error)
FAIL: gcc.dg/vect/pr49771.c (test for excess errors)
WARNING: gcc.dg/vect/pr49771.c compilation failed to produce executable
FAIL: gcc.dg/vect/vect-25.c (internal compiler error)
FAIL: gcc.dg/vect/vect-25.c (test for excess errors)
WARNING: gcc.dg/vect/vect-25.c compilation failed to produce executable
FAIL: gcc.dg/vect/vect-62.c (internal compiler error)
FAIL: gcc.dg/vect/vect-62.c (test for excess errors)
WARNING: gcc.dg/vect/vect-62.c compilation failed to produce executable
FAIL: gcc.dg/vect/vect-64.c (internal compiler error)
FAIL: gcc.dg/vect/vect-64.c (test for excess errors)
WARNING: gcc.dg/vect/vect-64.c compilation failed to produce executable
FAIL: gcc.dg/vect/vect-67.c (internal compiler error)
FAIL: gcc.dg/vect/vect-67.c (test for excess errors)
WARNING: gcc.dg/vect/vect-67.c compilation failed to produce executable
FAIL: gcc.dg/vect/vect-85.c (internal compiler error)
FAIL: gcc.dg/vect/vect-85.c (test for excess errors)
WARNING: gcc.dg/vect/vect-85.c compilation failed to produce executable
FAIL: gcc.dg/vect/vect-86.c (internal compiler error)
FAIL: gcc.dg/vect/vect-86.c (test for excess errors)
WARNING: gcc.dg/vect/vect-86.c compilation failed to produce executable
FAIL: gcc.dg/vect/vect-87.c (internal compiler error)
FAIL: gcc.dg/vect/vect-87.c (test for excess errors)
WARNING: gcc.dg/vect/vect-87.c compilation failed to produce executable
FAIL: gcc.dg/vect/vect-88.c (internal compiler error)
FAIL: gcc.dg/vect/vect-88.c (test for excess errors)
WARNING: gcc.dg/vect/vect-88.c compilation failed to produce executable
FAIL: gcc.dg/vect/vect-align-2.c (internal compiler error)
FAIL: gcc.dg/vect/vect-align-2.c (test for excess errors)
WARNING: gcc.dg/vect/vect-align-2.c compilation failed to produce executable
FAIL: gcc.dg/vect/vect-double-reduc-7.c (internal compiler error)
FAIL: gcc.dg/vect/vect-double-reduc-7.c (test for excess errors)
WARNING: gcc.dg/vect/vect-double-reduc-7.c compilation failed to produce executable
FAIL: gcc.dg/vect/vect-iv-1.c (internal compiler error)
FAIL: gcc.dg/vect/vect-iv-1.c (test for excess errors)
WARNING: gcc.dg/vect/vect-iv-1.c compilation failed to produce executable
FAIL: gcc.dg/vect/vect-iv-11.c (internal compiler error)
FAIL: gcc.dg/vect/vect-iv-11.c (test for excess errors)
WARNING: gcc.dg/vect/vect-iv-11.c compilation failed to produce executable
FAIL: gcc.dg/vect/bb-slp-16.c (internal compiler error)
FAIL: gcc.dg/vect/bb-slp-16.c (test for excess errors)
WARNING: gcc.dg/vect/bb-slp-16.c compilation failed to produce executable
FAIL: gcc.dg/vect/bb-slp-22.c (internal compiler error)
FAIL: gcc.dg/vect/bb-slp-22.c (test for excess errors)
WARNING: gcc.dg/vect/bb-slp-22.c compilation failed to produce executable
FAIL: gcc.dg/vect/pr31343.c -flto (internal compiler error)
FAIL: gcc.dg/vect/pr31343.c -flto (test for excess errors)
FAIL: gcc.dg/vect/pr37027.c -flto (internal compiler error)
FAIL: gcc.dg/vect/pr37027.c -flto (test for excess errors)
FAIL: gcc.dg/vect/pr43842.c -flto (internal compiler error)
FAIL: gcc.dg/vect/pr43842.c -flto (test for excess errors)
FAIL: gcc.dg/vect/pr46052.c -flto (internal compiler error)
FAIL: gcc.dg/vect/pr46052.c -flto (test for excess errors)
FAIL: gcc.dg/vect/pr49771.c -flto (internal compiler error)
FAIL: gcc.dg/vect/pr49771.c -flto (test for excess errors)
WARNING: gcc.dg/vect/pr49771.c -flto compilation failed to produce executable
FAIL: gcc.dg/vect/vect-25.c -flto (internal compiler error)
FAIL: gcc.dg/vect/vect-25.c -flto (test for excess errors)
WARNING: gcc.dg/vect/vect-25.c -flto compilation failed to produce executable
FAIL: gcc.dg/vect/vect-62.c -flto (internal compiler error)
FAIL: gcc.dg/vect/vect-62.c -flto (test for excess errors)
WARNING: gcc.dg/vect/vect-62.c -flto compilation failed to produce executable
FAIL: gcc.dg/vect/vect-64.c -flto (internal compiler error)
FAIL: gcc.dg/vect/vect-64.c -flto (test for excess errors)
WARNING: gcc.dg/vect/vect-64.c -flto compilation failed to produce executable
FAIL: gcc.dg/vect/vect-67.c -flto (internal compiler error)
FAIL: gcc.dg/vect/vect-67.c -flto (test for excess errors)
WARNING: gcc.dg/vect/vect-67.c -flto compilation failed to produce executable
FAIL: gcc.dg/vect/vect-85.c -flto (internal compiler error)
FAIL: gcc.dg/vect/vect-85.c -flto (test for excess errors)
WARNING: gcc.dg/vect/vect-85.c -flto compilation failed to produce executable
FAIL: gcc.dg/vect/vect-86.c -flto (internal compiler error)
FAIL: gcc.dg/vect/vect-86.c -flto (test for excess errors)
WARNING: gcc.dg/vect/vect-86.c -flto compilation failed to produce executable
FAIL: gcc.dg/vect/vect-87.c -flto (internal compiler error)
FAIL: gcc.dg/vect/vect-87.c -flto (test for excess errors)
WARNING: gcc.dg/vect/vect-87.c -flto compilation failed to produce executable
FAIL: gcc.dg/vect/vect-88.c -flto (internal compiler error)
FAIL: gcc.dg/vect/vect-88.c -flto (test for excess errors)
WARNING: gcc.dg/vect/vect-88.c -flto compilation failed to produce executable
FAIL: gcc.dg/vect/vect-align-2.c -flto (internal compiler error)
FAIL: gcc.dg/vect/vect-align-2.c -flto (test for excess errors)
WARNING: gcc.dg/vect/vect-align-2.c -flto compilation failed to produce executable
FAIL: gcc.dg/vect/vect-double-reduc-7.c -flto (internal compiler error)
FAIL: gcc.dg/vect/vect-double-reduc-7.c -flto (test for excess errors)
WARNING: gcc.dg/vect/vect-double-reduc-7.c -flto compilation failed to produce executable
FAIL: gcc.dg/vect/vect-iv-1.c -flto (internal compiler error)
FAIL: gcc.dg/vect/vect-iv-1.c -flto (test for excess errors)
WARNING: gcc.dg/vect/vect-iv-1.c -flto compilation failed to produce executable
FAIL: gcc.dg/vect/vect-iv-11.c -flto (internal compiler error)
FAIL: gcc.dg/vect/vect-iv-11.c -flto (test for excess errors)
WARNING: gcc.dg/vect/vect-iv-11.c -flto compilation failed to produce executable
FAIL: gcc.dg/vect/bb-slp-16.c -flto (internal compiler error)
FAIL: gcc.dg/vect/bb-slp-16.c -flto (test for excess errors)
WARNING: gcc.dg/vect/bb-slp-16.c -flto compilation failed to produce executable
FAIL: gcc.dg/vect/bb-slp-22.c -flto (internal compiler error)
FAIL: gcc.dg/vect/bb-slp-22.c -flto (test for excess errors)
WARNING: gcc.dg/vect/bb-slp-22.c -flto compilation failed to produce executable
FAIL: gcc.dg/vect/no-section-anchors-vect-64.c (internal compiler error)
FAIL: gcc.dg/vect/no-section-anchors-vect-64.c (test for excess errors)
WARNING: gcc.dg/vect/no-section-anchors-vect-64.c compilation failed to produce executable
FAIL: gcc.dg/vect/no-scevccp-outer-10.c (internal compiler error)
FAIL: gcc.dg/vect/no-scevccp-outer-10.c (test for excess errors)
WARNING: gcc.dg/vect/no-scevccp-outer-10.c compilation failed to produce executable
FAIL: gcc.dg/vect/no-scevccp-outer-10a.c (internal compiler error)
FAIL: gcc.dg/vect/no-scevccp-outer-10a.c (test for excess errors)
WARNING: gcc.dg/vect/no-scevccp-outer-10a.c compilation failed to produce executable
FAIL: gcc.dg/vect/no-scevccp-outer-10b.c (internal compiler error)
FAIL: gcc.dg/vect/no-scevccp-outer-10b.c (test for excess errors)
WARNING: gcc.dg/vect/no-scevccp-outer-10b.c compilation failed to produce executable
FAIL: gcc.dg/vect/no-scevccp-outer-15.c (internal compiler error)
FAIL: gcc.dg/vect/no-scevccp-outer-15.c (test for excess errors)
WARNING: gcc.dg/vect/no-scevccp-outer-15.c compilation failed to produce executable
FAIL: gcc.dg/vect/no-scevccp-noreassoc-outer-3.c (internal compiler error)
FAIL: gcc.dg/vect/no-scevccp-noreassoc-outer-3.c (test for excess errors)
WARNING: gcc.dg/vect/no-scevccp-noreassoc-outer-3.c compilation failed to produce executable
FAIL: gcc.dg/vect/no-scevccp-noreassoc-outer-5.c (internal compiler error)
FAIL: gcc.dg/vect/no-scevccp-noreassoc-outer-5.c (test for excess errors)
WARNING: gcc.dg/vect/no-scevccp-noreassoc-outer-5.c compilation failed to produce executable
FAIL: gcc.target/sparc/vec-init-1-vis1.c (internal compiler error)
FAIL: gcc.target/sparc/vec-init-1-vis1.c (test for excess errors)
WARNING: gcc.target/sparc/vec-init-1-vis1.c compilation failed to produce executable
FAIL: gcc.target/sparc/vec-init-1-vis2.c (internal compiler error)
FAIL: gcc.target/sparc/vec-init-1-vis2.c (test for excess errors)
WARNING: gcc.target/sparc/vec-init-1-vis2.c compilation failed to produce executable
FAIL: gcc.target/sparc/vec-init-1-vis3.c (internal compiler error)
FAIL: gcc.target/sparc/vec-init-1-vis3.c (test for excess errors)
WARNING: gcc.target/sparc/vec-init-1-vis3.c compilation failed to produce executable
FAIL: gcc.target/sparc/vec-init-2-vis1.c (internal compiler error)
FAIL: gcc.target/sparc/vec-init-2-vis1.c (test for excess errors)
WARNING: gcc.target/sparc/vec-init-2-vis1.c compilation failed to produce executable
FAIL: gcc.target/sparc/vec-init-2-vis2.c (internal compiler error)
FAIL: gcc.target/sparc/vec-init-2-vis2.c (test for excess errors)
WARNING: gcc.target/sparc/vec-init-2-vis2.c compilation failed to produce executable
FAIL: gcc.target/sparc/vec-init-2-vis3.c (internal compiler error)
FAIL: gcc.target/sparc/vec-init-2-vis3.c (test for excess errors)
WARNING: gcc.target/sparc/vec-init-2-vis3.c compilation failed to produce executable
FAIL: gcc.target/sparc/vec-init-3-vis1.c (internal compiler error)
FAIL: gcc.target/sparc/vec-init-3-vis1.c (test for excess errors)
WARNING: gcc.target/sparc/vec-init-3-vis1.c compilation failed to produce executable
FAIL: gcc.target/sparc/vec-init-3-vis2.c (internal compiler error)
FAIL: gcc.target/sparc/vec-init-3-vis2.c (test for excess errors)
WARNING: gcc.target/sparc/vec-init-3-vis2.c compilation failed to produce executable
FAIL: gcc.target/sparc/vec-init-3-vis3.c (internal compiler error)
FAIL: gcc.target/sparc/vec-init-3-vis3.c (test for excess errors)
WARNING: gcc.target/sparc/vec-init-3-vis3.c compilation failed to produce executable
=== gcc Summary for unix/-m64 ===
# of expected passes 74067
# of unexpected failures 111
# of expected failures 284
# of unsupported tests 1570
=== gcc Summary ===
# of expected passes 147589
# of unexpected failures 116
# of expected failures 577
# of unsupported tests 3143
/var/gcc/regression/trunk/11-gcc/build/gcc/xgcc version 4.7.0 20111107 (experimental) [trunk revision 181096] (GCC)
=== gfortran tests ===
Running target unix
FAIL: gfortran.dg/select_type_12.f03 -O (internal compiler error)
FAIL: gfortran.dg/select_type_12.f03 -O (test for excess errors)
FAIL: gfortran.dg/guality/pr41558.f90 -O1 line 7 s == 'foo'
FAIL: gfortran.dg/guality/pr41558.f90 -O2 line 7 s == 'foo'
FAIL: gfortran.dg/guality/pr41558.f90 -O3 -fomit-frame-pointer line 7 s == 'foo'
FAIL: gfortran.dg/guality/pr41558.f90 -O3 -fomit-frame-pointer -funroll-loops line 7 s == 'foo'
FAIL: gfortran.dg/guality/pr41558.f90 -O3 -fomit-frame-pointer -funroll-all-loops -finline-functions line 7 s == 'foo'
FAIL: gfortran.dg/guality/pr41558.f90 -O3 -g line 7 s == 'foo'
FAIL: gfortran.dg/guality/pr41558.f90 -Os line 7 s == 'foo'
=== gfortran Summary for unix ===
# of expected passes 39674
# of unexpected failures 9
# of expected failures 54
# of unsupported tests 257
Running target unix/-m64
FAIL: gfortran.dg/select_type_12.f03 -O (internal compiler error)
FAIL: gfortran.dg/select_type_12.f03 -O (test for excess errors)
FAIL: gfortran.dg/guality/pr41558.f90 -O1 line 7 s == 'foo'
FAIL: gfortran.dg/guality/pr41558.f90 -O2 line 7 s == 'foo'
FAIL: gfortran.dg/guality/pr41558.f90 -O3 -fomit-frame-pointer line 7 s == 'foo'
FAIL: gfortran.dg/guality/pr41558.f90 -O3 -fomit-frame-pointer -funroll-loops line 7 s == 'foo'
FAIL: gfortran.dg/guality/pr41558.f90 -O3 -fomit-frame-pointer -funroll-all-loops -finline-functions line 7 s == 'foo'
FAIL: gfortran.dg/guality/pr41558.f90 -O3 -g line 7 s == 'foo'
FAIL: gfortran.dg/guality/pr41558.f90 -Os line 7 s == 'foo'
FAIL: gfortran.fortran-torture/compile/arrayio.f90, -O2 -ftree-vectorize -mcpu=ultrasparc -mvis (internal compiler error)
FAIL: gfortran.fortran-torture/compile/pr33276.f90, -O2 -ftree-vectorize -mcpu=ultrasparc -mvis (internal compiler error)
FAIL: gfortran.fortran-torture/execute/entry_4.f90 execution, -O2
FAIL: gfortran.fortran-torture/execute/entry_4.f90 execution, -O2 -fomit-frame-pointer -finline-functions
FAIL: gfortran.fortran-torture/execute/entry_4.f90 execution, -O2 -fomit-frame-pointer -finline-functions -funroll-loops
FAIL: gfortran.fortran-torture/execute/entry_4.f90 execution, -O2 -fbounds-check
FAIL: gfortran.fortran-torture/execute/entry_4.f90 execution, -O3 -g
FAIL: gfortran.fortran-torture/execute/entry_4.f90 execution, -O2 -ftree-vectorize -mcpu=ultrasparc -mvis
FAIL: gfortran.fortran-torture/execute/forall_2.f90, -O2 -ftree-vectorize -mcpu=ultrasparc -mvis (internal compiler error)
FAIL: gfortran.fortran-torture/execute/in-pack.f90, -O2 -ftree-vectorize -mcpu=ultrasparc -mvis (internal compiler error)
=== gfortran Summary for unix/-m64 ===
# of expected passes 39989
# of unexpected failures 19
# of expected failures 54
# of unsupported tests 96
=== gfortran Summary ===
# of expected passes 79663
# of unexpected failures 28
# of expected failures 108
# of unsupported tests 353
/var/gcc/regression/trunk/11-gcc/build/gcc/testsuite/gfortran/../../gfortran version 4.7.0 20111107 (experimental) [trunk revision 181096] (GCC)
=== gnat tests ===
Running target unix
=== gnat Summary for unix ===
# of expected passes 934
# of expected failures 11
# of unsupported tests 12
Running target unix/-m64
=== gnat Summary for unix/-m64 ===
# of expected passes 934
# of expected failures 11
# of unsupported tests 12
=== gnat Summary ===
# of expected passes 1868
# of expected failures 22
# of unsupported tests 24
/var/gcc/regression/trunk/11-gcc/build/gcc/gnatmake version 4.7.0 20111107 (experimental) [trunk revision 181096]
=== go tests ===
Running target unix
FAIL: ./64bit-out.go compilation, -O2 -g
FAIL: ./select5-out.go compilation, -O2 -g
FAIL: ./tmp.go compilation, -O2 -g
FAIL: go.test/test/fixedbugs/bug273.go execution, -O2 -g
WARNING: program timed out.
WARNING: program timed out.
WARNING: program timed out.
=== go Summary for unix ===
# of expected passes 3149
# of unexpected failures 4
# of expected failures 22
# of untested testcases 5
# of unsupported tests 4
Running target unix/-m64
FAIL: ./64bit-out.go compilation, -O2 -g
FAIL: ./select5-out.go compilation, -O2 -g
FAIL: ./tmp.go compilation, -O2 -g
WARNING: program timed out.
WARNING: program timed out.
WARNING: program timed out.
=== go Summary for unix/-m64 ===
# of expected passes 3150
# of unexpected failures 3
# of expected failures 22
# of untested testcases 5
# of unsupported tests 4
=== go Summary ===
# of expected passes 6299
# of unexpected failures 7
# of expected failures 44
# of untested testcases 10
# of unsupported tests 8
/var/gcc/regression/trunk/11-gcc/build/gcc/testsuite/go/../../gccgo version 4.7.0 20111107 (experimental) [trunk revision 181096] (GCC)
=== obj-c++ tests ===
Running target unix
=== obj-c++ Summary for unix ===
# of expected passes 1450
# of expected failures 2
# of unsupported tests 86
Running target unix/-m64
=== obj-c++ Summary for unix/-m64 ===
# of expected passes 1442
# of expected failures 10
# of unsupported tests 86
=== obj-c++ Summary ===
# of expected passes 2892
# of expected failures 12
# of unsupported tests 172
/var/gcc/regression/trunk/11-gcc/build/gcc/testsuite/obj-c++/../../g++ version 4.7.0 20111107 (experimental) [trunk revision 181096] (GCC)
=== objc tests ===
Running target unix
=== objc Summary for unix ===
# of expected passes 2994
# of unsupported tests 74
Running target unix/-m64
=== objc Summary for unix/-m64 ===
# of expected passes 2994
# of unsupported tests 74
=== objc Summary ===
# of expected passes 5988
# of unsupported tests 148
/var/gcc/regression/trunk/11-gcc/build/gcc/xgcc version 4.7.0 20111107 (experimental) [trunk revision 181096] (GCC)
=== boehm-gc tests ===
Running target unix
=== boehm-gc Summary for unix ===
# of expected passes 12
# of unsupported tests 1
Running target unix/-m64
=== boehm-gc Summary for unix/-m64 ===
# of expected passes 12
# of unsupported tests 1
=== boehm-gc Summary ===
# of expected passes 24
# of unsupported tests 2
=== libffi tests ===
Running target unix
=== libffi Summary for unix ===
# of expected passes 1634
# of expected failures 10
# of unsupported tests 15
Running target unix/-m64
=== libffi Summary for unix/-m64 ===
# of expected passes 1634
# of expected failures 10
# of unsupported tests 15
=== libffi Summary ===
# of expected passes 3268
# of expected failures 20
# of unsupported tests 30
=== libgo tests ===
Running target unix
FAIL: big
FAIL: template
FAIL: time
FAIL: sync/atomic
FAIL: testing/quick
=== libgo Summary for unix ===
# of expected passes 130
# of unexpected failures 5
Running target unix/-m64
FAIL: big
FAIL: reflect
FAIL: template
FAIL: time
FAIL: sync/atomic
FAIL: testing/quick
=== libgo Summary for unix/-m64 ===
# of expected passes 129
# of unexpected failures 6
=== libgo Summary ===
# of expected passes 259
# of unexpected failures 11
/var/gcc/regression/trunk/11-gcc/build/./gcc/gccgo version 4.7.0 20111107 (experimental) [trunk revision 181096] (GCC)
=== libgomp tests ===
Running target unix
FAIL: libgomp.graphite/force-parallel-1.c execution test
=== libgomp Summary for unix ===
# of expected passes 2973
# of unexpected failures 1
# of unsupported tests 10
Running target unix/-m64
FAIL: libgomp.graphite/force-parallel-1.c execution test
=== libgomp Summary for unix/-m64 ===
# of expected passes 2973
# of unexpected failures 1
# of unsupported tests 10
=== libgomp Summary ===
# of expected passes 5946
# of unexpected failures 2
# of unsupported tests 20
=== libjava tests ===
Running target unix
=== libjava Summary for unix ===
# of expected passes 2574
Running target unix/-m64
=== libjava Summary for unix/-m64 ===
# of expected passes 2574
=== libjava Summary ===
# of expected passes 5148
=== libmudflap tests ===
Running target unix
=== libmudflap Summary for unix ===
# of expected passes 1433
Running target unix/-m64
FAIL: libmudflap.c++/pass55-frag.cxx ( -O) execution test
=== libmudflap Summary for unix/-m64 ===
# of expected passes 1432
# of unexpected failures 1
=== libmudflap Summary ===
# of expected passes 2865
# of unexpected failures 1
=== libstdc++ tests ===
Running target unix
=== libstdc++ Summary for unix ===
# of expected passes 7839
# of expected failures 45
# of unsupported tests 496
Running target unix/-m64
=== libstdc++ Summary for unix/-m64 ===
# of expected passes 7839
# of expected failures 45
# of unsupported tests 496
=== libstdc++ Summary ===
# of expected passes 15678
# of expected failures 90
# of unsupported tests 992
Compiler version: 4.7.0 20111107 (experimental) [trunk revision 181096] (GCC)
Platform: sparc-sun-solaris2.11
configure flags: --prefix=/vol/gcc --target=sparc-sun-solaris2.11 --enable-checking=release --enable-objc-gc --enable-libmudflap --with-host-libstdcxx='-L/vol/gcc-4.4/lib -Wl,-Bstatic -lstdc++ -Wl,-Bdynamic -lm' --with-boot-ldflags='-static-libstdc++ -static-libgcc -L/vol/gcc-4.4/lib' --with-gmp-include=/vol/gcc/include --with-gmp-lib=/vol/gcc/lib --with-mpfr-include=/vol/gcc/include --with-mpfr-lib=/vol/gcc/lib --with-mpc-include=/vol/gcc/include --with-mpc-lib=/vol/gcc/lib --enable-languages=all,ada,obj-c++,go --with-ppl-include=/vol/gcc/include --with-ppl-lib=/vol/gcc/lib --with-cloog-include=/vol/gcc/include --with-cloog-lib=/vol/gcc/lib --enable-cloog-backend=ppl
BOOT_CFLAGS=-g -O2