This is the mail archive of the
gcc-testresults@gcc.gnu.org
mailing list for the GCC project.
Results for 4.6.3 20111106 (prerelease) [gcc-4_6-branch revision 181047] (GCC) testsuite on hppa64-hp-hpux11.11
- From: John David Anglin <dave at hiauly3 dot hia dot nrc dot ca>
- To: dave at hiauly3 dot hia dot nrc dot ca, gcc-testresults at gcc dot gnu dot org
- Date: Mon, 7 Nov 2011 20:18:28 -0500 (EST)
- Subject: Results for 4.6.3 20111106 (prerelease) [gcc-4_6-branch revision 181047] (GCC) testsuite on hppa64-hp-hpux11.11
Native configuration is hppa64-hp-hpux11.11
=== g++ tests ===
Running target unix
XPASS: g++.dg/uninit-pred-3_b.C (test for excess errors)
WARNING: program timed out.
=== g++ Summary ===
# of expected passes 25096
# of unexpected successes 1
# of expected failures 169
# of unsupported tests 594
/mnt/gnu/gcc/objdir-test/gcc/testsuite/g++/../../g++ version 4.6.3 20111106 (prerelease) [gcc-4_6-branch revision 181047] (GCC)
=== gcc tests ===
Running target unix
WARNING: program timed out.
FAIL: gcc.c-torture/compile/limits-fndefn.c -O3 -g (test for excess errors)
WARNING: program timed out.
FAIL: gcc.dg/lto/20090116 c_lto_20090116_0.o-c_lto_20090116_0.o link, -O1 -flto -flto-partition=1to1 -fPIC (internal compiler error)
UNRESOLVED: gcc.dg/lto/20090116 c_lto_20090116_0.o-c_lto_20090116_0.o execute -O1 -flto -flto-partition=1to1 -fPIC
=== gcc Summary ===
# of expected passes 67116
# of unexpected failures 2
# of expected failures 134
# of unresolved testcases 1
# of unsupported tests 1253
/mnt/gnu/gcc/objdir-test/gcc/xgcc version 4.6.3 20111106 (prerelease) [gcc-4_6-branch revision 181047] (GCC)
=== gfortran tests ===
Running target unix
=== gfortran Summary ===
# of expected passes 37674
# of expected failures 41
# of unsupported tests 363
/mnt/gnu/gcc/objdir-test/gcc/testsuite/gfortran/../../gfortran version 4.6.3 20111106 (prerelease) [gcc-4_6-branch revision 181047] (GCC)
=== obj-c++ tests ===
Running target unix
=== obj-c++ Summary ===
# of expected passes 1380
# of expected failures 10
# of unsupported tests 86
/mnt/gnu/gcc/objdir-test/gcc/testsuite/obj-c++/../../g++ version 4.6.3 20111106 (prerelease) [gcc-4_6-branch revision 181047] (GCC)
=== objc tests ===
Running target unix
=== objc Summary ===
# of expected passes 2914
# of expected failures 10
# of unsupported tests 75
/mnt/gnu/gcc/objdir-test/gcc/xgcc version 4.6.3 20111106 (prerelease) [gcc-4_6-branch revision 181047] (GCC)
=== libgomp tests ===
Running target unix
=== libgomp Summary ===
# of expected passes 2612
# of unsupported tests 10
=== libstdc++ tests ===
Running target unix
=== libstdc++ Summary ===
# of expected passes 6881
# of expected failures 82
# of unsupported tests 737
Compiler version: 4.6.3 20111106 (prerelease) [gcc-4_6-branch revision 181047] (GCC)
Platform: hppa64-hp-hpux11.11
configure flags:Test Run By dave on Mon Nov 7 08:40:43 2011