This is the mail archive of the
gcc-testresults@gcc.gnu.org
mailing list for the GCC project.
Results for 4.7.0 20111103 (experimental) [trunk revision 180818] (GCC) testsuite on powerpc-apple-darwin9
- From: Iain Sandoe <developer at sandoe-acoustics dot co dot uk>
- To: gcc-testresults at gcc dot gnu dot org
- Date: Thu, 3 Nov 2011 21:03:04 +0000
- Subject: Results for 4.7.0 20111103 (experimental) [trunk revision 180818] (GCC) testsuite on powerpc-apple-darwin9
LAST_UPDATED: Thu Nov 3 07:00:57 UTC 2011 (revision 180818)
with:
http://gcc.gnu.org/ml/gcc-patches/2011-10/msg02695.html
=== acats tests ===
FAIL: c52103x
FAIL: c52104x
FAIL: c52104y
=== acats Summary ===
# of expected passes 2318
# of unexpected failures 3
Native configuration is powerpc-apple-darwin9
=== g++ tests ===
Running target unix/-m32
FAIL: g++.dg/eh/simd-3.C execution test
FAIL: g++.dg/eh/simd-4.C execution test
FAIL: g++.dg/ext/alignof2.C execution test
WARNING: g++.dg/ext/label13.C compilation failed to produce executable
FAIL: g++.dg/init/copy7.C execution test
=== g++ Summary for unix/-m32 ===
# of expected passes 27660
# of unexpected failures 4
# of expected failures 154
# of unsupported tests 396
Running target unix/-m64
WARNING: g++.dg/ext/label13.C compilation failed to produce executable
FAIL: g++.dg/init/copy7.C execution test
=== g++ Summary for unix/-m64 ===
# of expected passes 28278
# of unexpected failures 1
# of expected failures 154
# of unsupported tests 392
=== g++ Summary ===
# of expected passes 55938
# of unexpected failures 5
# of expected failures 308
# of unsupported tests 788
/Volumes/ScratchCS/gcc-4-7-trunk-build/gcc/testsuite/g++/../../g++
version 4.7.0 20111103 (experimental) [trunk revision 180818] (GCC)
=== gcc tests ===
Running target unix/-m32
FAIL: gcc.c-torture/compile/pr44707.c -O1 (test for excess errors)
FAIL: gcc.c-torture/compile/pr44707.c -O2 (test for excess errors)
FAIL: gcc.c-torture/compile/pr44707.c -O3 -fomit-frame-pointer (test
for excess errors)
FAIL: gcc.c-torture/compile/pr44707.c -O3 -g (test for excess errors)
FAIL: gcc.c-torture/compile/pr44707.c -Os (test for excess errors)
FAIL: gcc.c-torture/compile/pr44707.c -O2 -flto -flto-partition=none
(test for excess errors)
FAIL: gcc.c-torture/compile/pr44707.c -O2 -flto (test for excess
errors)
FAIL: gcc.c-torture/execute/20040811-1.c compilation, -O3 -g
UNRESOLVED: gcc.c-torture/execute/20040811-1.c execution, -O3 -g
FAIL: gcc.c-torture/execute/pr22061-4.c compilation, -O3 -g
UNRESOLVED: gcc.c-torture/execute/pr22061-4.c execution, -O3 -g
FAIL: gcc.c-torture/execute/pr43220.c compilation, -O3 -g
UNRESOLVED: gcc.c-torture/execute/pr43220.c execution, -O3 -g
FAIL: gcc.dg/20020103-1.c scan-assembler-not LC[0-9]
FAIL: gcc.dg/and-1.c scan-assembler-not nand
FAIL: gcc.dg/sms-2.c scan-rtl-dump-times sms "SMS succeeded" 1
FAIL: gcc.dg/sms-4.c scan-rtl-dump-times sms "SMS succeeded" 1
FAIL: gcc.dg/sms-5.c scan-rtl-dump-times sms "SMS succeeded" 1
FAIL: gcc.dg/sms-7.c scan-rtl-dump-times sms "SMS succeeded" 3
FAIL: gcc.dg/sms-8.c scan-rtl-dump-times sms "SMS succeeded" 1
FAIL: gcc.dg/tree-ssa/sra-12.c scan-tree-dump-times release_ssa "l;" 0
FAIL: gcc.dg/tree-ssa/ssa-dom-thread-4.c scan-tree-dump-times dom1
"Threaded" 3
FAIL: gcc.dg/tree-ssa/vrp47.c scan-tree-dump-times vrp1 "[xy][^ ]* !=" 0
FAIL: gcc.dg/tree-ssa/vrp47.c scan-tree-dump-times dom1 "x[^ ]* & y" 1
FAIL: gcc.target/powerpc/405-dlmzb-strlen-1.c scan-assembler dlmzb\\\\.
FAIL: gcc.target/powerpc/440-dlmzb-strlen-1.c scan-assembler dlmzb\\\\.
FAIL: gcc.target/powerpc/ppc-vector-memcpy.c scan-assembler lvx
=== gcc Summary for unix/-m32 ===
# of expected passes 76295
# of unexpected failures 24
# of expected failures 202
# of unresolved testcases 3
# of unsupported tests 1364
Running target unix/-m64
FAIL: gcc.c-torture/compile/pr44707.c -O1 (test for excess errors)
FAIL: gcc.c-torture/compile/pr44707.c -O2 (test for excess errors)
FAIL: gcc.c-torture/compile/pr44707.c -O3 -fomit-frame-pointer (test
for excess errors)
FAIL: gcc.c-torture/compile/pr44707.c -O3 -g (test for excess errors)
FAIL: gcc.c-torture/compile/pr44707.c -Os (test for excess errors)
FAIL: gcc.c-torture/compile/pr44707.c -O2 -flto -flto-partition=none
(test for excess errors)
FAIL: gcc.c-torture/compile/pr44707.c -O2 -flto (test for excess
errors)
FAIL: gcc.dg/and-1.c scan-assembler-not nand
FAIL: gcc.dg/sms-2.c scan-rtl-dump-times sms "SMS succeeded" 1
FAIL: gcc.dg/sms-7.c scan-rtl-dump-times sms "SMS succeeded" 3
FAIL: gcc.dg/sms-8.c scan-rtl-dump-times sms "SMS succeeded" 1
FAIL: gcc.dg/lto/20090116 c_lto_20090116_0.o-c_lto_20090116_0.o link, -
O1 -flto -flto-partition=1to1 -fPIC (internal compiler error)
UNRESOLVED: gcc.dg/lto/20090116 c_lto_20090116_0.o-c_lto_20090116_0.o
execute -O1 -flto -flto-partition=1to1 -fPIC
FAIL: gcc.dg/tree-ssa/ssa-dom-thread-4.c scan-tree-dump-times dom1
"Threaded" 3
FAIL: gcc.dg/tree-ssa/vrp47.c scan-tree-dump-times vrp1 "[xy][^ ]* !=" 0
FAIL: gcc.dg/tree-ssa/vrp47.c scan-tree-dump-times dom1 "x[^ ]* & y" 1
FAIL: gcc.dg/vect/costmodel/ppc/costmodel-pr37194.c scan-tree-dump-
times vect "vectorization not profitable" 1
FAIL: gcc.dg/vect/costmodel/ppc/costmodel-pr37194.c scan-tree-dump-
times vect "vectorized 1 loops" 1
FAIL: gcc.target/powerpc/optimize-bswapdi-3.c scan-assembler ldbrx
FAIL: gcc.target/powerpc/optimize-bswapdi-3.c scan-assembler stdbrx
FAIL: gcc.target/powerpc/ppc-vector-memcpy.c scan-assembler lvx
=== gcc Summary for unix/-m64 ===
# of expected passes 76834
# of unexpected failures 20
# of expected failures 216
# of unresolved testcases 1
# of unsupported tests 1419
=== gcc Summary ===
# of expected passes 153129
# of unexpected failures 44
# of expected failures 418
# of unresolved testcases 4
# of unsupported tests 2783
/Volumes/ScratchCS/gcc-4-7-trunk-build/gcc/xgcc version 4.7.0
20111103 (experimental) [trunk revision 180818] (GCC)
=== gfortran tests ===
Running target unix/-m32
FAIL: gfortran.dg/alloc_comp_assign_2.f90 -O3 -fomit-frame-pointer
(internal compiler error)
FAIL: gfortran.dg/alloc_comp_assign_2.f90 -O3 -fomit-frame-pointer
(test for excess errors)
WARNING: gfortran.dg/alloc_comp_assign_2.f90 -O3 -fomit-frame-
pointer compilation failed to produce executable
FAIL: gfortran.dg/alloc_comp_assign_2.f90 -O3 -fomit-frame-pointer -
funroll-loops (internal compiler error)
FAIL: gfortran.dg/alloc_comp_assign_2.f90 -O3 -fomit-frame-pointer -
funroll-loops (test for excess errors)
WARNING: gfortran.dg/alloc_comp_assign_2.f90 -O3 -fomit-frame-pointer
-funroll-loops compilation failed to produce executable
FAIL: gfortran.dg/alloc_comp_assign_2.f90 -O3 -fomit-frame-pointer -
funroll-all-loops -finline-functions (internal compiler error)
FAIL: gfortran.dg/alloc_comp_assign_2.f90 -O3 -fomit-frame-pointer -
funroll-all-loops -finline-functions (test for excess errors)
WARNING: gfortran.dg/alloc_comp_assign_2.f90 -O3 -fomit-frame-pointer
-funroll-all-loops -finline-functions compilation failed to produce
executable
FAIL: gfortran.dg/alloc_comp_assign_2.f90 -O3 -g (internal compiler
error)
FAIL: gfortran.dg/alloc_comp_assign_2.f90 -O3 -g (test for excess
errors)
WARNING: gfortran.dg/alloc_comp_assign_2.f90 -O3 -g compilation
failed to produce executable
FAIL: gfortran.dg/alloc_comp_assign_3.f90 -O3 -fomit-frame-pointer
(internal compiler error)
FAIL: gfortran.dg/alloc_comp_assign_3.f90 -O3 -fomit-frame-pointer
(test for excess errors)
WARNING: gfortran.dg/alloc_comp_assign_3.f90 -O3 -fomit-frame-
pointer compilation failed to produce executable
FAIL: gfortran.dg/alloc_comp_assign_3.f90 -O3 -fomit-frame-pointer -
funroll-loops (internal compiler error)
FAIL: gfortran.dg/alloc_comp_assign_3.f90 -O3 -fomit-frame-pointer -
funroll-loops (test for excess errors)
WARNING: gfortran.dg/alloc_comp_assign_3.f90 -O3 -fomit-frame-pointer
-funroll-loops compilation failed to produce executable
FAIL: gfortran.dg/alloc_comp_assign_3.f90 -O3 -fomit-frame-pointer -
funroll-all-loops -finline-functions (internal compiler error)
FAIL: gfortran.dg/alloc_comp_assign_3.f90 -O3 -fomit-frame-pointer -
funroll-all-loops -finline-functions (test for excess errors)
WARNING: gfortran.dg/alloc_comp_assign_3.f90 -O3 -fomit-frame-pointer
-funroll-all-loops -finline-functions compilation failed to produce
executable
FAIL: gfortran.dg/alloc_comp_assign_3.f90 -O3 -g (internal compiler
error)
FAIL: gfortran.dg/alloc_comp_assign_3.f90 -O3 -g (test for excess
errors)
WARNING: gfortran.dg/alloc_comp_assign_3.f90 -O3 -g compilation
failed to produce executable
FAIL: gfortran.dg/large_real_kind_3.F90 -O0 execution test
FAIL: gfortran.dg/maxloc_bounds_5.f90 -O3 -fomit-frame-pointer
(internal compiler error)
FAIL: gfortran.dg/maxloc_bounds_5.f90 -O3 -fomit-frame-pointer (test
for excess errors)
WARNING: gfortran.dg/maxloc_bounds_5.f90 -O3 -fomit-frame-pointer
compilation failed to produce executable
FAIL: gfortran.dg/maxloc_bounds_5.f90 -O3 -fomit-frame-pointer -
funroll-loops (internal compiler error)
FAIL: gfortran.dg/maxloc_bounds_5.f90 -O3 -fomit-frame-pointer -
funroll-loops (test for excess errors)
WARNING: gfortran.dg/maxloc_bounds_5.f90 -O3 -fomit-frame-pointer -
funroll-loops compilation failed to produce executable
FAIL: gfortran.dg/maxloc_bounds_5.f90 -O3 -fomit-frame-pointer -
funroll-all-loops -finline-functions (internal compiler error)
FAIL: gfortran.dg/maxloc_bounds_5.f90 -O3 -fomit-frame-pointer -
funroll-all-loops -finline-functions (test for excess errors)
WARNING: gfortran.dg/maxloc_bounds_5.f90 -O3 -fomit-frame-pointer -
funroll-all-loops -finline-functions compilation failed to produce
executable
FAIL: gfortran.dg/maxloc_bounds_5.f90 -O3 -g (internal compiler error)
FAIL: gfortran.dg/maxloc_bounds_5.f90 -O3 -g (test for excess errors)
WARNING: gfortran.dg/maxloc_bounds_5.f90 -O3 -g compilation failed
to produce executable
FAIL: gfortran.dg/select_type_12.f03 -O (internal compiler error)
FAIL: gfortran.dg/select_type_12.f03 -O (test for excess errors)
FAIL: gfortran.fortran-torture/execute/where_1.f90, -O3 -g (internal
compiler error)
FAIL: gfortran.fortran-torture/execute/where_6.f90, -O3 -g (internal
compiler error)
=== gfortran Summary for unix/-m32 ===
# of expected passes 39415
# of unexpected failures 29
# of expected failures 73
# of unsupported tests 240
Running target unix/-m64
FAIL: gfortran.dg/alloc_comp_assign_2.f90 -O3 -fomit-frame-pointer
(internal compiler error)
FAIL: gfortran.dg/alloc_comp_assign_2.f90 -O3 -fomit-frame-pointer
(test for excess errors)
WARNING: gfortran.dg/alloc_comp_assign_2.f90 -O3 -fomit-frame-
pointer compilation failed to produce executable
FAIL: gfortran.dg/alloc_comp_assign_2.f90 -O3 -fomit-frame-pointer -
funroll-loops (internal compiler error)
FAIL: gfortran.dg/alloc_comp_assign_2.f90 -O3 -fomit-frame-pointer -
funroll-loops (test for excess errors)
WARNING: gfortran.dg/alloc_comp_assign_2.f90 -O3 -fomit-frame-pointer
-funroll-loops compilation failed to produce executable
FAIL: gfortran.dg/alloc_comp_assign_2.f90 -O3 -fomit-frame-pointer -
funroll-all-loops -finline-functions (internal compiler error)
FAIL: gfortran.dg/alloc_comp_assign_2.f90 -O3 -fomit-frame-pointer -
funroll-all-loops -finline-functions (test for excess errors)
WARNING: gfortran.dg/alloc_comp_assign_2.f90 -O3 -fomit-frame-pointer
-funroll-all-loops -finline-functions compilation failed to produce
executable
FAIL: gfortran.dg/alloc_comp_assign_2.f90 -O3 -g (internal compiler
error)
FAIL: gfortran.dg/alloc_comp_assign_2.f90 -O3 -g (test for excess
errors)
WARNING: gfortran.dg/alloc_comp_assign_2.f90 -O3 -g compilation
failed to produce executable
FAIL: gfortran.dg/alloc_comp_assign_3.f90 -O3 -fomit-frame-pointer
(internal compiler error)
FAIL: gfortran.dg/alloc_comp_assign_3.f90 -O3 -fomit-frame-pointer
(test for excess errors)
WARNING: gfortran.dg/alloc_comp_assign_3.f90 -O3 -fomit-frame-
pointer compilation failed to produce executable
FAIL: gfortran.dg/alloc_comp_assign_3.f90 -O3 -fomit-frame-pointer -
funroll-loops (internal compiler error)
FAIL: gfortran.dg/alloc_comp_assign_3.f90 -O3 -fomit-frame-pointer -
funroll-loops (test for excess errors)
WARNING: gfortran.dg/alloc_comp_assign_3.f90 -O3 -fomit-frame-pointer
-funroll-loops compilation failed to produce executable
FAIL: gfortran.dg/alloc_comp_assign_3.f90 -O3 -fomit-frame-pointer -
funroll-all-loops -finline-functions (internal compiler error)
FAIL: gfortran.dg/alloc_comp_assign_3.f90 -O3 -fomit-frame-pointer -
funroll-all-loops -finline-functions (test for excess errors)
WARNING: gfortran.dg/alloc_comp_assign_3.f90 -O3 -fomit-frame-pointer
-funroll-all-loops -finline-functions compilation failed to produce
executable
FAIL: gfortran.dg/alloc_comp_assign_3.f90 -O3 -g (internal compiler
error)
FAIL: gfortran.dg/alloc_comp_assign_3.f90 -O3 -g (test for excess
errors)
WARNING: gfortran.dg/alloc_comp_assign_3.f90 -O3 -g compilation
failed to produce executable
FAIL: gfortran.dg/large_real_kind_3.F90 -O0 execution test
FAIL: gfortran.dg/maxloc_bounds_5.f90 -O3 -fomit-frame-pointer
(internal compiler error)
FAIL: gfortran.dg/maxloc_bounds_5.f90 -O3 -fomit-frame-pointer (test
for excess errors)
WARNING: gfortran.dg/maxloc_bounds_5.f90 -O3 -fomit-frame-pointer
compilation failed to produce executable
FAIL: gfortran.dg/maxloc_bounds_5.f90 -O3 -fomit-frame-pointer -
funroll-loops (internal compiler error)
FAIL: gfortran.dg/maxloc_bounds_5.f90 -O3 -fomit-frame-pointer -
funroll-loops (test for excess errors)
WARNING: gfortran.dg/maxloc_bounds_5.f90 -O3 -fomit-frame-pointer -
funroll-loops compilation failed to produce executable
FAIL: gfortran.dg/maxloc_bounds_5.f90 -O3 -fomit-frame-pointer -
funroll-all-loops -finline-functions (internal compiler error)
FAIL: gfortran.dg/maxloc_bounds_5.f90 -O3 -fomit-frame-pointer -
funroll-all-loops -finline-functions (test for excess errors)
WARNING: gfortran.dg/maxloc_bounds_5.f90 -O3 -fomit-frame-pointer -
funroll-all-loops -finline-functions compilation failed to produce
executable
FAIL: gfortran.dg/maxloc_bounds_5.f90 -O3 -g (internal compiler error)
FAIL: gfortran.dg/maxloc_bounds_5.f90 -O3 -g (test for excess errors)
WARNING: gfortran.dg/maxloc_bounds_5.f90 -O3 -g compilation failed
to produce executable
FAIL: gfortran.dg/select_type_12.f03 -O (internal compiler error)
FAIL: gfortran.dg/select_type_12.f03 -O (test for excess errors)
FAIL: gfortran.fortran-torture/execute/where_1.f90, -O3 -g (internal
compiler error)
FAIL: gfortran.fortran-torture/execute/where_6.f90, -O3 -g (internal
compiler error)
=== gfortran Summary for unix/-m64 ===
# of expected passes 39741
# of unexpected failures 29
# of expected failures 79
# of unsupported tests 79
=== gfortran Summary ===
# of expected passes 79156
# of unexpected failures 58
# of expected failures 152
# of unsupported tests 319
/Volumes/ScratchCS/gcc-4-7-trunk-build/gcc/testsuite/gfortran/../../
gfortran version 4.7.0 20111103 (experimental) [trunk revision
180818] (GCC)
=== gnat tests ===
Running target unix/-m32
FAIL: gnat.dg/alignment8.adb execution test
=== gnat Summary for unix/-m32 ===
# of expected passes 931
# of unexpected failures 1
# of expected failures 11
# of unsupported tests 11
Running target unix/-m64
FAIL: gnat.dg/socket1.adb execution test
=== gnat Summary for unix/-m64 ===
# of expected passes 931
# of unexpected failures 1
# of expected failures 11
# of unsupported tests 11
=== gnat Summary ===
# of expected passes 1862
# of unexpected failures 2
# of expected failures 22
# of unsupported tests 22
/Volumes/ScratchCS/gcc-4-7-trunk-build/gcc/gnatmake version 4.7.0
20111103 (experimental) [trunk revision 180818]
=== obj-c++ tests ===
Running target unix/-m32
=== obj-c++ Summary for unix/-m32 ===
# of expected passes 3159
# of expected failures 2
# of unsupported tests 68
Running target unix/-m64
=== obj-c++ Summary for unix/-m64 ===
# of expected passes 3109
# of expected failures 19
# of unsupported tests 73
=== obj-c++ Summary ===
# of expected passes 6268
# of expected failures 21
# of unsupported tests 141
/Volumes/ScratchCS/gcc-4-7-trunk-build/gcc/testsuite/obj-c++/../../g+
+ version 4.7.0 20111103 (experimental) [trunk revision 180818] (GCC)
=== objc tests ===
Running target unix/-m32
=== objc Summary for unix/-m32 ===
# of expected passes 6105
# of expected failures 4
# of unsupported tests 84
Running target unix/-m64
=== objc Summary for unix/-m64 ===
# of expected passes 6059
# of expected failures 8
# of unsupported tests 91
=== objc Summary ===
# of expected passes 12164
# of expected failures 12
# of unsupported tests 175
/Volumes/ScratchCS/gcc-4-7-trunk-build/gcc/xgcc version 4.7.0
20111103 (experimental) [trunk revision 180818] (GCC)
=== boehm-gc tests ===
Running target unix/-m32
=== boehm-gc Summary for unix/-m32 ===
# of expected passes 12
# of unsupported tests 1
Running target unix/-m64
=== boehm-gc Summary for unix/-m64 ===
# of expected passes 12
# of unsupported tests 1
=== boehm-gc Summary ===
# of expected passes 24
# of unsupported tests 2
=== libffi tests ===
Running target unix/-m32
FAIL: libffi.call/nested_struct5.c -O0 -W -Wall execution test
FAIL: libffi.call/nested_struct5.c -O2 execution test
FAIL: libffi.call/nested_struct5.c -O3 execution test
FAIL: libffi.call/nested_struct5.c -Os execution test
FAIL: libffi.call/nested_struct5.c -O2 -fomit-frame-pointer execution
test
=== libffi Summary for unix/-m32 ===
# of expected passes 1624
# of unexpected failures 5
# of expected failures 10
# of unsupported tests 15
Running target unix/-m64
=== libffi Summary for unix/-m64 ===
# of expected passes 1634
# of expected failures 10
# of unsupported tests 15
=== libffi Summary ===
# of expected passes 3258
# of unexpected failures 5
# of expected failures 20
# of unsupported tests 30
=== libgomp tests ===
Running target unix/-m32
FAIL: libgomp.c++/pr24455.C -O0 (test for excess errors)
WARNING: libgomp.c++/pr24455.C -O0 compilation failed to produce
executable
FAIL: libgomp.c++/pr24455.C -O1 (test for excess errors)
WARNING: libgomp.c++/pr24455.C -O1 compilation failed to produce
executable
FAIL: libgomp.c++/pr24455.C -O2 (test for excess errors)
WARNING: libgomp.c++/pr24455.C -O2 compilation failed to produce
executable
FAIL: libgomp.c++/pr24455.C -O3 -fomit-frame-pointer (test for
excess errors)
WARNING: libgomp.c++/pr24455.C -O3 -fomit-frame-pointer compilation
failed to produce executable
FAIL: libgomp.c++/pr24455.C -O3 -fomit-frame-pointer -funroll-loops
(test for excess errors)
WARNING: libgomp.c++/pr24455.C -O3 -fomit-frame-pointer -funroll-
loops compilation failed to produce executable
FAIL: libgomp.c++/pr24455.C -O3 -fomit-frame-pointer -funroll-all-
loops -finline-functions (test for excess errors)
WARNING: libgomp.c++/pr24455.C -O3 -fomit-frame-pointer -funroll-all-
loops -finline-functions compilation failed to produce executable
FAIL: libgomp.c++/pr24455.C -O3 -g (test for excess errors)
WARNING: libgomp.c++/pr24455.C -O3 -g compilation failed to produce
executable
FAIL: libgomp.c++/pr24455.C -Os (test for excess errors)
WARNING: libgomp.c++/pr24455.C -Os compilation failed to produce
executable
FAIL: libgomp.fortran/threadprivate4.f90 -O0 (test for excess errors)
WARNING: libgomp.fortran/threadprivate4.f90 -O0 compilation failed
to produce executable
FAIL: libgomp.fortran/threadprivate4.f90 -O1 (test for excess errors)
WARNING: libgomp.fortran/threadprivate4.f90 -O1 compilation failed
to produce executable
FAIL: libgomp.fortran/threadprivate4.f90 -O2 (test for excess errors)
WARNING: libgomp.fortran/threadprivate4.f90 -O2 compilation failed
to produce executable
FAIL: libgomp.fortran/threadprivate4.f90 -O3 -fomit-frame-pointer
(test for excess errors)
WARNING: libgomp.fortran/threadprivate4.f90 -O3 -fomit-frame-pointer
compilation failed to produce executable
FAIL: libgomp.fortran/threadprivate4.f90 -O3 -fomit-frame-pointer -
funroll-loops (test for excess errors)
WARNING: libgomp.fortran/threadprivate4.f90 -O3 -fomit-frame-pointer -
funroll-loops compilation failed to produce executable
FAIL: libgomp.fortran/threadprivate4.f90 -O3 -fomit-frame-pointer -
funroll-all-loops -finline-functions (test for excess errors)
WARNING: libgomp.fortran/threadprivate4.f90 -O3 -fomit-frame-pointer -
funroll-all-loops -finline-functions compilation failed to produce
executable
FAIL: libgomp.fortran/threadprivate4.f90 -O3 -g (test for excess
errors)
WARNING: libgomp.fortran/threadprivate4.f90 -O3 -g compilation
failed to produce executable
FAIL: libgomp.fortran/threadprivate4.f90 -Os (test for excess errors)
WARNING: libgomp.fortran/threadprivate4.f90 -Os compilation failed
to produce executable
=== libgomp Summary for unix/-m32 ===
# of expected passes 2910
# of unexpected failures 16
# of unsupported tests 3
Running target unix/-m64
FAIL: libgomp.c++/pr24455.C -O0 (test for excess errors)
WARNING: libgomp.c++/pr24455.C -O0 compilation failed to produce
executable
FAIL: libgomp.c++/pr24455.C -O1 (test for excess errors)
WARNING: libgomp.c++/pr24455.C -O1 compilation failed to produce
executable
FAIL: libgomp.c++/pr24455.C -O2 (test for excess errors)
WARNING: libgomp.c++/pr24455.C -O2 compilation failed to produce
executable
FAIL: libgomp.c++/pr24455.C -O3 -fomit-frame-pointer (test for
excess errors)
WARNING: libgomp.c++/pr24455.C -O3 -fomit-frame-pointer compilation
failed to produce executable
FAIL: libgomp.c++/pr24455.C -O3 -fomit-frame-pointer -funroll-loops
(test for excess errors)
WARNING: libgomp.c++/pr24455.C -O3 -fomit-frame-pointer -funroll-
loops compilation failed to produce executable
FAIL: libgomp.c++/pr24455.C -O3 -fomit-frame-pointer -funroll-all-
loops -finline-functions (test for excess errors)
WARNING: libgomp.c++/pr24455.C -O3 -fomit-frame-pointer -funroll-all-
loops -finline-functions compilation failed to produce executable
FAIL: libgomp.c++/pr24455.C -O3 -g (test for excess errors)
WARNING: libgomp.c++/pr24455.C -O3 -g compilation failed to produce
executable
FAIL: libgomp.c++/pr24455.C -Os (test for excess errors)
WARNING: libgomp.c++/pr24455.C -Os compilation failed to produce
executable
FAIL: libgomp.fortran/threadprivate4.f90 -O0 (test for excess errors)
WARNING: libgomp.fortran/threadprivate4.f90 -O0 compilation failed
to produce executable
FAIL: libgomp.fortran/threadprivate4.f90 -O1 (test for excess errors)
WARNING: libgomp.fortran/threadprivate4.f90 -O1 compilation failed
to produce executable
FAIL: libgomp.fortran/threadprivate4.f90 -O2 (test for excess errors)
WARNING: libgomp.fortran/threadprivate4.f90 -O2 compilation failed
to produce executable
FAIL: libgomp.fortran/threadprivate4.f90 -O3 -fomit-frame-pointer
(test for excess errors)
WARNING: libgomp.fortran/threadprivate4.f90 -O3 -fomit-frame-pointer
compilation failed to produce executable
FAIL: libgomp.fortran/threadprivate4.f90 -O3 -fomit-frame-pointer -
funroll-loops (test for excess errors)
WARNING: libgomp.fortran/threadprivate4.f90 -O3 -fomit-frame-pointer -
funroll-loops compilation failed to produce executable
FAIL: libgomp.fortran/threadprivate4.f90 -O3 -fomit-frame-pointer -
funroll-all-loops -finline-functions (test for excess errors)
WARNING: libgomp.fortran/threadprivate4.f90 -O3 -fomit-frame-pointer -
funroll-all-loops -finline-functions compilation failed to produce
executable
FAIL: libgomp.fortran/threadprivate4.f90 -O3 -g (test for excess
errors)
WARNING: libgomp.fortran/threadprivate4.f90 -O3 -g compilation
failed to produce executable
FAIL: libgomp.fortran/threadprivate4.f90 -Os (test for excess errors)
WARNING: libgomp.fortran/threadprivate4.f90 -Os compilation failed
to produce executable
=== libgomp Summary for unix/-m64 ===
# of expected passes 2910
# of unexpected failures 16
# of unsupported tests 3
=== libgomp Summary ===
# of expected passes 5820
# of unexpected failures 32
# of unsupported tests 6
=== libjava tests ===
Running target unix/-m32
FAIL: Thread_Sleep_2 -findirect-dispatch output - source compiled test
=== libjava Summary for unix/-m32 ===
# of expected passes 2573
# of unexpected failures 1
Running target unix/-m64
FAIL: PR16923 output
=== libjava Summary for unix/-m64 ===
# of expected passes 2573
# of unexpected failures 1
=== libjava Summary ===
# of expected passes 5146
# of unexpected failures 2
=== libstdc++ tests ===
Running target unix/-m32
FAIL: 30_threads/async/42819.cc (test for excess errors)
WARNING: 30_threads/async/42819.cc compilation failed to produce
executable
FAIL: 30_threads/async/49668.cc (test for excess errors)
WARNING: 30_threads/async/49668.cc compilation failed to produce
executable
FAIL: 30_threads/async/any.cc (test for excess errors)
WARNING: 30_threads/async/any.cc compilation failed to produce
executable
FAIL: 30_threads/async/async.cc (test for excess errors)
WARNING: 30_threads/async/async.cc compilation failed to produce
executable
FAIL: 30_threads/async/sync.cc (test for excess errors)
WARNING: 30_threads/async/sync.cc compilation failed to produce
executable
FAIL: 30_threads/call_once/39909.cc (test for excess errors)
WARNING: 30_threads/call_once/39909.cc compilation failed to produce
executable
FAIL: 30_threads/call_once/49668.cc (test for excess errors)
WARNING: 30_threads/call_once/49668.cc compilation failed to produce
executable
FAIL: 30_threads/call_once/call_once1.cc (test for excess errors)
WARNING: 30_threads/call_once/call_once1.cc compilation failed to
produce executable
FAIL: 30_threads/future/members/45133.cc (test for excess errors)
WARNING: 30_threads/future/members/45133.cc compilation failed to
produce executable
FAIL: 30_threads/future/members/get.cc (test for excess errors)
WARNING: 30_threads/future/members/get.cc compilation failed to
produce executable
FAIL: 30_threads/future/members/get2.cc (test for excess errors)
WARNING: 30_threads/future/members/get2.cc compilation failed to
produce executable
FAIL: 30_threads/future/members/share.cc (test for excess errors)
WARNING: 30_threads/future/members/share.cc compilation failed to
produce executable
FAIL: 30_threads/future/members/valid.cc (test for excess errors)
WARNING: 30_threads/future/members/valid.cc compilation failed to
produce executable
FAIL: 30_threads/future/members/wait.cc (test for excess errors)
WARNING: 30_threads/future/members/wait.cc compilation failed to
produce executable
FAIL: 30_threads/future/members/wait_for.cc (test for excess errors)
WARNING: 30_threads/future/members/wait_for.cc compilation failed to
produce executable
FAIL: 30_threads/future/members/wait_until.cc (test for excess errors)
WARNING: 30_threads/future/members/wait_until.cc compilation failed to
produce executable
FAIL: 30_threads/packaged_task/49668.cc (test for excess errors)
WARNING: 30_threads/packaged_task/49668.cc compilation failed to
produce executable
FAIL: 30_threads/packaged_task/cons/3.cc (test for excess errors)
WARNING: 30_threads/packaged_task/cons/3.cc compilation failed to
produce executable
FAIL: 30_threads/packaged_task/cons/alloc.cc (test for excess errors)
WARNING: 30_threads/packaged_task/cons/alloc.cc compilation failed to
produce executable
FAIL: 30_threads/packaged_task/members/get_future.cc (test for excess
errors)
WARNING: 30_threads/packaged_task/members/get_future.cc compilation
failed to produce executable
FAIL: 30_threads/packaged_task/members/invoke.cc (test for excess
errors)
WARNING: 30_threads/packaged_task/members/invoke.cc compilation failed
to produce executable
FAIL: 30_threads/packaged_task/members/invoke2.cc (test for excess
errors)
WARNING: 30_threads/packaged_task/members/invoke2.cc compilation
failed to produce executable
FAIL: 30_threads/packaged_task/members/invoke3.cc (test for excess
errors)
WARNING: 30_threads/packaged_task/members/invoke3.cc compilation
failed to produce executable
FAIL: 30_threads/packaged_task/members/invoke4.cc (test for excess
errors)
WARNING: 30_threads/packaged_task/members/invoke4.cc compilation
failed to produce executable
FAIL: 30_threads/packaged_task/members/invoke5.cc (test for excess
errors)
WARNING: 30_threads/packaged_task/members/invoke5.cc compilation
failed to produce executable
FAIL: 30_threads/packaged_task/members/reset2.cc (test for excess
errors)
WARNING: 30_threads/packaged_task/members/reset2.cc compilation failed
to produce executable
FAIL: 30_threads/promise/cons/alloc.cc (test for excess errors)
WARNING: 30_threads/promise/cons/alloc.cc compilation failed to
produce executable
FAIL: 30_threads/promise/cons/move.cc (test for excess errors)
WARNING: 30_threads/promise/cons/move.cc compilation failed to produce
executable
FAIL: 30_threads/promise/cons/move_assign.cc (test for excess errors)
WARNING: 30_threads/promise/cons/move_assign.cc compilation failed to
produce executable
FAIL: 30_threads/promise/members/get_future.cc (test for excess errors)
WARNING: 30_threads/promise/members/get_future.cc compilation failed
to produce executable
FAIL: 30_threads/promise/members/set_exception.cc (test for excess
errors)
WARNING: 30_threads/promise/members/set_exception.cc compilation
failed to produce executable
FAIL: 30_threads/promise/members/set_exception2.cc (test for excess
errors)
WARNING: 30_threads/promise/members/set_exception2.cc compilation
failed to produce executable
FAIL: 30_threads/promise/members/set_value.cc (test for excess errors)
WARNING: 30_threads/promise/members/set_value.cc compilation failed to
produce executable
FAIL: 30_threads/promise/members/set_value2.cc (test for excess errors)
WARNING: 30_threads/promise/members/set_value2.cc compilation failed
to produce executable
FAIL: 30_threads/promise/members/set_value3.cc (test for excess errors)
WARNING: 30_threads/promise/members/set_value3.cc compilation failed
to produce executable
FAIL: 30_threads/promise/members/swap.cc (test for excess errors)
WARNING: 30_threads/promise/members/swap.cc compilation failed to
produce executable
FAIL: 30_threads/shared_future/members/get.cc (test for excess errors)
WARNING: 30_threads/shared_future/members/get.cc compilation failed to
produce executable
FAIL: 30_threads/shared_future/members/get2.cc (test for excess errors)
WARNING: 30_threads/shared_future/members/get2.cc compilation failed
to produce executable
FAIL: 30_threads/shared_future/members/valid.cc (test for excess errors)
WARNING: 30_threads/shared_future/members/valid.cc compilation failed
to produce executable
FAIL: 30_threads/shared_future/members/wait.cc (test for excess errors)
WARNING: 30_threads/shared_future/members/wait.cc compilation failed
to produce executable
FAIL: 30_threads/shared_future/members/wait_for.cc (test for excess
errors)
WARNING: 30_threads/shared_future/members/wait_for.cc compilation
failed to produce executable
FAIL: 30_threads/shared_future/members/wait_until.cc (test for excess
errors)
WARNING: 30_threads/shared_future/members/wait_until.cc compilation
failed to produce executable
FAIL: 30_threads/thread/native_handle/typesizes.cc execution test
FAIL: ext/mt_allocator/deallocate_global_thread-1.cc execution test
FAIL: ext/mt_allocator/deallocate_global_thread-3.cc execution test
=== libstdc++ Summary for unix/-m32 ===
# of expected passes 7550
# of unexpected failures 45
# of expected failures 46
# of unsupported tests 558
Running target unix/-m64
FAIL: 22_locale/money_get/get/char/19.cc execution test
FAIL: 22_locale/money_get/get/char/38399.cc execution test
FAIL: 22_locale/money_get/get/char/39168.cc execution test
FAIL: 22_locale/money_get/get/wchar_t/19.cc execution test
FAIL: 22_locale/money_get/get/wchar_t/38399.cc execution test
FAIL: 22_locale/money_get/get/wchar_t/39168.cc execution test
FAIL: 22_locale/num_get/get/char/10.cc execution test
FAIL: 22_locale/num_get/get/char/12.cc execution test
FAIL: 22_locale/num_get/get/char/15.cc execution test
FAIL: 22_locale/num_get/get/char/22131.cc execution test
FAIL: 22_locale/num_get/get/char/39168.cc execution test
FAIL: 22_locale/num_get/get/char/7.cc execution test
FAIL: 22_locale/num_get/get/wchar_t/10.cc execution test
FAIL: 22_locale/num_get/get/wchar_t/12.cc execution test
FAIL: 22_locale/num_get/get/wchar_t/15.cc execution test
FAIL: 22_locale/num_get/get/wchar_t/22131.cc execution test
FAIL: 22_locale/num_get/get/wchar_t/39168.cc execution test
FAIL: 22_locale/num_get/get/wchar_t/7.cc execution test
FAIL: 22_locale/time_get/get_date/char/1.cc execution test
FAIL: 22_locale/time_get/get_date/char/12791.cc execution test
FAIL: 22_locale/time_get/get_date/wchar_t/1.cc execution test
FAIL: 22_locale/time_get/get_date/wchar_t/12791.cc execution test
FAIL: 22_locale/time_get/get_monthname/char/1.cc execution test
FAIL: 22_locale/time_get/get_monthname/wchar_t/1.cc execution test
FAIL: 22_locale/time_get/get_time/char/4.cc execution test
FAIL: 22_locale/time_get/get_time/wchar_t/4.cc execution test
FAIL: 22_locale/time_get/get_weekday/char/1.cc execution test
FAIL: 22_locale/time_get/get_weekday/wchar_t/1.cc execution test
FAIL: 22_locale/time_get/get_year/char/1.cc execution test
FAIL: 22_locale/time_get/get_year/wchar_t/1.cc execution test
FAIL: 30_threads/async/42819.cc (test for excess errors)
WARNING: 30_threads/async/42819.cc compilation failed to produce
executable
FAIL: 30_threads/async/49668.cc (test for excess errors)
WARNING: 30_threads/async/49668.cc compilation failed to produce
executable
FAIL: 30_threads/async/any.cc (test for excess errors)
WARNING: 30_threads/async/any.cc compilation failed to produce
executable
FAIL: 30_threads/async/async.cc (test for excess errors)
WARNING: 30_threads/async/async.cc compilation failed to produce
executable
FAIL: 30_threads/async/sync.cc (test for excess errors)
WARNING: 30_threads/async/sync.cc compilation failed to produce
executable
FAIL: 30_threads/call_once/39909.cc (test for excess errors)
WARNING: 30_threads/call_once/39909.cc compilation failed to produce
executable
FAIL: 30_threads/call_once/49668.cc (test for excess errors)
WARNING: 30_threads/call_once/49668.cc compilation failed to produce
executable
FAIL: 30_threads/call_once/call_once1.cc (test for excess errors)
WARNING: 30_threads/call_once/call_once1.cc compilation failed to
produce executable
FAIL: 30_threads/future/members/45133.cc (test for excess errors)
WARNING: 30_threads/future/members/45133.cc compilation failed to
produce executable
FAIL: 30_threads/future/members/get.cc (test for excess errors)
WARNING: 30_threads/future/members/get.cc compilation failed to
produce executable
FAIL: 30_threads/future/members/get2.cc (test for excess errors)
WARNING: 30_threads/future/members/get2.cc compilation failed to
produce executable
FAIL: 30_threads/future/members/share.cc (test for excess errors)
WARNING: 30_threads/future/members/share.cc compilation failed to
produce executable
FAIL: 30_threads/future/members/valid.cc (test for excess errors)
WARNING: 30_threads/future/members/valid.cc compilation failed to
produce executable
FAIL: 30_threads/future/members/wait.cc (test for excess errors)
WARNING: 30_threads/future/members/wait.cc compilation failed to
produce executable
FAIL: 30_threads/future/members/wait_for.cc (test for excess errors)
WARNING: 30_threads/future/members/wait_for.cc compilation failed to
produce executable
FAIL: 30_threads/future/members/wait_until.cc (test for excess errors)
WARNING: 30_threads/future/members/wait_until.cc compilation failed to
produce executable
FAIL: 30_threads/packaged_task/49668.cc (test for excess errors)
WARNING: 30_threads/packaged_task/49668.cc compilation failed to
produce executable
FAIL: 30_threads/packaged_task/cons/3.cc (test for excess errors)
WARNING: 30_threads/packaged_task/cons/3.cc compilation failed to
produce executable
FAIL: 30_threads/packaged_task/cons/alloc.cc (test for excess errors)
WARNING: 30_threads/packaged_task/cons/alloc.cc compilation failed to
produce executable
FAIL: 30_threads/packaged_task/members/get_future.cc (test for excess
errors)
WARNING: 30_threads/packaged_task/members/get_future.cc compilation
failed to produce executable
FAIL: 30_threads/packaged_task/members/invoke.cc (test for excess
errors)
WARNING: 30_threads/packaged_task/members/invoke.cc compilation failed
to produce executable
FAIL: 30_threads/packaged_task/members/invoke2.cc (test for excess
errors)
WARNING: 30_threads/packaged_task/members/invoke2.cc compilation
failed to produce executable
FAIL: 30_threads/packaged_task/members/invoke3.cc (test for excess
errors)
WARNING: 30_threads/packaged_task/members/invoke3.cc compilation
failed to produce executable
FAIL: 30_threads/packaged_task/members/invoke4.cc (test for excess
errors)
WARNING: 30_threads/packaged_task/members/invoke4.cc compilation
failed to produce executable
FAIL: 30_threads/packaged_task/members/invoke5.cc (test for excess
errors)
WARNING: 30_threads/packaged_task/members/invoke5.cc compilation
failed to produce executable
FAIL: 30_threads/packaged_task/members/reset2.cc (test for excess
errors)
WARNING: 30_threads/packaged_task/members/reset2.cc compilation failed
to produce executable
FAIL: 30_threads/promise/cons/alloc.cc (test for excess errors)
WARNING: 30_threads/promise/cons/alloc.cc compilation failed to
produce executable
FAIL: 30_threads/promise/cons/move.cc (test for excess errors)
WARNING: 30_threads/promise/cons/move.cc compilation failed to produce
executable
FAIL: 30_threads/promise/cons/move_assign.cc (test for excess errors)
WARNING: 30_threads/promise/cons/move_assign.cc compilation failed to
produce executable
FAIL: 30_threads/promise/members/get_future.cc (test for excess errors)
WARNING: 30_threads/promise/members/get_future.cc compilation failed
to produce executable
FAIL: 30_threads/promise/members/set_exception.cc (test for excess
errors)
WARNING: 30_threads/promise/members/set_exception.cc compilation
failed to produce executable
FAIL: 30_threads/promise/members/set_exception2.cc (test for excess
errors)
WARNING: 30_threads/promise/members/set_exception2.cc compilation
failed to produce executable
FAIL: 30_threads/promise/members/set_value.cc (test for excess errors)
WARNING: 30_threads/promise/members/set_value.cc compilation failed to
produce executable
FAIL: 30_threads/promise/members/set_value2.cc (test for excess errors)
WARNING: 30_threads/promise/members/set_value2.cc compilation failed
to produce executable
FAIL: 30_threads/promise/members/set_value3.cc (test for excess errors)
WARNING: 30_threads/promise/members/set_value3.cc compilation failed
to produce executable
FAIL: 30_threads/promise/members/swap.cc (test for excess errors)
WARNING: 30_threads/promise/members/swap.cc compilation failed to
produce executable
FAIL: 30_threads/shared_future/members/get.cc (test for excess errors)
WARNING: 30_threads/shared_future/members/get.cc compilation failed to
produce executable
FAIL: 30_threads/shared_future/members/get2.cc (test for excess errors)
WARNING: 30_threads/shared_future/members/get2.cc compilation failed
to produce executable
FAIL: 30_threads/shared_future/members/valid.cc (test for excess errors)
WARNING: 30_threads/shared_future/members/valid.cc compilation failed
to produce executable
FAIL: 30_threads/shared_future/members/wait.cc (test for excess errors)
WARNING: 30_threads/shared_future/members/wait.cc compilation failed
to produce executable
FAIL: 30_threads/shared_future/members/wait_for.cc (test for excess
errors)
WARNING: 30_threads/shared_future/members/wait_for.cc compilation
failed to produce executable
FAIL: 30_threads/shared_future/members/wait_until.cc (test for excess
errors)
WARNING: 30_threads/shared_future/members/wait_until.cc compilation
failed to produce executable
FAIL: 30_threads/thread/native_handle/typesizes.cc execution test
FAIL: ext/mt_allocator/deallocate_global_thread-1.cc execution test
FAIL: ext/mt_allocator/deallocate_global_thread-3.cc execution test
=== libstdc++ Summary for unix/-m64 ===
# of expected passes 7518
# of unexpected failures 75
# of expected failures 46
# of unsupported tests 559
=== libstdc++ Summary ===
# of expected passes 15068
# of unexpected failures 120
# of expected failures 92
# of unsupported tests 1117
=== libstdc++ Summary ===
Compiler version: 4.7.0 20111103 (experimental) [trunk revision
180818] (GCC)
Platform: powerpc-apple-darwin9
configure flags: --prefix=/GCC/gcc-4-7-tempi --target=powerpc-apple-
darwin9 --host=powerpc-apple-darwin9 --build=powerpc-apple-darwin9 --
enable-version-specific-runtime-libs --enable-checking=yes --with-
libiconv-prefix=/usr --with-system-zlib --with-gmp=/GCC/multiprec-math/
ppc --with-mpfr=/GCC/multiprec-math/ppc --with-mpc=/GCC/multiprec-math/
ppc --enable-languages=all,ada,obj-c++